Aug 18 11:10:13.149998 np0000007643 devstack@g-api.service[99841]: DEBUG glance.api.middleware.version_negotiation [None req-44b1120d-c41e-4ed1-9275-ddf16792538a tempest-ServerStableDeviceRescueTest-1471971912 tempest-ServerStableDeviceRescueTest-1471971912-project-member] Matched version: v2 {{(pid=99841) process_request /opt/stack/glance/glance/api/middleware/version_negotiation.py:69}}
Aug 18 11:10:13.149998 np0000007643 devstack@g-api.service[99841]: DEBUG glance.api.middleware.version_negotiation [None req-44b1120d-c41e-4ed1-9275-ddf16792538a tempest-ServerStableDeviceRescueTest-1471971912 tempest-ServerStableDeviceRescueTest-1471971912-project-member] new path /v2/schemas/image {{(pid=99841) process_request /opt/stack/glance/glance/api/middleware/version_negotiation.py:70}}
Aug 18 11:10:13.153972 np0000007643 devstack@g-api.service[99841]: [pid: 99841|app: 0|req: 85/244] 127.0.0.1 () {44 vars in 1051 bytes} [Tue Aug 18 11:10:13 2026] GET /v2/schemas/image => generated 6083 bytes in 4 msecs (HTTP/1.1 200) 4 headers in 158 bytes (1 switches on core 0)
Aug 18 11:10:13.168028 np0000007643 devstack@g-api.service[99843]: DEBUG glance.api.middleware.version_negotiation [None req-8950f701-3027-4ab4-a96d-7ea6bb3cbb03 tempest-VolumesActionsTest-220296048 tempest-VolumesActionsTest-220296048-project-member] Determining version of request: POST /v2/images Accept: */* {{(pid=99843) process_request /opt/stack/glance/glance/api/middleware/version_negotiation.py:44}}
Aug 18 11:10:13.168259 np0000007643 devstack@g-api.service[99843]: DEBUG glance.api.middleware.version_negotiation [None req-8950f701-3027-4ab4-a96d-7ea6bb3cbb03 tempest-VolumesActionsTest-220296048 tempest-VolumesActionsTest-220296048-project-member] Using url versioning {{(pid=99843) process_request /opt/stack/glance/glance/api/middleware/version_negotiation.py:57}}
Aug 18 11:10:13.168539 np0000007643 devstack@g-api.service[99843]: DEBUG glance.api.middleware.version_negotiation [None req-8950f701-3027-4ab4-a96d-7ea6bb3cbb03 tempest-VolumesActionsTest-220296048 tempest-VolumesActionsTest-220296048-project-member] Matched version: v2 {{(pid=99843) process_request /opt/stack/glance/glance/api/middleware/version_negotiation.py:69}}
Aug 18 11:10:13.168649 np0000007643 devstack@g-api.service[99843]: DEBUG glance.api.middleware.version_negotiation [None req-8950f701-3027-4ab4-a96d-7ea6bb3cbb03 tempest-VolumesActionsTest-220296048 tempest-VolumesActionsTest-220296048-project-member] new path /v2/images {{(pid=99843) process_request /opt/stack/glance/glance/api/middleware/version_negotiation.py:70}}
Aug 18 11:10:13.725954 np0000007643 devstack@g-api.service[99843]: [pid: 99843|app: 0|req: 78/245] 127.0.0.1 () {46 vars in 1051 bytes} [Tue Aug 18 11:10:13 2026] POST /v2/images => generated 650 bytes in 558 msecs (HTTP/1.1 201) 6 headers in 315 bytes (1 switches on core 0)
Aug 18 11:10:13.734665 np0000007643 devstack@g-api.service[99842]: DEBUG glance.api.middleware.version_negotiation [None req-8950f701-3027-4ab4-a96d-7ea6bb3cbb03 tempest-VolumesActionsTest-220296048 tempest-VolumesActionsTest-220296048-project-member] Determining version of request: GET /v2/schemas/image Accept: */* {{(pid=99842) process_request /opt/stack/glance/glance/api/middleware/version_negotiation.py:44}}
Aug 18 11:10:13.735060 np0000007643 devstack@g-api.service[99842]: DEBUG glance.api.middleware.version_negotiation [None req-8950f701-3027-4ab4-a96d-7ea6bb3cbb03 tempest-VolumesActionsTest-220296048 tempest-VolumesActionsTest-220296048-project-member] Using url versioning {{(pid=99842) process_request /opt/stack/glance/glance/api/middleware/version_negotiation.py:57}}
Aug 18 11:10:13.735060 np0000007643 devstack@g-api.service[99842]: DEBUG glance.api.middleware.version_negotiation [None req-8950f701-3027-4ab4-a96d-7ea6bb3cbb03 tempest-VolumesActionsTest-220296048 tempest-VolumesActionsTest-220296048-project-member] Matched version: v2 {{(pid=99842) process_request /opt/stack/glance/glance/api/middleware/version_negotiation.py:69}}
Aug 18 11:10:13.735060 np0000007643 devstack@g-api.service[99842]: DEBUG glance.api.middleware.version_negotiation [None req-8950f701-3027-4ab4-a96d-7ea6bb3cbb03 tempest-VolumesActionsTest-220296048 tempest-VolumesActionsTest-220296048-project-member] new path /v2/schemas/image {{(pid=99842) process_request /opt/stack/glance/glance/api/middleware/version_negotiation.py:70}}
Aug 18 11:10:13.737525 np0000007643 devstack@g-api.service[99842]: [pid: 99842|app: 0|req: 83/246] 127.0.0.1 () {44 vars in 1051 bytes} [Tue Aug 18 11:10:13 2026] GET /v2/schemas/image => generated 6083 bytes in 3 msecs (HTTP/1.1 200) 4 headers in 158 bytes (1 switches on core 0)
Aug 18 11:10:13.749970 np0000007643 devstack@g-api.service[99841]: DEBUG glance.api.middleware.version_negotiation [None req-4a864e67-ce1d-40a0-9b09-2a9dcb1fdf51 tempest-VolumesActionsTest-220296048 tempest-VolumesActionsTest-220296048-project-member] Determining version of request: GET /v2/images/7fcb1083-3c16-44e0-ba63-2902a4fe0a88 Accept: application/json {{(pid=99841) process_request /opt/stack/glance/glance/api/middleware/version_negotiation.py:44}}
Aug 18 11:10:13.750126 np0000007643 devstack@g-api.service[99841]: DEBUG glance.api.middleware.version_negotiation [None req-4a864e67-ce1d-40a0-9b09-2a9dcb1fdf51 tempest-VolumesActionsTest-220296048 tempest-VolumesActionsTest-220296048-project-member] Using url versioning {{(pid=99841) process_request /opt/stack/glance/glance/api/middleware/version_negotiation.py:57}}
Aug 18 11:10:13.750278 np0000007643 devstack@g-api.service[99841]: DEBUG glance.api.middleware.version_negotiation [None req-4a864e67-ce1d-40a0-9b09-2a9dcb1fdf51 tempest-VolumesActionsTest-220296048 tempest-VolumesActionsTest-220296048-project-member] Matched version: v2 {{(pid=99841) process_request /opt/stack/glance/glance/api/middleware/version_negotiation.py:69}}
Aug 18 11:10:13.750418 np0000007643 devstack@g-api.service[99841]: DEBUG glance.api.middleware.version_negotiation [None req-4a864e67-ce1d-40a0-9b09-2a9dcb1fdf51 tempest-VolumesActionsTest-220296048 tempest-VolumesActionsTest-220296048-project-member] new path /v2/images/7fcb1083-3c16-44e0-ba63-2902a4fe0a88 {{(pid=99841) process_request /opt/stack/glance/glance/api/middleware/version_negotiation.py:70}}
Aug 18 11:10:13.761633 np0000007643 devstack@g-api.service[99841]: [pid: 99841|app: 0|req: 86/247] 127.0.0.1 () {40 vars in 834 bytes} [Tue Aug 18 11:10:13 2026] GET /v2/images/7fcb1083-3c16-44e0-ba63-2902a4fe0a88 => generated 650 bytes in 11 msecs (HTTP/1.1 200) 4 headers in 157 bytes (1 switches on core 0)
Aug 18 11:10:13.993085 np0000007643 devstack@g-api.service[99843]: DEBUG glance.api.middleware.version_negotiation [None req-4a864e67-ce1d-40a0-9b09-2a9dcb1fdf51 tempest-VolumesActionsTest-220296048 tempest-VolumesActionsTest-220296048-project-member] Determining version of request: PUT /v2/images/7fcb1083-3c16-44e0-ba63-2902a4fe0a88/file Accept: */* {{(pid=99843) process_request /opt/stack/glance/glance/api/middleware/version_negotiation.py:44}}
Aug 18 11:10:13.993085 np0000007643 devstack@g-api.service[99843]: DEBUG glance.api.middleware.version_negotiation [None req-4a864e67-ce1d-40a0-9b09-2a9dcb1fdf51 tempest-VolumesActionsTest-220296048 tempest-VolumesActionsTest-220296048-project-member] Using url versioning {{(pid=99843) process_request /opt/stack/glance/glance/api/middleware/version_negotiation.py:57}}
Aug 18 11:10:13.993085 np0000007643 devstack@g-api.service[99843]: DEBUG glance.api.middleware.version_negotiation [None req-4a864e67-ce1d-40a0-9b09-2a9dcb1fdf51 tempest-VolumesActionsTest-220296048 tempest-VolumesActionsTest-220296048-project-member] Matched version: v2 {{(pid=99843) process_request /opt/stack/glance/glance/api/middleware/version_negotiation.py:69}}
Aug 18 11:10:13.995878 np0000007643 devstack@g-api.service[99843]: DEBUG glance.api.middleware.version_negotiation [None req-4a864e67-ce1d-40a0-9b09-2a9dcb1fdf51 tempest-VolumesActionsTest-220296048 tempest-VolumesActionsTest-220296048-project-member] new path /v2/images/7fcb1083-3c16-44e0-ba63-2902a4fe0a88/file {{(pid=99843) process_request /opt/stack/glance/glance/api/middleware/version_negotiation.py:70}}
Aug 18 11:10:14.462839 np0000007643 devstack@g-api.service[99843]: INFO glance.api.v2.image_data [None req-4a864e67-ce1d-40a0-9b09-2a9dcb1fdf51 tempest-VolumesActionsTest-220296048 tempest-VolumesActionsTest-220296048-project-member] Unable to create trust: no such option collect_timing in group [keystone_authtoken] Use the existing user token.
Aug 18 11:10:14.773458 np0000007643 devstack@g-api.service[99842]: DEBUG glance.api.middleware.version_negotiation [None req-4a864e67-ce1d-40a0-9b09-2a9dcb1fdf51 tempest-VolumesActionsTest-220296048 tempest-VolumesActionsTest-220296048-project-member] Determining version of request: GET /v2/images/7fcb1083-3c16-44e0-ba63-2902a4fe0a88 Accept: application/json {{(pid=99842) process_request /opt/stack/glance/glance/api/middleware/version_negotiation.py:44}}
Aug 18 11:10:14.773912 np0000007643 devstack@g-api.service[99842]: DEBUG glance.api.middleware.version_negotiation [None req-4a864e67-ce1d-40a0-9b09-2a9dcb1fdf51 tempest-VolumesActionsTest-220296048 tempest-VolumesActionsTest-220296048-project-member] Using url versioning {{(pid=99842) process_request /opt/stack/glance/glance/api/middleware/version_negotiation.py:57}}
Aug 18 11:10:14.773912 np0000007643 devstack@g-api.service[99842]: DEBUG glance.api.middleware.version_negotiation [None req-4a864e67-ce1d-40a0-9b09-2a9dcb1fdf51 tempest-VolumesActionsTest-220296048 tempest-VolumesActionsTest-220296048-project-member] Matched version: v2 {{(pid=99842) process_request /opt/stack/glance/glance/api/middleware/version_negotiation.py:69}}
Aug 18 11:10:14.774027 np0000007643 devstack@g-api.service[99842]: DEBUG glance.api.middleware.version_negotiation [None req-4a864e67-ce1d-40a0-9b09-2a9dcb1fdf51 tempest-VolumesActionsTest-220296048 tempest-VolumesActionsTest-220296048-project-member] new path /v2/images/7fcb1083-3c16-44e0-ba63-2902a4fe0a88 {{(pid=99842) process_request /opt/stack/glance/glance/api/middleware/version_negotiation.py:70}}
Aug 18 11:10:14.795249 np0000007643 devstack@g-api.service[99842]: [pid: 99842|app: 0|req: 84/248] 127.0.0.1 () {40 vars in 834 bytes} [Tue Aug 18 11:10:14 2026] GET /v2/images/7fcb1083-3c16-44e0-ba63-2902a4fe0a88 => generated 650 bytes in 20 msecs (HTTP/1.1 200) 4 headers in 157 bytes (1 switches on core 0)
Aug 18 11:10:15.025639 np0000007643 devstack@g-api.service[99843]: DEBUG glance.location [None req-4a864e67-ce1d-40a0-9b09-2a9dcb1fdf51 tempest-VolumesActionsTest-220296048 tempest-VolumesActionsTest-220296048-project-member] Enabling in-flight format inspection for raw {{(pid=99843) set_data /opt/stack/glance/glance/location.py:596}}
Aug 18 11:10:15.026048 np0000007643 devstack@g-api.service[99843]: DEBUG glance_store.backend [None req-4a864e67-ce1d-40a0-9b09-2a9dcb1fdf51 tempest-VolumesActionsTest-220296048 tempest-VolumesActionsTest-220296048-project-member] Attempting to import store swift {{(pid=99843) _load_store /opt/stack/data/venv/lib/python3.12/site-packages/glance_store/backend.py:215}}
Aug 18 11:10:15.028734 np0000007643 devstack@g-api.service[99843]: DEBUG glance_store.capabilities [None req-4a864e67-ce1d-40a0-9b09-2a9dcb1fdf51 tempest-VolumesActionsTest-220296048 tempest-VolumesActionsTest-220296048-project-member] Store glance_store._drivers.swift.store.SingleTenantStore doesn't support updating dynamic storage capabilities. Please overwrite 'update_capabilities' method of the store to implement updating logics if needed. {{(pid=99843) update_capabilities /opt/stack/data/venv/lib/python3.12/site-packages/glance_store/capabilities.py:91}}
Aug 18 11:10:15.028734 np0000007643 devstack@g-api.service[99843]: DEBUG glance_store.driver [None req-4a864e67-ce1d-40a0-9b09-2a9dcb1fdf51 tempest-VolumesActionsTest-220296048 tempest-VolumesActionsTest-220296048-project-member] Late loading location class glance_store._drivers.swift.store.StoreLocation {{(pid=99843) get_store_location_class /opt/stack/data/venv/lib/python3.12/site-packages/glance_store/driver.py:134}}
Aug 18 11:10:15.028734 np0000007643 devstack@g-api.service[99843]: DEBUG glance_store.location [None req-4a864e67-ce1d-40a0-9b09-2a9dcb1fdf51 tempest-VolumesActionsTest-220296048 tempest-VolumesActionsTest-220296048-project-member] Registering scheme swift+https with {'store': , 'location_class': , 'store_entry': 'swift'} {{(pid=99843) register_scheme_map /opt/stack/data/venv/lib/python3.12/site-packages/glance_store/location.py:146}}
Aug 18 11:10:15.028734 np0000007643 devstack@g-api.service[99843]: DEBUG glance_store.location [None req-4a864e67-ce1d-40a0-9b09-2a9dcb1fdf51 tempest-VolumesActionsTest-220296048 tempest-VolumesActionsTest-220296048-project-member] Registering scheme swift+https with {'store': , 'location_class': , 'store_entry': 'swift'} {{(pid=99843) register_scheme_map /opt/stack/data/venv/lib/python3.12/site-packages/glance_store/location.py:146}}
Aug 18 11:10:15.028734 np0000007643 devstack@g-api.service[99843]: DEBUG glance_store.location [None req-4a864e67-ce1d-40a0-9b09-2a9dcb1fdf51 tempest-VolumesActionsTest-220296048 tempest-VolumesActionsTest-220296048-project-member] Registering scheme swift with {'store': , 'location_class': , 'store_entry': 'swift'} {{(pid=99843) register_scheme_map /opt/stack/data/venv/lib/python3.12/site-packages/glance_store/location.py:146}}
Aug 18 11:10:15.028734 np0000007643 devstack@g-api.service[99843]: DEBUG glance_store.location [None req-4a864e67-ce1d-40a0-9b09-2a9dcb1fdf51 tempest-VolumesActionsTest-220296048 tempest-VolumesActionsTest-220296048-project-member] Registering scheme swift+https with {'store': , 'location_class': , 'store_entry': 'swift'} {{(pid=99843) register_scheme_map /opt/stack/data/venv/lib/python3.12/site-packages/glance_store/location.py:146}}
Aug 18 11:10:15.029362 np0000007643 devstack@g-api.service[99843]: DEBUG glance_store.location [None req-4a864e67-ce1d-40a0-9b09-2a9dcb1fdf51 tempest-VolumesActionsTest-220296048 tempest-VolumesActionsTest-220296048-project-member] Registering scheme swift with {'store': , 'location_class': , 'store_entry': 'swift'} {{(pid=99843) register_scheme_map /opt/stack/data/venv/lib/python3.12/site-packages/glance_store/location.py:146}}
Aug 18 11:10:15.029362 np0000007643 devstack@g-api.service[99843]: DEBUG glance_store.location [None req-4a864e67-ce1d-40a0-9b09-2a9dcb1fdf51 tempest-VolumesActionsTest-220296048 tempest-VolumesActionsTest-220296048-project-member] Registering scheme swift+http with {'store': , 'location_class': , 'store_entry': 'swift'} {{(pid=99843) register_scheme_map /opt/stack/data/venv/lib/python3.12/site-packages/glance_store/location.py:146}}
Aug 18 11:10:15.029362 np0000007643 devstack@g-api.service[99843]: DEBUG glance_store.location [None req-4a864e67-ce1d-40a0-9b09-2a9dcb1fdf51 tempest-VolumesActionsTest-220296048 tempest-VolumesActionsTest-220296048-project-member] Registering scheme swift+https with {'store': , 'location_class': , 'store_entry': 'swift'} {{(pid=99843) register_scheme_map /opt/stack/data/venv/lib/python3.12/site-packages/glance_store/location.py:146}}
Aug 18 11:10:15.029362 np0000007643 devstack@g-api.service[99843]: DEBUG glance_store.location [None req-4a864e67-ce1d-40a0-9b09-2a9dcb1fdf51 tempest-VolumesActionsTest-220296048 tempest-VolumesActionsTest-220296048-project-member] Registering scheme swift with {'store': , 'location_class': , 'store_entry': 'swift'} {{(pid=99843) register_scheme_map /opt/stack/data/venv/lib/python3.12/site-packages/glance_store/location.py:146}}
Aug 18 11:10:15.029362 np0000007643 devstack@g-api.service[99843]: DEBUG glance_store.location [None req-4a864e67-ce1d-40a0-9b09-2a9dcb1fdf51 tempest-VolumesActionsTest-220296048 tempest-VolumesActionsTest-220296048-project-member] Registering scheme swift+http with {'store': , 'location_class': , 'store_entry': 'swift'} {{(pid=99843) register_scheme_map /opt/stack/data/venv/lib/python3.12/site-packages/glance_store/location.py:146}}
Aug 18 11:10:15.029362 np0000007643 devstack@g-api.service[99843]: DEBUG glance_store.location [None req-4a864e67-ce1d-40a0-9b09-2a9dcb1fdf51 tempest-VolumesActionsTest-220296048 tempest-VolumesActionsTest-220296048-project-member] Registering scheme swift+config with {'store': , 'location_class': , 'store_entry': 'swift'} {{(pid=99843) register_scheme_map /opt/stack/data/venv/lib/python3.12/site-packages/glance_store/location.py:146}}
Aug 18 11:10:15.301487 np0000007643 devstack@g-api.service[99843]: DEBUG swiftclient [None req-4a864e67-ce1d-40a0-9b09-2a9dcb1fdf51 tempest-VolumesActionsTest-220296048 tempest-VolumesActionsTest-220296048-project-member] REQ: curl -i https://10.4.3.44:8080/v1/AUTH_efc55875470b4c929621a88b2143d323/glance -I -H "X-Auth-Token: gAAAAABqhD2XJmXG..." {{(pid=99843) http_log /opt/stack/data/venv/lib/python3.12/site-packages/swiftclient/client.py:160}}
Aug 18 11:10:15.301782 np0000007643 devstack@g-api.service[99843]: DEBUG swiftclient [None req-4a864e67-ce1d-40a0-9b09-2a9dcb1fdf51 tempest-VolumesActionsTest-220296048 tempest-VolumesActionsTest-220296048-project-member] RESP STATUS: 204 No Content {{(pid=99843) http_log /opt/stack/data/venv/lib/python3.12/site-packages/swiftclient/client.py:161}}
Aug 18 11:10:15.302069 np0000007643 devstack@g-api.service[99843]: DEBUG swiftclient [None req-4a864e67-ce1d-40a0-9b09-2a9dcb1fdf51 tempest-VolumesActionsTest-220296048 tempest-VolumesActionsTest-220296048-project-member] RESP HEADERS: {'Date': 'Tue, 18 Aug 2026 11:10:15 GMT', 'Server': 'Apache/2.4.58 (Ubuntu)', 'Content-Type': 'text/plain; charset=utf-8', 'X-Container-Object-Count': '3', 'X-Container-Bytes-Used': '64356352', 'X-Timestamp': '1787051023.48687', 'Last-Modified': 'Tue, 18 Aug 2026 11:03:44 GMT', 'Accept-Ranges': 'bytes', 'X-Storage-Policy': 'Policy-0', 'X-Container-Sharding': 'False', 'Vary': 'Accept', 'X-Trans-Id': 'tx2a3161fd3c3a4545b93f0-006a843d97', 'X-Openstack-Request-Id': 'tx2a3161fd3c3a4545b93f0-006a843d97', 'Connection': 'close'} {{(pid=99843) http_log /opt/stack/data/venv/lib/python3.12/site-packages/swiftclient/client.py:162}}
Aug 18 11:10:15.303091 np0000007643 devstack@g-api.service[99843]: DEBUG glance_store._drivers.swift.store [None req-4a864e67-ce1d-40a0-9b09-2a9dcb1fdf51 tempest-VolumesActionsTest-220296048 tempest-VolumesActionsTest-220296048-project-member] Adding image object '7fcb1083-3c16-44e0-ba63-2902a4fe0a88' to Swift {{(pid=99843) add /opt/stack/data/venv/lib/python3.12/site-packages/glance_store/_drivers/swift/store.py:970}}
Aug 18 11:10:15.303091 np0000007643 devstack@g-api.service[99843]: DEBUG glance_store._drivers.swift.store [None req-4a864e67-ce1d-40a0-9b09-2a9dcb1fdf51 tempest-VolumesActionsTest-220296048 tempest-VolumesActionsTest-220296048-project-member] Cannot determine image size because it is either not provided in the request or chunked-transfer encoding is used. Adding image as a segmented object to Swift. {{(pid=99843) add /opt/stack/data/venv/lib/python3.12/site-packages/glance_store/_drivers/swift/store.py:994}}
Aug 18 11:10:15.314998 np0000007643 devstack@g-api.service[99843]: DEBUG oslo_utils.imageutils.format_inspector [None req-4a864e67-ce1d-40a0-9b09-2a9dcb1fdf51 tempest-VolumesActionsTest-220296048 tempest-VolumesActionsTest-220296048-project-member] Format inspector for vmdk does not match, excluding from consideration (Signature KDMV not found: b'\x00\x00\x00\x00') {{(pid=99843) _process_chunk /opt/stack/data/venv/lib/python3.12/site-packages/oslo_utils/imageutils/format_inspector.py:1758}}
Aug 18 11:10:15.319001 np0000007643 devstack@g-api.service[99843]: DEBUG oslo_utils.imageutils.format_inspector [None req-4a864e67-ce1d-40a0-9b09-2a9dcb1fdf51 tempest-VolumesActionsTest-220296048 tempest-VolumesActionsTest-220296048-project-member] Format inspector for vhdx does not match, excluding from consideration (Region signature not found at 30000) {{(pid=99843) _process_chunk /opt/stack/data/venv/lib/python3.12/site-packages/oslo_utils/imageutils/format_inspector.py:1758}}
Aug 18 11:10:15.809836 np0000007643 devstack@g-api.service[99841]: DEBUG glance.api.middleware.version_negotiation [None req-179c37eb-e894-4dc6-954c-aed129467cdc tempest-VolumesActionsTest-220296048 tempest-VolumesActionsTest-220296048-project-member] Determining version of request: GET /v2/images/7fcb1083-3c16-44e0-ba63-2902a4fe0a88 Accept: application/json {{(pid=99841) process_request /opt/stack/glance/glance/api/middleware/version_negotiation.py:44}}
Aug 18 11:10:15.810644 np0000007643 devstack@g-api.service[99841]: DEBUG glance.api.middleware.version_negotiation [None req-179c37eb-e894-4dc6-954c-aed129467cdc tempest-VolumesActionsTest-220296048 tempest-VolumesActionsTest-220296048-project-member] Using url versioning {{(pid=99841) process_request /opt/stack/glance/glance/api/middleware/version_negotiation.py:57}}
Aug 18 11:10:15.810898 np0000007643 devstack@g-api.service[99841]: DEBUG glance.api.middleware.version_negotiation [None req-179c37eb-e894-4dc6-954c-aed129467cdc tempest-VolumesActionsTest-220296048 tempest-VolumesActionsTest-220296048-project-member] Matched version: v2 {{(pid=99841) process_request /opt/stack/glance/glance/api/middleware/version_negotiation.py:69}}
Aug 18 11:10:15.811091 np0000007643 devstack@g-api.service[99841]: DEBUG glance.api.middleware.version_negotiation [None req-179c37eb-e894-4dc6-954c-aed129467cdc tempest-VolumesActionsTest-220296048 tempest-VolumesActionsTest-220296048-project-member] new path /v2/images/7fcb1083-3c16-44e0-ba63-2902a4fe0a88 {{(pid=99841) process_request /opt/stack/glance/glance/api/middleware/version_negotiation.py:70}}
Aug 18 11:10:15.840218 np0000007643 devstack@g-api.service[99841]: [pid: 99841|app: 0|req: 87/249] 127.0.0.1 () {40 vars in 834 bytes} [Tue Aug 18 11:10:15 2026] GET /v2/images/7fcb1083-3c16-44e0-ba63-2902a4fe0a88 => generated 650 bytes in 31 msecs (HTTP/1.1 200) 4 headers in 157 bytes (1 switches on core 0)
Aug 18 11:10:16.853393 np0000007643 devstack@g-api.service[99842]: DEBUG glance.api.middleware.version_negotiation [None req-a2dd349c-7ae1-4974-97fb-7a495f5b2f81 tempest-VolumesActionsTest-220296048 tempest-VolumesActionsTest-220296048-project-member] Determining version of request: GET /v2/images/7fcb1083-3c16-44e0-ba63-2902a4fe0a88 Accept: application/json {{(pid=99842) process_request /opt/stack/glance/glance/api/middleware/version_negotiation.py:44}}
Aug 18 11:10:16.853879 np0000007643 devstack@g-api.service[99842]: DEBUG glance.api.middleware.version_negotiation [None req-a2dd349c-7ae1-4974-97fb-7a495f5b2f81 tempest-VolumesActionsTest-220296048 tempest-VolumesActionsTest-220296048-project-member] Using url versioning {{(pid=99842) process_request /opt/stack/glance/glance/api/middleware/version_negotiation.py:57}}
Aug 18 11:10:16.853879 np0000007643 devstack@g-api.service[99842]: DEBUG glance.api.middleware.version_negotiation [None req-a2dd349c-7ae1-4974-97fb-7a495f5b2f81 tempest-VolumesActionsTest-220296048 tempest-VolumesActionsTest-220296048-project-member] Matched version: v2 {{(pid=99842) process_request /opt/stack/glance/glance/api/middleware/version_negotiation.py:69}}
Aug 18 11:10:16.853879 np0000007643 devstack@g-api.service[99842]: DEBUG glance.api.middleware.version_negotiation [None req-a2dd349c-7ae1-4974-97fb-7a495f5b2f81 tempest-VolumesActionsTest-220296048 tempest-VolumesActionsTest-220296048-project-member] new path /v2/images/7fcb1083-3c16-44e0-ba63-2902a4fe0a88 {{(pid=99842) process_request /opt/stack/glance/glance/api/middleware/version_negotiation.py:70}}
Aug 18 11:10:16.874462 np0000007643 devstack@g-api.service[99842]: [pid: 99842|app: 0|req: 85/250] 127.0.0.1 () {40 vars in 834 bytes} [Tue Aug 18 11:10:16 2026] GET /v2/images/7fcb1083-3c16-44e0-ba63-2902a4fe0a88 => generated 650 bytes in 21 msecs (HTTP/1.1 200) 4 headers in 157 bytes (1 switches on core 0)
Aug 18 11:10:17.885367 np0000007643 devstack@g-api.service[99843]: DEBUG swiftclient [None req-4a864e67-ce1d-40a0-9b09-2a9dcb1fdf51 tempest-VolumesActionsTest-220296048 tempest-VolumesActionsTest-220296048-project-member] REQ: curl -i https://10.4.3.44:8080/v1/AUTH_efc55875470b4c929621a88b2143d323/glance/7fcb1083-3c16-44e0-ba63-2902a4fe0a88-00001 -X PUT -H "X-Auth-Token: gAAAAABqhD2XJmXG..." {{(pid=99843) http_log /opt/stack/data/venv/lib/python3.12/site-packages/swiftclient/client.py:160}}
Aug 18 11:10:17.886432 np0000007643 devstack@g-api.service[99841]: DEBUG glance.api.middleware.version_negotiation [None req-7921a6d3-6e22-48b6-bee3-09c28c991ae1 tempest-VolumesActionsTest-220296048 tempest-VolumesActionsTest-220296048-project-member] Determining version of request: GET /v2/images/7fcb1083-3c16-44e0-ba63-2902a4fe0a88 Accept: application/json {{(pid=99841) process_request /opt/stack/glance/glance/api/middleware/version_negotiation.py:44}}
Aug 18 11:10:17.886989 np0000007643 devstack@g-api.service[99843]: DEBUG swiftclient [None req-4a864e67-ce1d-40a0-9b09-2a9dcb1fdf51 tempest-VolumesActionsTest-220296048 tempest-VolumesActionsTest-220296048-project-member] RESP STATUS: 201 Created {{(pid=99843) http_log /opt/stack/data/venv/lib/python3.12/site-packages/swiftclient/client.py:161}}
Aug 18 11:10:17.886989 np0000007643 devstack@g-api.service[99843]: DEBUG swiftclient [None req-4a864e67-ce1d-40a0-9b09-2a9dcb1fdf51 tempest-VolumesActionsTest-220296048 tempest-VolumesActionsTest-220296048-project-member] RESP HEADERS: {'Date': 'Tue, 18 Aug 2026 11:10:17 GMT', 'Server': 'Apache/2.4.58 (Ubuntu)', 'Content-Type': 'text/html; charset=UTF-8', 'Content-Length': '0', 'Etag': 'eda9a9889837ac4bc81d6387d92c1bec', 'Last-Modified': 'Tue, 18 Aug 2026 11:10:16 GMT', 'X-Trans-Id': 'txb47db055ebbf4196bb0b3-006a843d97', 'X-Openstack-Request-Id': 'txb47db055ebbf4196bb0b3-006a843d97', 'Connection': 'close'} {{(pid=99843) http_log /opt/stack/data/venv/lib/python3.12/site-packages/swiftclient/client.py:162}}
Aug 18 11:10:17.887190 np0000007643 devstack@g-api.service[99841]: DEBUG glance.api.middleware.version_negotiation [None req-7921a6d3-6e22-48b6-bee3-09c28c991ae1 tempest-VolumesActionsTest-220296048 tempest-VolumesActionsTest-220296048-project-member] Using url versioning {{(pid=99841) process_request /opt/stack/glance/glance/api/middleware/version_negotiation.py:57}}
Aug 18 11:10:17.887390 np0000007643 devstack@g-api.service[99843]: DEBUG glance_store._drivers.swift.store [None req-4a864e67-ce1d-40a0-9b09-2a9dcb1fdf51 tempest-VolumesActionsTest-220296048 tempest-VolumesActionsTest-220296048-project-member] Wrote chunk 7fcb1083-3c16-44e0-ba63-2902a4fe0a88-00001 (1/?) of length 204800000 to Swift returning MD5 of content: eda9a9889837ac4bc81d6387d92c1bec {{(pid=99843) add /opt/stack/data/venv/lib/python3.12/site-packages/glance_store/_drivers/swift/store.py:1059}}
Aug 18 11:10:17.887498 np0000007643 devstack@g-api.service[99841]: DEBUG glance.api.middleware.version_negotiation [None req-7921a6d3-6e22-48b6-bee3-09c28c991ae1 tempest-VolumesActionsTest-220296048 tempest-VolumesActionsTest-220296048-project-member] Matched version: v2 {{(pid=99841) process_request /opt/stack/glance/glance/api/middleware/version_negotiation.py:69}}
Aug 18 11:10:17.887498 np0000007643 devstack@g-api.service[99841]: DEBUG glance.api.middleware.version_negotiation [None req-7921a6d3-6e22-48b6-bee3-09c28c991ae1 tempest-VolumesActionsTest-220296048 tempest-VolumesActionsTest-220296048-project-member] new path /v2/images/7fcb1083-3c16-44e0-ba63-2902a4fe0a88 {{(pid=99841) process_request /opt/stack/glance/glance/api/middleware/version_negotiation.py:70}}
Aug 18 11:10:17.902448 np0000007643 devstack@g-api.service[99841]: [pid: 99841|app: 0|req: 88/251] 127.0.0.1 () {40 vars in 834 bytes} [Tue Aug 18 11:10:17 2026] GET /v2/images/7fcb1083-3c16-44e0-ba63-2902a4fe0a88 => generated 650 bytes in 16 msecs (HTTP/1.1 200) 4 headers in 157 bytes (1 switches on core 0)
Aug 18 11:10:18.917467 np0000007643 devstack@g-api.service[99842]: DEBUG glance.api.middleware.version_negotiation [None req-dcffdcc6-7636-47ef-929c-5482b1eb701f tempest-VolumesActionsTest-220296048 tempest-VolumesActionsTest-220296048-project-member] Determining version of request: GET /v2/images/7fcb1083-3c16-44e0-ba63-2902a4fe0a88 Accept: application/json {{(pid=99842) process_request /opt/stack/glance/glance/api/middleware/version_negotiation.py:44}}
Aug 18 11:10:18.917924 np0000007643 devstack@g-api.service[99842]: DEBUG glance.api.middleware.version_negotiation [None req-dcffdcc6-7636-47ef-929c-5482b1eb701f tempest-VolumesActionsTest-220296048 tempest-VolumesActionsTest-220296048-project-member] Using url versioning {{(pid=99842) process_request /opt/stack/glance/glance/api/middleware/version_negotiation.py:57}}
Aug 18 11:10:18.917924 np0000007643 devstack@g-api.service[99842]: DEBUG glance.api.middleware.version_negotiation [None req-dcffdcc6-7636-47ef-929c-5482b1eb701f tempest-VolumesActionsTest-220296048 tempest-VolumesActionsTest-220296048-project-member] Matched version: v2 {{(pid=99842) process_request /opt/stack/glance/glance/api/middleware/version_negotiation.py:69}}
Aug 18 11:10:18.917996 np0000007643 devstack@g-api.service[99842]: DEBUG glance.api.middleware.version_negotiation [None req-dcffdcc6-7636-47ef-929c-5482b1eb701f tempest-VolumesActionsTest-220296048 tempest-VolumesActionsTest-220296048-project-member] new path /v2/images/7fcb1083-3c16-44e0-ba63-2902a4fe0a88 {{(pid=99842) process_request /opt/stack/glance/glance/api/middleware/version_negotiation.py:70}}
Aug 18 11:10:18.940345 np0000007643 devstack@g-api.service[99842]: [pid: 99842|app: 0|req: 86/252] 127.0.0.1 () {40 vars in 834 bytes} [Tue Aug 18 11:10:18 2026] GET /v2/images/7fcb1083-3c16-44e0-ba63-2902a4fe0a88 => generated 650 bytes in 23 msecs (HTTP/1.1 200) 4 headers in 157 bytes (1 switches on core 0)
Aug 18 11:10:19.955971 np0000007643 devstack@g-api.service[99841]: DEBUG glance.api.middleware.version_negotiation [None req-d779d9bc-e4f6-482b-b3c5-5e7821bc3cf6 tempest-VolumesActionsTest-220296048 tempest-VolumesActionsTest-220296048-project-member] Determining version of request: GET /v2/images/7fcb1083-3c16-44e0-ba63-2902a4fe0a88 Accept: application/json {{(pid=99841) process_request /opt/stack/glance/glance/api/middleware/version_negotiation.py:44}}
Aug 18 11:10:19.956640 np0000007643 devstack@g-api.service[99841]: DEBUG glance.api.middleware.version_negotiation [None req-d779d9bc-e4f6-482b-b3c5-5e7821bc3cf6 tempest-VolumesActionsTest-220296048 tempest-VolumesActionsTest-220296048-project-member] Using url versioning {{(pid=99841) process_request /opt/stack/glance/glance/api/middleware/version_negotiation.py:57}}
Aug 18 11:10:19.956640 np0000007643 devstack@g-api.service[99841]: DEBUG glance.api.middleware.version_negotiation [None req-d779d9bc-e4f6-482b-b3c5-5e7821bc3cf6 tempest-VolumesActionsTest-220296048 tempest-VolumesActionsTest-220296048-project-member] Matched version: v2 {{(pid=99841) process_request /opt/stack/glance/glance/api/middleware/version_negotiation.py:69}}
Aug 18 11:10:19.956640 np0000007643 devstack@g-api.service[99841]: DEBUG glance.api.middleware.version_negotiation [None req-d779d9bc-e4f6-482b-b3c5-5e7821bc3cf6 tempest-VolumesActionsTest-220296048 tempest-VolumesActionsTest-220296048-project-member] new path /v2/images/7fcb1083-3c16-44e0-ba63-2902a4fe0a88 {{(pid=99841) process_request /opt/stack/glance/glance/api/middleware/version_negotiation.py:70}}
Aug 18 11:10:19.972964 np0000007643 devstack@g-api.service[99841]: [pid: 99841|app: 0|req: 89/253] 127.0.0.1 () {40 vars in 834 bytes} [Tue Aug 18 11:10:19 2026] GET /v2/images/7fcb1083-3c16-44e0-ba63-2902a4fe0a88 => generated 650 bytes in 17 msecs (HTTP/1.1 200) 4 headers in 157 bytes (1 switches on core 0)
Aug 18 11:10:20.580867 np0000007643 devstack@g-api.service[99843]: DEBUG swiftclient [None req-4a864e67-ce1d-40a0-9b09-2a9dcb1fdf51 tempest-VolumesActionsTest-220296048 tempest-VolumesActionsTest-220296048-project-member] REQ: curl -i https://10.4.3.44:8080/v1/AUTH_efc55875470b4c929621a88b2143d323/glance/7fcb1083-3c16-44e0-ba63-2902a4fe0a88-00002 -X PUT -H "X-Auth-Token: gAAAAABqhD2XJmXG..." {{(pid=99843) http_log /opt/stack/data/venv/lib/python3.12/site-packages/swiftclient/client.py:160}}
Aug 18 11:10:20.581360 np0000007643 devstack@g-api.service[99843]: DEBUG swiftclient [None req-4a864e67-ce1d-40a0-9b09-2a9dcb1fdf51 tempest-VolumesActionsTest-220296048 tempest-VolumesActionsTest-220296048-project-member] RESP STATUS: 201 Created {{(pid=99843) http_log /opt/stack/data/venv/lib/python3.12/site-packages/swiftclient/client.py:161}}
Aug 18 11:10:20.581360 np0000007643 devstack@g-api.service[99843]: DEBUG swiftclient [None req-4a864e67-ce1d-40a0-9b09-2a9dcb1fdf51 tempest-VolumesActionsTest-220296048 tempest-VolumesActionsTest-220296048-project-member] RESP HEADERS: {'Date': 'Tue, 18 Aug 2026 11:10:20 GMT', 'Server': 'Apache/2.4.58 (Ubuntu)', 'Content-Type': 'text/html; charset=UTF-8', 'Content-Length': '0', 'Etag': 'eda9a9889837ac4bc81d6387d92c1bec', 'Last-Modified': 'Tue, 18 Aug 2026 11:10:18 GMT', 'X-Trans-Id': 'tx06e95b991ad94a6cbd02a-006a843d99', 'X-Openstack-Request-Id': 'tx06e95b991ad94a6cbd02a-006a843d99', 'Connection': 'close'} {{(pid=99843) http_log /opt/stack/data/venv/lib/python3.12/site-packages/swiftclient/client.py:162}}
Aug 18 11:10:20.581360 np0000007643 devstack@g-api.service[99843]: DEBUG glance_store._drivers.swift.store [None req-4a864e67-ce1d-40a0-9b09-2a9dcb1fdf51 tempest-VolumesActionsTest-220296048 tempest-VolumesActionsTest-220296048-project-member] Wrote chunk 7fcb1083-3c16-44e0-ba63-2902a4fe0a88-00002 (2/?) of length 204800000 to Swift returning MD5 of content: eda9a9889837ac4bc81d6387d92c1bec {{(pid=99843) add /opt/stack/data/venv/lib/python3.12/site-packages/glance_store/_drivers/swift/store.py:1059}}
Aug 18 11:10:20.985670 np0000007643 devstack@g-api.service[99842]: DEBUG glance.api.middleware.version_negotiation [None req-e92734a9-d4fb-4f80-b480-89dfcfb6bdc2 tempest-VolumesActionsTest-220296048 tempest-VolumesActionsTest-220296048-project-member] Determining version of request: GET /v2/images/7fcb1083-3c16-44e0-ba63-2902a4fe0a88 Accept: application/json {{(pid=99842) process_request /opt/stack/glance/glance/api/middleware/version_negotiation.py:44}}
Aug 18 11:10:20.986172 np0000007643 devstack@g-api.service[99842]: DEBUG glance.api.middleware.version_negotiation [None req-e92734a9-d4fb-4f80-b480-89dfcfb6bdc2 tempest-VolumesActionsTest-220296048 tempest-VolumesActionsTest-220296048-project-member] Using url versioning {{(pid=99842) process_request /opt/stack/glance/glance/api/middleware/version_negotiation.py:57}}
Aug 18 11:10:20.986172 np0000007643 devstack@g-api.service[99842]: DEBUG glance.api.middleware.version_negotiation [None req-e92734a9-d4fb-4f80-b480-89dfcfb6bdc2 tempest-VolumesActionsTest-220296048 tempest-VolumesActionsTest-220296048-project-member] Matched version: v2 {{(pid=99842) process_request /opt/stack/glance/glance/api/middleware/version_negotiation.py:69}}
Aug 18 11:10:20.986172 np0000007643 devstack@g-api.service[99842]: DEBUG glance.api.middleware.version_negotiation [None req-e92734a9-d4fb-4f80-b480-89dfcfb6bdc2 tempest-VolumesActionsTest-220296048 tempest-VolumesActionsTest-220296048-project-member] new path /v2/images/7fcb1083-3c16-44e0-ba63-2902a4fe0a88 {{(pid=99842) process_request /opt/stack/glance/glance/api/middleware/version_negotiation.py:70}}
Aug 18 11:10:21.002830 np0000007643 devstack@g-api.service[99842]: [pid: 99842|app: 0|req: 87/254] 127.0.0.1 () {40 vars in 834 bytes} [Tue Aug 18 11:10:20 2026] GET /v2/images/7fcb1083-3c16-44e0-ba63-2902a4fe0a88 => generated 650 bytes in 17 msecs (HTTP/1.1 200) 4 headers in 157 bytes (1 switches on core 0)
Aug 18 11:10:22.015284 np0000007643 devstack@g-api.service[99841]: DEBUG glance.api.middleware.version_negotiation [None req-32289987-d347-4820-9888-1f375bb1ca54 tempest-VolumesActionsTest-220296048 tempest-VolumesActionsTest-220296048-project-member] Determining version of request: GET /v2/images/7fcb1083-3c16-44e0-ba63-2902a4fe0a88 Accept: application/json {{(pid=99841) process_request /opt/stack/glance/glance/api/middleware/version_negotiation.py:44}}
Aug 18 11:10:22.015629 np0000007643 devstack@g-api.service[99841]: DEBUG glance.api.middleware.version_negotiation [None req-32289987-d347-4820-9888-1f375bb1ca54 tempest-VolumesActionsTest-220296048 tempest-VolumesActionsTest-220296048-project-member] Using url versioning {{(pid=99841) process_request /opt/stack/glance/glance/api/middleware/version_negotiation.py:57}}
Aug 18 11:10:22.015853 np0000007643 devstack@g-api.service[99841]: DEBUG glance.api.middleware.version_negotiation [None req-32289987-d347-4820-9888-1f375bb1ca54 tempest-VolumesActionsTest-220296048 tempest-VolumesActionsTest-220296048-project-member] Matched version: v2 {{(pid=99841) process_request /opt/stack/glance/glance/api/middleware/version_negotiation.py:69}}
Aug 18 11:10:22.017243 np0000007643 devstack@g-api.service[99841]: DEBUG glance.api.middleware.version_negotiation [None req-32289987-d347-4820-9888-1f375bb1ca54 tempest-VolumesActionsTest-220296048 tempest-VolumesActionsTest-220296048-project-member] new path /v2/images/7fcb1083-3c16-44e0-ba63-2902a4fe0a88 {{(pid=99841) process_request /opt/stack/glance/glance/api/middleware/version_negotiation.py:70}}
Aug 18 11:10:22.028975 np0000007643 devstack@g-api.service[99841]: [pid: 99841|app: 0|req: 90/255] 127.0.0.1 () {40 vars in 834 bytes} [Tue Aug 18 11:10:22 2026] GET /v2/images/7fcb1083-3c16-44e0-ba63-2902a4fe0a88 => generated 650 bytes in 13 msecs (HTTP/1.1 200) 4 headers in 157 bytes (1 switches on core 0)
Aug 18 11:10:22.965570 np0000007643 devstack@g-api.service[99843]: DEBUG swiftclient [None req-4a864e67-ce1d-40a0-9b09-2a9dcb1fdf51 tempest-VolumesActionsTest-220296048 tempest-VolumesActionsTest-220296048-project-member] REQ: curl -i https://10.4.3.44:8080/v1/AUTH_efc55875470b4c929621a88b2143d323/glance/7fcb1083-3c16-44e0-ba63-2902a4fe0a88-00003 -X PUT -H "X-Auth-Token: gAAAAABqhD2XJmXG..." {{(pid=99843) http_log /opt/stack/data/venv/lib/python3.12/site-packages/swiftclient/client.py:160}}
Aug 18 11:10:22.966054 np0000007643 devstack@g-api.service[99843]: DEBUG swiftclient [None req-4a864e67-ce1d-40a0-9b09-2a9dcb1fdf51 tempest-VolumesActionsTest-220296048 tempest-VolumesActionsTest-220296048-project-member] RESP STATUS: 201 Created {{(pid=99843) http_log /opt/stack/data/venv/lib/python3.12/site-packages/swiftclient/client.py:161}}
Aug 18 11:10:22.966054 np0000007643 devstack@g-api.service[99843]: DEBUG swiftclient [None req-4a864e67-ce1d-40a0-9b09-2a9dcb1fdf51 tempest-VolumesActionsTest-220296048 tempest-VolumesActionsTest-220296048-project-member] RESP HEADERS: {'Date': 'Tue, 18 Aug 2026 11:10:22 GMT', 'Server': 'Apache/2.4.58 (Ubuntu)', 'Content-Type': 'text/html; charset=UTF-8', 'Content-Length': '0', 'Etag': 'eda9a9889837ac4bc81d6387d92c1bec', 'Last-Modified': 'Tue, 18 Aug 2026 11:10:21 GMT', 'X-Trans-Id': 'txd38107a8897544d98841e-006a843d9c', 'X-Openstack-Request-Id': 'txd38107a8897544d98841e-006a843d9c', 'Connection': 'close'} {{(pid=99843) http_log /opt/stack/data/venv/lib/python3.12/site-packages/swiftclient/client.py:162}}
Aug 18 11:10:22.966054 np0000007643 devstack@g-api.service[99843]: DEBUG glance_store._drivers.swift.store [None req-4a864e67-ce1d-40a0-9b09-2a9dcb1fdf51 tempest-VolumesActionsTest-220296048 tempest-VolumesActionsTest-220296048-project-member] Wrote chunk 7fcb1083-3c16-44e0-ba63-2902a4fe0a88-00003 (3/?) of length 204800000 to Swift returning MD5 of content: eda9a9889837ac4bc81d6387d92c1bec {{(pid=99843) add /opt/stack/data/venv/lib/python3.12/site-packages/glance_store/_drivers/swift/store.py:1059}}
Aug 18 11:10:23.040959 np0000007643 devstack@g-api.service[99842]: DEBUG glance.api.middleware.version_negotiation [None req-608c4a1b-5346-48e9-b8cf-905ba162d524 tempest-VolumesActionsTest-220296048 tempest-VolumesActionsTest-220296048-project-member] Determining version of request: GET /v2/images/7fcb1083-3c16-44e0-ba63-2902a4fe0a88 Accept: application/json {{(pid=99842) process_request /opt/stack/glance/glance/api/middleware/version_negotiation.py:44}}
Aug 18 11:10:23.041470 np0000007643 devstack@g-api.service[99842]: DEBUG glance.api.middleware.version_negotiation [None req-608c4a1b-5346-48e9-b8cf-905ba162d524 tempest-VolumesActionsTest-220296048 tempest-VolumesActionsTest-220296048-project-member] Using url versioning {{(pid=99842) process_request /opt/stack/glance/glance/api/middleware/version_negotiation.py:57}}
Aug 18 11:10:23.041470 np0000007643 devstack@g-api.service[99842]: DEBUG glance.api.middleware.version_negotiation [None req-608c4a1b-5346-48e9-b8cf-905ba162d524 tempest-VolumesActionsTest-220296048 tempest-VolumesActionsTest-220296048-project-member] Matched version: v2 {{(pid=99842) process_request /opt/stack/glance/glance/api/middleware/version_negotiation.py:69}}
Aug 18 11:10:23.041808 np0000007643 devstack@g-api.service[99842]: DEBUG glance.api.middleware.version_negotiation [None req-608c4a1b-5346-48e9-b8cf-905ba162d524 tempest-VolumesActionsTest-220296048 tempest-VolumesActionsTest-220296048-project-member] new path /v2/images/7fcb1083-3c16-44e0-ba63-2902a4fe0a88 {{(pid=99842) process_request /opt/stack/glance/glance/api/middleware/version_negotiation.py:70}}
Aug 18 11:10:23.057576 np0000007643 devstack@g-api.service[99842]: [pid: 99842|app: 0|req: 88/256] 127.0.0.1 () {40 vars in 834 bytes} [Tue Aug 18 11:10:23 2026] GET /v2/images/7fcb1083-3c16-44e0-ba63-2902a4fe0a88 => generated 650 bytes in 18 msecs (HTTP/1.1 200) 4 headers in 157 bytes (1 switches on core 0)
Aug 18 11:10:24.073572 np0000007643 devstack@g-api.service[99841]: DEBUG glance.api.middleware.version_negotiation [None req-a0f62e31-b593-4c8f-b985-0696ab84356b tempest-VolumesActionsTest-220296048 tempest-VolumesActionsTest-220296048-project-member] Determining version of request: GET /v2/images/7fcb1083-3c16-44e0-ba63-2902a4fe0a88 Accept: application/json {{(pid=99841) process_request /opt/stack/glance/glance/api/middleware/version_negotiation.py:44}}
Aug 18 11:10:24.074062 np0000007643 devstack@g-api.service[99841]: DEBUG glance.api.middleware.version_negotiation [None req-a0f62e31-b593-4c8f-b985-0696ab84356b tempest-VolumesActionsTest-220296048 tempest-VolumesActionsTest-220296048-project-member] Using url versioning {{(pid=99841) process_request /opt/stack/glance/glance/api/middleware/version_negotiation.py:57}}
Aug 18 11:10:24.074062 np0000007643 devstack@g-api.service[99841]: DEBUG glance.api.middleware.version_negotiation [None req-a0f62e31-b593-4c8f-b985-0696ab84356b tempest-VolumesActionsTest-220296048 tempest-VolumesActionsTest-220296048-project-member] Matched version: v2 {{(pid=99841) process_request /opt/stack/glance/glance/api/middleware/version_negotiation.py:69}}
Aug 18 11:10:24.074179 np0000007643 devstack@g-api.service[99841]: DEBUG glance.api.middleware.version_negotiation [None req-a0f62e31-b593-4c8f-b985-0696ab84356b tempest-VolumesActionsTest-220296048 tempest-VolumesActionsTest-220296048-project-member] new path /v2/images/7fcb1083-3c16-44e0-ba63-2902a4fe0a88 {{(pid=99841) process_request /opt/stack/glance/glance/api/middleware/version_negotiation.py:70}}
Aug 18 11:10:24.089837 np0000007643 devstack@g-api.service[99841]: [pid: 99841|app: 0|req: 91/257] 127.0.0.1 () {40 vars in 834 bytes} [Tue Aug 18 11:10:24 2026] GET /v2/images/7fcb1083-3c16-44e0-ba63-2902a4fe0a88 => generated 650 bytes in 16 msecs (HTTP/1.1 200) 4 headers in 157 bytes (1 switches on core 0)
Aug 18 11:10:25.023342 np0000007643 devstack@g-api.service[99843]: DEBUG dbcounter [-] [99843] Writing DB stats glance:SELECT=14,glance:INSERT=1,glance:UPDATE=1 {{(pid=99843) stat_writer /opt/stack/data/venv/lib/python3.12/site-packages/dbcounter.py:115}}
Aug 18 11:10:25.103897 np0000007643 devstack@g-api.service[99842]: DEBUG glance.api.middleware.version_negotiation [None req-a98bd2e4-14dd-4b48-9385-dd55e1ec0edf tempest-VolumesActionsTest-220296048 tempest-VolumesActionsTest-220296048-project-member] Determining version of request: GET /v2/images/7fcb1083-3c16-44e0-ba63-2902a4fe0a88 Accept: application/json {{(pid=99842) process_request /opt/stack/glance/glance/api/middleware/version_negotiation.py:44}}
Aug 18 11:10:25.103897 np0000007643 devstack@g-api.service[99842]: DEBUG glance.api.middleware.version_negotiation [None req-a98bd2e4-14dd-4b48-9385-dd55e1ec0edf tempest-VolumesActionsTest-220296048 tempest-VolumesActionsTest-220296048-project-member] Using url versioning {{(pid=99842) process_request /opt/stack/glance/glance/api/middleware/version_negotiation.py:57}}
Aug 18 11:10:25.103897 np0000007643 devstack@g-api.service[99842]: DEBUG glance.api.middleware.version_negotiation [None req-a98bd2e4-14dd-4b48-9385-dd55e1ec0edf tempest-VolumesActionsTest-220296048 tempest-VolumesActionsTest-220296048-project-member] Matched version: v2 {{(pid=99842) process_request /opt/stack/glance/glance/api/middleware/version_negotiation.py:69}}
Aug 18 11:10:25.103897 np0000007643 devstack@g-api.service[99842]: DEBUG glance.api.middleware.version_negotiation [None req-a98bd2e4-14dd-4b48-9385-dd55e1ec0edf tempest-VolumesActionsTest-220296048 tempest-VolumesActionsTest-220296048-project-member] new path /v2/images/7fcb1083-3c16-44e0-ba63-2902a4fe0a88 {{(pid=99842) process_request /opt/stack/glance/glance/api/middleware/version_negotiation.py:70}}
Aug 18 11:10:25.121584 np0000007643 devstack@g-api.service[99842]: [pid: 99842|app: 0|req: 89/258] 127.0.0.1 () {40 vars in 834 bytes} [Tue Aug 18 11:10:25 2026] GET /v2/images/7fcb1083-3c16-44e0-ba63-2902a4fe0a88 => generated 650 bytes in 19 msecs (HTTP/1.1 200) 4 headers in 157 bytes (1 switches on core 0)
Aug 18 11:10:25.525147 np0000007643 devstack@g-api.service[99843]: DEBUG swiftclient [None req-4a864e67-ce1d-40a0-9b09-2a9dcb1fdf51 tempest-VolumesActionsTest-220296048 tempest-VolumesActionsTest-220296048-project-member] REQ: curl -i https://10.4.3.44:8080/v1/AUTH_efc55875470b4c929621a88b2143d323/glance/7fcb1083-3c16-44e0-ba63-2902a4fe0a88-00004 -X PUT -H "X-Auth-Token: gAAAAABqhD2XJmXG..." {{(pid=99843) http_log /opt/stack/data/venv/lib/python3.12/site-packages/swiftclient/client.py:160}}
Aug 18 11:10:25.525357 np0000007643 devstack@g-api.service[99843]: DEBUG swiftclient [None req-4a864e67-ce1d-40a0-9b09-2a9dcb1fdf51 tempest-VolumesActionsTest-220296048 tempest-VolumesActionsTest-220296048-project-member] RESP STATUS: 201 Created {{(pid=99843) http_log /opt/stack/data/venv/lib/python3.12/site-packages/swiftclient/client.py:161}}
Aug 18 11:10:25.525572 np0000007643 devstack@g-api.service[99843]: DEBUG swiftclient [None req-4a864e67-ce1d-40a0-9b09-2a9dcb1fdf51 tempest-VolumesActionsTest-220296048 tempest-VolumesActionsTest-220296048-project-member] RESP HEADERS: {'Date': 'Tue, 18 Aug 2026 11:10:25 GMT', 'Server': 'Apache/2.4.58 (Ubuntu)', 'Content-Type': 'text/html; charset=UTF-8', 'Content-Length': '0', 'Etag': 'eda9a9889837ac4bc81d6387d92c1bec', 'Last-Modified': 'Tue, 18 Aug 2026 11:10:23 GMT', 'X-Trans-Id': 'txc269e4f16cc14d409745f-006a843d9e', 'X-Openstack-Request-Id': 'txc269e4f16cc14d409745f-006a843d9e', 'Connection': 'close'} {{(pid=99843) http_log /opt/stack/data/venv/lib/python3.12/site-packages/swiftclient/client.py:162}}
Aug 18 11:10:25.525731 np0000007643 devstack@g-api.service[99843]: DEBUG glance_store._drivers.swift.store [None req-4a864e67-ce1d-40a0-9b09-2a9dcb1fdf51 tempest-VolumesActionsTest-220296048 tempest-VolumesActionsTest-220296048-project-member] Wrote chunk 7fcb1083-3c16-44e0-ba63-2902a4fe0a88-00004 (4/?) of length 204800000 to Swift returning MD5 of content: eda9a9889837ac4bc81d6387d92c1bec {{(pid=99843) add /opt/stack/data/venv/lib/python3.12/site-packages/glance_store/_drivers/swift/store.py:1059}}
Aug 18 11:10:26.132976 np0000007643 devstack@g-api.service[99841]: DEBUG glance.api.middleware.version_negotiation [None req-ec67db82-20ca-4457-8be3-deb32dec5228 tempest-VolumesActionsTest-220296048 tempest-VolumesActionsTest-220296048-project-member] Determining version of request: GET /v2/images/7fcb1083-3c16-44e0-ba63-2902a4fe0a88 Accept: application/json {{(pid=99841) process_request /opt/stack/glance/glance/api/middleware/version_negotiation.py:44}}
Aug 18 11:10:26.133571 np0000007643 devstack@g-api.service[99841]: DEBUG glance.api.middleware.version_negotiation [None req-ec67db82-20ca-4457-8be3-deb32dec5228 tempest-VolumesActionsTest-220296048 tempest-VolumesActionsTest-220296048-project-member] Using url versioning {{(pid=99841) process_request /opt/stack/glance/glance/api/middleware/version_negotiation.py:57}}
Aug 18 11:10:26.133571 np0000007643 devstack@g-api.service[99841]: DEBUG glance.api.middleware.version_negotiation [None req-ec67db82-20ca-4457-8be3-deb32dec5228 tempest-VolumesActionsTest-220296048 tempest-VolumesActionsTest-220296048-project-member] Matched version: v2 {{(pid=99841) process_request /opt/stack/glance/glance/api/middleware/version_negotiation.py:69}}
Aug 18 11:10:26.133671 np0000007643 devstack@g-api.service[99841]: DEBUG glance.api.middleware.version_negotiation [None req-ec67db82-20ca-4457-8be3-deb32dec5228 tempest-VolumesActionsTest-220296048 tempest-VolumesActionsTest-220296048-project-member] new path /v2/images/7fcb1083-3c16-44e0-ba63-2902a4fe0a88 {{(pid=99841) process_request /opt/stack/glance/glance/api/middleware/version_negotiation.py:70}}
Aug 18 11:10:26.151891 np0000007643 devstack@g-api.service[99841]: [pid: 99841|app: 0|req: 92/259] 127.0.0.1 () {40 vars in 834 bytes} [Tue Aug 18 11:10:26 2026] GET /v2/images/7fcb1083-3c16-44e0-ba63-2902a4fe0a88 => generated 650 bytes in 19 msecs (HTTP/1.1 200) 4 headers in 157 bytes (1 switches on core 0)
