Aug 18 11:11:36.550455 np0000007643 devstack@g-api.service[99843]: [pid: 99843|app: 0|req: 130/411] 127.0.0.1 () {44 vars in 1111 bytes} [Tue Aug 18 11:11:36 2026] GET /v2/images/2e1eda84-3f7c-41c7-822e-34baacb36c6e => generated 1044 bytes in 21 msecs (HTTP/1.1 200) 4 headers in 158 bytes (1 switches on core 0)
Aug 18 11:11:36.594604 np0000007643 devstack@g-api.service[99842]: DEBUG glance.api.middleware.version_negotiation [None req-fe8351d0-332d-4da1-8db5-6606311f15a0 tempest-ServerActionsV293TestJSON-951853586 tempest-ServerActionsV293TestJSON-951853586-project-member] Determining version of request: GET /v2/schemas/image Accept: */* {{(pid=99842) process_request /opt/stack/glance/glance/api/middleware/version_negotiation.py:44}}
Aug 18 11:11:36.594857 np0000007643 devstack@g-api.service[99842]: DEBUG glance.api.middleware.version_negotiation [None req-fe8351d0-332d-4da1-8db5-6606311f15a0 tempest-ServerActionsV293TestJSON-951853586 tempest-ServerActionsV293TestJSON-951853586-project-member] Using url versioning {{(pid=99842) process_request /opt/stack/glance/glance/api/middleware/version_negotiation.py:57}}
Aug 18 11:11:36.595045 np0000007643 devstack@g-api.service[99842]: DEBUG glance.api.middleware.version_negotiation [None req-fe8351d0-332d-4da1-8db5-6606311f15a0 tempest-ServerActionsV293TestJSON-951853586 tempest-ServerActionsV293TestJSON-951853586-project-member] Matched version: v2 {{(pid=99842) process_request /opt/stack/glance/glance/api/middleware/version_negotiation.py:69}}
Aug 18 11:11:36.595237 np0000007643 devstack@g-api.service[99842]: DEBUG glance.api.middleware.version_negotiation [None req-fe8351d0-332d-4da1-8db5-6606311f15a0 tempest-ServerActionsV293TestJSON-951853586 tempest-ServerActionsV293TestJSON-951853586-project-member] new path /v2/schemas/image {{(pid=99842) process_request /opt/stack/glance/glance/api/middleware/version_negotiation.py:70}}
Aug 18 11:11:36.598993 np0000007643 devstack@g-api.service[99842]: [pid: 99842|app: 0|req: 142/412] 127.0.0.1 () {44 vars in 1051 bytes} [Tue Aug 18 11:11:36 2026] GET /v2/schemas/image => generated 6083 bytes in 5 msecs (HTTP/1.1 200) 4 headers in 158 bytes (1 switches on core 0)
Aug 18 11:11:37.015414 np0000007643 devstack@g-api.service[99841]: INFO glance.api.v2.image_data [None req-f2a4301b-2328-4900-89d9-e93455dd56ea tempest-AttachVolumeShelveTestJSON-1027173994 tempest-AttachVolumeShelveTestJSON-1027173994-project-member] Unable to create trust: no such option collect_timing in group [keystone_authtoken] Use the existing user token.
Aug 18 11:11:37.664544 np0000007643 devstack@g-api.service[99843]: DEBUG glance.api.middleware.version_negotiation [None req-fe8351d0-332d-4da1-8db5-6606311f15a0 tempest-ServerActionsV293TestJSON-951853586 tempest-ServerActionsV293TestJSON-951853586-project-member] Determining version of request: GET /v2/images/2e1eda84-3f7c-41c7-822e-34baacb36c6e Accept: */* {{(pid=99843) process_request /opt/stack/glance/glance/api/middleware/version_negotiation.py:44}}
Aug 18 11:11:37.664544 np0000007643 devstack@g-api.service[99843]: DEBUG glance.api.middleware.version_negotiation [None req-fe8351d0-332d-4da1-8db5-6606311f15a0 tempest-ServerActionsV293TestJSON-951853586 tempest-ServerActionsV293TestJSON-951853586-project-member] Using url versioning {{(pid=99843) process_request /opt/stack/glance/glance/api/middleware/version_negotiation.py:57}}
Aug 18 11:11:37.664966 np0000007643 devstack@g-api.service[99843]: DEBUG glance.api.middleware.version_negotiation [None req-fe8351d0-332d-4da1-8db5-6606311f15a0 tempest-ServerActionsV293TestJSON-951853586 tempest-ServerActionsV293TestJSON-951853586-project-member] Matched version: v2 {{(pid=99843) process_request /opt/stack/glance/glance/api/middleware/version_negotiation.py:69}}
Aug 18 11:11:37.664966 np0000007643 devstack@g-api.service[99843]: DEBUG glance.api.middleware.version_negotiation [None req-fe8351d0-332d-4da1-8db5-6606311f15a0 tempest-ServerActionsV293TestJSON-951853586 tempest-ServerActionsV293TestJSON-951853586-project-member] new path /v2/images/2e1eda84-3f7c-41c7-822e-34baacb36c6e {{(pid=99843) process_request /opt/stack/glance/glance/api/middleware/version_negotiation.py:70}}
Aug 18 11:11:37.688132 np0000007643 devstack@g-api.service[99841]: DEBUG glance.location [None req-f2a4301b-2328-4900-89d9-e93455dd56ea tempest-AttachVolumeShelveTestJSON-1027173994 tempest-AttachVolumeShelveTestJSON-1027173994-project-member] Enabling in-flight format inspection for qcow2 {{(pid=99841) set_data /opt/stack/glance/glance/location.py:596}}
Aug 18 11:11:37.688672 np0000007643 devstack@g-api.service[99841]: DEBUG glance_store.backend [None req-f2a4301b-2328-4900-89d9-e93455dd56ea tempest-AttachVolumeShelveTestJSON-1027173994 tempest-AttachVolumeShelveTestJSON-1027173994-project-member] Attempting to import store swift {{(pid=99841) _load_store /opt/stack/data/venv/lib/python3.12/site-packages/glance_store/backend.py:215}}
Aug 18 11:11:37.690509 np0000007643 devstack@g-api.service[99841]: DEBUG glance_store.capabilities [None req-f2a4301b-2328-4900-89d9-e93455dd56ea tempest-AttachVolumeShelveTestJSON-1027173994 tempest-AttachVolumeShelveTestJSON-1027173994-project-member] Store glance_store._drivers.swift.store.SingleTenantStore doesn't support updating dynamic storage capabilities. Please overwrite 'update_capabilities' method of the store to implement updating logics if needed. {{(pid=99841) update_capabilities /opt/stack/data/venv/lib/python3.12/site-packages/glance_store/capabilities.py:91}}
Aug 18 11:11:37.690645 np0000007643 devstack@g-api.service[99841]: DEBUG glance_store.driver [None req-f2a4301b-2328-4900-89d9-e93455dd56ea tempest-AttachVolumeShelveTestJSON-1027173994 tempest-AttachVolumeShelveTestJSON-1027173994-project-member] Late loading location class glance_store._drivers.swift.store.StoreLocation {{(pid=99841) get_store_location_class /opt/stack/data/venv/lib/python3.12/site-packages/glance_store/driver.py:134}}
Aug 18 11:11:37.690688 np0000007643 devstack@g-api.service[99841]: DEBUG glance_store.location [None req-f2a4301b-2328-4900-89d9-e93455dd56ea tempest-AttachVolumeShelveTestJSON-1027173994 tempest-AttachVolumeShelveTestJSON-1027173994-project-member] Registering scheme swift+https with {'store': , 'location_class': , 'store_entry': 'swift'} {{(pid=99841) register_scheme_map /opt/stack/data/venv/lib/python3.12/site-packages/glance_store/location.py:146}}
Aug 18 11:11:37.690770 np0000007643 devstack@g-api.service[99841]: DEBUG glance_store.location [None req-f2a4301b-2328-4900-89d9-e93455dd56ea tempest-AttachVolumeShelveTestJSON-1027173994 tempest-AttachVolumeShelveTestJSON-1027173994-project-member] Registering scheme swift+https with {'store': , 'location_class': , 'store_entry': 'swift'} {{(pid=99841) register_scheme_map /opt/stack/data/venv/lib/python3.12/site-packages/glance_store/location.py:146}}
Aug 18 11:11:37.690825 np0000007643 devstack@g-api.service[99841]: DEBUG glance_store.location [None req-f2a4301b-2328-4900-89d9-e93455dd56ea tempest-AttachVolumeShelveTestJSON-1027173994 tempest-AttachVolumeShelveTestJSON-1027173994-project-member] Registering scheme swift with {'store': , 'location_class': , 'store_entry': 'swift'} {{(pid=99841) register_scheme_map /opt/stack/data/venv/lib/python3.12/site-packages/glance_store/location.py:146}}
Aug 18 11:11:37.690881 np0000007643 devstack@g-api.service[99841]: DEBUG glance_store.location [None req-f2a4301b-2328-4900-89d9-e93455dd56ea tempest-AttachVolumeShelveTestJSON-1027173994 tempest-AttachVolumeShelveTestJSON-1027173994-project-member] Registering scheme swift+https with {'store': , 'location_class': , 'store_entry': 'swift'} {{(pid=99841) register_scheme_map /opt/stack/data/venv/lib/python3.12/site-packages/glance_store/location.py:146}}
Aug 18 11:11:37.690946 np0000007643 devstack@g-api.service[99841]: DEBUG glance_store.location [None req-f2a4301b-2328-4900-89d9-e93455dd56ea tempest-AttachVolumeShelveTestJSON-1027173994 tempest-AttachVolumeShelveTestJSON-1027173994-project-member] Registering scheme swift with {'store': , 'location_class': , 'store_entry': 'swift'} {{(pid=99841) register_scheme_map /opt/stack/data/venv/lib/python3.12/site-packages/glance_store/location.py:146}}
Aug 18 11:11:37.691014 np0000007643 devstack@g-api.service[99841]: DEBUG glance_store.location [None req-f2a4301b-2328-4900-89d9-e93455dd56ea tempest-AttachVolumeShelveTestJSON-1027173994 tempest-AttachVolumeShelveTestJSON-1027173994-project-member] Registering scheme swift+http with {'store': , 'location_class': , 'store_entry': 'swift'} {{(pid=99841) register_scheme_map /opt/stack/data/venv/lib/python3.12/site-packages/glance_store/location.py:146}}
Aug 18 11:11:37.691086 np0000007643 devstack@g-api.service[99841]: DEBUG glance_store.location [None req-f2a4301b-2328-4900-89d9-e93455dd56ea tempest-AttachVolumeShelveTestJSON-1027173994 tempest-AttachVolumeShelveTestJSON-1027173994-project-member] Registering scheme swift+https with {'store': , 'location_class': , 'store_entry': 'swift'} {{(pid=99841) register_scheme_map /opt/stack/data/venv/lib/python3.12/site-packages/glance_store/location.py:146}}
Aug 18 11:11:37.691254 np0000007643 devstack@g-api.service[99841]: DEBUG glance_store.location [None req-f2a4301b-2328-4900-89d9-e93455dd56ea tempest-AttachVolumeShelveTestJSON-1027173994 tempest-AttachVolumeShelveTestJSON-1027173994-project-member] Registering scheme swift with {'store': , 'location_class': , 'store_entry': 'swift'} {{(pid=99841) register_scheme_map /opt/stack/data/venv/lib/python3.12/site-packages/glance_store/location.py:146}}
Aug 18 11:11:37.691705 np0000007643 devstack@g-api.service[99841]: DEBUG glance_store.location [None req-f2a4301b-2328-4900-89d9-e93455dd56ea tempest-AttachVolumeShelveTestJSON-1027173994 tempest-AttachVolumeShelveTestJSON-1027173994-project-member] Registering scheme swift+http with {'store': , 'location_class': , 'store_entry': 'swift'} {{(pid=99841) register_scheme_map /opt/stack/data/venv/lib/python3.12/site-packages/glance_store/location.py:146}}
Aug 18 11:11:37.691705 np0000007643 devstack@g-api.service[99841]: DEBUG glance_store.location [None req-f2a4301b-2328-4900-89d9-e93455dd56ea tempest-AttachVolumeShelveTestJSON-1027173994 tempest-AttachVolumeShelveTestJSON-1027173994-project-member] Registering scheme swift+config with {'store': , 'location_class': , 'store_entry': 'swift'} {{(pid=99841) register_scheme_map /opt/stack/data/venv/lib/python3.12/site-packages/glance_store/location.py:146}}
Aug 18 11:11:37.692750 np0000007643 devstack@g-api.service[99843]: [pid: 99843|app: 0|req: 131/413] 127.0.0.1 () {44 vars in 1111 bytes} [Tue Aug 18 11:11:37 2026] GET /v2/images/2e1eda84-3f7c-41c7-822e-34baacb36c6e => generated 1044 bytes in 29 msecs (HTTP/1.1 200) 4 headers in 158 bytes (1 switches on core 0)
Aug 18 11:11:37.737894 np0000007643 devstack@g-api.service[99842]: DEBUG glance.api.middleware.version_negotiation [None req-fe8351d0-332d-4da1-8db5-6606311f15a0 tempest-ServerActionsV293TestJSON-951853586 tempest-ServerActionsV293TestJSON-951853586-project-member] Determining version of request: GET /v2/schemas/image Accept: */* {{(pid=99842) process_request /opt/stack/glance/glance/api/middleware/version_negotiation.py:44}}
Aug 18 11:11:37.738445 np0000007643 devstack@g-api.service[99842]: DEBUG glance.api.middleware.version_negotiation [None req-fe8351d0-332d-4da1-8db5-6606311f15a0 tempest-ServerActionsV293TestJSON-951853586 tempest-ServerActionsV293TestJSON-951853586-project-member] Using url versioning {{(pid=99842) process_request /opt/stack/glance/glance/api/middleware/version_negotiation.py:57}}
Aug 18 11:11:37.738445 np0000007643 devstack@g-api.service[99842]: DEBUG glance.api.middleware.version_negotiation [None req-fe8351d0-332d-4da1-8db5-6606311f15a0 tempest-ServerActionsV293TestJSON-951853586 tempest-ServerActionsV293TestJSON-951853586-project-member] Matched version: v2 {{(pid=99842) process_request /opt/stack/glance/glance/api/middleware/version_negotiation.py:69}}
Aug 18 11:11:37.738524 np0000007643 devstack@g-api.service[99842]: DEBUG glance.api.middleware.version_negotiation [None req-fe8351d0-332d-4da1-8db5-6606311f15a0 tempest-ServerActionsV293TestJSON-951853586 tempest-ServerActionsV293TestJSON-951853586-project-member] new path /v2/schemas/image {{(pid=99842) process_request /opt/stack/glance/glance/api/middleware/version_negotiation.py:70}}
Aug 18 11:11:37.747823 np0000007643 devstack@g-api.service[99842]: [pid: 99842|app: 0|req: 143/414] 127.0.0.1 () {44 vars in 1051 bytes} [Tue Aug 18 11:11:37 2026] GET /v2/schemas/image => generated 6083 bytes in 10 msecs (HTTP/1.1 200) 4 headers in 158 bytes (1 switches on core 0)
Aug 18 11:11:37.825075 np0000007643 devstack@g-api.service[99843]: DEBUG glance.api.middleware.version_negotiation [None req-fe8351d0-332d-4da1-8db5-6606311f15a0 tempest-ServerActionsV293TestJSON-951853586 tempest-ServerActionsV293TestJSON-951853586-project-member] Determining version of request: GET /v2/images/2e1eda84-3f7c-41c7-822e-34baacb36c6e Accept: */* {{(pid=99843) process_request /opt/stack/glance/glance/api/middleware/version_negotiation.py:44}}
Aug 18 11:11:37.825315 np0000007643 devstack@g-api.service[99843]: DEBUG glance.api.middleware.version_negotiation [None req-fe8351d0-332d-4da1-8db5-6606311f15a0 tempest-ServerActionsV293TestJSON-951853586 tempest-ServerActionsV293TestJSON-951853586-project-member] Using url versioning {{(pid=99843) process_request /opt/stack/glance/glance/api/middleware/version_negotiation.py:57}}
Aug 18 11:11:37.825560 np0000007643 devstack@g-api.service[99843]: DEBUG glance.api.middleware.version_negotiation [None req-fe8351d0-332d-4da1-8db5-6606311f15a0 tempest-ServerActionsV293TestJSON-951853586 tempest-ServerActionsV293TestJSON-951853586-project-member] Matched version: v2 {{(pid=99843) process_request /opt/stack/glance/glance/api/middleware/version_negotiation.py:69}}
Aug 18 11:11:37.825892 np0000007643 devstack@g-api.service[99843]: DEBUG glance.api.middleware.version_negotiation [None req-fe8351d0-332d-4da1-8db5-6606311f15a0 tempest-ServerActionsV293TestJSON-951853586 tempest-ServerActionsV293TestJSON-951853586-project-member] new path /v2/images/2e1eda84-3f7c-41c7-822e-34baacb36c6e {{(pid=99843) process_request /opt/stack/glance/glance/api/middleware/version_negotiation.py:70}}
Aug 18 11:11:37.846036 np0000007643 devstack@g-api.service[99843]: [pid: 99843|app: 0|req: 132/415] 127.0.0.1 () {44 vars in 1111 bytes} [Tue Aug 18 11:11:37 2026] GET /v2/images/2e1eda84-3f7c-41c7-822e-34baacb36c6e => generated 1044 bytes in 21 msecs (HTTP/1.1 200) 4 headers in 158 bytes (1 switches on core 0)
Aug 18 11:11:37.863045 np0000007643 devstack@g-api.service[99842]: DEBUG glance.api.middleware.version_negotiation [None req-fe8351d0-332d-4da1-8db5-6606311f15a0 tempest-ServerActionsV293TestJSON-951853586 tempest-ServerActionsV293TestJSON-951853586-project-member] Determining version of request: GET /v2/schemas/image Accept: */* {{(pid=99842) process_request /opt/stack/glance/glance/api/middleware/version_negotiation.py:44}}
Aug 18 11:11:37.863319 np0000007643 devstack@g-api.service[99842]: DEBUG glance.api.middleware.version_negotiation [None req-fe8351d0-332d-4da1-8db5-6606311f15a0 tempest-ServerActionsV293TestJSON-951853586 tempest-ServerActionsV293TestJSON-951853586-project-member] Using url versioning {{(pid=99842) process_request /opt/stack/glance/glance/api/middleware/version_negotiation.py:57}}
Aug 18 11:11:37.863541 np0000007643 devstack@g-api.service[99842]: DEBUG glance.api.middleware.version_negotiation [None req-fe8351d0-332d-4da1-8db5-6606311f15a0 tempest-ServerActionsV293TestJSON-951853586 tempest-ServerActionsV293TestJSON-951853586-project-member] Matched version: v2 {{(pid=99842) process_request /opt/stack/glance/glance/api/middleware/version_negotiation.py:69}}
Aug 18 11:11:37.864207 np0000007643 devstack@g-api.service[99842]: DEBUG glance.api.middleware.version_negotiation [None req-fe8351d0-332d-4da1-8db5-6606311f15a0 tempest-ServerActionsV293TestJSON-951853586 tempest-ServerActionsV293TestJSON-951853586-project-member] new path /v2/schemas/image {{(pid=99842) process_request /opt/stack/glance/glance/api/middleware/version_negotiation.py:70}}
Aug 18 11:11:37.869371 np0000007643 devstack@g-api.service[99842]: [pid: 99842|app: 0|req: 144/416] 127.0.0.1 () {44 vars in 1051 bytes} [Tue Aug 18 11:11:37 2026] GET /v2/schemas/image => generated 6083 bytes in 6 msecs (HTTP/1.1 200) 4 headers in 158 bytes (1 switches on core 0)
Aug 18 11:11:37.883245 np0000007643 devstack@g-api.service[99843]: DEBUG glance.api.middleware.version_negotiation [None req-fe8351d0-332d-4da1-8db5-6606311f15a0 tempest-ServerActionsV293TestJSON-951853586 tempest-ServerActionsV293TestJSON-951853586-project-member] Determining version of request: GET /v2/schemas/image Accept: */* {{(pid=99843) process_request /opt/stack/glance/glance/api/middleware/version_negotiation.py:44}}
Aug 18 11:11:37.885339 np0000007643 devstack@g-api.service[99843]: DEBUG glance.api.middleware.version_negotiation [None req-fe8351d0-332d-4da1-8db5-6606311f15a0 tempest-ServerActionsV293TestJSON-951853586 tempest-ServerActionsV293TestJSON-951853586-project-member] Using url versioning {{(pid=99843) process_request /opt/stack/glance/glance/api/middleware/version_negotiation.py:57}}
Aug 18 11:11:37.888133 np0000007643 devstack@g-api.service[99843]: DEBUG glance.api.middleware.version_negotiation [None req-fe8351d0-332d-4da1-8db5-6606311f15a0 tempest-ServerActionsV293TestJSON-951853586 tempest-ServerActionsV293TestJSON-951853586-project-member] Matched version: v2 {{(pid=99843) process_request /opt/stack/glance/glance/api/middleware/version_negotiation.py:69}}
Aug 18 11:11:37.888133 np0000007643 devstack@g-api.service[99843]: DEBUG glance.api.middleware.version_negotiation [None req-fe8351d0-332d-4da1-8db5-6606311f15a0 tempest-ServerActionsV293TestJSON-951853586 tempest-ServerActionsV293TestJSON-951853586-project-member] new path /v2/schemas/image {{(pid=99843) process_request /opt/stack/glance/glance/api/middleware/version_negotiation.py:70}}
Aug 18 11:11:37.891905 np0000007643 devstack@g-api.service[99843]: [pid: 99843|app: 0|req: 133/417] 127.0.0.1 () {44 vars in 1051 bytes} [Tue Aug 18 11:11:37 2026] GET /v2/schemas/image => generated 6083 bytes in 9 msecs (HTTP/1.1 200) 4 headers in 158 bytes (1 switches on core 0)
Aug 18 11:11:37.936516 np0000007643 devstack@g-api.service[99842]: DEBUG glance.api.middleware.version_negotiation [None req-fe8351d0-332d-4da1-8db5-6606311f15a0 tempest-ServerActionsV293TestJSON-951853586 tempest-ServerActionsV293TestJSON-951853586-project-member] Determining version of request: GET /v2/images/2e1eda84-3f7c-41c7-822e-34baacb36c6e Accept: */* {{(pid=99842) process_request /opt/stack/glance/glance/api/middleware/version_negotiation.py:44}}
Aug 18 11:11:37.937063 np0000007643 devstack@g-api.service[99842]: DEBUG glance.api.middleware.version_negotiation [None req-fe8351d0-332d-4da1-8db5-6606311f15a0 tempest-ServerActionsV293TestJSON-951853586 tempest-ServerActionsV293TestJSON-951853586-project-member] Using url versioning {{(pid=99842) process_request /opt/stack/glance/glance/api/middleware/version_negotiation.py:57}}
Aug 18 11:11:37.937063 np0000007643 devstack@g-api.service[99842]: DEBUG glance.api.middleware.version_negotiation [None req-fe8351d0-332d-4da1-8db5-6606311f15a0 tempest-ServerActionsV293TestJSON-951853586 tempest-ServerActionsV293TestJSON-951853586-project-member] Matched version: v2 {{(pid=99842) process_request /opt/stack/glance/glance/api/middleware/version_negotiation.py:69}}
Aug 18 11:11:37.937063 np0000007643 devstack@g-api.service[99842]: DEBUG glance.api.middleware.version_negotiation [None req-fe8351d0-332d-4da1-8db5-6606311f15a0 tempest-ServerActionsV293TestJSON-951853586 tempest-ServerActionsV293TestJSON-951853586-project-member] new path /v2/images/2e1eda84-3f7c-41c7-822e-34baacb36c6e {{(pid=99842) process_request /opt/stack/glance/glance/api/middleware/version_negotiation.py:70}}
Aug 18 11:11:37.945418 np0000007643 devstack@g-api.service[99841]: DEBUG swiftclient [None req-f2a4301b-2328-4900-89d9-e93455dd56ea tempest-AttachVolumeShelveTestJSON-1027173994 tempest-AttachVolumeShelveTestJSON-1027173994-project-member] REQ: curl -i https://10.4.3.44:8080/v1/AUTH_efc55875470b4c929621a88b2143d323/glance -I -H "X-Auth-Token: gAAAAABqhD3plIoK..." {{(pid=99841) http_log /opt/stack/data/venv/lib/python3.12/site-packages/swiftclient/client.py:160}}
Aug 18 11:11:37.945418 np0000007643 devstack@g-api.service[99841]: DEBUG swiftclient [None req-f2a4301b-2328-4900-89d9-e93455dd56ea tempest-AttachVolumeShelveTestJSON-1027173994 tempest-AttachVolumeShelveTestJSON-1027173994-project-member] RESP STATUS: 204 No Content {{(pid=99841) http_log /opt/stack/data/venv/lib/python3.12/site-packages/swiftclient/client.py:161}}
Aug 18 11:11:37.945418 np0000007643 devstack@g-api.service[99841]: DEBUG swiftclient [None req-f2a4301b-2328-4900-89d9-e93455dd56ea tempest-AttachVolumeShelveTestJSON-1027173994 tempest-AttachVolumeShelveTestJSON-1027173994-project-member] RESP HEADERS: {'Date': 'Tue, 18 Aug 2026 11:11:37 GMT', 'Server': 'Apache/2.4.58 (Ubuntu)', 'Content-Type': 'text/plain; charset=utf-8', 'X-Container-Object-Count': '5', 'X-Container-Bytes-Used': '118292480', 'X-Timestamp': '1787051023.48687', 'Last-Modified': 'Tue, 18 Aug 2026 11:03:44 GMT', 'Accept-Ranges': 'bytes', 'X-Storage-Policy': 'Policy-0', 'X-Container-Sharding': 'False', 'Vary': 'Accept', 'X-Trans-Id': 'tx61ac8b6a9935468db0e66-006a843de9', 'X-Openstack-Request-Id': 'tx61ac8b6a9935468db0e66-006a843de9', 'Connection': 'close'} {{(pid=99841) http_log /opt/stack/data/venv/lib/python3.12/site-packages/swiftclient/client.py:162}}
Aug 18 11:11:37.945834 np0000007643 devstack@g-api.service[99841]: DEBUG glance_store._drivers.swift.store [None req-f2a4301b-2328-4900-89d9-e93455dd56ea tempest-AttachVolumeShelveTestJSON-1027173994 tempest-AttachVolumeShelveTestJSON-1027173994-project-member] Adding image object 'eaedf812-0fa5-444b-8428-a8f545f8cdcd' to Swift {{(pid=99841) add /opt/stack/data/venv/lib/python3.12/site-packages/glance_store/_drivers/swift/store.py:970}}
Aug 18 11:11:37.945834 np0000007643 devstack@g-api.service[99841]: DEBUG glance_store._drivers.swift.store [None req-f2a4301b-2328-4900-89d9-e93455dd56ea tempest-AttachVolumeShelveTestJSON-1027173994 tempest-AttachVolumeShelveTestJSON-1027173994-project-member] Cannot determine image size because it is either not provided in the request or chunked-transfer encoding is used. Adding image as a segmented object to Swift. {{(pid=99841) add /opt/stack/data/venv/lib/python3.12/site-packages/glance_store/_drivers/swift/store.py:994}}
Aug 18 11:11:37.956397 np0000007643 devstack@g-api.service[99841]: DEBUG oslo_utils.imageutils.format_inspector [None req-f2a4301b-2328-4900-89d9-e93455dd56ea tempest-AttachVolumeShelveTestJSON-1027173994 tempest-AttachVolumeShelveTestJSON-1027173994-project-member] Format inspector for vmdk does not match, excluding from consideration (Signature KDMV not found: b'QFI\xfb') {{(pid=99841) _process_chunk /opt/stack/data/venv/lib/python3.12/site-packages/oslo_utils/imageutils/format_inspector.py:1758}}
Aug 18 11:11:37.961093 np0000007643 devstack@g-api.service[99841]: DEBUG oslo_utils.imageutils.format_inspector [None req-f2a4301b-2328-4900-89d9-e93455dd56ea tempest-AttachVolumeShelveTestJSON-1027173994 tempest-AttachVolumeShelveTestJSON-1027173994-project-member] Format inspector for vhdx does not match, excluding from consideration (Region signature not found at 30000) {{(pid=99841) _process_chunk /opt/stack/data/venv/lib/python3.12/site-packages/oslo_utils/imageutils/format_inspector.py:1758}}
Aug 18 11:11:37.964033 np0000007643 devstack@g-api.service[99842]: [pid: 99842|app: 0|req: 145/418] 127.0.0.1 () {44 vars in 1111 bytes} [Tue Aug 18 11:11:37 2026] GET /v2/images/2e1eda84-3f7c-41c7-822e-34baacb36c6e => generated 1044 bytes in 26 msecs (HTTP/1.1 200) 4 headers in 158 bytes (1 switches on core 0)
Aug 18 11:11:37.977393 np0000007643 devstack@g-api.service[99843]: DEBUG glance.api.middleware.version_negotiation [None req-fe8351d0-332d-4da1-8db5-6606311f15a0 tempest-ServerActionsV293TestJSON-951853586 tempest-ServerActionsV293TestJSON-951853586-project-member] Determining version of request: GET /v2/schemas/image Accept: */* {{(pid=99843) process_request /opt/stack/glance/glance/api/middleware/version_negotiation.py:44}}
Aug 18 11:11:37.977820 np0000007643 devstack@g-api.service[99843]: DEBUG glance.api.middleware.version_negotiation [None req-fe8351d0-332d-4da1-8db5-6606311f15a0 tempest-ServerActionsV293TestJSON-951853586 tempest-ServerActionsV293TestJSON-951853586-project-member] Using url versioning {{(pid=99843) process_request /opt/stack/glance/glance/api/middleware/version_negotiation.py:57}}
Aug 18 11:11:37.977820 np0000007643 devstack@g-api.service[99843]: DEBUG glance.api.middleware.version_negotiation [None req-fe8351d0-332d-4da1-8db5-6606311f15a0 tempest-ServerActionsV293TestJSON-951853586 tempest-ServerActionsV293TestJSON-951853586-project-member] Matched version: v2 {{(pid=99843) process_request /opt/stack/glance/glance/api/middleware/version_negotiation.py:69}}
Aug 18 11:11:37.977932 np0000007643 devstack@g-api.service[99843]: DEBUG glance.api.middleware.version_negotiation [None req-fe8351d0-332d-4da1-8db5-6606311f15a0 tempest-ServerActionsV293TestJSON-951853586 tempest-ServerActionsV293TestJSON-951853586-project-member] new path /v2/schemas/image {{(pid=99843) process_request /opt/stack/glance/glance/api/middleware/version_negotiation.py:70}}
Aug 18 11:11:37.983030 np0000007643 devstack@g-api.service[99843]: [pid: 99843|app: 0|req: 134/419] 127.0.0.1 () {44 vars in 1051 bytes} [Tue Aug 18 11:11:37 2026] GET /v2/schemas/image => generated 6083 bytes in 6 msecs (HTTP/1.1 200) 4 headers in 158 bytes (1 switches on core 0)
Aug 18 11:11:38.139257 np0000007643 devstack@g-api.service[99842]: DEBUG glance.api.middleware.version_negotiation [None req-fe8351d0-332d-4da1-8db5-6606311f15a0 tempest-ServerActionsV293TestJSON-951853586 tempest-ServerActionsV293TestJSON-951853586-project-member] Determining version of request: GET /versions Accept: */* {{(pid=99842) process_request /opt/stack/glance/glance/api/middleware/version_negotiation.py:44}}
Aug 18 11:11:38.141551 np0000007643 devstack@g-api.service[99842]: [pid: 99842|app: 0|req: 146/420] 127.0.0.1 () {44 vars in 1035 bytes} [Tue Aug 18 11:11:38 2026] GET /versions => generated 1501 bytes in 2 msecs (HTTP/1.1 200) 3 headers in 92 bytes (1 switches on core 0)
Aug 18 11:11:38.153236 np0000007643 devstack@g-api.service[99843]: DEBUG glance.api.middleware.version_negotiation [None req-fe8351d0-332d-4da1-8db5-6606311f15a0 tempest-ServerActionsV293TestJSON-951853586 tempest-ServerActionsV293TestJSON-951853586-project-member] Determining version of request: GET /v2/images/2e1eda84-3f7c-41c7-822e-34baacb36c6e/locations Accept: */* {{(pid=99843) process_request /opt/stack/glance/glance/api/middleware/version_negotiation.py:44}}
Aug 18 11:11:38.153511 np0000007643 devstack@g-api.service[99843]: DEBUG glance.api.middleware.version_negotiation [None req-fe8351d0-332d-4da1-8db5-6606311f15a0 tempest-ServerActionsV293TestJSON-951853586 tempest-ServerActionsV293TestJSON-951853586-project-member] Using url versioning {{(pid=99843) process_request /opt/stack/glance/glance/api/middleware/version_negotiation.py:57}}
Aug 18 11:11:38.153740 np0000007643 devstack@g-api.service[99843]: DEBUG glance.api.middleware.version_negotiation [None req-fe8351d0-332d-4da1-8db5-6606311f15a0 tempest-ServerActionsV293TestJSON-951853586 tempest-ServerActionsV293TestJSON-951853586-project-member] Matched version: v2 {{(pid=99843) process_request /opt/stack/glance/glance/api/middleware/version_negotiation.py:69}}
Aug 18 11:11:38.153909 np0000007643 devstack@g-api.service[99843]: DEBUG glance.api.middleware.version_negotiation [None req-fe8351d0-332d-4da1-8db5-6606311f15a0 tempest-ServerActionsV293TestJSON-951853586 tempest-ServerActionsV293TestJSON-951853586-project-member] new path /v2/images/2e1eda84-3f7c-41c7-822e-34baacb36c6e/locations {{(pid=99843) process_request /opt/stack/glance/glance/api/middleware/version_negotiation.py:70}}
Aug 18 11:11:38.215697 np0000007643 devstack@g-api.service[99843]: [pid: 99843|app: 0|req: 135/421] 127.0.0.1 () {44 vars in 1131 bytes} [Tue Aug 18 11:11:38 2026] GET /v2/images/2e1eda84-3f7c-41c7-822e-34baacb36c6e/locations => generated 92 bytes in 62 msecs (HTTP/1.1 200) 4 headers in 156 bytes (1 switches on core 0)
Aug 18 11:11:38.335268 np0000007643 devstack@g-api.service[99842]: DEBUG glance.api.middleware.version_negotiation [None req-fe8351d0-332d-4da1-8db5-6606311f15a0 tempest-ServerActionsV293TestJSON-951853586 tempest-ServerActionsV293TestJSON-951853586-project-member] Determining version of request: GET /v2/images/2e1eda84-3f7c-41c7-822e-34baacb36c6e Accept: */* {{(pid=99842) process_request /opt/stack/glance/glance/api/middleware/version_negotiation.py:44}}
Aug 18 11:11:38.335539 np0000007643 devstack@g-api.service[99842]: DEBUG glance.api.middleware.version_negotiation [None req-fe8351d0-332d-4da1-8db5-6606311f15a0 tempest-ServerActionsV293TestJSON-951853586 tempest-ServerActionsV293TestJSON-951853586-project-member] Using url versioning {{(pid=99842) process_request /opt/stack/glance/glance/api/middleware/version_negotiation.py:57}}
Aug 18 11:11:38.335810 np0000007643 devstack@g-api.service[99842]: DEBUG glance.api.middleware.version_negotiation [None req-fe8351d0-332d-4da1-8db5-6606311f15a0 tempest-ServerActionsV293TestJSON-951853586 tempest-ServerActionsV293TestJSON-951853586-project-member] Matched version: v2 {{(pid=99842) process_request /opt/stack/glance/glance/api/middleware/version_negotiation.py:69}}
Aug 18 11:11:38.335955 np0000007643 devstack@g-api.service[99842]: DEBUG glance.api.middleware.version_negotiation [None req-fe8351d0-332d-4da1-8db5-6606311f15a0 tempest-ServerActionsV293TestJSON-951853586 tempest-ServerActionsV293TestJSON-951853586-project-member] new path /v2/images/2e1eda84-3f7c-41c7-822e-34baacb36c6e {{(pid=99842) process_request /opt/stack/glance/glance/api/middleware/version_negotiation.py:70}}
Aug 18 11:11:38.351759 np0000007643 devstack@g-api.service[99842]: [pid: 99842|app: 0|req: 147/422] 127.0.0.1 () {44 vars in 1111 bytes} [Tue Aug 18 11:11:38 2026] GET /v2/images/2e1eda84-3f7c-41c7-822e-34baacb36c6e => generated 1044 bytes in 17 msecs (HTTP/1.1 200) 4 headers in 158 bytes (1 switches on core 0)
Aug 18 11:11:38.369407 np0000007643 devstack@g-api.service[99843]: DEBUG glance.api.middleware.version_negotiation [None req-fe8351d0-332d-4da1-8db5-6606311f15a0 service glance] Determining version of request: GET /v2/schemas/image Accept: */* {{(pid=99843) process_request /opt/stack/glance/glance/api/middleware/version_negotiation.py:44}}
Aug 18 11:11:38.370251 np0000007643 devstack@g-api.service[99843]: DEBUG glance.api.middleware.version_negotiation [None req-fe8351d0-332d-4da1-8db5-6606311f15a0 service glance] Using url versioning {{(pid=99843) process_request /opt/stack/glance/glance/api/middleware/version_negotiation.py:57}}
Aug 18 11:11:38.370251 np0000007643 devstack@g-api.service[99843]: DEBUG glance.api.middleware.version_negotiation [None req-fe8351d0-332d-4da1-8db5-6606311f15a0 service glance] Matched version: v2 {{(pid=99843) process_request /opt/stack/glance/glance/api/middleware/version_negotiation.py:69}}
Aug 18 11:11:38.370251 np0000007643 devstack@g-api.service[99843]: DEBUG glance.api.middleware.version_negotiation [None req-fe8351d0-332d-4da1-8db5-6606311f15a0 service glance] new path /v2/schemas/image {{(pid=99843) process_request /opt/stack/glance/glance/api/middleware/version_negotiation.py:70}}
Aug 18 11:11:38.372483 np0000007643 devstack@g-api.service[99843]: [pid: 99843|app: 0|req: 136/423] 127.0.0.1 () {44 vars in 1051 bytes} [Tue Aug 18 11:11:38 2026] GET /v2/schemas/image => generated 6083 bytes in 3 msecs (HTTP/1.1 200) 4 headers in 158 bytes (1 switches on core 0)
Aug 18 11:11:38.383215 np0000007643 devstack@g-api.service[99842]: DEBUG glance.api.middleware.version_negotiation [None req-fe8351d0-332d-4da1-8db5-6606311f15a0 tempest-ServerActionsV293TestJSON-951853586 tempest-ServerActionsV293TestJSON-951853586-project-member] Determining version of request: GET /v2/schemas/image Accept: */* {{(pid=99842) process_request /opt/stack/glance/glance/api/middleware/version_negotiation.py:44}}
Aug 18 11:11:38.383436 np0000007643 devstack@g-api.service[99842]: DEBUG glance.api.middleware.version_negotiation [None req-fe8351d0-332d-4da1-8db5-6606311f15a0 tempest-ServerActionsV293TestJSON-951853586 tempest-ServerActionsV293TestJSON-951853586-project-member] Using url versioning {{(pid=99842) process_request /opt/stack/glance/glance/api/middleware/version_negotiation.py:57}}
Aug 18 11:11:38.383570 np0000007643 devstack@g-api.service[99842]: DEBUG glance.api.middleware.version_negotiation [None req-fe8351d0-332d-4da1-8db5-6606311f15a0 tempest-ServerActionsV293TestJSON-951853586 tempest-ServerActionsV293TestJSON-951853586-project-member] Matched version: v2 {{(pid=99842) process_request /opt/stack/glance/glance/api/middleware/version_negotiation.py:69}}
Aug 18 11:11:38.383660 np0000007643 devstack@g-api.service[99842]: DEBUG glance.api.middleware.version_negotiation [None req-fe8351d0-332d-4da1-8db5-6606311f15a0 tempest-ServerActionsV293TestJSON-951853586 tempest-ServerActionsV293TestJSON-951853586-project-member] new path /v2/schemas/image {{(pid=99842) process_request /opt/stack/glance/glance/api/middleware/version_negotiation.py:70}}
Aug 18 11:11:38.388116 np0000007643 devstack@g-api.service[99842]: [pid: 99842|app: 0|req: 148/424] 127.0.0.1 () {44 vars in 1051 bytes} [Tue Aug 18 11:11:38 2026] GET /v2/schemas/image => generated 6083 bytes in 5 msecs (HTTP/1.1 200) 4 headers in 158 bytes (1 switches on core 0)
Aug 18 11:11:38.582386 np0000007643 devstack@g-api.service[99841]: DEBUG swiftclient [None req-f2a4301b-2328-4900-89d9-e93455dd56ea tempest-AttachVolumeShelveTestJSON-1027173994 tempest-AttachVolumeShelveTestJSON-1027173994-project-member] REQ: curl -i https://10.4.3.44:8080/v1/AUTH_efc55875470b4c929621a88b2143d323/glance/eaedf812-0fa5-444b-8428-a8f545f8cdcd-00001 -X PUT -H "X-Auth-Token: gAAAAABqhD3plIoK..." {{(pid=99841) http_log /opt/stack/data/venv/lib/python3.12/site-packages/swiftclient/client.py:160}}
Aug 18 11:11:38.582570 np0000007643 devstack@g-api.service[99841]: DEBUG swiftclient [None req-f2a4301b-2328-4900-89d9-e93455dd56ea tempest-AttachVolumeShelveTestJSON-1027173994 tempest-AttachVolumeShelveTestJSON-1027173994-project-member] RESP STATUS: 201 Created {{(pid=99841) http_log /opt/stack/data/venv/lib/python3.12/site-packages/swiftclient/client.py:161}}
Aug 18 11:11:38.582830 np0000007643 devstack@g-api.service[99841]: DEBUG swiftclient [None req-f2a4301b-2328-4900-89d9-e93455dd56ea tempest-AttachVolumeShelveTestJSON-1027173994 tempest-AttachVolumeShelveTestJSON-1027173994-project-member] RESP HEADERS: {'Date': 'Tue, 18 Aug 2026 11:11:38 GMT', 'Server': 'Apache/2.4.58 (Ubuntu)', 'Content-Type': 'text/html; charset=UTF-8', 'Content-Length': '0', 'Etag': '65be3113a466fd59b3fff6a293d2189d', 'Last-Modified': 'Tue, 18 Aug 2026 11:11:38 GMT', 'X-Trans-Id': 'tx2f80279c0fe44bcda75f5-006a843de9', 'X-Openstack-Request-Id': 'tx2f80279c0fe44bcda75f5-006a843de9', 'Connection': 'close'} {{(pid=99841) http_log /opt/stack/data/venv/lib/python3.12/site-packages/swiftclient/client.py:162}}
Aug 18 11:11:38.582997 np0000007643 devstack@g-api.service[99841]: DEBUG glance_store._drivers.swift.store [None req-f2a4301b-2328-4900-89d9-e93455dd56ea tempest-AttachVolumeShelveTestJSON-1027173994 tempest-AttachVolumeShelveTestJSON-1027173994-project-member] Wrote chunk eaedf812-0fa5-444b-8428-a8f545f8cdcd-00001 (1/?) of length 53936128 to Swift returning MD5 of content: 65be3113a466fd59b3fff6a293d2189d {{(pid=99841) add /opt/stack/data/venv/lib/python3.12/site-packages/glance_store/_drivers/swift/store.py:1059}}
Aug 18 11:11:38.583360 np0000007643 devstack@g-api.service[99841]: DEBUG glance_store._drivers.swift.store [None req-f2a4301b-2328-4900-89d9-e93455dd56ea tempest-AttachVolumeShelveTestJSON-1027173994 tempest-AttachVolumeShelveTestJSON-1027173994-project-member] Not writing zero-length chunk. {{(pid=99841) add /opt/stack/data/venv/lib/python3.12/site-packages/glance_store/_drivers/swift/store.py:1028}}
Aug 18 11:11:38.651620 np0000007643 devstack@g-api.service[99841]: DEBUG swiftclient [None req-f2a4301b-2328-4900-89d9-e93455dd56ea tempest-AttachVolumeShelveTestJSON-1027173994 tempest-AttachVolumeShelveTestJSON-1027173994-project-member] REQ: curl -i https://10.4.3.44:8080/v1/AUTH_efc55875470b4c929621a88b2143d323/glance/eaedf812-0fa5-444b-8428-a8f545f8cdcd -X PUT -H "X-Object-Manifest: glance/eaedf812-0fa5-444b-8428-a8f545f8cdcd-" -H "X-Auth-Token: gAAAAABqhD3plIoK..." -H "Content-Length: 0" {{(pid=99841) http_log /opt/stack/data/venv/lib/python3.12/site-packages/swiftclient/client.py:160}}
Aug 18 11:11:38.651765 np0000007643 devstack@g-api.service[99841]: DEBUG swiftclient [None req-f2a4301b-2328-4900-89d9-e93455dd56ea tempest-AttachVolumeShelveTestJSON-1027173994 tempest-AttachVolumeShelveTestJSON-1027173994-project-member] RESP STATUS: 201 Created {{(pid=99841) http_log /opt/stack/data/venv/lib/python3.12/site-packages/swiftclient/client.py:161}}
Aug 18 11:11:38.651975 np0000007643 devstack@g-api.service[99841]: DEBUG swiftclient [None req-f2a4301b-2328-4900-89d9-e93455dd56ea tempest-AttachVolumeShelveTestJSON-1027173994 tempest-AttachVolumeShelveTestJSON-1027173994-project-member] RESP HEADERS: {'Date': 'Tue, 18 Aug 2026 11:11:38 GMT', 'Server': 'Apache/2.4.58 (Ubuntu)', 'Content-Type': 'text/html; charset=UTF-8', 'Content-Length': '0', 'Etag': 'd41d8cd98f00b204e9800998ecf8427e', 'Last-Modified': 'Tue, 18 Aug 2026 11:11:39 GMT', 'X-Trans-Id': 'tx052d478c40cd4245b8735-006a843dea', 'X-Openstack-Request-Id': 'tx052d478c40cd4245b8735-006a843dea', 'Connection': 'close'} {{(pid=99841) http_log /opt/stack/data/venv/lib/python3.12/site-packages/swiftclient/client.py:162}}
Aug 18 11:11:38.652527 np0000007643 devstack@g-api.service[99841]: INFO glance.location [None req-f2a4301b-2328-4900-89d9-e93455dd56ea tempest-AttachVolumeShelveTestJSON-1027173994 tempest-AttachVolumeShelveTestJSON-1027173994-project-member] Image format matched and virtual size computed: 1073741824
Aug 18 11:11:38.710888 np0000007643 devstack@g-api.service[99841]: DEBUG glance_store.backend [None req-f2a4301b-2328-4900-89d9-e93455dd56ea tempest-AttachVolumeShelveTestJSON-1027173994 tempest-AttachVolumeShelveTestJSON-1027173994-project-member] Attempting to import store swift {{(pid=99841) _load_store /opt/stack/data/venv/lib/python3.12/site-packages/glance_store/backend.py:215}}
Aug 18 11:11:38.713145 np0000007643 devstack@g-api.service[99841]: DEBUG glance_store.capabilities [None req-f2a4301b-2328-4900-89d9-e93455dd56ea tempest-AttachVolumeShelveTestJSON-1027173994 tempest-AttachVolumeShelveTestJSON-1027173994-project-member] Store glance_store._drivers.swift.store.SingleTenantStore doesn't support updating dynamic storage capabilities. Please overwrite 'update_capabilities' method of the store to implement updating logics if needed. {{(pid=99841) update_capabilities /opt/stack/data/venv/lib/python3.12/site-packages/glance_store/capabilities.py:91}}
Aug 18 11:11:38.713536 np0000007643 devstack@g-api.service[99841]: DEBUG glance_store.driver [None req-f2a4301b-2328-4900-89d9-e93455dd56ea tempest-AttachVolumeShelveTestJSON-1027173994 tempest-AttachVolumeShelveTestJSON-1027173994-project-member] Late loading location class glance_store._drivers.swift.store.StoreLocation {{(pid=99841) get_store_location_class /opt/stack/data/venv/lib/python3.12/site-packages/glance_store/driver.py:134}}
Aug 18 11:11:38.713536 np0000007643 devstack@g-api.service[99841]: DEBUG glance_store.location [None req-f2a4301b-2328-4900-89d9-e93455dd56ea tempest-AttachVolumeShelveTestJSON-1027173994 tempest-AttachVolumeShelveTestJSON-1027173994-project-member] Registering scheme swift+https with {'store': , 'location_class': , 'store_entry': 'swift'} {{(pid=99841) register_scheme_map /opt/stack/data/venv/lib/python3.12/site-packages/glance_store/location.py:146}}
Aug 18 11:11:38.713836 np0000007643 devstack@g-api.service[99841]: DEBUG glance_store.location [None req-f2a4301b-2328-4900-89d9-e93455dd56ea tempest-AttachVolumeShelveTestJSON-1027173994 tempest-AttachVolumeShelveTestJSON-1027173994-project-member] Registering scheme swift+https with {'store': , 'location_class': , 'store_entry': 'swift'} {{(pid=99841) register_scheme_map /opt/stack/data/venv/lib/python3.12/site-packages/glance_store/location.py:146}}
Aug 18 11:11:38.714018 np0000007643 devstack@g-api.service[99841]: DEBUG glance_store.location [None req-f2a4301b-2328-4900-89d9-e93455dd56ea tempest-AttachVolumeShelveTestJSON-1027173994 tempest-AttachVolumeShelveTestJSON-1027173994-project-member] Registering scheme swift with {'store': , 'location_class': , 'store_entry': 'swift'} {{(pid=99841) register_scheme_map /opt/stack/data/venv/lib/python3.12/site-packages/glance_store/location.py:146}}
Aug 18 11:11:38.714018 np0000007643 devstack@g-api.service[99841]: DEBUG glance_store.location [None req-f2a4301b-2328-4900-89d9-e93455dd56ea tempest-AttachVolumeShelveTestJSON-1027173994 tempest-AttachVolumeShelveTestJSON-1027173994-project-member] Registering scheme swift+https with {'store': , 'location_class': , 'store_entry': 'swift'} {{(pid=99841) register_scheme_map /opt/stack/data/venv/lib/python3.12/site-packages/glance_store/location.py:146}}
Aug 18 11:11:38.714209 np0000007643 devstack@g-api.service[99841]: DEBUG glance_store.location [None req-f2a4301b-2328-4900-89d9-e93455dd56ea tempest-AttachVolumeShelveTestJSON-1027173994 tempest-AttachVolumeShelveTestJSON-1027173994-project-member] Registering scheme swift with {'store': , 'location_class': , 'store_entry': 'swift'} {{(pid=99841) register_scheme_map /opt/stack/data/venv/lib/python3.12/site-packages/glance_store/location.py:146}}
Aug 18 11:11:38.714287 np0000007643 devstack@g-api.service[99841]: DEBUG glance_store.location [None req-f2a4301b-2328-4900-89d9-e93455dd56ea tempest-AttachVolumeShelveTestJSON-1027173994 tempest-AttachVolumeShelveTestJSON-1027173994-project-member] Registering scheme swift+http with {'store': , 'location_class': , 'store_entry': 'swift'} {{(pid=99841) register_scheme_map /opt/stack/data/venv/lib/python3.12/site-packages/glance_store/location.py:146}}
Aug 18 11:11:38.714465 np0000007643 devstack@g-api.service[99841]: DEBUG glance_store.location [None req-f2a4301b-2328-4900-89d9-e93455dd56ea tempest-AttachVolumeShelveTestJSON-1027173994 tempest-AttachVolumeShelveTestJSON-1027173994-project-member] Registering scheme swift+https with {'store': , 'location_class': , 'store_entry': 'swift'} {{(pid=99841) register_scheme_map /opt/stack/data/venv/lib/python3.12/site-packages/glance_store/location.py:146}}
Aug 18 11:11:38.714465 np0000007643 devstack@g-api.service[99841]: DEBUG glance_store.location [None req-f2a4301b-2328-4900-89d9-e93455dd56ea tempest-AttachVolumeShelveTestJSON-1027173994 tempest-AttachVolumeShelveTestJSON-1027173994-project-member] Registering scheme swift with {'store': , 'location_class': , 'store_entry': 'swift'} {{(pid=99841) register_scheme_map /opt/stack/data/venv/lib/python3.12/site-packages/glance_store/location.py:146}}
Aug 18 11:11:38.714584 np0000007643 devstack@g-api.service[99841]: DEBUG glance_store.location [None req-f2a4301b-2328-4900-89d9-e93455dd56ea tempest-AttachVolumeShelveTestJSON-1027173994 tempest-AttachVolumeShelveTestJSON-1027173994-project-member] Registering scheme swift+http with {'store': , 'location_class': , 'store_entry': 'swift'} {{(pid=99841) register_scheme_map /opt/stack/data/venv/lib/python3.12/site-packages/glance_store/location.py:146}}
Aug 18 11:11:38.715199 np0000007643 devstack@g-api.service[99841]: DEBUG glance_store.location [None req-f2a4301b-2328-4900-89d9-e93455dd56ea tempest-AttachVolumeShelveTestJSON-1027173994 tempest-AttachVolumeShelveTestJSON-1027173994-project-member] Registering scheme swift+config with {'store': , 'location_class': , 'store_entry': 'swift'} {{(pid=99841) register_scheme_map /opt/stack/data/venv/lib/python3.12/site-packages/glance_store/location.py:146}}
Aug 18 11:11:38.715199 np0000007643 devstack@g-api.service[99841]: DEBUG glance_store.backend [None req-f2a4301b-2328-4900-89d9-e93455dd56ea tempest-AttachVolumeShelveTestJSON-1027173994 tempest-AttachVolumeShelveTestJSON-1027173994-project-member] Skipping store.set_acls... not implemented. {{(pid=99841) set_acls /opt/stack/data/venv/lib/python3.12/site-packages/glance_store/backend.py:507}}
Aug 18 11:11:38.718059 np0000007643 devstack@g-api.service[99841]: [pid: 99841|app: 0|req: 141/425] 127.0.0.1 () {46 vars in 1154 bytes} [Tue Aug 18 11:11:36 2026] PUT /v2/images/eaedf812-0fa5-444b-8428-a8f545f8cdcd/file => generated 0 bytes in 2403 msecs (HTTP/1.1 204) 4 headers in 171 bytes (1 switches on core 0)
Aug 18 11:11:38.758078 np0000007643 devstack@g-api.service[99843]: DEBUG glance.api.middleware.version_negotiation [None req-fe8351d0-332d-4da1-8db5-6606311f15a0 tempest-ServerActionsV293TestJSON-951853586 tempest-ServerActionsV293TestJSON-951853586-project-member] Determining version of request: GET /v2/images/eaedf812-0fa5-444b-8428-a8f545f8cdcd Accept: */* {{(pid=99843) process_request /opt/stack/glance/glance/api/middleware/version_negotiation.py:44}}
Aug 18 11:11:38.758604 np0000007643 devstack@g-api.service[99843]: DEBUG glance.api.middleware.version_negotiation [None req-fe8351d0-332d-4da1-8db5-6606311f15a0 tempest-ServerActionsV293TestJSON-951853586 tempest-ServerActionsV293TestJSON-951853586-project-member] Using url versioning {{(pid=99843) process_request /opt/stack/glance/glance/api/middleware/version_negotiation.py:57}}
Aug 18 11:11:38.758604 np0000007643 devstack@g-api.service[99843]: DEBUG glance.api.middleware.version_negotiation [None req-fe8351d0-332d-4da1-8db5-6606311f15a0 tempest-ServerActionsV293TestJSON-951853586 tempest-ServerActionsV293TestJSON-951853586-project-member] Matched version: v2 {{(pid=99843) process_request /opt/stack/glance/glance/api/middleware/version_negotiation.py:69}}
Aug 18 11:11:38.758669 np0000007643 devstack@g-api.service[99843]: DEBUG glance.api.middleware.version_negotiation [None req-fe8351d0-332d-4da1-8db5-6606311f15a0 tempest-ServerActionsV293TestJSON-951853586 tempest-ServerActionsV293TestJSON-951853586-project-member] new path /v2/images/eaedf812-0fa5-444b-8428-a8f545f8cdcd {{(pid=99843) process_request /opt/stack/glance/glance/api/middleware/version_negotiation.py:70}}
Aug 18 11:11:38.774420 np0000007643 devstack@g-api.service[99843]: [pid: 99843|app: 0|req: 137/426] 127.0.0.1 () {44 vars in 1111 bytes} [Tue Aug 18 11:11:38 2026] GET /v2/images/eaedf812-0fa5-444b-8428-a8f545f8cdcd => generated 1619 bytes in 16 msecs (HTTP/1.1 200) 4 headers in 158 bytes (1 switches on core 0)
Aug 18 11:11:38.811468 np0000007643 devstack@g-api.service[99842]: DEBUG glance.api.middleware.version_negotiation [None req-fe8351d0-332d-4da1-8db5-6606311f15a0 tempest-ServerActionsV293TestJSON-951853586 tempest-ServerActionsV293TestJSON-951853586-project-member] Determining version of request: GET /v2/schemas/image Accept: */* {{(pid=99842) process_request /opt/stack/glance/glance/api/middleware/version_negotiation.py:44}}
Aug 18 11:11:38.811982 np0000007643 devstack@g-api.service[99842]: DEBUG glance.api.middleware.version_negotiation [None req-fe8351d0-332d-4da1-8db5-6606311f15a0 tempest-ServerActionsV293TestJSON-951853586 tempest-ServerActionsV293TestJSON-951853586-project-member] Using url versioning {{(pid=99842) process_request /opt/stack/glance/glance/api/middleware/version_negotiation.py:57}}
Aug 18 11:11:38.811982 np0000007643 devstack@g-api.service[99842]: DEBUG glance.api.middleware.version_negotiation [None req-fe8351d0-332d-4da1-8db5-6606311f15a0 tempest-ServerActionsV293TestJSON-951853586 tempest-ServerActionsV293TestJSON-951853586-project-member] Matched version: v2 {{(pid=99842) process_request /opt/stack/glance/glance/api/middleware/version_negotiation.py:69}}
Aug 18 11:11:38.811982 np0000007643 devstack@g-api.service[99842]: DEBUG glance.api.middleware.version_negotiation [None req-fe8351d0-332d-4da1-8db5-6606311f15a0 tempest-ServerActionsV293TestJSON-951853586 tempest-ServerActionsV293TestJSON-951853586-project-member] new path /v2/schemas/image {{(pid=99842) process_request /opt/stack/glance/glance/api/middleware/version_negotiation.py:70}}
Aug 18 11:11:38.815820 np0000007643 devstack@g-api.service[99842]: [pid: 99842|app: 0|req: 149/427] 127.0.0.1 () {44 vars in 1051 bytes} [Tue Aug 18 11:11:38 2026] GET /v2/schemas/image => generated 6083 bytes in 5 msecs (HTTP/1.1 200) 4 headers in 158 bytes (1 switches on core 0)
Aug 18 11:11:38.898894 np0000007643 devstack@g-api.service[99841]: DEBUG glance.api.middleware.version_negotiation [None req-f2a4301b-2328-4900-89d9-e93455dd56ea tempest-AttachVolumeShelveTestJSON-1027173994 tempest-AttachVolumeShelveTestJSON-1027173994-project-member] Determining version of request: GET /v2/images/2e1eda84-3f7c-41c7-822e-34baacb36c6e Accept: */* {{(pid=99841) process_request /opt/stack/glance/glance/api/middleware/version_negotiation.py:44}}
Aug 18 11:11:38.898894 np0000007643 devstack@g-api.service[99841]: DEBUG glance.api.middleware.version_negotiation [None req-f2a4301b-2328-4900-89d9-e93455dd56ea tempest-AttachVolumeShelveTestJSON-1027173994 tempest-AttachVolumeShelveTestJSON-1027173994-project-member] Using url versioning {{(pid=99841) process_request /opt/stack/glance/glance/api/middleware/version_negotiation.py:57}}
