Aug 18 11:06:31.195755 np0000007643 devstack@n-api.service[84298]: DEBUG nova.policy [None req-635d21bc-4c54-4356-849c-42141f33ad74 tempest-TaggedBootDevicesTest-1329189010 tempest-TaggedBootDevicesTest-1329189010-project-member] Policy check for os_compute_api:servers:show:host_status failed with credentials {'is_admin': False, 'user_id': 'd2f39bbefdfb496aa162beac01b52846', 'user_domain_id': 'default', 'system_scope': None, 'domain_id': None, 'project_id': 'd36363339f314b5f949ecae131b56a43', 'project_domain_id': 'default', 'roles': ['reader', 'member'], 'is_admin_project': True, 'service_user_id': None, 'service_user_domain_id': None, 'service_project_id': None, 'service_project_domain_id': None, 'service_roles': []} {{(pid=84298) authorize /opt/stack/nova/nova/policy.py:202}}
Aug 18 11:06:31.198383 np0000007643 devstack@n-api.service[84298]: DEBUG nova.policy [None req-635d21bc-4c54-4356-849c-42141f33ad74 tempest-TaggedBootDevicesTest-1329189010 tempest-TaggedBootDevicesTest-1329189010-project-member] Policy check for os_compute_api:servers:show:host_status:unknown-only failed with credentials {'is_admin': False, 'user_id': 'd2f39bbefdfb496aa162beac01b52846', 'user_domain_id': 'default', 'system_scope': None, 'domain_id': None, 'project_id': 'd36363339f314b5f949ecae131b56a43', 'project_domain_id': 'default', 'roles': ['reader', 'member'], 'is_admin_project': True, 'service_user_id': None, 'service_user_domain_id': None, 'service_project_id': None, 'service_project_domain_id': None, 'service_roles': []} {{(pid=84298) authorize /opt/stack/nova/nova/policy.py:202}}
Aug 18 11:06:31.203974 np0000007643 devstack@n-api.service[84298]: INFO nova.api.openstack.requestlog [None req-635d21bc-4c54-4356-849c-42141f33ad74 tempest-TaggedBootDevicesTest-1329189010 tempest-TaggedBootDevicesTest-1329189010-project-member] 10.4.3.44 "GET /compute/v2.1/servers/975d714f-0e11-42b3-9d98-61b9bf36f958" status: 200 len: 1868 microversion: 2.32 time: 0.414704
Aug 18 11:06:31.204585 np0000007643 devstack@n-api.service[84298]: [pid: 84298|app: 0|req: 56/186] 10.4.3.44 () {68 vars in 1388 bytes} [Tue Aug 18 11:06:30 2026] GET /compute/v2.1/servers/975d714f-0e11-42b3-9d98-61b9bf36f958 => generated 1868 bytes in 416 msecs (HTTP/1.1 200) 9 headers in 360 bytes (1 switches on core 0)
Aug 18 11:06:31.345426 np0000007643 devstack@n-api.service[84297]: DEBUG nova.virt.hardware [None req-93e3354f-5a82-4212-bebf-fec00e6a78bb tempest-ServerRescueNegativeTestJSON-95090764 tempest-ServerRescueNegativeTestJSON-95090764-project-member] Flavor limits 0:0:0 {{(pid=84297) get_cpu_topology_constraints /opt/stack/nova/nova/virt/hardware.py:516}}
Aug 18 11:06:31.345578 np0000007643 devstack@n-api.service[84297]: DEBUG nova.virt.hardware [None req-93e3354f-5a82-4212-bebf-fec00e6a78bb tempest-ServerRescueNegativeTestJSON-95090764 tempest-ServerRescueNegativeTestJSON-95090764-project-member] Image limits 0:0:0 {{(pid=84297) get_cpu_topology_constraints /opt/stack/nova/nova/virt/hardware.py:520}}
Aug 18 11:06:31.346461 np0000007643 devstack@n-api.service[84297]: DEBUG nova.virt.hardware [None req-93e3354f-5a82-4212-bebf-fec00e6a78bb tempest-ServerRescueNegativeTestJSON-95090764 tempest-ServerRescueNegativeTestJSON-95090764-project-member] Flavor pref 0:0:0 {{(pid=84297) get_cpu_topology_constraints /opt/stack/nova/nova/virt/hardware.py:556}}
Aug 18 11:06:31.346461 np0000007643 devstack@n-api.service[84297]: DEBUG nova.virt.hardware [None req-93e3354f-5a82-4212-bebf-fec00e6a78bb tempest-ServerRescueNegativeTestJSON-95090764 tempest-ServerRescueNegativeTestJSON-95090764-project-member] Image pref 0:0:0 {{(pid=84297) get_cpu_topology_constraints /opt/stack/nova/nova/virt/hardware.py:560}}
Aug 18 11:06:31.346461 np0000007643 devstack@n-api.service[84297]: DEBUG nova.virt.hardware [None req-93e3354f-5a82-4212-bebf-fec00e6a78bb tempest-ServerRescueNegativeTestJSON-95090764 tempest-ServerRescueNegativeTestJSON-95090764-project-member] Chose sockets=0, cores=0, threads=0; limits were sockets=65536, cores=65536, threads=65536 {{(pid=84297) get_cpu_topology_constraints /opt/stack/nova/nova/virt/hardware.py:598}}
Aug 18 11:06:31.353875 np0000007643 devstack@n-api.service[84297]: DEBUG oslo_concurrency.lockutils [None req-93e3354f-5a82-4212-bebf-fec00e6a78bb tempest-ServerRescueNegativeTestJSON-95090764 tempest-ServerRescueNegativeTestJSON-95090764-project-member] Acquiring lock "00000000-0000-0000-0000-000000000000" by "nova.context.set_target_cell..get_or_set_cached_cell_and_set_connections" {{(pid=84297) inner /opt/stack/data/venv/lib/python3.12/site-packages/oslo_concurrency/lockutils.py:512}}
Aug 18 11:06:31.354930 np0000007643 devstack@n-api.service[84297]: DEBUG oslo_concurrency.lockutils [None req-93e3354f-5a82-4212-bebf-fec00e6a78bb tempest-ServerRescueNegativeTestJSON-95090764 tempest-ServerRescueNegativeTestJSON-95090764-project-member] Lock "00000000-0000-0000-0000-000000000000" acquired by "nova.context.set_target_cell..get_or_set_cached_cell_and_set_connections" :: waited 0.000s {{(pid=84297) inner /opt/stack/data/venv/lib/python3.12/site-packages/oslo_concurrency/lockutils.py:525}}
Aug 18 11:06:31.354930 np0000007643 devstack@n-api.service[84297]: DEBUG oslo_concurrency.lockutils [None req-93e3354f-5a82-4212-bebf-fec00e6a78bb tempest-ServerRescueNegativeTestJSON-95090764 tempest-ServerRescueNegativeTestJSON-95090764-project-member] Lock "00000000-0000-0000-0000-000000000000" "released" by "nova.context.set_target_cell..get_or_set_cached_cell_and_set_connections" :: held 0.000s {{(pid=84297) inner /opt/stack/data/venv/lib/python3.12/site-packages/oslo_concurrency/lockutils.py:544}}
Aug 18 11:06:31.355149 np0000007643 devstack@n-api.service[84297]: DEBUG oslo_concurrency.lockutils [None req-93e3354f-5a82-4212-bebf-fec00e6a78bb tempest-ServerRescueNegativeTestJSON-95090764 tempest-ServerRescueNegativeTestJSON-95090764-project-member] Acquiring lock "93b35204-88cd-4120-837c-919770466b1a" by "nova.context.set_target_cell..get_or_set_cached_cell_and_set_connections" {{(pid=84297) inner /opt/stack/data/venv/lib/python3.12/site-packages/oslo_concurrency/lockutils.py:512}}
Aug 18 11:06:31.355201 np0000007643 devstack@n-api.service[84297]: DEBUG oslo_concurrency.lockutils [None req-93e3354f-5a82-4212-bebf-fec00e6a78bb tempest-ServerRescueNegativeTestJSON-95090764 tempest-ServerRescueNegativeTestJSON-95090764-project-member] Lock "93b35204-88cd-4120-837c-919770466b1a" acquired by "nova.context.set_target_cell..get_or_set_cached_cell_and_set_connections" :: waited 0.000s {{(pid=84297) inner /opt/stack/data/venv/lib/python3.12/site-packages/oslo_concurrency/lockutils.py:525}}
Aug 18 11:06:31.355201 np0000007643 devstack@n-api.service[84297]: DEBUG oslo_concurrency.lockutils [None req-93e3354f-5a82-4212-bebf-fec00e6a78bb tempest-ServerRescueNegativeTestJSON-95090764 tempest-ServerRescueNegativeTestJSON-95090764-project-member] Lock "93b35204-88cd-4120-837c-919770466b1a" "released" by "nova.context.set_target_cell..get_or_set_cached_cell_and_set_connections" :: held 0.000s {{(pid=84297) inner /opt/stack/data/venv/lib/python3.12/site-packages/oslo_concurrency/lockutils.py:544}}
Aug 18 11:06:31.373355 np0000007643 devstack@n-api.service[84297]: DEBUG nova.quota [None req-93e3354f-5a82-4212-bebf-fec00e6a78bb tempest-ServerRescueNegativeTestJSON-95090764 tempest-ServerRescueNegativeTestJSON-95090764-project-member] Getting quotas for project ac9ccd1e290b421693e33c8c69e37f4b. Resources: {'ram', 'instances', 'cores'} {{(pid=84297) _get_quotas /opt/stack/nova/nova/quota.py:389}}
Aug 18 11:06:31.375663 np0000007643 devstack@n-api.service[84297]: DEBUG nova.quota [None req-93e3354f-5a82-4212-bebf-fec00e6a78bb tempest-ServerRescueNegativeTestJSON-95090764 tempest-ServerRescueNegativeTestJSON-95090764-project-member] Getting quotas for user b2a8b0def3374704bd9b719c0d873759 and project ac9ccd1e290b421693e33c8c69e37f4b. Resources: {'ram', 'instances', 'cores'} {{(pid=84297) _get_quotas /opt/stack/nova/nova/quota.py:379}}
Aug 18 11:06:31.385525 np0000007643 devstack@n-api.service[84297]: DEBUG nova.compute.api [None req-93e3354f-5a82-4212-bebf-fec00e6a78bb tempest-ServerRescueNegativeTestJSON-95090764 tempest-ServerRescueNegativeTestJSON-95090764-project-member] Going to run 1 instances... {{(pid=84297) _provision_instances /opt/stack/nova/nova/compute/api.py:1480}}
Aug 18 11:06:31.387106 np0000007643 devstack@n-api.service[84297]: DEBUG nova.compute.api [None req-93e3354f-5a82-4212-bebf-fec00e6a78bb tempest-ServerRescueNegativeTestJSON-95090764 tempest-ServerRescueNegativeTestJSON-95090764-project-member] [instance: a4e155ed-cb42-42af-bf16-f5ba20ad3d9f] block_device_mapping [BlockDeviceMapping(attachment_id=,boot_index=0,connection_info=None,created_at=,delete_on_termination=True,deleted=,deleted_at=,destination_type='local',device_name=None,device_type='disk',disk_bus=None,encrypted=False,encryption_format=None,encryption_options=None,encryption_secret_uuid=None,guest_format=None,id=,image_id='76e187f7-bb69-41a7-88b4-9158e5f05b0c',instance=,instance_uuid=,no_device=False,snapshot_id=None,source_type='image',tag=None,updated_at=,uuid=,volume_id=None,volume_size=None,volume_type=None)] {{(pid=84297) _bdm_validate_set_size_and_instance /opt/stack/nova/nova/compute/api.py:1942}}
Aug 18 11:06:31.454212 np0000007643 devstack@n-api.service[84297]: INFO nova.api.openstack.requestlog [None req-93e3354f-5a82-4212-bebf-fec00e6a78bb tempest-ServerRescueNegativeTestJSON-95090764 tempest-ServerRescueNegativeTestJSON-95090764-project-member] 10.4.3.44 "POST /compute/v2.1/servers" status: 202 len: 406 microversion: 2.1 time: 0.876561
Aug 18 11:06:31.455306 np0000007643 devstack@n-api.service[84297]: [pid: 84297|app: 0|req: 66/187] 10.4.3.44 () {68 vars in 1258 bytes} [Tue Aug 18 11:06:30 2026] POST /compute/v2.1/servers => generated 406 bytes in 877 msecs (HTTP/1.1 202) 10 headers in 450 bytes (1 switches on core 0)
Aug 18 11:06:31.472260 np0000007643 devstack@n-api.service[84296]: DEBUG nova.api.openstack.wsgi [None req-787cbfad-b57c-47de-be5e-ac9317978315 tempest-ServerRescueNegativeTestJSON-95090764 tempest-ServerRescueNegativeTestJSON-95090764-project-member] Calling method '>' {{(pid=84296) _process_stack /opt/stack/nova/nova/api/openstack/wsgi.py:551}}
Aug 18 11:06:31.474616 np0000007643 devstack@n-api.service[84296]: DEBUG nova.compute.api [None req-787cbfad-b57c-47de-be5e-ac9317978315 tempest-ServerRescueNegativeTestJSON-95090764 tempest-ServerRescueNegativeTestJSON-95090764-project-member] [instance: a4e155ed-cb42-42af-bf16-f5ba20ad3d9f] Fetching instance by UUID {{(pid=84296) get /opt/stack/nova/nova/compute/api.py:3068}}
Aug 18 11:06:31.494648 np0000007643 devstack@n-api.service[84296]: WARNING neutronclient.v2_0.client [None req-787cbfad-b57c-47de-be5e-ac9317978315 tempest-ServerRescueNegativeTestJSON-95090764 tempest-ServerRescueNegativeTestJSON-95090764-project-member] The python binding code in neutronclient is deprecated in favor of OpenstackSDK, please use that as this will be removed in a future release.
Aug 18 11:06:31.575837 np0000007643 devstack@n-api.service[84296]: DEBUG nova.policy [None req-787cbfad-b57c-47de-be5e-ac9317978315 tempest-ServerRescueNegativeTestJSON-95090764 tempest-ServerRescueNegativeTestJSON-95090764-project-member] Policy check for os_compute_api:os-extended-server-attributes failed with credentials {'is_admin': False, 'user_id': 'b2a8b0def3374704bd9b719c0d873759', 'user_domain_id': 'default', 'system_scope': None, 'domain_id': None, 'project_id': 'ac9ccd1e290b421693e33c8c69e37f4b', 'project_domain_id': 'default', 'roles': ['reader', 'member'], 'is_admin_project': True, 'service_user_id': None, 'service_user_domain_id': None, 'service_project_id': None, 'service_project_domain_id': None, 'service_roles': []} {{(pid=84296) authorize /opt/stack/nova/nova/policy.py:202}}
Aug 18 11:06:31.589776 np0000007643 devstack@n-api.service[84296]: INFO nova.api.openstack.requestlog [None req-787cbfad-b57c-47de-be5e-ac9317978315 tempest-ServerRescueNegativeTestJSON-95090764 tempest-ServerRescueNegativeTestJSON-95090764-project-member] 10.4.3.44 "GET /compute/v2.1/servers/a4e155ed-cb42-42af-bf16-f5ba20ad3d9f" status: 200 len: 1240 microversion: 2.1 time: 0.120872
Aug 18 11:06:31.590407 np0000007643 devstack@n-api.service[84296]: [pid: 84296|app: 0|req: 66/188] 10.4.3.44 () {66 vars in 1347 bytes} [Tue Aug 18 11:06:31 2026] GET /compute/v2.1/servers/a4e155ed-cb42-42af-bf16-f5ba20ad3d9f => generated 1240 bytes in 122 msecs (HTTP/1.1 200) 9 headers in 358 bytes (1 switches on core 0)
Aug 18 11:06:32.229168 np0000007643 devstack@n-api.service[84298]: DEBUG nova.api.openstack.wsgi [None req-e03adfca-07a9-4d15-a991-f4367ab68890 tempest-TaggedBootDevicesTest-1329189010 tempest-TaggedBootDevicesTest-1329189010-project-member] Calling method '>' {{(pid=84298) _process_stack /opt/stack/nova/nova/api/openstack/wsgi.py:551}}
Aug 18 11:06:32.233565 np0000007643 devstack@n-api.service[84298]: DEBUG nova.compute.api [None req-e03adfca-07a9-4d15-a991-f4367ab68890 tempest-TaggedBootDevicesTest-1329189010 tempest-TaggedBootDevicesTest-1329189010-project-member] [instance: 975d714f-0e11-42b3-9d98-61b9bf36f958] Fetching instance by UUID {{(pid=84298) get /opt/stack/nova/nova/compute/api.py:3068}}
Aug 18 11:06:32.241625 np0000007643 devstack@n-api.service[84298]: DEBUG oslo_concurrency.lockutils [None req-e03adfca-07a9-4d15-a991-f4367ab68890 tempest-TaggedBootDevicesTest-1329189010 tempest-TaggedBootDevicesTest-1329189010-project-member] Acquiring lock "93b35204-88cd-4120-837c-919770466b1a" by "nova.context.set_target_cell..get_or_set_cached_cell_and_set_connections" {{(pid=84298) inner /opt/stack/data/venv/lib/python3.12/site-packages/oslo_concurrency/lockutils.py:512}}
Aug 18 11:06:32.241969 np0000007643 devstack@n-api.service[84298]: DEBUG oslo_concurrency.lockutils [None req-e03adfca-07a9-4d15-a991-f4367ab68890 tempest-TaggedBootDevicesTest-1329189010 tempest-TaggedBootDevicesTest-1329189010-project-member] Lock "93b35204-88cd-4120-837c-919770466b1a" acquired by "nova.context.set_target_cell..get_or_set_cached_cell_and_set_connections" :: waited 0.001s {{(pid=84298) inner /opt/stack/data/venv/lib/python3.12/site-packages/oslo_concurrency/lockutils.py:525}}
Aug 18 11:06:32.242825 np0000007643 devstack@n-api.service[84298]: DEBUG oslo_concurrency.lockutils [None req-e03adfca-07a9-4d15-a991-f4367ab68890 tempest-TaggedBootDevicesTest-1329189010 tempest-TaggedBootDevicesTest-1329189010-project-member] Lock "93b35204-88cd-4120-837c-919770466b1a" "released" by "nova.context.set_target_cell..get_or_set_cached_cell_and_set_connections" :: held 0.000s {{(pid=84298) inner /opt/stack/data/venv/lib/python3.12/site-packages/oslo_concurrency/lockutils.py:544}}
Aug 18 11:06:32.242907 np0000007643 devstack@n-api.service[84298]: DEBUG oslo_concurrency.lockutils [None req-e03adfca-07a9-4d15-a991-f4367ab68890 tempest-TaggedBootDevicesTest-1329189010 tempest-TaggedBootDevicesTest-1329189010-project-member] Acquiring lock "93b35204-88cd-4120-837c-919770466b1a" by "nova.context.set_target_cell..get_or_set_cached_cell_and_set_connections" {{(pid=84298) inner /opt/stack/data/venv/lib/python3.12/site-packages/oslo_concurrency/lockutils.py:512}}
Aug 18 11:06:32.243347 np0000007643 devstack@n-api.service[84298]: DEBUG oslo_concurrency.lockutils [None req-e03adfca-07a9-4d15-a991-f4367ab68890 tempest-TaggedBootDevicesTest-1329189010 tempest-TaggedBootDevicesTest-1329189010-project-member] Lock "93b35204-88cd-4120-837c-919770466b1a" acquired by "nova.context.set_target_cell..get_or_set_cached_cell_and_set_connections" :: waited 0.000s {{(pid=84298) inner /opt/stack/data/venv/lib/python3.12/site-packages/oslo_concurrency/lockutils.py:525}}
Aug 18 11:06:32.243749 np0000007643 devstack@n-api.service[84298]: DEBUG oslo_concurrency.lockutils [None req-e03adfca-07a9-4d15-a991-f4367ab68890 tempest-TaggedBootDevicesTest-1329189010 tempest-TaggedBootDevicesTest-1329189010-project-member] Lock "93b35204-88cd-4120-837c-919770466b1a" "released" by "nova.context.set_target_cell..get_or_set_cached_cell_and_set_connections" :: held 0.000s {{(pid=84298) inner /opt/stack/data/venv/lib/python3.12/site-packages/oslo_concurrency/lockutils.py:544}}
Aug 18 11:06:32.274705 np0000007643 devstack@n-api.service[84298]: WARNING neutronclient.v2_0.client [None req-e03adfca-07a9-4d15-a991-f4367ab68890 tempest-TaggedBootDevicesTest-1329189010 tempest-TaggedBootDevicesTest-1329189010-project-member] The python binding code in neutronclient is deprecated in favor of OpenstackSDK, please use that as this will be removed in a future release.
Aug 18 11:06:32.615251 np0000007643 devstack@n-api.service[84297]: DEBUG nova.api.openstack.wsgi [None req-9fb96775-af6b-40bd-8589-5d8fb336b832 tempest-ServerRescueNegativeTestJSON-95090764 tempest-ServerRescueNegativeTestJSON-95090764-project-member] Calling method '>' {{(pid=84297) _process_stack /opt/stack/nova/nova/api/openstack/wsgi.py:551}}
Aug 18 11:06:32.622344 np0000007643 devstack@n-api.service[84297]: DEBUG nova.compute.api [None req-9fb96775-af6b-40bd-8589-5d8fb336b832 tempest-ServerRescueNegativeTestJSON-95090764 tempest-ServerRescueNegativeTestJSON-95090764-project-member] [instance: a4e155ed-cb42-42af-bf16-f5ba20ad3d9f] Fetching instance by UUID {{(pid=84297) get /opt/stack/nova/nova/compute/api.py:3068}}
Aug 18 11:06:32.628606 np0000007643 devstack@n-api.service[84297]: DEBUG oslo_concurrency.lockutils [None req-9fb96775-af6b-40bd-8589-5d8fb336b832 tempest-ServerRescueNegativeTestJSON-95090764 tempest-ServerRescueNegativeTestJSON-95090764-project-member] Acquiring lock "93b35204-88cd-4120-837c-919770466b1a" by "nova.context.set_target_cell..get_or_set_cached_cell_and_set_connections" {{(pid=84297) inner /opt/stack/data/venv/lib/python3.12/site-packages/oslo_concurrency/lockutils.py:512}}
Aug 18 11:06:32.629070 np0000007643 devstack@n-api.service[84297]: DEBUG oslo_concurrency.lockutils [None req-9fb96775-af6b-40bd-8589-5d8fb336b832 tempest-ServerRescueNegativeTestJSON-95090764 tempest-ServerRescueNegativeTestJSON-95090764-project-member] Lock "93b35204-88cd-4120-837c-919770466b1a" acquired by "nova.context.set_target_cell..get_or_set_cached_cell_and_set_connections" :: waited 0.001s {{(pid=84297) inner /opt/stack/data/venv/lib/python3.12/site-packages/oslo_concurrency/lockutils.py:525}}
Aug 18 11:06:32.629951 np0000007643 devstack@n-api.service[84297]: DEBUG oslo_concurrency.lockutils [None req-9fb96775-af6b-40bd-8589-5d8fb336b832 tempest-ServerRescueNegativeTestJSON-95090764 tempest-ServerRescueNegativeTestJSON-95090764-project-member] Lock "93b35204-88cd-4120-837c-919770466b1a" "released" by "nova.context.set_target_cell..get_or_set_cached_cell_and_set_connections" :: held 0.000s {{(pid=84297) inner /opt/stack/data/venv/lib/python3.12/site-packages/oslo_concurrency/lockutils.py:544}}
Aug 18 11:06:32.630388 np0000007643 devstack@n-api.service[84297]: DEBUG oslo_concurrency.lockutils [None req-9fb96775-af6b-40bd-8589-5d8fb336b832 tempest-ServerRescueNegativeTestJSON-95090764 tempest-ServerRescueNegativeTestJSON-95090764-project-member] Acquiring lock "93b35204-88cd-4120-837c-919770466b1a" by "nova.context.set_target_cell..get_or_set_cached_cell_and_set_connections" {{(pid=84297) inner /opt/stack/data/venv/lib/python3.12/site-packages/oslo_concurrency/lockutils.py:512}}
Aug 18 11:06:32.630945 np0000007643 devstack@n-api.service[84297]: DEBUG oslo_concurrency.lockutils [None req-9fb96775-af6b-40bd-8589-5d8fb336b832 tempest-ServerRescueNegativeTestJSON-95090764 tempest-ServerRescueNegativeTestJSON-95090764-project-member] Lock "93b35204-88cd-4120-837c-919770466b1a" acquired by "nova.context.set_target_cell..get_or_set_cached_cell_and_set_connections" :: waited 0.001s {{(pid=84297) inner /opt/stack/data/venv/lib/python3.12/site-packages/oslo_concurrency/lockutils.py:525}}
Aug 18 11:06:32.631516 np0000007643 devstack@n-api.service[84297]: DEBUG oslo_concurrency.lockutils [None req-9fb96775-af6b-40bd-8589-5d8fb336b832 tempest-ServerRescueNegativeTestJSON-95090764 tempest-ServerRescueNegativeTestJSON-95090764-project-member] Lock "93b35204-88cd-4120-837c-919770466b1a" "released" by "nova.context.set_target_cell..get_or_set_cached_cell_and_set_connections" :: held 0.000s {{(pid=84297) inner /opt/stack/data/venv/lib/python3.12/site-packages/oslo_concurrency/lockutils.py:544}}
Aug 18 11:06:32.668241 np0000007643 devstack@n-api.service[84297]: WARNING neutronclient.v2_0.client [None req-9fb96775-af6b-40bd-8589-5d8fb336b832 tempest-ServerRescueNegativeTestJSON-95090764 tempest-ServerRescueNegativeTestJSON-95090764-project-member] The python binding code in neutronclient is deprecated in favor of OpenstackSDK, please use that as this will be removed in a future release.
Aug 18 11:06:32.692934 np0000007643 devstack@n-api.service[84298]: DEBUG nova.policy [None req-e03adfca-07a9-4d15-a991-f4367ab68890 tempest-TaggedBootDevicesTest-1329189010 tempest-TaggedBootDevicesTest-1329189010-project-member] Policy check for os_compute_api:os-extended-server-attributes failed with credentials {'is_admin': False, 'user_id': 'd2f39bbefdfb496aa162beac01b52846', 'user_domain_id': 'default', 'system_scope': None, 'domain_id': None, 'project_id': 'd36363339f314b5f949ecae131b56a43', 'project_domain_id': 'default', 'roles': ['reader', 'member'], 'is_admin_project': True, 'service_user_id': None, 'service_user_domain_id': None, 'service_project_id': None, 'service_project_domain_id': None, 'service_roles': []} {{(pid=84298) authorize /opt/stack/nova/nova/policy.py:202}}
Aug 18 11:06:32.701324 np0000007643 devstack@n-api.service[84298]: DEBUG nova.policy [None req-e03adfca-07a9-4d15-a991-f4367ab68890 tempest-TaggedBootDevicesTest-1329189010 tempest-TaggedBootDevicesTest-1329189010-project-member] Policy check for os_compute_api:servers:show:host_status failed with credentials {'is_admin': False, 'user_id': 'd2f39bbefdfb496aa162beac01b52846', 'user_domain_id': 'default', 'system_scope': None, 'domain_id': None, 'project_id': 'd36363339f314b5f949ecae131b56a43', 'project_domain_id': 'default', 'roles': ['reader', 'member'], 'is_admin_project': True, 'service_user_id': None, 'service_user_domain_id': None, 'service_project_id': None, 'service_project_domain_id': None, 'service_roles': []} {{(pid=84298) authorize /opt/stack/nova/nova/policy.py:202}}
Aug 18 11:06:32.701963 np0000007643 devstack@n-api.service[84298]: DEBUG nova.policy [None req-e03adfca-07a9-4d15-a991-f4367ab68890 tempest-TaggedBootDevicesTest-1329189010 tempest-TaggedBootDevicesTest-1329189010-project-member] Policy check for os_compute_api:servers:show:host_status:unknown-only failed with credentials {'is_admin': False, 'user_id': 'd2f39bbefdfb496aa162beac01b52846', 'user_domain_id': 'default', 'system_scope': None, 'domain_id': None, 'project_id': 'd36363339f314b5f949ecae131b56a43', 'project_domain_id': 'default', 'roles': ['reader', 'member'], 'is_admin_project': True, 'service_user_id': None, 'service_user_domain_id': None, 'service_project_id': None, 'service_project_domain_id': None, 'service_roles': []} {{(pid=84298) authorize /opt/stack/nova/nova/policy.py:202}}
Aug 18 11:06:32.709681 np0000007643 devstack@n-api.service[84298]: INFO nova.api.openstack.requestlog [None req-e03adfca-07a9-4d15-a991-f4367ab68890 tempest-TaggedBootDevicesTest-1329189010 tempest-TaggedBootDevicesTest-1329189010-project-member] 10.4.3.44 "GET /compute/v2.1/servers/975d714f-0e11-42b3-9d98-61b9bf36f958" status: 200 len: 1868 microversion: 2.32 time: 0.482481
Aug 18 11:06:32.710175 np0000007643 devstack@n-api.service[84298]: [pid: 84298|app: 0|req: 57/189] 10.4.3.44 () {68 vars in 1388 bytes} [Tue Aug 18 11:06:32 2026] GET /compute/v2.1/servers/975d714f-0e11-42b3-9d98-61b9bf36f958 => generated 1868 bytes in 484 msecs (HTTP/1.1 200) 9 headers in 360 bytes (1 switches on core 0)
Aug 18 11:06:32.758080 np0000007643 devstack@n-api.service[84297]: DEBUG nova.policy [None req-9fb96775-af6b-40bd-8589-5d8fb336b832 tempest-ServerRescueNegativeTestJSON-95090764 tempest-ServerRescueNegativeTestJSON-95090764-project-member] Policy check for os_compute_api:os-extended-server-attributes failed with credentials {'is_admin': False, 'user_id': 'b2a8b0def3374704bd9b719c0d873759', 'user_domain_id': 'default', 'system_scope': None, 'domain_id': None, 'project_id': 'ac9ccd1e290b421693e33c8c69e37f4b', 'project_domain_id': 'default', 'roles': ['reader', 'member'], 'is_admin_project': True, 'service_user_id': None, 'service_user_domain_id': None, 'service_project_id': None, 'service_project_domain_id': None, 'service_roles': []} {{(pid=84297) authorize /opt/stack/nova/nova/policy.py:202}}
Aug 18 11:06:32.775424 np0000007643 devstack@n-api.service[84297]: INFO nova.api.openstack.requestlog [None req-9fb96775-af6b-40bd-8589-5d8fb336b832 tempest-ServerRescueNegativeTestJSON-95090764 tempest-ServerRescueNegativeTestJSON-95090764-project-member] 10.4.3.44 "GET /compute/v2.1/servers/a4e155ed-cb42-42af-bf16-f5ba20ad3d9f" status: 200 len: 1292 microversion: 2.1 time: 0.163645
Aug 18 11:06:32.775578 np0000007643 devstack@n-api.service[84297]: [pid: 84297|app: 0|req: 67/190] 10.4.3.44 () {66 vars in 1347 bytes} [Tue Aug 18 11:06:32 2026] GET /compute/v2.1/servers/a4e155ed-cb42-42af-bf16-f5ba20ad3d9f => generated 1292 bytes in 164 msecs (HTTP/1.1 200) 9 headers in 358 bytes (1 switches on core 0)
Aug 18 11:06:33.447436 np0000007643 devstack@n-api.service[84298]: DEBUG nova.api.openstack.wsgi [req-2a368b6c-d074-470c-821c-9970b4547873 req-5feaea52-6dd7-4f35-9cda-d50105167171 service nova] Action: 'create', calling method: >, body: {"events": [{"server_uuid": "975d714f-0e11-42b3-9d98-61b9bf36f958", "name": "network-vif-plugged", "status": "completed", "tag": "4eedb470-c350-4610-8c58-d9c9936186d5"}]} {{(pid=84298) _process_stack /opt/stack/nova/nova/api/openstack/wsgi.py:549}}
Aug 18 11:06:33.463701 np0000007643 devstack@n-api.service[84298]: DEBUG oslo_concurrency.lockutils [req-2a368b6c-d074-470c-821c-9970b4547873 req-5feaea52-6dd7-4f35-9cda-d50105167171 service nova] Acquiring lock "93b35204-88cd-4120-837c-919770466b1a" by "nova.context.set_target_cell..get_or_set_cached_cell_and_set_connections" {{(pid=84298) inner /opt/stack/data/venv/lib/python3.12/site-packages/oslo_concurrency/lockutils.py:512}}
Aug 18 11:06:33.464356 np0000007643 devstack@n-api.service[84298]: DEBUG oslo_concurrency.lockutils [req-2a368b6c-d074-470c-821c-9970b4547873 req-5feaea52-6dd7-4f35-9cda-d50105167171 service nova] Lock "93b35204-88cd-4120-837c-919770466b1a" acquired by "nova.context.set_target_cell..get_or_set_cached_cell_and_set_connections" :: waited 0.001s {{(pid=84298) inner /opt/stack/data/venv/lib/python3.12/site-packages/oslo_concurrency/lockutils.py:525}}
Aug 18 11:06:33.467483 np0000007643 devstack@n-api.service[84298]: DEBUG oslo_concurrency.lockutils [req-2a368b6c-d074-470c-821c-9970b4547873 req-5feaea52-6dd7-4f35-9cda-d50105167171 service nova] Lock "93b35204-88cd-4120-837c-919770466b1a" "released" by "nova.context.set_target_cell..get_or_set_cached_cell_and_set_connections" :: held 0.001s {{(pid=84298) inner /opt/stack/data/venv/lib/python3.12/site-packages/oslo_concurrency/lockutils.py:544}}
Aug 18 11:06:33.478330 np0000007643 devstack@n-api.service[84298]: INFO nova.api.openstack.compute.server_external_events [req-2a368b6c-d074-470c-821c-9970b4547873 req-5feaea52-6dd7-4f35-9cda-d50105167171 service nova] Creating event network-vif-plugged:4eedb470-c350-4610-8c58-d9c9936186d5 for instance 975d714f-0e11-42b3-9d98-61b9bf36f958 on np0000007643
Aug 18 11:06:33.478720 np0000007643 devstack@n-api.service[84298]: DEBUG nova.compute.rpcapi [req-2a368b6c-d074-470c-821c-9970b4547873 req-5feaea52-6dd7-4f35-9cda-d50105167171 service nova] RPC: Sending the message to topic: compute-alt {{(pid=84298) prepare_for_alt_rpcserver /opt/stack/nova/nova/compute/rpcapi.py:595}}
Aug 18 11:06:33.483465 np0000007643 devstack@n-api.service[84298]: INFO nova.api.openstack.requestlog [req-2a368b6c-d074-470c-821c-9970b4547873 req-5feaea52-6dd7-4f35-9cda-d50105167171 service nova] 10.4.3.44 "POST /compute/v2.1/os-server-external-events" status: 200 len: 183 microversion: 2.1 time: 0.041986
Aug 18 11:06:33.483782 np0000007643 devstack@n-api.service[84298]: [pid: 84298|app: 0|req: 58/191] 10.4.3.44 () {72 vars in 1425 bytes} [Tue Aug 18 11:06:33 2026] POST /compute/v2.1/os-server-external-events => generated 183 bytes in 42 msecs (HTTP/1.1 200) 9 headers in 357 bytes (1 switches on core 0)
Aug 18 11:06:33.696250 np0000007643 devstack@n-api.service[84297]: DEBUG nova.api.openstack.wsgi [req-2aff0296-4a37-48b6-b4d4-a5a5264fcd40 req-df65aa84-06b9-4c3d-b0c8-8834f44c337f service nova] Action: 'create', calling method: >, body: {"events": [{"server_uuid": "975d714f-0e11-42b3-9d98-61b9bf36f958", "name": "network-vif-plugged", "status": "completed", "tag": "755fbe03-3085-43fc-a32c-49e9bcdab66a"}]} {{(pid=84297) _process_stack /opt/stack/nova/nova/api/openstack/wsgi.py:549}}
Aug 18 11:06:33.722489 np0000007643 devstack@n-api.service[84297]: DEBUG oslo_concurrency.lockutils [req-2aff0296-4a37-48b6-b4d4-a5a5264fcd40 req-df65aa84-06b9-4c3d-b0c8-8834f44c337f service nova] Acquiring lock "93b35204-88cd-4120-837c-919770466b1a" by "nova.context.set_target_cell..get_or_set_cached_cell_and_set_connections" {{(pid=84297) inner /opt/stack/data/venv/lib/python3.12/site-packages/oslo_concurrency/lockutils.py:512}}
Aug 18 11:06:33.723366 np0000007643 devstack@n-api.service[84297]: DEBUG oslo_concurrency.lockutils [req-2aff0296-4a37-48b6-b4d4-a5a5264fcd40 req-df65aa84-06b9-4c3d-b0c8-8834f44c337f service nova] Lock "93b35204-88cd-4120-837c-919770466b1a" acquired by "nova.context.set_target_cell..get_or_set_cached_cell_and_set_connections" :: waited 0.000s {{(pid=84297) inner /opt/stack/data/venv/lib/python3.12/site-packages/oslo_concurrency/lockutils.py:525}}
Aug 18 11:06:33.723615 np0000007643 devstack@n-api.service[84297]: DEBUG oslo_concurrency.lockutils [req-2aff0296-4a37-48b6-b4d4-a5a5264fcd40 req-df65aa84-06b9-4c3d-b0c8-8834f44c337f service nova] Lock "93b35204-88cd-4120-837c-919770466b1a" "released" by "nova.context.set_target_cell..get_or_set_cached_cell_and_set_connections" :: held 0.001s {{(pid=84297) inner /opt/stack/data/venv/lib/python3.12/site-packages/oslo_concurrency/lockutils.py:544}}
Aug 18 11:06:33.732437 np0000007643 devstack@n-api.service[84297]: INFO nova.api.openstack.compute.server_external_events [req-2aff0296-4a37-48b6-b4d4-a5a5264fcd40 req-df65aa84-06b9-4c3d-b0c8-8834f44c337f service nova] Creating event network-vif-plugged:755fbe03-3085-43fc-a32c-49e9bcdab66a for instance 975d714f-0e11-42b3-9d98-61b9bf36f958 on np0000007643
Aug 18 11:06:33.732829 np0000007643 devstack@n-api.service[84297]: DEBUG nova.compute.rpcapi [req-2aff0296-4a37-48b6-b4d4-a5a5264fcd40 req-df65aa84-06b9-4c3d-b0c8-8834f44c337f service nova] RPC: Sending the message to topic: compute-alt {{(pid=84297) prepare_for_alt_rpcserver /opt/stack/nova/nova/compute/rpcapi.py:595}}
Aug 18 11:06:33.741208 np0000007643 devstack@n-api.service[84298]: DEBUG nova.api.openstack.wsgi [None req-e64f2b0f-009c-44cd-a766-c1d146403566 tempest-TaggedBootDevicesTest-1329189010 tempest-TaggedBootDevicesTest-1329189010-project-member] Calling method '>' {{(pid=84298) _process_stack /opt/stack/nova/nova/api/openstack/wsgi.py:551}}
Aug 18 11:06:33.742149 np0000007643 devstack@n-api.service[84297]: INFO nova.api.openstack.requestlog [req-2aff0296-4a37-48b6-b4d4-a5a5264fcd40 req-df65aa84-06b9-4c3d-b0c8-8834f44c337f service nova] 10.4.3.44 "POST /compute/v2.1/os-server-external-events" status: 200 len: 183 microversion: 2.1 time: 0.048615
Aug 18 11:06:33.742754 np0000007643 devstack@n-api.service[84297]: [pid: 84297|app: 0|req: 68/192] 10.4.3.44 () {72 vars in 1425 bytes} [Tue Aug 18 11:06:33 2026] POST /compute/v2.1/os-server-external-events => generated 183 bytes in 50 msecs (HTTP/1.1 200) 9 headers in 357 bytes (1 switches on core 0)
Aug 18 11:06:33.746578 np0000007643 devstack@n-api.service[84298]: DEBUG nova.compute.api [None req-e64f2b0f-009c-44cd-a766-c1d146403566 tempest-TaggedBootDevicesTest-1329189010 tempest-TaggedBootDevicesTest-1329189010-project-member] [instance: 975d714f-0e11-42b3-9d98-61b9bf36f958] Fetching instance by UUID {{(pid=84298) get /opt/stack/nova/nova/compute/api.py:3068}}
Aug 18 11:06:33.746767 np0000007643 devstack@n-api.service[84297]: DEBUG nova.api.openstack.wsgi [req-0a5a3dbc-05ef-49c7-8b05-defbdd36d3ef req-136409e8-7c23-4783-a650-6ecd964201fd service nova] Action: 'create', calling method: >, body: {"events": [{"server_uuid": "975d714f-0e11-42b3-9d98-61b9bf36f958", "name": "network-vif-plugged", "status": "completed", "tag": "59690d24-bfbf-4d8c-8f85-aaf6703670cb"}]} {{(pid=84297) _process_stack /opt/stack/nova/nova/api/openstack/wsgi.py:549}}
Aug 18 11:06:33.759660 np0000007643 devstack@n-api.service[84298]: DEBUG oslo_concurrency.lockutils [None req-e64f2b0f-009c-44cd-a766-c1d146403566 tempest-TaggedBootDevicesTest-1329189010 tempest-TaggedBootDevicesTest-1329189010-project-member] Acquiring lock "93b35204-88cd-4120-837c-919770466b1a" by "nova.context.set_target_cell..get_or_set_cached_cell_and_set_connections" {{(pid=84298) inner /opt/stack/data/venv/lib/python3.12/site-packages/oslo_concurrency/lockutils.py:512}}
Aug 18 11:06:33.760071 np0000007643 devstack@n-api.service[84298]: DEBUG oslo_concurrency.lockutils [None req-e64f2b0f-009c-44cd-a766-c1d146403566 tempest-TaggedBootDevicesTest-1329189010 tempest-TaggedBootDevicesTest-1329189010-project-member] Lock "93b35204-88cd-4120-837c-919770466b1a" acquired by "nova.context.set_target_cell..get_or_set_cached_cell_and_set_connections" :: waited 0.002s {{(pid=84298) inner /opt/stack/data/venv/lib/python3.12/site-packages/oslo_concurrency/lockutils.py:525}}
Aug 18 11:06:33.760333 np0000007643 devstack@n-api.service[84298]: DEBUG oslo_concurrency.lockutils [None req-e64f2b0f-009c-44cd-a766-c1d146403566 tempest-TaggedBootDevicesTest-1329189010 tempest-TaggedBootDevicesTest-1329189010-project-member] Lock "93b35204-88cd-4120-837c-919770466b1a" "released" by "nova.context.set_target_cell..get_or_set_cached_cell_and_set_connections" :: held 0.000s {{(pid=84298) inner /opt/stack/data/venv/lib/python3.12/site-packages/oslo_concurrency/lockutils.py:544}}
Aug 18 11:06:33.760882 np0000007643 devstack@n-api.service[84298]: DEBUG oslo_concurrency.lockutils [None req-e64f2b0f-009c-44cd-a766-c1d146403566 tempest-TaggedBootDevicesTest-1329189010 tempest-TaggedBootDevicesTest-1329189010-project-member] Acquiring lock "93b35204-88cd-4120-837c-919770466b1a" by "nova.context.set_target_cell..get_or_set_cached_cell_and_set_connections" {{(pid=84298) inner /opt/stack/data/venv/lib/python3.12/site-packages/oslo_concurrency/lockutils.py:512}}
Aug 18 11:06:33.761419 np0000007643 devstack@n-api.service[84298]: DEBUG oslo_concurrency.lockutils [None req-e64f2b0f-009c-44cd-a766-c1d146403566 tempest-TaggedBootDevicesTest-1329189010 tempest-TaggedBootDevicesTest-1329189010-project-member] Lock "93b35204-88cd-4120-837c-919770466b1a" acquired by "nova.context.set_target_cell..get_or_set_cached_cell_and_set_connections" :: waited 0.000s {{(pid=84298) inner /opt/stack/data/venv/lib/python3.12/site-packages/oslo_concurrency/lockutils.py:525}}
Aug 18 11:06:33.761881 np0000007643 devstack@n-api.service[84298]: DEBUG oslo_concurrency.lockutils [None req-e64f2b0f-009c-44cd-a766-c1d146403566 tempest-TaggedBootDevicesTest-1329189010 tempest-TaggedBootDevicesTest-1329189010-project-member] Lock "93b35204-88cd-4120-837c-919770466b1a" "released" by "nova.context.set_target_cell..get_or_set_cached_cell_and_set_connections" :: held 0.001s {{(pid=84298) inner /opt/stack/data/venv/lib/python3.12/site-packages/oslo_concurrency/lockutils.py:544}}
Aug 18 11:06:33.767548 np0000007643 devstack@n-api.service[84297]: DEBUG oslo_concurrency.lockutils [req-0a5a3dbc-05ef-49c7-8b05-defbdd36d3ef req-136409e8-7c23-4783-a650-6ecd964201fd service nova] Acquiring lock "93b35204-88cd-4120-837c-919770466b1a" by "nova.context.set_target_cell..get_or_set_cached_cell_and_set_connections" {{(pid=84297) inner /opt/stack/data/venv/lib/python3.12/site-packages/oslo_concurrency/lockutils.py:512}}
Aug 18 11:06:33.768115 np0000007643 devstack@n-api.service[84297]: DEBUG oslo_concurrency.lockutils [req-0a5a3dbc-05ef-49c7-8b05-defbdd36d3ef req-136409e8-7c23-4783-a650-6ecd964201fd service nova] Lock "93b35204-88cd-4120-837c-919770466b1a" acquired by "nova.context.set_target_cell..get_or_set_cached_cell_and_set_connections" :: waited 0.000s {{(pid=84297) inner /opt/stack/data/venv/lib/python3.12/site-packages/oslo_concurrency/lockutils.py:525}}
Aug 18 11:06:33.768245 np0000007643 devstack@n-api.service[84297]: DEBUG oslo_concurrency.lockutils [req-0a5a3dbc-05ef-49c7-8b05-defbdd36d3ef req-136409e8-7c23-4783-a650-6ecd964201fd service nova] Lock "93b35204-88cd-4120-837c-919770466b1a" "released" by "nova.context.set_target_cell..get_or_set_cached_cell_and_set_connections" :: held 0.001s {{(pid=84297) inner /opt/stack/data/venv/lib/python3.12/site-packages/oslo_concurrency/lockutils.py:544}}
Aug 18 11:06:33.779886 np0000007643 devstack@n-api.service[84297]: INFO nova.api.openstack.compute.server_external_events [req-0a5a3dbc-05ef-49c7-8b05-defbdd36d3ef req-136409e8-7c23-4783-a650-6ecd964201fd service nova] Creating event network-vif-plugged:59690d24-bfbf-4d8c-8f85-aaf6703670cb for instance 975d714f-0e11-42b3-9d98-61b9bf36f958 on np0000007643
Aug 18 11:06:33.780519 np0000007643 devstack@n-api.service[84297]: DEBUG nova.compute.rpcapi [req-0a5a3dbc-05ef-49c7-8b05-defbdd36d3ef req-136409e8-7c23-4783-a650-6ecd964201fd service nova] RPC: Sending the message to topic: compute-alt {{(pid=84297) prepare_for_alt_rpcserver /opt/stack/nova/nova/compute/rpcapi.py:595}}
Aug 18 11:06:33.787249 np0000007643 devstack@n-api.service[84297]: INFO nova.api.openstack.requestlog [req-0a5a3dbc-05ef-49c7-8b05-defbdd36d3ef req-136409e8-7c23-4783-a650-6ecd964201fd service nova] 10.4.3.44 "POST /compute/v2.1/os-server-external-events" status: 200 len: 183 microversion: 2.1 time: 0.043158
Aug 18 11:06:33.787788 np0000007643 devstack@n-api.service[84297]: [pid: 84297|app: 0|req: 69/193] 10.4.3.44 () {72 vars in 1425 bytes} [Tue Aug 18 11:06:33 2026] POST /compute/v2.1/os-server-external-events => generated 183 bytes in 44 msecs (HTTP/1.1 200) 9 headers in 357 bytes (1 switches on core 0)
Aug 18 11:06:33.795222 np0000007643 devstack@n-api.service[84298]: WARNING neutronclient.v2_0.client [None req-e64f2b0f-009c-44cd-a766-c1d146403566 tempest-TaggedBootDevicesTest-1329189010 tempest-TaggedBootDevicesTest-1329189010-project-member] The python binding code in neutronclient is deprecated in favor of OpenstackSDK, please use that as this will be removed in a future release.
Aug 18 11:06:33.808009 np0000007643 devstack@n-api.service[84297]: DEBUG nova.api.openstack.wsgi [None req-78e538ed-46db-459a-a9ce-df27d87e68f2 tempest-ServerRescueNegativeTestJSON-95090764 tempest-ServerRescueNegativeTestJSON-95090764-project-member] Calling method '>' {{(pid=84297) _process_stack /opt/stack/nova/nova/api/openstack/wsgi.py:551}}
Aug 18 11:06:33.808457 np0000007643 devstack@n-api.service[84297]: DEBUG nova.compute.api [None req-78e538ed-46db-459a-a9ce-df27d87e68f2 tempest-ServerRescueNegativeTestJSON-95090764 tempest-ServerRescueNegativeTestJSON-95090764-project-member] [instance: a4e155ed-cb42-42af-bf16-f5ba20ad3d9f] Fetching instance by UUID {{(pid=84297) get /opt/stack/nova/nova/compute/api.py:3068}}
Aug 18 11:06:33.815850 np0000007643 devstack@n-api.service[84297]: DEBUG oslo_concurrency.lockutils [None req-78e538ed-46db-459a-a9ce-df27d87e68f2 tempest-ServerRescueNegativeTestJSON-95090764 tempest-ServerRescueNegativeTestJSON-95090764-project-member] Acquiring lock "93b35204-88cd-4120-837c-919770466b1a" by "nova.context.set_target_cell..get_or_set_cached_cell_and_set_connections" {{(pid=84297) inner /opt/stack/data/venv/lib/python3.12/site-packages/oslo_concurrency/lockutils.py:512}}
Aug 18 11:06:33.816227 np0000007643 devstack@n-api.service[84297]: DEBUG oslo_concurrency.lockutils [None req-78e538ed-46db-459a-a9ce-df27d87e68f2 tempest-ServerRescueNegativeTestJSON-95090764 tempest-ServerRescueNegativeTestJSON-95090764-project-member] Lock "93b35204-88cd-4120-837c-919770466b1a" acquired by "nova.context.set_target_cell..get_or_set_cached_cell_and_set_connections" :: waited 0.001s {{(pid=84297) inner /opt/stack/data/venv/lib/python3.12/site-packages/oslo_concurrency/lockutils.py:525}}
Aug 18 11:06:33.816542 np0000007643 devstack@n-api.service[84297]: DEBUG oslo_concurrency.lockutils [None req-78e538ed-46db-459a-a9ce-df27d87e68f2 tempest-ServerRescueNegativeTestJSON-95090764 tempest-ServerRescueNegativeTestJSON-95090764-project-member] Lock "93b35204-88cd-4120-837c-919770466b1a" "released" by "nova.context.set_target_cell..get_or_set_cached_cell_and_set_connections" :: held 0.000s {{(pid=84297) inner /opt/stack/data/venv/lib/python3.12/site-packages/oslo_concurrency/lockutils.py:544}}
Aug 18 11:06:33.817162 np0000007643 devstack@n-api.service[84297]: DEBUG oslo_concurrency.lockutils [None req-78e538ed-46db-459a-a9ce-df27d87e68f2 tempest-ServerRescueNegativeTestJSON-95090764 tempest-ServerRescueNegativeTestJSON-95090764-project-member] Acquiring lock "93b35204-88cd-4120-837c-919770466b1a" by "nova.context.set_target_cell..get_or_set_cached_cell_and_set_connections" {{(pid=84297) inner /opt/stack/data/venv/lib/python3.12/site-packages/oslo_concurrency/lockutils.py:512}}
Aug 18 11:06:33.817528 np0000007643 devstack@n-api.service[84297]: DEBUG oslo_concurrency.lockutils [None req-78e538ed-46db-459a-a9ce-df27d87e68f2 tempest-ServerRescueNegativeTestJSON-95090764 tempest-ServerRescueNegativeTestJSON-95090764-project-member] Lock "93b35204-88cd-4120-837c-919770466b1a" acquired by "nova.context.set_target_cell..get_or_set_cached_cell_and_set_connections" :: waited 0.000s {{(pid=84297) inner /opt/stack/data/venv/lib/python3.12/site-packages/oslo_concurrency/lockutils.py:525}}
Aug 18 11:06:33.817890 np0000007643 devstack@n-api.service[84297]: DEBUG oslo_concurrency.lockutils [None req-78e538ed-46db-459a-a9ce-df27d87e68f2 tempest-ServerRescueNegativeTestJSON-95090764 tempest-ServerRescueNegativeTestJSON-95090764-project-member] Lock "93b35204-88cd-4120-837c-919770466b1a" "released" by "nova.context.set_target_cell..get_or_set_cached_cell_and_set_connections" :: held 0.000s {{(pid=84297) inner /opt/stack/data/venv/lib/python3.12/site-packages/oslo_concurrency/lockutils.py:544}}
Aug 18 11:06:33.858129 np0000007643 devstack@n-api.service[84297]: WARNING neutronclient.v2_0.client [None req-78e538ed-46db-459a-a9ce-df27d87e68f2 tempest-ServerRescueNegativeTestJSON-95090764 tempest-ServerRescueNegativeTestJSON-95090764-project-member] The python binding code in neutronclient is deprecated in favor of OpenstackSDK, please use that as this will be removed in a future release.
Aug 18 11:06:33.938637 np0000007643 devstack@n-api.service[84297]: DEBUG nova.policy [None req-78e538ed-46db-459a-a9ce-df27d87e68f2 tempest-ServerRescueNegativeTestJSON-95090764 tempest-ServerRescueNegativeTestJSON-95090764-project-member] Policy check for os_compute_api:os-extended-server-attributes failed with credentials {'is_admin': False, 'user_id': 'b2a8b0def3374704bd9b719c0d873759', 'user_domain_id': 'default', 'system_scope': None, 'domain_id': None, 'project_id': 'ac9ccd1e290b421693e33c8c69e37f4b', 'project_domain_id': 'default', 'roles': ['reader', 'member'], 'is_admin_project': True, 'service_user_id': None, 'service_user_domain_id': None, 'service_project_id': None, 'service_project_domain_id': None, 'service_roles': []} {{(pid=84297) authorize /opt/stack/nova/nova/policy.py:202}}
Aug 18 11:06:33.949394 np0000007643 devstack@n-api.service[84297]: INFO nova.api.openstack.requestlog [None req-78e538ed-46db-459a-a9ce-df27d87e68f2 tempest-ServerRescueNegativeTestJSON-95090764 tempest-ServerRescueNegativeTestJSON-95090764-project-member] 10.4.3.44 "GET /compute/v2.1/servers/a4e155ed-cb42-42af-bf16-f5ba20ad3d9f" status: 200 len: 1298 microversion: 2.1 time: 0.146771
Aug 18 11:06:33.949858 np0000007643 devstack@n-api.service[84297]: [pid: 84297|app: 0|req: 70/194] 10.4.3.44 () {66 vars in 1347 bytes} [Tue Aug 18 11:06:33 2026] GET /compute/v2.1/servers/a4e155ed-cb42-42af-bf16-f5ba20ad3d9f => generated 1298 bytes in 148 msecs (HTTP/1.1 200) 9 headers in 358 bytes (2 switches on core 0)
Aug 18 11:06:34.035811 np0000007643 devstack@n-api.service[84296]: DEBUG nova.api.openstack.wsgi [None req-9cabbc98-4cae-4ee9-87fd-b9ce3bdeda7b tempest-AttachVolumeNegativeTest-1384714233 tempest-AttachVolumeNegativeTest-1384714233-project-member] Action: 'create', calling method: >, body: {"keypair": {"name": "tempest-keypair-1280465305", "public_key": "ecdsa-sha2-nistp384 AAAAE2VjZHNhLXNoYTItbmlzdHAzODQAAAAIbmlzdHAzODQAAABhBE78vW4AL0DLBXRXArwEqV55vbOpr4YowH2C3q5au0hq4oYR8RLUmYHthXLWUwIZyte0TECBBPJJU/SGPxQrGRmZuzK1LHYCJlwS7TqgMY06N+5r32tr/KfVlW+kpVTfyQ=="}} {{(pid=84296) _process_stack /opt/stack/nova/nova/api/openstack/wsgi.py:549}}
Aug 18 11:06:34.074646 np0000007643 devstack@n-api.service[84296]: DEBUG nova.quota [None req-9cabbc98-4cae-4ee9-87fd-b9ce3bdeda7b tempest-AttachVolumeNegativeTest-1384714233 tempest-AttachVolumeNegativeTest-1384714233-project-member] Getting quotas for project f6dfe76911a74bd39a6de61fc467ecd6. Resources: {'key_pairs'} {{(pid=84296) _get_quotas /opt/stack/nova/nova/quota.py:389}}
Aug 18 11:06:34.079718 np0000007643 devstack@n-api.service[84296]: DEBUG nova.quota [None req-9cabbc98-4cae-4ee9-87fd-b9ce3bdeda7b tempest-AttachVolumeNegativeTest-1384714233 tempest-AttachVolumeNegativeTest-1384714233-project-member] Getting quotas for user 4d8d5fc017004ef5978cac3d6cfae3a2 and project f6dfe76911a74bd39a6de61fc467ecd6. Resources: {'key_pairs'} {{(pid=84296) _get_quotas /opt/stack/nova/nova/quota.py:379}}
Aug 18 11:06:34.110596 np0000007643 devstack@n-api.service[84296]: INFO nova.api.openstack.requestlog [None req-9cabbc98-4cae-4ee9-87fd-b9ce3bdeda7b tempest-AttachVolumeNegativeTest-1384714233 tempest-AttachVolumeNegativeTest-1384714233-project-member] 10.4.3.44 "POST /compute/v2.1/os-keypairs" status: 200 len: 386 microversion: 2.1 time: 0.674562
Aug 18 11:06:34.111043 np0000007643 devstack@n-api.service[84296]: [pid: 84296|app: 0|req: 67/195] 10.4.3.44 () {68 vars in 1270 bytes} [Tue Aug 18 11:06:33 2026] POST /compute/v2.1/os-keypairs => generated 386 bytes in 675 msecs (HTTP/1.1 200) 9 headers in 357 bytes (1 switches on core 0)
Aug 18 11:06:34.161926 np0000007643 devstack@n-api.service[84298]: DEBUG nova.policy [None req-e64f2b0f-009c-44cd-a766-c1d146403566 tempest-TaggedBootDevicesTest-1329189010 tempest-TaggedBootDevicesTest-1329189010-project-member] Policy check for os_compute_api:os-extended-server-attributes failed with credentials {'is_admin': False, 'user_id': 'd2f39bbefdfb496aa162beac01b52846', 'user_domain_id': 'default', 'system_scope': None, 'domain_id': None, 'project_id': 'd36363339f314b5f949ecae131b56a43', 'project_domain_id': 'default', 'roles': ['reader', 'member'], 'is_admin_project': True, 'service_user_id': None, 'service_user_domain_id': None, 'service_project_id': None, 'service_project_domain_id': None, 'service_roles': []} {{(pid=84298) authorize /opt/stack/nova/nova/policy.py:202}}
Aug 18 11:06:34.169767 np0000007643 devstack@n-api.service[84298]: DEBUG nova.policy [None req-e64f2b0f-009c-44cd-a766-c1d146403566 tempest-TaggedBootDevicesTest-1329189010 tempest-TaggedBootDevicesTest-1329189010-project-member] Policy check for os_compute_api:servers:show:host_status failed with credentials {'is_admin': False, 'user_id': 'd2f39bbefdfb496aa162beac01b52846', 'user_domain_id': 'default', 'system_scope': None, 'domain_id': None, 'project_id': 'd36363339f314b5f949ecae131b56a43', 'project_domain_id': 'default', 'roles': ['reader', 'member'], 'is_admin_project': True, 'service_user_id': None, 'service_user_domain_id': None, 'service_project_id': None, 'service_project_domain_id': None, 'service_roles': []} {{(pid=84298) authorize /opt/stack/nova/nova/policy.py:202}}
Aug 18 11:06:34.170854 np0000007643 devstack@n-api.service[84298]: DEBUG nova.policy [None req-e64f2b0f-009c-44cd-a766-c1d146403566 tempest-TaggedBootDevicesTest-1329189010 tempest-TaggedBootDevicesTest-1329189010-project-member] Policy check for os_compute_api:servers:show:host_status:unknown-only failed with credentials {'is_admin': False, 'user_id': 'd2f39bbefdfb496aa162beac01b52846', 'user_domain_id': 'default', 'system_scope': None, 'domain_id': None, 'project_id': 'd36363339f314b5f949ecae131b56a43', 'project_domain_id': 'default', 'roles': ['reader', 'member'], 'is_admin_project': True, 'service_user_id': None, 'service_user_domain_id': None, 'service_project_id': None, 'service_project_domain_id': None, 'service_roles': []} {{(pid=84298) authorize /opt/stack/nova/nova/policy.py:202}}
Aug 18 11:06:34.177043 np0000007643 devstack@n-api.service[84298]: INFO nova.api.openstack.requestlog [None req-e64f2b0f-009c-44cd-a766-c1d146403566 tempest-TaggedBootDevicesTest-1329189010 tempest-TaggedBootDevicesTest-1329189010-project-member] 10.4.3.44 "GET /compute/v2.1/servers/975d714f-0e11-42b3-9d98-61b9bf36f958" status: 200 len: 1868 microversion: 2.32 time: 0.442767
Aug 18 11:06:34.178030 np0000007643 devstack@n-api.service[84298]: [pid: 84298|app: 0|req: 59/196] 10.4.3.44 () {68 vars in 1388 bytes} [Tue Aug 18 11:06:33 2026] GET /compute/v2.1/servers/975d714f-0e11-42b3-9d98-61b9bf36f958 => generated 1868 bytes in 444 msecs (HTTP/1.1 200) 9 headers in 360 bytes (1 switches on core 0)
Aug 18 11:06:34.973133 np0000007643 devstack@n-api.service[84297]: DEBUG nova.api.openstack.wsgi [None req-92867424-d561-4ea9-90cd-f5c0c7e5c0a8 tempest-ServerRescueNegativeTestJSON-95090764 tempest-ServerRescueNegativeTestJSON-95090764-project-member] Calling method '>' {{(pid=84297) _process_stack /opt/stack/nova/nova/api/openstack/wsgi.py:551}}
