Jun 30 09:29:18.817870 np0000003962 nova-scheduler[96311]: DEBUG cotyledon.oslo_config_glue [-] profiler.es_doc_type = notification {{(pid=96311) log_opt_values /opt/stack/data/venv/lib/python3.12/site-packages/oslo_config/cfg.py:3253}}
Jun 30 09:29:18.817870 np0000003962 nova-scheduler[96311]: DEBUG cotyledon.oslo_config_glue [-] profiler.es_scroll_size = 10000 {{(pid=96311) log_opt_values /opt/stack/data/venv/lib/python3.12/site-packages/oslo_config/cfg.py:3253}}
Jun 30 09:29:18.818036 np0000003962 nova-scheduler[96311]: DEBUG cotyledon.oslo_config_glue [-] profiler.es_scroll_time = 2m {{(pid=96311) log_opt_values /opt/stack/data/venv/lib/python3.12/site-packages/oslo_config/cfg.py:3253}}
Jun 30 09:29:18.818036 np0000003962 nova-scheduler[96311]: DEBUG cotyledon.oslo_config_glue [-] profiler.filter_error_trace = False {{(pid=96311) log_opt_values /opt/stack/data/venv/lib/python3.12/site-packages/oslo_config/cfg.py:3253}}
Jun 30 09:29:18.818036 np0000003962 nova-scheduler[96311]: DEBUG cotyledon.oslo_config_glue [-] profiler.hmac_keys = **** {{(pid=96311) log_opt_values /opt/stack/data/venv/lib/python3.12/site-packages/oslo_config/cfg.py:3253}}
Jun 30 09:29:18.818036 np0000003962 nova-scheduler[96311]: DEBUG cotyledon.oslo_config_glue [-] profiler.sentinel_service_name = mymaster {{(pid=96311) log_opt_values /opt/stack/data/venv/lib/python3.12/site-packages/oslo_config/cfg.py:3253}}
Jun 30 09:29:18.818036 np0000003962 nova-scheduler[96311]: DEBUG cotyledon.oslo_config_glue [-] profiler.socket_timeout = 0.1 {{(pid=96311) log_opt_values /opt/stack/data/venv/lib/python3.12/site-packages/oslo_config/cfg.py:3253}}
Jun 30 09:29:18.818036 np0000003962 nova-scheduler[96311]: DEBUG cotyledon.oslo_config_glue [-] profiler.trace_requests = False {{(pid=96311) log_opt_values /opt/stack/data/venv/lib/python3.12/site-packages/oslo_config/cfg.py:3253}}
Jun 30 09:29:18.818036 np0000003962 nova-scheduler[96311]: DEBUG cotyledon.oslo_config_glue [-] profiler.trace_sqlalchemy = False {{(pid=96311) log_opt_values /opt/stack/data/venv/lib/python3.12/site-packages/oslo_config/cfg.py:3253}}
Jun 30 09:29:18.818036 np0000003962 nova-scheduler[96311]: DEBUG cotyledon.oslo_config_glue [-] profiler_jaeger.process_tags = {} {{(pid=96311) log_opt_values /opt/stack/data/venv/lib/python3.12/site-packages/oslo_config/cfg.py:3253}}
Jun 30 09:29:18.818036 np0000003962 nova-scheduler[96311]: DEBUG cotyledon.oslo_config_glue [-] profiler_jaeger.service_name_prefix = None {{(pid=96311) log_opt_values /opt/stack/data/venv/lib/python3.12/site-packages/oslo_config/cfg.py:3253}}
Jun 30 09:29:18.818194 np0000003962 nova-scheduler[96311]: DEBUG cotyledon.oslo_config_glue [-] profiler_otlp.service_name_prefix = None {{(pid=96311) log_opt_values /opt/stack/data/venv/lib/python3.12/site-packages/oslo_config/cfg.py:3253}}
Jun 30 09:29:18.818194 np0000003962 nova-scheduler[96311]: DEBUG cotyledon.oslo_config_glue [-] oslo_messaging_rabbit.amqp_auto_delete = False {{(pid=96311) log_opt_values /opt/stack/data/venv/lib/python3.12/site-packages/oslo_config/cfg.py:3253}}
Jun 30 09:29:18.818194 np0000003962 nova-scheduler[96311]: DEBUG cotyledon.oslo_config_glue [-] oslo_messaging_rabbit.amqp_durable_queues = False {{(pid=96311) log_opt_values /opt/stack/data/venv/lib/python3.12/site-packages/oslo_config/cfg.py:3253}}
Jun 30 09:29:18.818194 np0000003962 nova-scheduler[96311]: DEBUG cotyledon.oslo_config_glue [-] oslo_messaging_rabbit.conn_pool_min_size = 2 {{(pid=96311) log_opt_values /opt/stack/data/venv/lib/python3.12/site-packages/oslo_config/cfg.py:3253}}
Jun 30 09:29:18.818194 np0000003962 nova-scheduler[96311]: DEBUG cotyledon.oslo_config_glue [-] oslo_messaging_rabbit.conn_pool_ttl = 1200 {{(pid=96311) log_opt_values /opt/stack/data/venv/lib/python3.12/site-packages/oslo_config/cfg.py:3253}}
Jun 30 09:29:18.818194 np0000003962 nova-scheduler[96311]: DEBUG cotyledon.oslo_config_glue [-] oslo_messaging_rabbit.direct_mandatory_flag = True {{(pid=96311) log_opt_values /opt/stack/data/venv/lib/python3.12/site-packages/oslo_config/cfg.py:3253}}
Jun 30 09:29:18.818194 np0000003962 nova-scheduler[96311]: DEBUG cotyledon.oslo_config_glue [-] oslo_messaging_rabbit.enable_cancel_on_failover = False {{(pid=96311) log_opt_values /opt/stack/data/venv/lib/python3.12/site-packages/oslo_config/cfg.py:3253}}
Jun 30 09:29:18.818194 np0000003962 nova-scheduler[96311]: DEBUG cotyledon.oslo_config_glue [-] oslo_messaging_rabbit.heartbeat_rate = 3 {{(pid=96311) log_opt_values /opt/stack/data/venv/lib/python3.12/site-packages/oslo_config/cfg.py:3253}}
Jun 30 09:29:18.818194 np0000003962 nova-scheduler[96311]: DEBUG cotyledon.oslo_config_glue [-] oslo_messaging_rabbit.heartbeat_timeout_threshold = 60 {{(pid=96311) log_opt_values /opt/stack/data/venv/lib/python3.12/site-packages/oslo_config/cfg.py:3253}}
Jun 30 09:29:18.818479 np0000003962 nova-scheduler[96311]: DEBUG cotyledon.oslo_config_glue [-] oslo_messaging_rabbit.hostname = np0000003962 {{(pid=96311) log_opt_values /opt/stack/data/venv/lib/python3.12/site-packages/oslo_config/cfg.py:3253}}
Jun 30 09:29:18.818479 np0000003962 nova-scheduler[96311]: DEBUG cotyledon.oslo_config_glue [-] oslo_messaging_rabbit.kombu_compression = None {{(pid=96311) log_opt_values /opt/stack/data/venv/lib/python3.12/site-packages/oslo_config/cfg.py:3253}}
Jun 30 09:29:18.818479 np0000003962 nova-scheduler[96311]: DEBUG cotyledon.oslo_config_glue [-] oslo_messaging_rabbit.kombu_failover_strategy = round-robin {{(pid=96311) log_opt_values /opt/stack/data/venv/lib/python3.12/site-packages/oslo_config/cfg.py:3253}}
Jun 30 09:29:18.818479 np0000003962 nova-scheduler[96311]: DEBUG cotyledon.oslo_config_glue [-] oslo_messaging_rabbit.kombu_missing_consumer_retry_timeout = 60 {{(pid=96311) log_opt_values /opt/stack/data/venv/lib/python3.12/site-packages/oslo_config/cfg.py:3253}}
Jun 30 09:29:18.818479 np0000003962 nova-scheduler[96311]: DEBUG cotyledon.oslo_config_glue [-] oslo_messaging_rabbit.kombu_reconnect_delay = 1.0 {{(pid=96311) log_opt_values /opt/stack/data/venv/lib/python3.12/site-packages/oslo_config/cfg.py:3253}}
Jun 30 09:29:18.818479 np0000003962 nova-scheduler[96311]: DEBUG cotyledon.oslo_config_glue [-] oslo_messaging_rabbit.kombu_reconnect_splay = 0.0 {{(pid=96311) log_opt_values /opt/stack/data/venv/lib/python3.12/site-packages/oslo_config/cfg.py:3253}}
Jun 30 09:29:18.818479 np0000003962 nova-scheduler[96311]: DEBUG cotyledon.oslo_config_glue [-] oslo_messaging_rabbit.processname = nova-scheduler {{(pid=96311) log_opt_values /opt/stack/data/venv/lib/python3.12/site-packages/oslo_config/cfg.py:3253}}
Jun 30 09:29:18.818479 np0000003962 nova-scheduler[96311]: DEBUG cotyledon.oslo_config_glue [-] oslo_messaging_rabbit.rabbit_ha_queues = False {{(pid=96311) log_opt_values /opt/stack/data/venv/lib/python3.12/site-packages/oslo_config/cfg.py:3253}}
Jun 30 09:29:18.818479 np0000003962 nova-scheduler[96311]: DEBUG cotyledon.oslo_config_glue [-] oslo_messaging_rabbit.rabbit_interval_max = 30 {{(pid=96311) log_opt_values /opt/stack/data/venv/lib/python3.12/site-packages/oslo_config/cfg.py:3253}}
Jun 30 09:29:18.818672 np0000003962 nova-scheduler[96311]: DEBUG cotyledon.oslo_config_glue [-] oslo_messaging_rabbit.rabbit_login_method = AMQPLAIN {{(pid=96311) log_opt_values /opt/stack/data/venv/lib/python3.12/site-packages/oslo_config/cfg.py:3253}}
Jun 30 09:29:18.818672 np0000003962 nova-scheduler[96311]: DEBUG cotyledon.oslo_config_glue [-] oslo_messaging_rabbit.rabbit_qos_prefetch_count = 0 {{(pid=96311) log_opt_values /opt/stack/data/venv/lib/python3.12/site-packages/oslo_config/cfg.py:3253}}
Jun 30 09:29:18.818672 np0000003962 nova-scheduler[96311]: DEBUG cotyledon.oslo_config_glue [-] oslo_messaging_rabbit.rabbit_quorum_delivery_limit = 0 {{(pid=96311) log_opt_values /opt/stack/data/venv/lib/python3.12/site-packages/oslo_config/cfg.py:3253}}
Jun 30 09:29:18.818672 np0000003962 nova-scheduler[96311]: DEBUG cotyledon.oslo_config_glue [-] oslo_messaging_rabbit.rabbit_quorum_max_memory_bytes = 0 {{(pid=96311) log_opt_values /opt/stack/data/venv/lib/python3.12/site-packages/oslo_config/cfg.py:3253}}
Jun 30 09:29:18.818672 np0000003962 nova-scheduler[96311]: DEBUG cotyledon.oslo_config_glue [-] oslo_messaging_rabbit.rabbit_quorum_max_memory_length = 0 {{(pid=96311) log_opt_values /opt/stack/data/venv/lib/python3.12/site-packages/oslo_config/cfg.py:3253}}
Jun 30 09:29:18.818672 np0000003962 nova-scheduler[96311]: DEBUG cotyledon.oslo_config_glue [-] oslo_messaging_rabbit.rabbit_quorum_queue = False {{(pid=96311) log_opt_values /opt/stack/data/venv/lib/python3.12/site-packages/oslo_config/cfg.py:3253}}
Jun 30 09:29:18.818672 np0000003962 nova-scheduler[96311]: DEBUG cotyledon.oslo_config_glue [-] oslo_messaging_rabbit.rabbit_retry_backoff = 2 {{(pid=96311) log_opt_values /opt/stack/data/venv/lib/python3.12/site-packages/oslo_config/cfg.py:3253}}
Jun 30 09:29:18.818672 np0000003962 nova-scheduler[96311]: DEBUG cotyledon.oslo_config_glue [-] oslo_messaging_rabbit.rabbit_retry_interval = 1 {{(pid=96311) log_opt_values /opt/stack/data/venv/lib/python3.12/site-packages/oslo_config/cfg.py:3253}}
Jun 30 09:29:18.818672 np0000003962 nova-scheduler[96311]: DEBUG cotyledon.oslo_config_glue [-] oslo_messaging_rabbit.rabbit_stream_fanout = False {{(pid=96311) log_opt_values /opt/stack/data/venv/lib/python3.12/site-packages/oslo_config/cfg.py:3253}}
Jun 30 09:29:18.818913 np0000003962 nova-scheduler[96311]: DEBUG cotyledon.oslo_config_glue [-] oslo_messaging_rabbit.rabbit_transient_queues_ttl = 1800 {{(pid=96311) log_opt_values /opt/stack/data/venv/lib/python3.12/site-packages/oslo_config/cfg.py:3253}}
Jun 30 09:29:18.818913 np0000003962 nova-scheduler[96311]: DEBUG cotyledon.oslo_config_glue [-] oslo_messaging_rabbit.rabbit_transient_quorum_queue = False {{(pid=96311) log_opt_values /opt/stack/data/venv/lib/python3.12/site-packages/oslo_config/cfg.py:3253}}
Jun 30 09:29:18.818913 np0000003962 nova-scheduler[96311]: DEBUG cotyledon.oslo_config_glue [-] oslo_messaging_rabbit.rpc_conn_pool_size = 30 {{(pid=96311) log_opt_values /opt/stack/data/venv/lib/python3.12/site-packages/oslo_config/cfg.py:3253}}
Jun 30 09:29:18.818913 np0000003962 nova-scheduler[96311]: DEBUG cotyledon.oslo_config_glue [-] oslo_messaging_rabbit.ssl = False {{(pid=96311) log_opt_values /opt/stack/data/venv/lib/python3.12/site-packages/oslo_config/cfg.py:3253}}
Jun 30 09:29:18.818913 np0000003962 nova-scheduler[96311]: DEBUG cotyledon.oslo_config_glue [-] oslo_messaging_rabbit.ssl_ca_file = {{(pid=96311) log_opt_values /opt/stack/data/venv/lib/python3.12/site-packages/oslo_config/cfg.py:3253}}
Jun 30 09:29:18.818913 np0000003962 nova-scheduler[96311]: DEBUG cotyledon.oslo_config_glue [-] oslo_messaging_rabbit.ssl_cert_file = {{(pid=96311) log_opt_values /opt/stack/data/venv/lib/python3.12/site-packages/oslo_config/cfg.py:3253}}
Jun 30 09:29:18.818913 np0000003962 nova-scheduler[96311]: DEBUG cotyledon.oslo_config_glue [-] oslo_messaging_rabbit.ssl_enforce_fips_mode = False {{(pid=96311) log_opt_values /opt/stack/data/venv/lib/python3.12/site-packages/oslo_config/cfg.py:3253}}
Jun 30 09:29:18.818913 np0000003962 nova-scheduler[96311]: DEBUG cotyledon.oslo_config_glue [-] oslo_messaging_rabbit.ssl_enforce_hostname_verification = True {{(pid=96311) log_opt_values /opt/stack/data/venv/lib/python3.12/site-packages/oslo_config/cfg.py:3253}}
Jun 30 09:29:18.818913 np0000003962 nova-scheduler[96311]: DEBUG cotyledon.oslo_config_glue [-] oslo_messaging_rabbit.ssl_key_file = {{(pid=96311) log_opt_values /opt/stack/data/venv/lib/python3.12/site-packages/oslo_config/cfg.py:3253}}
Jun 30 09:29:18.819083 np0000003962 nova-scheduler[96311]: DEBUG cotyledon.oslo_config_glue [-] oslo_messaging_rabbit.ssl_version = {{(pid=96311) log_opt_values /opt/stack/data/venv/lib/python3.12/site-packages/oslo_config/cfg.py:3253}}
Jun 30 09:29:18.819083 np0000003962 nova-scheduler[96311]: DEBUG cotyledon.oslo_config_glue [-] oslo_messaging_rabbit.use_queue_manager = False {{(pid=96311) log_opt_values /opt/stack/data/venv/lib/python3.12/site-packages/oslo_config/cfg.py:3253}}
Jun 30 09:29:18.819083 np0000003962 nova-scheduler[96311]: DEBUG cotyledon.oslo_config_glue [-] oslo_messaging_notifications.driver = ['messagingv2'] {{(pid=96311) log_opt_values /opt/stack/data/venv/lib/python3.12/site-packages/oslo_config/cfg.py:3253}}
Jun 30 09:29:18.819083 np0000003962 nova-scheduler[96311]: DEBUG cotyledon.oslo_config_glue [-] oslo_messaging_notifications.retry = -1 {{(pid=96311) log_opt_values /opt/stack/data/venv/lib/python3.12/site-packages/oslo_config/cfg.py:3253}}
Jun 30 09:29:18.819083 np0000003962 nova-scheduler[96311]: DEBUG cotyledon.oslo_config_glue [-] oslo_messaging_notifications.topics = ['notifications'] {{(pid=96311) log_opt_values /opt/stack/data/venv/lib/python3.12/site-packages/oslo_config/cfg.py:3253}}
Jun 30 09:29:18.819173 np0000003962 nova-scheduler[96311]: DEBUG cotyledon.oslo_config_glue [-] oslo_messaging_notifications.transport_url = **** {{(pid=96311) log_opt_values /opt/stack/data/venv/lib/python3.12/site-packages/oslo_config/cfg.py:3253}}
Jun 30 09:29:18.819272 np0000003962 nova-scheduler[96311]: DEBUG cotyledon.oslo_config_glue [-] oslo_limit.auth_section = None {{(pid=96311) log_opt_values /opt/stack/data/venv/lib/python3.12/site-packages/oslo_config/cfg.py:3253}}
Jun 30 09:29:18.819350 np0000003962 nova-scheduler[96311]: DEBUG cotyledon.oslo_config_glue [-] oslo_limit.auth_type = None {{(pid=96311) log_opt_values /opt/stack/data/venv/lib/python3.12/site-packages/oslo_config/cfg.py:3253}}
Jun 30 09:29:18.819423 np0000003962 nova-scheduler[96311]: DEBUG cotyledon.oslo_config_glue [-] oslo_limit.cafile = None {{(pid=96311) log_opt_values /opt/stack/data/venv/lib/python3.12/site-packages/oslo_config/cfg.py:3253}}
Jun 30 09:29:18.819490 np0000003962 nova-scheduler[96311]: DEBUG cotyledon.oslo_config_glue [-] oslo_limit.certfile = None {{(pid=96311) log_opt_values /opt/stack/data/venv/lib/python3.12/site-packages/oslo_config/cfg.py:3253}}
Jun 30 09:29:18.819551 np0000003962 nova-scheduler[96311]: DEBUG cotyledon.oslo_config_glue [-] oslo_limit.collect_timing = False {{(pid=96311) log_opt_values /opt/stack/data/venv/lib/python3.12/site-packages/oslo_config/cfg.py:3253}}
Jun 30 09:29:18.819637 np0000003962 nova-scheduler[96311]: DEBUG cotyledon.oslo_config_glue [-] oslo_limit.connect_retries = None {{(pid=96311) log_opt_values /opt/stack/data/venv/lib/python3.12/site-packages/oslo_config/cfg.py:3253}}
Jun 30 09:29:18.819703 np0000003962 nova-scheduler[96311]: DEBUG cotyledon.oslo_config_glue [-] oslo_limit.connect_retry_delay = None {{(pid=96311) log_opt_values /opt/stack/data/venv/lib/python3.12/site-packages/oslo_config/cfg.py:3253}}
Jun 30 09:29:18.819778 np0000003962 nova-scheduler[96311]: DEBUG cotyledon.oslo_config_glue [-] oslo_limit.endpoint_id = None {{(pid=96311) log_opt_values /opt/stack/data/venv/lib/python3.12/site-packages/oslo_config/cfg.py:3253}}
Jun 30 09:29:18.819873 np0000003962 nova-scheduler[96311]: DEBUG cotyledon.oslo_config_glue [-] oslo_limit.endpoint_interface = public {{(pid=96311) log_opt_values /opt/stack/data/venv/lib/python3.12/site-packages/oslo_config/cfg.py:3253}}
Jun 30 09:29:18.819941 np0000003962 nova-scheduler[96311]: DEBUG cotyledon.oslo_config_glue [-] oslo_limit.endpoint_override = None {{(pid=96311) log_opt_values /opt/stack/data/venv/lib/python3.12/site-packages/oslo_config/cfg.py:3253}}
Jun 30 09:29:18.820005 np0000003962 nova-scheduler[96311]: DEBUG cotyledon.oslo_config_glue [-] oslo_limit.endpoint_region_name = None {{(pid=96311) log_opt_values /opt/stack/data/venv/lib/python3.12/site-packages/oslo_config/cfg.py:3253}}
Jun 30 09:29:18.820077 np0000003962 nova-scheduler[96311]: DEBUG cotyledon.oslo_config_glue [-] oslo_limit.endpoint_service_name = None {{(pid=96311) log_opt_values /opt/stack/data/venv/lib/python3.12/site-packages/oslo_config/cfg.py:3253}}
Jun 30 09:29:18.820138 np0000003962 nova-scheduler[96311]: DEBUG cotyledon.oslo_config_glue [-] oslo_limit.endpoint_service_type = None {{(pid=96311) log_opt_values /opt/stack/data/venv/lib/python3.12/site-packages/oslo_config/cfg.py:3253}}
Jun 30 09:29:18.820193 np0000003962 nova-scheduler[96311]: DEBUG cotyledon.oslo_config_glue [-] oslo_limit.insecure = False {{(pid=96311) log_opt_values /opt/stack/data/venv/lib/python3.12/site-packages/oslo_config/cfg.py:3253}}
Jun 30 09:29:18.820243 np0000003962 nova-scheduler[96311]: DEBUG cotyledon.oslo_config_glue [-] oslo_limit.keyfile = None {{(pid=96311) log_opt_values /opt/stack/data/venv/lib/python3.12/site-packages/oslo_config/cfg.py:3253}}
Jun 30 09:29:18.820296 np0000003962 nova-scheduler[96311]: DEBUG cotyledon.oslo_config_glue [-] oslo_limit.max_version = None {{(pid=96311) log_opt_values /opt/stack/data/venv/lib/python3.12/site-packages/oslo_config/cfg.py:3253}}
Jun 30 09:29:18.820352 np0000003962 nova-scheduler[96311]: DEBUG cotyledon.oslo_config_glue [-] oslo_limit.min_version = None {{(pid=96311) log_opt_values /opt/stack/data/venv/lib/python3.12/site-packages/oslo_config/cfg.py:3253}}
Jun 30 09:29:18.820409 np0000003962 nova-scheduler[96311]: DEBUG cotyledon.oslo_config_glue [-] oslo_limit.region_name = None {{(pid=96311) log_opt_values /opt/stack/data/venv/lib/python3.12/site-packages/oslo_config/cfg.py:3253}}
Jun 30 09:29:18.820468 np0000003962 nova-scheduler[96311]: DEBUG cotyledon.oslo_config_glue [-] oslo_limit.retriable_status_codes = None {{(pid=96311) log_opt_values /opt/stack/data/venv/lib/python3.12/site-packages/oslo_config/cfg.py:3253}}
Jun 30 09:29:18.820546 np0000003962 nova-scheduler[96311]: DEBUG cotyledon.oslo_config_glue [-] oslo_limit.service_name = None {{(pid=96311) log_opt_values /opt/stack/data/venv/lib/python3.12/site-packages/oslo_config/cfg.py:3253}}
Jun 30 09:29:18.820631 np0000003962 nova-scheduler[96311]: DEBUG cotyledon.oslo_config_glue [-] oslo_limit.service_type = None {{(pid=96311) log_opt_values /opt/stack/data/venv/lib/python3.12/site-packages/oslo_config/cfg.py:3253}}
Jun 30 09:29:18.820702 np0000003962 nova-scheduler[96311]: DEBUG cotyledon.oslo_config_glue [-] oslo_limit.split_loggers = False {{(pid=96311) log_opt_values /opt/stack/data/venv/lib/python3.12/site-packages/oslo_config/cfg.py:3253}}
Jun 30 09:29:18.820788 np0000003962 nova-scheduler[96311]: DEBUG cotyledon.oslo_config_glue [-] oslo_limit.status_code_retries = None {{(pid=96311) log_opt_values /opt/stack/data/venv/lib/python3.12/site-packages/oslo_config/cfg.py:3253}}
Jun 30 09:29:18.820851 np0000003962 nova-scheduler[96311]: DEBUG cotyledon.oslo_config_glue [-] oslo_limit.status_code_retry_delay = None {{(pid=96311) log_opt_values /opt/stack/data/venv/lib/python3.12/site-packages/oslo_config/cfg.py:3253}}
Jun 30 09:29:18.820925 np0000003962 nova-scheduler[96311]: DEBUG cotyledon.oslo_config_glue [-] oslo_limit.timeout = None {{(pid=96311) log_opt_values /opt/stack/data/venv/lib/python3.12/site-packages/oslo_config/cfg.py:3253}}
Jun 30 09:29:18.820994 np0000003962 nova-scheduler[96311]: DEBUG cotyledon.oslo_config_glue [-] oslo_limit.valid_interfaces = None {{(pid=96311) log_opt_values /opt/stack/data/venv/lib/python3.12/site-packages/oslo_config/cfg.py:3253}}
Jun 30 09:29:18.821064 np0000003962 nova-scheduler[96311]: DEBUG cotyledon.oslo_config_glue [-] oslo_limit.version = None {{(pid=96311) log_opt_values /opt/stack/data/venv/lib/python3.12/site-packages/oslo_config/cfg.py:3253}}
Jun 30 09:29:18.821155 np0000003962 nova-scheduler[96311]: DEBUG cotyledon.oslo_config_glue [-] oslo_reports.file_event_handler = None {{(pid=96311) log_opt_values /opt/stack/data/venv/lib/python3.12/site-packages/oslo_config/cfg.py:3253}}
Jun 30 09:29:18.821218 np0000003962 nova-scheduler[96311]: DEBUG cotyledon.oslo_config_glue [-] oslo_reports.file_event_handler_interval = 1 {{(pid=96311) log_opt_values /opt/stack/data/venv/lib/python3.12/site-packages/oslo_config/cfg.py:3253}}
Jun 30 09:29:18.821297 np0000003962 nova-scheduler[96311]: DEBUG cotyledon.oslo_config_glue [-] oslo_reports.log_dir = None {{(pid=96311) log_opt_values /opt/stack/data/venv/lib/python3.12/site-packages/oslo_config/cfg.py:3253}}
Jun 30 09:29:18.821365 np0000003962 nova-scheduler[96311]: DEBUG cotyledon.oslo_config_glue [-] ******************************************************************************** {{(pid=96311) log_opt_values /opt/stack/data/venv/lib/python3.12/site-packages/oslo_config/cfg.py:3260}}
Jun 30 09:29:18.821544 np0000003962 nova-scheduler[96311]: DEBUG cotyledon._service_worker [-] Run service ServiceWrapper(2) [96311] {{(pid=96311) wait_forever /opt/stack/data/venv/lib/python3.12/site-packages/cotyledon/_service_worker.py:218}}
Jun 30 09:29:18.823084 np0000003962 nova-scheduler[96311]: INFO nova.service [-] Starting scheduler node (version 33.1.0)
Jun 30 09:29:18.826614 np0000003962 nova-scheduler[96302]: DEBUG dbcounter [-] [96302] Writer thread running {{(pid=96302) stat_writer /opt/stack/data/venv/lib/python3.12/site-packages/dbcounter.py:102}}
Jun 30 09:29:18.827402 np0000003962 nova-scheduler[96311]: INFO dbcounter [None req-63376731-3706-4b13-adcb-ba5ac7f80741 None None] Registered counter for database nova_cell0
Jun 30 09:29:18.840917 np0000003962 nova-scheduler[96308]: DEBUG oslo_db.sqlalchemy.engines [None req-fa42f77a-410d-4479-977d-e3f5fa3ff228 None None] MySQL server mode set to STRICT_TRANS_TABLES,STRICT_ALL_TABLES,NO_ZERO_IN_DATE,NO_ZERO_DATE,ERROR_FOR_DIVISION_BY_ZERO,TRADITIONAL,NO_ENGINE_SUBSTITUTION {{(pid=96308) _check_effective_sql_mode /opt/stack/data/venv/lib/python3.12/site-packages/oslo_db/sqlalchemy/engines.py:325}}
Jun 30 09:29:18.845378 np0000003962 nova-scheduler[96302]: DEBUG nova.service [None req-da21f508-d36d-45b6-96aa-b35d8385d637 None None] Creating RPC server for service: nova-scheduler on topic: scheduler {{(pid=96302) start /opt/stack/nova/nova/service.py:196}}
Jun 30 09:29:18.851196 np0000003962 nova-scheduler[96308]: DEBUG dbcounter [-] [96308] Writer thread running {{(pid=96308) stat_writer /opt/stack/data/venv/lib/python3.12/site-packages/dbcounter.py:102}}
Jun 30 09:29:18.854647 np0000003962 nova-scheduler[96308]: DEBUG nova.service [None req-fa42f77a-410d-4479-977d-e3f5fa3ff228 None None] Creating RPC server for service: nova-scheduler on topic: scheduler {{(pid=96308) start /opt/stack/nova/nova/service.py:196}}
Jun 30 09:29:18.873710 np0000003962 nova-scheduler[96302]: DEBUG nova.service [None req-da21f508-d36d-45b6-96aa-b35d8385d637 None None] Join ServiceGroup membership for this service scheduler {{(pid=96302) start /opt/stack/nova/nova/service.py:222}}
Jun 30 09:29:18.873884 np0000003962 nova-scheduler[96308]: DEBUG nova.service [None req-fa42f77a-410d-4479-977d-e3f5fa3ff228 None None] Join ServiceGroup membership for this service scheduler {{(pid=96308) start /opt/stack/nova/nova/service.py:222}}
Jun 30 09:29:18.873922 np0000003962 nova-scheduler[96302]: DEBUG nova.servicegroup.drivers.db [None req-da21f508-d36d-45b6-96aa-b35d8385d637 None None] DB_Driver: join new ServiceGroup member np0000003962 to the scheduler group, service = {{(pid=96302) join /opt/stack/nova/nova/servicegroup/drivers/db.py:44}}
Jun 30 09:29:18.874005 np0000003962 nova-scheduler[96308]: DEBUG nova.servicegroup.drivers.db [None req-fa42f77a-410d-4479-977d-e3f5fa3ff228 None None] DB_Driver: join new ServiceGroup member np0000003962 to the scheduler group, service = {{(pid=96308) join /opt/stack/nova/nova/servicegroup/drivers/db.py:44}}
Jun 30 09:29:18.875528 np0000003962 nova-scheduler[96320]: DEBUG oslo_db.sqlalchemy.engines [None req-1484deef-8b58-4ee6-9459-ceddfd2879cd None None] MySQL server mode set to STRICT_TRANS_TABLES,STRICT_ALL_TABLES,NO_ZERO_IN_DATE,NO_ZERO_DATE,ERROR_FOR_DIVISION_BY_ZERO,TRADITIONAL,NO_ENGINE_SUBSTITUTION {{(pid=96320) _check_effective_sql_mode /opt/stack/data/venv/lib/python3.12/site-packages/oslo_db/sqlalchemy/engines.py:325}}
Jun 30 09:29:18.878360 np0000003962 nova-scheduler[96311]: DEBUG oslo_db.sqlalchemy.engines [None req-63376731-3706-4b13-adcb-ba5ac7f80741 None None] MySQL server mode set to STRICT_TRANS_TABLES,STRICT_ALL_TABLES,NO_ZERO_IN_DATE,NO_ZERO_DATE,ERROR_FOR_DIVISION_BY_ZERO,TRADITIONAL,NO_ENGINE_SUBSTITUTION {{(pid=96311) _check_effective_sql_mode /opt/stack/data/venv/lib/python3.12/site-packages/oslo_db/sqlalchemy/engines.py:325}}
Jun 30 09:29:18.886006 np0000003962 nova-scheduler[96320]: DEBUG dbcounter [-] [96320] Writer thread running {{(pid=96320) stat_writer /opt/stack/data/venv/lib/python3.12/site-packages/dbcounter.py:102}}
Jun 30 09:29:18.887955 np0000003962 nova-scheduler[96311]: DEBUG dbcounter [-] [96311] Writer thread running {{(pid=96311) stat_writer /opt/stack/data/venv/lib/python3.12/site-packages/dbcounter.py:102}}
Jun 30 09:29:18.889279 np0000003962 nova-scheduler[96320]: DEBUG nova.service [None req-1484deef-8b58-4ee6-9459-ceddfd2879cd None None] Creating RPC server for service: nova-scheduler on topic: scheduler {{(pid=96320) start /opt/stack/nova/nova/service.py:196}}
Jun 30 09:29:18.890834 np0000003962 nova-scheduler[96311]: DEBUG nova.service [None req-63376731-3706-4b13-adcb-ba5ac7f80741 None None] Creating RPC server for service: nova-scheduler on topic: scheduler {{(pid=96311) start /opt/stack/nova/nova/service.py:196}}
Jun 30 09:29:18.910892 np0000003962 nova-scheduler[96311]: DEBUG nova.service [None req-63376731-3706-4b13-adcb-ba5ac7f80741 None None] Join ServiceGroup membership for this service scheduler {{(pid=96311) start /opt/stack/nova/nova/service.py:222}}
Jun 30 09:29:18.911014 np0000003962 nova-scheduler[96320]: DEBUG nova.service [None req-1484deef-8b58-4ee6-9459-ceddfd2879cd None None] Join ServiceGroup membership for this service scheduler {{(pid=96320) start /opt/stack/nova/nova/service.py:222}}
Jun 30 09:29:18.911071 np0000003962 nova-scheduler[96311]: DEBUG nova.servicegroup.drivers.db [None req-63376731-3706-4b13-adcb-ba5ac7f80741 None None] DB_Driver: join new ServiceGroup member np0000003962 to the scheduler group, service = {{(pid=96311) join /opt/stack/nova/nova/servicegroup/drivers/db.py:44}}
Jun 30 09:29:18.911206 np0000003962 nova-scheduler[96320]: DEBUG nova.servicegroup.drivers.db [None req-1484deef-8b58-4ee6-9459-ceddfd2879cd None None] DB_Driver: join new ServiceGroup member np0000003962 to the scheduler group, service = {{(pid=96320) join /opt/stack/nova/nova/servicegroup/drivers/db.py:44}}
Jun 30 09:29:23.887873 np0000003962 nova-scheduler[96302]: DEBUG oslo.service.backend._threading.loopingcall [-] Fixed interval looping call 'nova.servicegroup.drivers.db.DbDriver._report_state' sleeping for 119.99 seconds {{(pid=96302) _run_loop /opt/stack/data/venv/lib/python3.12/site-packages/oslo_service/backend/_threading/loopingcall.py:125}}
Jun 30 09:29:23.888780 np0000003962 nova-scheduler[96308]: DEBUG oslo.service.backend._threading.loopingcall [-] Fixed interval looping call 'nova.servicegroup.drivers.db.DbDriver._report_state' sleeping for 119.99 seconds {{(pid=96308) _run_loop /opt/stack/data/venv/lib/python3.12/site-packages/oslo_service/backend/_threading/loopingcall.py:125}}
Jun 30 09:29:23.923571 np0000003962 nova-scheduler[96311]: DEBUG oslo.service.backend._threading.loopingcall [-] Fixed interval looping call 'nova.servicegroup.drivers.db.DbDriver._report_state' sleeping for 119.99 seconds {{(pid=96311) _run_loop /opt/stack/data/venv/lib/python3.12/site-packages/oslo_service/backend/_threading/loopingcall.py:125}}
Jun 30 09:29:23.926262 np0000003962 nova-scheduler[96320]: DEBUG oslo.service.backend._threading.loopingcall [-] Fixed interval looping call 'nova.servicegroup.drivers.db.DbDriver._report_state' sleeping for 119.99 seconds {{(pid=96320) _run_loop /opt/stack/data/venv/lib/python3.12/site-packages/oslo_service/backend/_threading/loopingcall.py:125}}
Jun 30 09:29:27.438409 np0000003962 nova-scheduler[95101]: DEBUG dbcounter [-] [95101] Writing DB stats nova_api:SELECT=3 {{(pid=95101) stat_writer /opt/stack/data/venv/lib/python3.12/site-packages/dbcounter.py:115}}
Jun 30 09:29:27.568666 np0000003962 nova-scheduler[95101]: DEBUG dbcounter [-] [95101] Writing DB stats nova_cell1:SELECT=1 {{(pid=95101) stat_writer /opt/stack/data/venv/lib/python3.12/site-packages/dbcounter.py:115}}
Jun 30 09:29:27.573615 np0000003962 nova-scheduler[95101]: DEBUG dbcounter [-] [95101] Writing DB stats nova_cell0:SELECT=1 {{(pid=95101) stat_writer /opt/stack/data/venv/lib/python3.12/site-packages/dbcounter.py:115}}
Jun 30 09:29:33.876293 np0000003962 nova-scheduler[96308]: DEBUG oslo.service.backend._threading.loopingcall [None req-7d646b4a-1898-4fff-bbf9-416a84b02ecd None None] Dynamic interval looping call 'nova.service.Service.periodic_tasks' sleeping for 60.00 seconds {{(pid=96308) _run_loop /opt/stack/data/venv/lib/python3.12/site-packages/oslo_service/backend/_threading/loopingcall.py:125}}
Jun 30 09:29:33.883222 np0000003962 nova-scheduler[96302]: DEBUG dbcounter [-] [96302] Writing DB stats nova_cell0:SELECT=4,nova_cell0:INSERT=1,nova_cell0:UPDATE=1 {{(pid=96302) stat_writer /opt/stack/data/venv/lib/python3.12/site-packages/dbcounter.py:115}}
Jun 30 09:29:33.885411 np0000003962 nova-scheduler[96308]: DEBUG dbcounter [-] [96308] Writing DB stats nova_cell0:SELECT=3,nova_cell0:UPDATE=1 {{(pid=96308) stat_writer /opt/stack/data/venv/lib/python3.12/site-packages/dbcounter.py:115}}
Jun 30 09:29:33.920094 np0000003962 nova-scheduler[96311]: DEBUG dbcounter [-] [96311] Writing DB stats nova_cell0:SELECT=3 {{(pid=96311) stat_writer /opt/stack/data/venv/lib/python3.12/site-packages/dbcounter.py:115}}
Jun 30 09:29:33.924829 np0000003962 nova-scheduler[96320]: DEBUG dbcounter [-] [96320] Writing DB stats nova_cell0:SELECT=3 {{(pid=96320) stat_writer /opt/stack/data/venv/lib/python3.12/site-packages/dbcounter.py:115}}
Jun 30 09:29:35.913156 np0000003962 nova-scheduler[96311]: DEBUG oslo.service.backend._threading.loopingcall [None req-b4f98c6a-5beb-458b-bbe9-46f78e9345e4 None None] Dynamic interval looping call 'nova.service.Service.periodic_tasks' sleeping for 60.00 seconds {{(pid=96311) _run_loop /opt/stack/data/venv/lib/python3.12/site-packages/oslo_service/backend/_threading/loopingcall.py:125}}
Jun 30 09:29:53.875927 np0000003962 nova-scheduler[96302]: DEBUG oslo.service.backend._threading.loopingcall [None req-10936b39-09e1-4425-8505-ebbf4a9ff9c1 None None] Dynamic interval looping call 'nova.service.Service.periodic_tasks' sleeping for 60.00 seconds {{(pid=96302) _run_loop /opt/stack/data/venv/lib/python3.12/site-packages/oslo_service/backend/_threading/loopingcall.py:125}}
Jun 30 09:29:55.913673 np0000003962 nova-scheduler[96320]: DEBUG oslo.service.backend._threading.loopingcall [None req-767e48ef-73a6-4568-bea0-cd3d6acc443c None None] Dynamic interval looping call 'nova.service.Service.periodic_tasks' sleeping for 60.00 seconds {{(pid=96320) _run_loop /opt/stack/data/venv/lib/python3.12/site-packages/oslo_service/backend/_threading/loopingcall.py:125}}
Jun 30 09:30:33.876845 np0000003962 nova-scheduler[96308]: DEBUG oslo.service.backend._threading.loopingcall [None req-7d646b4a-1898-4fff-bbf9-416a84b02ecd None None] Dynamic interval looping call 'nova.service.Service.periodic_tasks' sleeping for 60.00 seconds {{(pid=96308) _run_loop /opt/stack/data/venv/lib/python3.12/site-packages/oslo_service/backend/_threading/loopingcall.py:125}}
Jun 30 09:30:35.913730 np0000003962 nova-scheduler[96311]: DEBUG oslo.service.backend._threading.loopingcall [None req-b4f98c6a-5beb-458b-bbe9-46f78e9345e4 None None] Dynamic interval looping call 'nova.service.Service.periodic_tasks' sleeping for 60.00 seconds {{(pid=96311) _run_loop /opt/stack/data/venv/lib/python3.12/site-packages/oslo_service/backend/_threading/loopingcall.py:125}}
Jun 30 09:30:53.876475 np0000003962 nova-scheduler[96302]: DEBUG oslo.service.backend._threading.loopingcall [None req-10936b39-09e1-4425-8505-ebbf4a9ff9c1 None None] Dynamic interval looping call 'nova.service.Service.periodic_tasks' sleeping for 60.00 seconds {{(pid=96302) _run_loop /opt/stack/data/venv/lib/python3.12/site-packages/oslo_service/backend/_threading/loopingcall.py:125}}
Jun 30 09:30:55.914245 np0000003962 nova-scheduler[96320]: DEBUG oslo.service.backend._threading.loopingcall [None req-767e48ef-73a6-4568-bea0-cd3d6acc443c None None] Dynamic interval looping call 'nova.service.Service.periodic_tasks' sleeping for 60.00 seconds {{(pid=96320) _run_loop /opt/stack/data/venv/lib/python3.12/site-packages/oslo_service/backend/_threading/loopingcall.py:125}}
Jun 30 09:31:23.885077 np0000003962 nova-scheduler[96302]: DEBUG oslo.service.backend._threading.loopingcall [-] Fixed interval looping call 'nova.servicegroup.drivers.db.DbDriver._report_state' sleeping for 119.99 seconds {{(pid=96302) _run_loop /opt/stack/data/venv/lib/python3.12/site-packages/oslo_service/backend/_threading/loopingcall.py:125}}
Jun 30 09:31:23.885582 np0000003962 nova-scheduler[96308]: DEBUG oslo.service.backend._threading.loopingcall [-] Fixed interval looping call 'nova.servicegroup.drivers.db.DbDriver._report_state' sleeping for 119.99 seconds {{(pid=96308) _run_loop /opt/stack/data/venv/lib/python3.12/site-packages/oslo_service/backend/_threading/loopingcall.py:125}}
Jun 30 09:31:23.917843 np0000003962 nova-scheduler[96311]: DEBUG oslo.service.backend._threading.loopingcall [-] Fixed interval looping call 'nova.servicegroup.drivers.db.DbDriver._report_state' sleeping for 120.00 seconds {{(pid=96311) _run_loop /opt/stack/data/venv/lib/python3.12/site-packages/oslo_service/backend/_threading/loopingcall.py:125}}
Jun 30 09:31:23.919894 np0000003962 nova-scheduler[96320]: DEBUG oslo.service.backend._threading.loopingcall [-] Fixed interval looping call 'nova.servicegroup.drivers.db.DbDriver._report_state' sleeping for 120.00 seconds {{(pid=96320) _run_loop /opt/stack/data/venv/lib/python3.12/site-packages/oslo_service/backend/_threading/loopingcall.py:125}}
Jun 30 09:31:33.877315 np0000003962 nova-scheduler[96308]: DEBUG oslo.service.backend._threading.loopingcall [None req-7d646b4a-1898-4fff-bbf9-416a84b02ecd None None] Dynamic interval looping call 'nova.service.Service.periodic_tasks' sleeping for 60.00 seconds {{(pid=96308) _run_loop /opt/stack/data/venv/lib/python3.12/site-packages/oslo_service/backend/_threading/loopingcall.py:125}}
Jun 30 09:31:33.880836 np0000003962 nova-scheduler[96302]: DEBUG dbcounter [-] [96302] Writing DB stats nova_cell0:SELECT=1,nova_cell0:UPDATE=1 {{(pid=96302) stat_writer /opt/stack/data/venv/lib/python3.12/site-packages/dbcounter.py:115}}
Jun 30 09:31:33.882239 np0000003962 nova-scheduler[96308]: DEBUG dbcounter [-] [96308] Writing DB stats nova_cell0:SELECT=1,nova_cell0:UPDATE=1 {{(pid=96308) stat_writer /opt/stack/data/venv/lib/python3.12/site-packages/dbcounter.py:115}}
Jun 30 09:31:33.915859 np0000003962 nova-scheduler[96311]: DEBUG dbcounter [-] [96311] Writing DB stats nova_cell0:SELECT=1 {{(pid=96311) stat_writer /opt/stack/data/venv/lib/python3.12/site-packages/dbcounter.py:115}}
Jun 30 09:31:33.918022 np0000003962 nova-scheduler[96320]: DEBUG dbcounter [-] [96320] Writing DB stats nova_cell0:SELECT=1 {{(pid=96320) stat_writer /opt/stack/data/venv/lib/python3.12/site-packages/dbcounter.py:115}}
Jun 30 09:31:35.914229 np0000003962 nova-scheduler[96311]: DEBUG oslo.service.backend._threading.loopingcall [None req-b4f98c6a-5beb-458b-bbe9-46f78e9345e4 None None] Dynamic interval looping call 'nova.service.Service.periodic_tasks' sleeping for 60.00 seconds {{(pid=96311) _run_loop /opt/stack/data/venv/lib/python3.12/site-packages/oslo_service/backend/_threading/loopingcall.py:125}}
Jun 30 09:31:43.907023 np0000003962 nova-scheduler[96302]: DEBUG nova.scheduler.manager [None req-fd22c119-7661-4b04-9b21-dfca1ead813f tempest-DeleteServersTestJSON-266458653 tempest-DeleteServersTestJSON-266458653-project-member] Starting to schedule for instances: ['93449f47-0c15-43c2-99fa-88f920cc3248'] {{(pid=96302) select_destinations /opt/stack/nova/nova/scheduler/manager.py:209}}
Jun 30 09:31:43.907603 np0000003962 nova-scheduler[96302]: DEBUG nova.scheduler.request_filter [None req-fd22c119-7661-4b04-9b21-dfca1ead813f tempest-DeleteServersTestJSON-266458653 tempest-DeleteServersTestJSON-266458653-project-member] compute_status_filter request filter added forbidden trait COMPUTE_STATUS_DISABLED {{(pid=96302) compute_status_filter /opt/stack/nova/nova/scheduler/request_filter.py:253}}
Jun 30 09:31:43.907769 np0000003962 nova-scheduler[96302]: DEBUG nova.scheduler.request_filter [None req-fd22c119-7661-4b04-9b21-dfca1ead813f tempest-DeleteServersTestJSON-266458653 tempest-DeleteServersTestJSON-266458653-project-member] Request filter 'compute_status_filter' took 0.0 seconds {{(pid=96302) wrapper /opt/stack/nova/nova/scheduler/request_filter.py:46}}
Jun 30 09:31:43.908488 np0000003962 nova-scheduler[96302]: DEBUG nova.scheduler.request_filter [None req-fd22c119-7661-4b04-9b21-dfca1ead813f tempest-DeleteServersTestJSON-266458653 tempest-DeleteServersTestJSON-266458653-project-member] Request filter 'accelerators_filter' took 0.0 seconds {{(pid=96302) wrapper /opt/stack/nova/nova/scheduler/request_filter.py:46}}
Jun 30 09:31:43.908800 np0000003962 nova-scheduler[96302]: DEBUG nova.scheduler.request_filter [None req-fd22c119-7661-4b04-9b21-dfca1ead813f tempest-DeleteServersTestJSON-266458653 tempest-DeleteServersTestJSON-266458653-project-member] Request filter 'packed_virtqueue_filter' took 0.0 seconds {{(pid=96302) wrapper /opt/stack/nova/nova/scheduler/request_filter.py:46}}
Jun 30 09:31:43.909099 np0000003962 nova-scheduler[96302]: DEBUG nova.scheduler.request_filter [None req-fd22c119-7661-4b04-9b21-dfca1ead813f tempest-DeleteServersTestJSON-266458653 tempest-DeleteServersTestJSON-266458653-project-member] Request filter 'remote_managed_ports_filter' took 0.0 seconds {{(pid=96302) wrapper /opt/stack/nova/nova/scheduler/request_filter.py:46}}
Jun 30 09:31:43.909253 np0000003962 nova-scheduler[96302]: DEBUG nova.scheduler.request_filter [None req-fd22c119-7661-4b04-9b21-dfca1ead813f tempest-DeleteServersTestJSON-266458653 tempest-DeleteServersTestJSON-266458653-project-member] ephemeral_encryption_filter skipped {{(pid=96302) ephemeral_encryption_filter /opt/stack/nova/nova/scheduler/request_filter.py:426}}
Jun 30 09:31:43.909356 np0000003962 nova-scheduler[96302]: DEBUG nova.scheduler.request_filter [None req-fd22c119-7661-4b04-9b21-dfca1ead813f tempest-DeleteServersTestJSON-266458653 tempest-DeleteServersTestJSON-266458653-project-member] virtio_sound_filter skipped {{(pid=96302) virtio_sound_filter /opt/stack/nova/nova/scheduler/request_filter.py:460}}
Jun 30 09:31:43.909489 np0000003962 nova-scheduler[96302]: DEBUG nova.scheduler.request_filter [None req-fd22c119-7661-4b04-9b21-dfca1ead813f tempest-DeleteServersTestJSON-266458653 tempest-DeleteServersTestJSON-266458653-project-member] tpm_secret_security_filter skipped {{(pid=96302) tpm_secret_security_filter /opt/stack/nova/nova/scheduler/request_filter.py:477}}
Jun 30 09:31:44.037947 np0000003962 nova-scheduler[96308]: DEBUG nova.scheduler.manager [None req-e2610031-57c1-4c18-931d-0fb3683a2964 tempest-ServerActionsTestOtherB-1178782537 tempest-ServerActionsTestOtherB-1178782537-project-member] Starting to schedule for instances: ['9a3340b0-237e-442c-8c83-dd5147593ab4'] {{(pid=96308) select_destinations /opt/stack/nova/nova/scheduler/manager.py:209}}
Jun 30 09:31:44.038605 np0000003962 nova-scheduler[96308]: DEBUG nova.scheduler.request_filter [None req-e2610031-57c1-4c18-931d-0fb3683a2964 tempest-ServerActionsTestOtherB-1178782537 tempest-ServerActionsTestOtherB-1178782537-project-member] compute_status_filter request filter added forbidden trait COMPUTE_STATUS_DISABLED {{(pid=96308) compute_status_filter /opt/stack/nova/nova/scheduler/request_filter.py:253}}
Jun 30 09:31:44.038833 np0000003962 nova-scheduler[96308]: DEBUG nova.scheduler.request_filter [None req-e2610031-57c1-4c18-931d-0fb3683a2964 tempest-ServerActionsTestOtherB-1178782537 tempest-ServerActionsTestOtherB-1178782537-project-member] Request filter 'compute_status_filter' took 0.0 seconds {{(pid=96308) wrapper /opt/stack/nova/nova/scheduler/request_filter.py:46}}
Jun 30 09:31:44.039084 np0000003962 nova-scheduler[96308]: DEBUG nova.scheduler.request_filter [None req-e2610031-57c1-4c18-931d-0fb3683a2964 tempest-ServerActionsTestOtherB-1178782537 tempest-ServerActionsTestOtherB-1178782537-project-member] Request filter 'accelerators_filter' took 0.0 seconds {{(pid=96308) wrapper /opt/stack/nova/nova/scheduler/request_filter.py:46}}
Jun 30 09:31:44.039383 np0000003962 nova-scheduler[96308]: DEBUG nova.scheduler.request_filter [None req-e2610031-57c1-4c18-931d-0fb3683a2964 tempest-ServerActionsTestOtherB-1178782537 tempest-ServerActionsTestOtherB-1178782537-project-member] Request filter 'packed_virtqueue_filter' took 0.0 seconds {{(pid=96308) wrapper /opt/stack/nova/nova/scheduler/request_filter.py:46}}
Jun 30 09:31:44.039676 np0000003962 nova-scheduler[96308]: DEBUG nova.scheduler.request_filter [None req-e2610031-57c1-4c18-931d-0fb3683a2964 tempest-ServerActionsTestOtherB-1178782537 tempest-ServerActionsTestOtherB-1178782537-project-member] Request filter 'remote_managed_ports_filter' took 0.0 seconds {{(pid=96308) wrapper /opt/stack/nova/nova/scheduler/request_filter.py:46}}
Jun 30 09:31:44.039943 np0000003962 nova-scheduler[96308]: DEBUG nova.scheduler.request_filter [None req-e2610031-57c1-4c18-931d-0fb3683a2964 tempest-ServerActionsTestOtherB-1178782537 tempest-ServerActionsTestOtherB-1178782537-project-member] ephemeral_encryption_filter skipped {{(pid=96308) ephemeral_encryption_filter /opt/stack/nova/nova/scheduler/request_filter.py:426}}
Jun 30 09:31:44.040098 np0000003962 nova-scheduler[96308]: DEBUG nova.scheduler.request_filter [None req-e2610031-57c1-4c18-931d-0fb3683a2964 tempest-ServerActionsTestOtherB-1178782537 tempest-ServerActionsTestOtherB-1178782537-project-member] virtio_sound_filter skipped {{(pid=96308) virtio_sound_filter /opt/stack/nova/nova/scheduler/request_filter.py:460}}
Jun 30 09:31:44.040478 np0000003962 nova-scheduler[96308]: DEBUG nova.scheduler.request_filter [None req-e2610031-57c1-4c18-931d-0fb3683a2964 tempest-ServerActionsTestOtherB-1178782537 tempest-ServerActionsTestOtherB-1178782537-project-member] tpm_secret_security_filter skipped {{(pid=96308) tpm_secret_security_filter /opt/stack/nova/nova/scheduler/request_filter.py:477}}
Jun 30 09:31:44.447592 np0000003962 nova-scheduler[96308]: INFO nova.utils [None req-e2610031-57c1-4c18-931d-0fb3683a2964 tempest-ServerActionsTestOtherB-1178782537 tempest-ServerActionsTestOtherB-1178782537-project-member] The cell worker thread pool ForkProcess-2.cell_worker is initialized
Jun 30 09:31:44.448051 np0000003962 nova-scheduler[96308]: DEBUG oslo_concurrency.lockutils [None req-e2610031-57c1-4c18-931d-0fb3683a2964 tempest-ServerActionsTestOtherB-1178782537 tempest-ServerActionsTestOtherB-1178782537-project-member] Acquiring lock "03ca580b-3c19-4c4c-8a4e-02418a00c87e" by "nova.context.set_target_cell..get_or_set_cached_cell_and_set_connections" {{(pid=96308) inner /opt/stack/data/venv/lib/python3.12/site-packages/oslo_concurrency/lockutils.py:511}}
Jun 30 09:31:44.448310 np0000003962 nova-scheduler[96308]: DEBUG oslo_concurrency.lockutils [None req-e2610031-57c1-4c18-931d-0fb3683a2964 tempest-ServerActionsTestOtherB-1178782537 tempest-ServerActionsTestOtherB-1178782537-project-member] Lock "03ca580b-3c19-4c4c-8a4e-02418a00c87e" acquired by "nova.context.set_target_cell..get_or_set_cached_cell_and_set_connections" :: waited 0.000s {{(pid=96308) inner /opt/stack/data/venv/lib/python3.12/site-packages/oslo_concurrency/lockutils.py:524}}
Jun 30 09:31:44.450394 np0000003962 nova-scheduler[96308]: DEBUG oslo_concurrency.lockutils [None req-e2610031-57c1-4c18-931d-0fb3683a2964 tempest-ServerActionsTestOtherB-1178782537 tempest-ServerActionsTestOtherB-1178782537-project-member] Lock "03ca580b-3c19-4c4c-8a4e-02418a00c87e" "released" by "nova.context.set_target_cell..get_or_set_cached_cell_and_set_connections" :: held 0.002s {{(pid=96308) inner /opt/stack/data/venv/lib/python3.12/site-packages/oslo_concurrency/lockutils.py:543}}
Jun 30 09:31:44.453046 np0000003962 nova-scheduler[96308]: INFO dbcounter [None req-e2610031-57c1-4c18-931d-0fb3683a2964 tempest-ServerActionsTestOtherB-1178782537 tempest-ServerActionsTestOtherB-1178782537-project-member] Registered counter for database nova_cell1
Jun 30 09:31:44.489922 np0000003962 nova-scheduler[96308]: DEBUG oslo_db.sqlalchemy.engines [None req-e2610031-57c1-4c18-931d-0fb3683a2964 tempest-ServerActionsTestOtherB-1178782537 tempest-ServerActionsTestOtherB-1178782537-project-member] MySQL server mode set to STRICT_TRANS_TABLES,STRICT_ALL_TABLES,NO_ZERO_IN_DATE,NO_ZERO_DATE,ERROR_FOR_DIVISION_BY_ZERO,TRADITIONAL,NO_ENGINE_SUBSTITUTION {{(pid=96308) _check_effective_sql_mode /opt/stack/data/venv/lib/python3.12/site-packages/oslo_db/sqlalchemy/engines.py:325}}
Jun 30 09:31:44.496646 np0000003962 nova-scheduler[96308]: DEBUG dbcounter [-] [96308] Writer thread running {{(pid=96308) stat_writer /opt/stack/data/venv/lib/python3.12/site-packages/dbcounter.py:102}}
Jun 30 09:31:44.516082 np0000003962 nova-scheduler[96308]: DEBUG oslo_db.sqlalchemy.engines [None req-e2610031-57c1-4c18-931d-0fb3683a2964 tempest-ServerActionsTestOtherB-1178782537 tempest-ServerActionsTestOtherB-1178782537-project-member] Parent process 95101 forked (96308) with an open database connection, which is being discarded and recreated. {{(pid=96308) checkout /opt/stack/data/venv/lib/python3.12/site-packages/oslo_db/sqlalchemy/engines.py:402}}
Jun 30 09:31:44.573438 np0000003962 nova-scheduler[96308]: DEBUG dbcounter [-] [96308] Writer thread running {{(pid=96308) stat_writer /opt/stack/data/venv/lib/python3.12/site-packages/dbcounter.py:102}}
Jun 30 09:31:44.577197 np0000003962 nova-scheduler[96308]: DEBUG oslo_concurrency.lockutils [None req-e2610031-57c1-4c18-931d-0fb3683a2964 tempest-ServerActionsTestOtherB-1178782537 tempest-ServerActionsTestOtherB-1178782537-project-member] Acquiring lock "03ca580b-3c19-4c4c-8a4e-02418a00c87e" by "nova.context.set_target_cell..get_or_set_cached_cell_and_set_connections" {{(pid=96308) inner /opt/stack/data/venv/lib/python3.12/site-packages/oslo_concurrency/lockutils.py:511}}
Jun 30 09:31:44.577197 np0000003962 nova-scheduler[96308]: DEBUG oslo_concurrency.lockutils [None req-e2610031-57c1-4c18-931d-0fb3683a2964 tempest-ServerActionsTestOtherB-1178782537 tempest-ServerActionsTestOtherB-1178782537-project-member] Lock "03ca580b-3c19-4c4c-8a4e-02418a00c87e" acquired by "nova.context.set_target_cell..get_or_set_cached_cell_and_set_connections" :: waited 0.000s {{(pid=96308) inner /opt/stack/data/venv/lib/python3.12/site-packages/oslo_concurrency/lockutils.py:524}}
Jun 30 09:31:44.577197 np0000003962 nova-scheduler[96308]: DEBUG oslo_concurrency.lockutils [None req-e2610031-57c1-4c18-931d-0fb3683a2964 tempest-ServerActionsTestOtherB-1178782537 tempest-ServerActionsTestOtherB-1178782537-project-member] Lock "03ca580b-3c19-4c4c-8a4e-02418a00c87e" "released" by "nova.context.set_target_cell..get_or_set_cached_cell_and_set_connections" :: held 0.000s {{(pid=96308) inner /opt/stack/data/venv/lib/python3.12/site-packages/oslo_concurrency/lockutils.py:543}}
Jun 30 09:31:44.584164 np0000003962 nova-scheduler[96308]: DEBUG oslo_concurrency.lockutils [None req-e2610031-57c1-4c18-931d-0fb3683a2964 tempest-ServerActionsTestOtherB-1178782537 tempest-ServerActionsTestOtherB-1178782537-project-member] Acquiring lock "np0000003962-np0000003962" by "nova.scheduler.host_manager.HostState.update.._locked_update" {{(pid=96308) inner /opt/stack/data/venv/lib/python3.12/site-packages/oslo_concurrency/lockutils.py:511}}
Jun 30 09:31:44.584335 np0000003962 nova-scheduler[96308]: DEBUG oslo_concurrency.lockutils [None req-e2610031-57c1-4c18-931d-0fb3683a2964 tempest-ServerActionsTestOtherB-1178782537 tempest-ServerActionsTestOtherB-1178782537-project-member] Lock "np0000003962-np0000003962" acquired by "nova.scheduler.host_manager.HostState.update.._locked_update" :: waited 0.000s {{(pid=96308) inner /opt/stack/data/venv/lib/python3.12/site-packages/oslo_concurrency/lockutils.py:524}}
