Jul 06 08:31:50.054063 np0000004628 devstack@g-api.service[102629]: DEBUG glance.api.middleware.version_negotiation [None req-1ba72581-da92-4465-9918-6e8280d97525 tempest-ServerBootFromVolumeStableRescueTest-1819498096 tempest-ServerBootFromVolumeStableRescueTest-1819498096-project-member] new path /v2/images/a1bfa618-cda6-4d0e-8cfd-3500ccf1d837/file {{(pid=102629) process_request /opt/stack/glance/glance/api/middleware/version_negotiation.py:70}}
Jul 06 08:31:50.602298 np0000004628 devstack@g-api.service[102628]: DEBUG glance.api.middleware.version_negotiation [None req-1ba72581-da92-4465-9918-6e8280d97525 tempest-ServerBootFromVolumeStableRescueTest-1819498096 tempest-ServerBootFromVolumeStableRescueTest-1819498096-project-member] Determining version of request: GET /v2/images/a1bfa618-cda6-4d0e-8cfd-3500ccf1d837 Accept: application/json {{(pid=102628) process_request /opt/stack/glance/glance/api/middleware/version_negotiation.py:44}}
Jul 06 08:31:50.602298 np0000004628 devstack@g-api.service[102628]: DEBUG glance.api.middleware.version_negotiation [None req-1ba72581-da92-4465-9918-6e8280d97525 tempest-ServerBootFromVolumeStableRescueTest-1819498096 tempest-ServerBootFromVolumeStableRescueTest-1819498096-project-member] Using url versioning {{(pid=102628) process_request /opt/stack/glance/glance/api/middleware/version_negotiation.py:57}}
Jul 06 08:31:50.602298 np0000004628 devstack@g-api.service[102628]: DEBUG glance.api.middleware.version_negotiation [None req-1ba72581-da92-4465-9918-6e8280d97525 tempest-ServerBootFromVolumeStableRescueTest-1819498096 tempest-ServerBootFromVolumeStableRescueTest-1819498096-project-member] Matched version: v2 {{(pid=102628) process_request /opt/stack/glance/glance/api/middleware/version_negotiation.py:69}}
Jul 06 08:31:50.603601 np0000004628 devstack@g-api.service[102628]: DEBUG glance.api.middleware.version_negotiation [None req-1ba72581-da92-4465-9918-6e8280d97525 tempest-ServerBootFromVolumeStableRescueTest-1819498096 tempest-ServerBootFromVolumeStableRescueTest-1819498096-project-member] new path /v2/images/a1bfa618-cda6-4d0e-8cfd-3500ccf1d837 {{(pid=102628) process_request /opt/stack/glance/glance/api/middleware/version_negotiation.py:70}}
Jul 06 08:31:50.631154 np0000004628 devstack@g-api.service[102628]: [pid: 102628|app: 0|req: 61/221] 127.0.0.1 () {40 vars in 838 bytes} [Mon Jul 6 08:31:50 2026] GET /v2/images/a1bfa618-cda6-4d0e-8cfd-3500ccf1d837 => generated 1470 bytes in 30 msecs (HTTP/1.1 200) 4 headers in 158 bytes (1 switches on core 0)
Jul 06 08:31:50.898047 np0000004628 devstack@g-api.service[102631]: DEBUG dbcounter [-] [102631] Writing DB stats glance:SELECT=16,glance:UPDATE=1 {{(pid=102631) stat_writer /opt/stack/data/venv/lib/python3.12/site-packages/dbcounter.py:115}}
Jul 06 08:31:50.903353 np0000004628 devstack@g-api.service[102630]: DEBUG glance.api.middleware.version_negotiation [None req-8d585127-74a4-4b40-8ce8-79da358ecd12 tempest-VolumesActionsTest-450056034 tempest-VolumesActionsTest-450056034-project-member] Determining version of request: GET /v2/images/c8baf4fa-49db-45de-a7b8-5f21c32d1625 Accept: */* {{(pid=102630) process_request /opt/stack/glance/glance/api/middleware/version_negotiation.py:44}}
Jul 06 08:31:50.903829 np0000004628 devstack@g-api.service[102630]: DEBUG glance.api.middleware.version_negotiation [None req-8d585127-74a4-4b40-8ce8-79da358ecd12 tempest-VolumesActionsTest-450056034 tempest-VolumesActionsTest-450056034-project-member] Using url versioning {{(pid=102630) process_request /opt/stack/glance/glance/api/middleware/version_negotiation.py:57}}
Jul 06 08:31:50.903829 np0000004628 devstack@g-api.service[102630]: DEBUG glance.api.middleware.version_negotiation [None req-8d585127-74a4-4b40-8ce8-79da358ecd12 tempest-VolumesActionsTest-450056034 tempest-VolumesActionsTest-450056034-project-member] Matched version: v2 {{(pid=102630) process_request /opt/stack/glance/glance/api/middleware/version_negotiation.py:69}}
Jul 06 08:31:50.903829 np0000004628 devstack@g-api.service[102630]: DEBUG glance.api.middleware.version_negotiation [None req-8d585127-74a4-4b40-8ce8-79da358ecd12 tempest-VolumesActionsTest-450056034 tempest-VolumesActionsTest-450056034-project-member] new path /v2/images/c8baf4fa-49db-45de-a7b8-5f21c32d1625 {{(pid=102630) process_request /opt/stack/glance/glance/api/middleware/version_negotiation.py:70}}
Jul 06 08:31:50.929593 np0000004628 devstack@g-api.service[102630]: [pid: 102630|app: 0|req: 60/222] 127.0.0.1 () {44 vars in 1115 bytes} [Mon Jul 6 08:31:50 2026] GET /v2/images/c8baf4fa-49db-45de-a7b8-5f21c32d1625 => generated 1044 bytes in 26 msecs (HTTP/1.1 200) 4 headers in 158 bytes (1 switches on core 0)
Jul 06 08:31:50.945283 np0000004628 devstack@g-api.service[102628]: DEBUG glance.api.middleware.version_negotiation [None req-2abbb050-1057-4282-b1ad-f24f6e48843b tempest-ServerBootFromVolumeStableRescueTest-1819498096 tempest-ServerBootFromVolumeStableRescueTest-1819498096-project-member] Determining version of request: GET /v2/schemas/image Accept: */* {{(pid=102628) process_request /opt/stack/glance/glance/api/middleware/version_negotiation.py:44}}
Jul 06 08:31:50.945745 np0000004628 devstack@g-api.service[102628]: DEBUG glance.api.middleware.version_negotiation [None req-2abbb050-1057-4282-b1ad-f24f6e48843b tempest-ServerBootFromVolumeStableRescueTest-1819498096 tempest-ServerBootFromVolumeStableRescueTest-1819498096-project-member] Using url versioning {{(pid=102628) process_request /opt/stack/glance/glance/api/middleware/version_negotiation.py:57}}
Jul 06 08:31:50.945964 np0000004628 devstack@g-api.service[102628]: DEBUG glance.api.middleware.version_negotiation [None req-2abbb050-1057-4282-b1ad-f24f6e48843b tempest-ServerBootFromVolumeStableRescueTest-1819498096 tempest-ServerBootFromVolumeStableRescueTest-1819498096-project-member] Matched version: v2 {{(pid=102628) process_request /opt/stack/glance/glance/api/middleware/version_negotiation.py:69}}
Jul 06 08:31:50.946198 np0000004628 devstack@g-api.service[102628]: DEBUG glance.api.middleware.version_negotiation [None req-2abbb050-1057-4282-b1ad-f24f6e48843b tempest-ServerBootFromVolumeStableRescueTest-1819498096 tempest-ServerBootFromVolumeStableRescueTest-1819498096-project-member] new path /v2/schemas/image {{(pid=102628) process_request /opt/stack/glance/glance/api/middleware/version_negotiation.py:70}}
Jul 06 08:31:50.953734 np0000004628 devstack@g-api.service[102628]: [pid: 102628|app: 0|req: 62/223] 127.0.0.1 () {44 vars in 1055 bytes} [Mon Jul 6 08:31:50 2026] GET /v2/schemas/image => generated 6083 bytes in 9 msecs (HTTP/1.1 200) 4 headers in 158 bytes (1 switches on core 0)
Jul 06 08:31:51.004851 np0000004628 devstack@g-api.service[102630]: DEBUG glance.api.middleware.version_negotiation [None req-8ff6a8c4-9822-4bcb-b24f-5090d2912970 tempest-ServerActionsTestOtherA-903343740 tempest-ServerActionsTestOtherA-903343740-project-member] Determining version of request: GET /v2/images/53ec8bcd-d65c-4dc8-afa5-cc69f020121d Accept: application/json {{(pid=102630) process_request /opt/stack/glance/glance/api/middleware/version_negotiation.py:44}}
Jul 06 08:31:51.005008 np0000004628 devstack@g-api.service[102630]: DEBUG glance.api.middleware.version_negotiation [None req-8ff6a8c4-9822-4bcb-b24f-5090d2912970 tempest-ServerActionsTestOtherA-903343740 tempest-ServerActionsTestOtherA-903343740-project-member] Using url versioning {{(pid=102630) process_request /opt/stack/glance/glance/api/middleware/version_negotiation.py:57}}
Jul 06 08:31:51.005161 np0000004628 devstack@g-api.service[102630]: DEBUG glance.api.middleware.version_negotiation [None req-8ff6a8c4-9822-4bcb-b24f-5090d2912970 tempest-ServerActionsTestOtherA-903343740 tempest-ServerActionsTestOtherA-903343740-project-member] Matched version: v2 {{(pid=102630) process_request /opt/stack/glance/glance/api/middleware/version_negotiation.py:69}}
Jul 06 08:31:51.005329 np0000004628 devstack@g-api.service[102630]: DEBUG glance.api.middleware.version_negotiation [None req-8ff6a8c4-9822-4bcb-b24f-5090d2912970 tempest-ServerActionsTestOtherA-903343740 tempest-ServerActionsTestOtherA-903343740-project-member] new path /v2/images/53ec8bcd-d65c-4dc8-afa5-cc69f020121d {{(pid=102630) process_request /opt/stack/glance/glance/api/middleware/version_negotiation.py:70}}
Jul 06 08:31:51.012671 np0000004628 devstack@g-api.service[102629]: INFO glance.api.v2.image_data [None req-1ba72581-da92-4465-9918-6e8280d97525 tempest-ServerBootFromVolumeStableRescueTest-1819498096 tempest-ServerBootFromVolumeStableRescueTest-1819498096-project-member] Unable to create trust: no such option collect_timing in group [keystone_authtoken] Use the existing user token.
Jul 06 08:31:51.028167 np0000004628 devstack@g-api.service[102630]: [pid: 102630|app: 0|req: 61/224] 127.0.0.1 () {40 vars in 838 bytes} [Mon Jul 6 08:31:51 2026] GET /v2/images/53ec8bcd-d65c-4dc8-afa5-cc69f020121d => generated 649 bytes in 23 msecs (HTTP/1.1 200) 4 headers in 157 bytes (1 switches on core 0)
Jul 06 08:31:51.642056 np0000004628 devstack@g-api.service[102628]: DEBUG glance.api.middleware.version_negotiation [None req-8ff6a8c4-9822-4bcb-b24f-5090d2912970 tempest-ServerActionsTestOtherA-903343740 tempest-ServerActionsTestOtherA-903343740-project-member] Determining version of request: GET /v2/images/a1bfa618-cda6-4d0e-8cfd-3500ccf1d837 Accept: application/json {{(pid=102628) process_request /opt/stack/glance/glance/api/middleware/version_negotiation.py:44}}
Jul 06 08:31:51.642878 np0000004628 devstack@g-api.service[102628]: DEBUG glance.api.middleware.version_negotiation [None req-8ff6a8c4-9822-4bcb-b24f-5090d2912970 tempest-ServerActionsTestOtherA-903343740 tempest-ServerActionsTestOtherA-903343740-project-member] Using url versioning {{(pid=102628) process_request /opt/stack/glance/glance/api/middleware/version_negotiation.py:57}}
Jul 06 08:31:51.642878 np0000004628 devstack@g-api.service[102628]: DEBUG glance.api.middleware.version_negotiation [None req-8ff6a8c4-9822-4bcb-b24f-5090d2912970 tempest-ServerActionsTestOtherA-903343740 tempest-ServerActionsTestOtherA-903343740-project-member] Matched version: v2 {{(pid=102628) process_request /opt/stack/glance/glance/api/middleware/version_negotiation.py:69}}
Jul 06 08:31:51.642878 np0000004628 devstack@g-api.service[102628]: DEBUG glance.api.middleware.version_negotiation [None req-8ff6a8c4-9822-4bcb-b24f-5090d2912970 tempest-ServerActionsTestOtherA-903343740 tempest-ServerActionsTestOtherA-903343740-project-member] new path /v2/images/a1bfa618-cda6-4d0e-8cfd-3500ccf1d837 {{(pid=102628) process_request /opt/stack/glance/glance/api/middleware/version_negotiation.py:70}}
Jul 06 08:31:51.646837 np0000004628 devstack@g-api.service[102631]: DEBUG swiftclient [None req-8d6801b4-4a43-4750-b523-2d7ce3338301 tempest-VolumesActionsTest-450056034 tempest-VolumesActionsTest-450056034-project-member] REQ: curl -i https://10.4.3.228:8080/v1/AUTH_81a4a47e4c91493bb926ce87d71d9b89/glance/53ec8bcd-d65c-4dc8-afa5-cc69f020121d-00004 -X PUT -H "X-Auth-Token: gAAAAABqS2fsyQf-..." {{(pid=102631) http_log /opt/stack/data/venv/lib/python3.12/site-packages/swiftclient/client.py:160}}
Jul 06 08:31:51.646837 np0000004628 devstack@g-api.service[102631]: DEBUG swiftclient [None req-8d6801b4-4a43-4750-b523-2d7ce3338301 tempest-VolumesActionsTest-450056034 tempest-VolumesActionsTest-450056034-project-member] RESP STATUS: 201 Created {{(pid=102631) http_log /opt/stack/data/venv/lib/python3.12/site-packages/swiftclient/client.py:161}}
Jul 06 08:31:51.646837 np0000004628 devstack@g-api.service[102631]: DEBUG swiftclient [None req-8d6801b4-4a43-4750-b523-2d7ce3338301 tempest-VolumesActionsTest-450056034 tempest-VolumesActionsTest-450056034-project-member] RESP HEADERS: {'Date': 'Mon, 06 Jul 2026 08:31:51 GMT', 'Server': 'Apache/2.4.58 (Ubuntu)', 'Content-Type': 'text/html; charset=UTF-8', 'Content-Length': '0', 'Etag': 'eda9a9889837ac4bc81d6387d92c1bec', 'Last-Modified': 'Mon, 06 Jul 2026 08:31:49 GMT', 'X-Trans-Id': 'tx77468c2b9c8d423abafeb-006a4b67f4', 'X-Openstack-Request-Id': 'tx77468c2b9c8d423abafeb-006a4b67f4', 'Connection': 'close'} {{(pid=102631) http_log /opt/stack/data/venv/lib/python3.12/site-packages/swiftclient/client.py:162}}
Jul 06 08:31:51.646837 np0000004628 devstack@g-api.service[102631]: DEBUG glance_store._drivers.swift.store [None req-8d6801b4-4a43-4750-b523-2d7ce3338301 tempest-VolumesActionsTest-450056034 tempest-VolumesActionsTest-450056034-project-member] Wrote chunk 53ec8bcd-d65c-4dc8-afa5-cc69f020121d-00004 (4/?) of length 204800000 to Swift returning MD5 of content: eda9a9889837ac4bc81d6387d92c1bec {{(pid=102631) add /opt/stack/data/venv/lib/python3.12/site-packages/glance_store/_drivers/swift/store.py:1059}}
Jul 06 08:31:51.662321 np0000004628 devstack@g-api.service[102628]: [pid: 102628|app: 0|req: 63/225] 127.0.0.1 () {40 vars in 838 bytes} [Mon Jul 6 08:31:51 2026] GET /v2/images/a1bfa618-cda6-4d0e-8cfd-3500ccf1d837 => generated 1470 bytes in 20 msecs (HTTP/1.1 200) 4 headers in 158 bytes (1 switches on core 0)
Jul 06 08:31:51.734920 np0000004628 devstack@g-api.service[102629]: DEBUG glance.location [None req-1ba72581-da92-4465-9918-6e8280d97525 tempest-ServerBootFromVolumeStableRescueTest-1819498096 tempest-ServerBootFromVolumeStableRescueTest-1819498096-project-member] Enabling in-flight format inspection for qcow2 {{(pid=102629) set_data /opt/stack/glance/glance/location.py:596}}
Jul 06 08:31:51.735998 np0000004628 devstack@g-api.service[102629]: DEBUG glance_store.backend [None req-1ba72581-da92-4465-9918-6e8280d97525 tempest-ServerBootFromVolumeStableRescueTest-1819498096 tempest-ServerBootFromVolumeStableRescueTest-1819498096-project-member] Attempting to import store swift {{(pid=102629) _load_store /opt/stack/data/venv/lib/python3.12/site-packages/glance_store/backend.py:215}}
Jul 06 08:31:51.737735 np0000004628 devstack@g-api.service[102629]: DEBUG glance_store.capabilities [None req-1ba72581-da92-4465-9918-6e8280d97525 tempest-ServerBootFromVolumeStableRescueTest-1819498096 tempest-ServerBootFromVolumeStableRescueTest-1819498096-project-member] Store glance_store._drivers.swift.store.SingleTenantStore doesn't support updating dynamic storage capabilities. Please overwrite 'update_capabilities' method of the store to implement updating logics if needed. {{(pid=102629) update_capabilities /opt/stack/data/venv/lib/python3.12/site-packages/glance_store/capabilities.py:91}}
Jul 06 08:31:51.737735 np0000004628 devstack@g-api.service[102629]: DEBUG glance_store.driver [None req-1ba72581-da92-4465-9918-6e8280d97525 tempest-ServerBootFromVolumeStableRescueTest-1819498096 tempest-ServerBootFromVolumeStableRescueTest-1819498096-project-member] Late loading location class glance_store._drivers.swift.store.StoreLocation {{(pid=102629) get_store_location_class /opt/stack/data/venv/lib/python3.12/site-packages/glance_store/driver.py:134}}
Jul 06 08:31:51.737735 np0000004628 devstack@g-api.service[102629]: DEBUG glance_store.location [None req-1ba72581-da92-4465-9918-6e8280d97525 tempest-ServerBootFromVolumeStableRescueTest-1819498096 tempest-ServerBootFromVolumeStableRescueTest-1819498096-project-member] Registering scheme swift+https with {'store': , 'location_class': , 'store_entry': 'swift'} {{(pid=102629) register_scheme_map /opt/stack/data/venv/lib/python3.12/site-packages/glance_store/location.py:146}}
Jul 06 08:31:51.737735 np0000004628 devstack@g-api.service[102629]: DEBUG glance_store.location [None req-1ba72581-da92-4465-9918-6e8280d97525 tempest-ServerBootFromVolumeStableRescueTest-1819498096 tempest-ServerBootFromVolumeStableRescueTest-1819498096-project-member] Registering scheme swift+https with {'store': , 'location_class': , 'store_entry': 'swift'} {{(pid=102629) register_scheme_map /opt/stack/data/venv/lib/python3.12/site-packages/glance_store/location.py:146}}
Jul 06 08:31:51.738074 np0000004628 devstack@g-api.service[102629]: DEBUG glance_store.location [None req-1ba72581-da92-4465-9918-6e8280d97525 tempest-ServerBootFromVolumeStableRescueTest-1819498096 tempest-ServerBootFromVolumeStableRescueTest-1819498096-project-member] Registering scheme swift with {'store': , 'location_class': , 'store_entry': 'swift'} {{(pid=102629) register_scheme_map /opt/stack/data/venv/lib/python3.12/site-packages/glance_store/location.py:146}}
Jul 06 08:31:51.738074 np0000004628 devstack@g-api.service[102629]: DEBUG glance_store.location [None req-1ba72581-da92-4465-9918-6e8280d97525 tempest-ServerBootFromVolumeStableRescueTest-1819498096 tempest-ServerBootFromVolumeStableRescueTest-1819498096-project-member] Registering scheme swift+https with {'store': , 'location_class': , 'store_entry': 'swift'} {{(pid=102629) register_scheme_map /opt/stack/data/venv/lib/python3.12/site-packages/glance_store/location.py:146}}
Jul 06 08:31:51.738074 np0000004628 devstack@g-api.service[102629]: DEBUG glance_store.location [None req-1ba72581-da92-4465-9918-6e8280d97525 tempest-ServerBootFromVolumeStableRescueTest-1819498096 tempest-ServerBootFromVolumeStableRescueTest-1819498096-project-member] Registering scheme swift with {'store': , 'location_class': , 'store_entry': 'swift'} {{(pid=102629) register_scheme_map /opt/stack/data/venv/lib/python3.12/site-packages/glance_store/location.py:146}}
Jul 06 08:31:51.738164 np0000004628 devstack@g-api.service[102629]: DEBUG glance_store.location [None req-1ba72581-da92-4465-9918-6e8280d97525 tempest-ServerBootFromVolumeStableRescueTest-1819498096 tempest-ServerBootFromVolumeStableRescueTest-1819498096-project-member] Registering scheme swift+http with {'store': , 'location_class': , 'store_entry': 'swift'} {{(pid=102629) register_scheme_map /opt/stack/data/venv/lib/python3.12/site-packages/glance_store/location.py:146}}
Jul 06 08:31:51.738315 np0000004628 devstack@g-api.service[102629]: DEBUG glance_store.location [None req-1ba72581-da92-4465-9918-6e8280d97525 tempest-ServerBootFromVolumeStableRescueTest-1819498096 tempest-ServerBootFromVolumeStableRescueTest-1819498096-project-member] Registering scheme swift+https with {'store': , 'location_class': , 'store_entry': 'swift'} {{(pid=102629) register_scheme_map /opt/stack/data/venv/lib/python3.12/site-packages/glance_store/location.py:146}}
Jul 06 08:31:51.738388 np0000004628 devstack@g-api.service[102629]: DEBUG glance_store.location [None req-1ba72581-da92-4465-9918-6e8280d97525 tempest-ServerBootFromVolumeStableRescueTest-1819498096 tempest-ServerBootFromVolumeStableRescueTest-1819498096-project-member] Registering scheme swift with {'store': , 'location_class': , 'store_entry': 'swift'} {{(pid=102629) register_scheme_map /opt/stack/data/venv/lib/python3.12/site-packages/glance_store/location.py:146}}
Jul 06 08:31:51.738502 np0000004628 devstack@g-api.service[102629]: DEBUG glance_store.location [None req-1ba72581-da92-4465-9918-6e8280d97525 tempest-ServerBootFromVolumeStableRescueTest-1819498096 tempest-ServerBootFromVolumeStableRescueTest-1819498096-project-member] Registering scheme swift+http with {'store': , 'location_class': , 'store_entry': 'swift'} {{(pid=102629) register_scheme_map /opt/stack/data/venv/lib/python3.12/site-packages/glance_store/location.py:146}}
Jul 06 08:31:51.738910 np0000004628 devstack@g-api.service[102629]: DEBUG glance_store.location [None req-1ba72581-da92-4465-9918-6e8280d97525 tempest-ServerBootFromVolumeStableRescueTest-1819498096 tempest-ServerBootFromVolumeStableRescueTest-1819498096-project-member] Registering scheme swift+config with {'store': , 'location_class': , 'store_entry': 'swift'} {{(pid=102629) register_scheme_map /opt/stack/data/venv/lib/python3.12/site-packages/glance_store/location.py:146}}
Jul 06 08:31:51.892128 np0000004628 devstack@g-api.service[102629]: DEBUG swiftclient [None req-1ba72581-da92-4465-9918-6e8280d97525 tempest-ServerBootFromVolumeStableRescueTest-1819498096 tempest-ServerBootFromVolumeStableRescueTest-1819498096-project-member] REQ: curl -i https://10.4.3.228:8080/v1/AUTH_81a4a47e4c91493bb926ce87d71d9b89/glance -I -H "X-Auth-Token: gAAAAABqS2f3UIxm..." {{(pid=102629) http_log /opt/stack/data/venv/lib/python3.12/site-packages/swiftclient/client.py:160}}
Jul 06 08:31:51.892306 np0000004628 devstack@g-api.service[102629]: DEBUG swiftclient [None req-1ba72581-da92-4465-9918-6e8280d97525 tempest-ServerBootFromVolumeStableRescueTest-1819498096 tempest-ServerBootFromVolumeStableRescueTest-1819498096-project-member] RESP STATUS: 204 No Content {{(pid=102629) http_log /opt/stack/data/venv/lib/python3.12/site-packages/swiftclient/client.py:161}}
Jul 06 08:31:51.893097 np0000004628 devstack@g-api.service[102629]: DEBUG swiftclient [None req-1ba72581-da92-4465-9918-6e8280d97525 tempest-ServerBootFromVolumeStableRescueTest-1819498096 tempest-ServerBootFromVolumeStableRescueTest-1819498096-project-member] RESP HEADERS: {'Date': 'Mon, 06 Jul 2026 08:31:51 GMT', 'Server': 'Apache/2.4.58 (Ubuntu)', 'Content-Type': 'text/plain; charset=utf-8', 'X-Container-Object-Count': '9', 'X-Container-Bytes-Used': '907083776', 'X-Timestamp': '1783326365.37108', 'Last-Modified': 'Mon, 06 Jul 2026 08:26:06 GMT', 'Accept-Ranges': 'bytes', 'X-Storage-Policy': 'Policy-0', 'X-Container-Sharding': 'False', 'Vary': 'Accept', 'X-Trans-Id': 'tx181163cb649143cdb56eb-006a4b67f7', 'X-Openstack-Request-Id': 'tx181163cb649143cdb56eb-006a4b67f7', 'Connection': 'close'} {{(pid=102629) http_log /opt/stack/data/venv/lib/python3.12/site-packages/swiftclient/client.py:162}}
Jul 06 08:31:51.893097 np0000004628 devstack@g-api.service[102629]: DEBUG glance_store._drivers.swift.store [None req-1ba72581-da92-4465-9918-6e8280d97525 tempest-ServerBootFromVolumeStableRescueTest-1819498096 tempest-ServerBootFromVolumeStableRescueTest-1819498096-project-member] Adding image object 'a1bfa618-cda6-4d0e-8cfd-3500ccf1d837' to Swift {{(pid=102629) add /opt/stack/data/venv/lib/python3.12/site-packages/glance_store/_drivers/swift/store.py:970}}
Jul 06 08:31:51.893097 np0000004628 devstack@g-api.service[102629]: DEBUG glance_store._drivers.swift.store [None req-1ba72581-da92-4465-9918-6e8280d97525 tempest-ServerBootFromVolumeStableRescueTest-1819498096 tempest-ServerBootFromVolumeStableRescueTest-1819498096-project-member] Cannot determine image size because it is either not provided in the request or chunked-transfer encoding is used. Adding image as a segmented object to Swift. {{(pid=102629) add /opt/stack/data/venv/lib/python3.12/site-packages/glance_store/_drivers/swift/store.py:994}}
Jul 06 08:31:51.902119 np0000004628 devstack@g-api.service[102629]: DEBUG oslo_utils.imageutils.format_inspector [None req-1ba72581-da92-4465-9918-6e8280d97525 tempest-ServerBootFromVolumeStableRescueTest-1819498096 tempest-ServerBootFromVolumeStableRescueTest-1819498096-project-member] Format inspector for vmdk does not match, excluding from consideration (Signature KDMV not found: b'QFI\xfb') {{(pid=102629) _process_chunk /opt/stack/data/venv/lib/python3.12/site-packages/oslo_utils/imageutils/format_inspector.py:1758}}
Jul 06 08:31:51.906884 np0000004628 devstack@g-api.service[102629]: DEBUG oslo_utils.imageutils.format_inspector [None req-1ba72581-da92-4465-9918-6e8280d97525 tempest-ServerBootFromVolumeStableRescueTest-1819498096 tempest-ServerBootFromVolumeStableRescueTest-1819498096-project-member] Format inspector for vhdx does not match, excluding from consideration (Region signature not found at 30000) {{(pid=102629) _process_chunk /opt/stack/data/venv/lib/python3.12/site-packages/oslo_utils/imageutils/format_inspector.py:1758}}
Jul 06 08:31:52.049586 np0000004628 devstack@g-api.service[102630]: DEBUG glance.api.middleware.version_negotiation [None req-6d7b1522-b006-4456-8afa-35b2dd25928c tempest-VolumesActionsTest-450056034 tempest-VolumesActionsTest-450056034-project-member] Determining version of request: GET /v2/images/53ec8bcd-d65c-4dc8-afa5-cc69f020121d Accept: application/json {{(pid=102630) process_request /opt/stack/glance/glance/api/middleware/version_negotiation.py:44}}
Jul 06 08:31:52.050279 np0000004628 devstack@g-api.service[102630]: DEBUG glance.api.middleware.version_negotiation [None req-6d7b1522-b006-4456-8afa-35b2dd25928c tempest-VolumesActionsTest-450056034 tempest-VolumesActionsTest-450056034-project-member] Using url versioning {{(pid=102630) process_request /opt/stack/glance/glance/api/middleware/version_negotiation.py:57}}
Jul 06 08:31:52.050742 np0000004628 devstack@g-api.service[102630]: DEBUG glance.api.middleware.version_negotiation [None req-6d7b1522-b006-4456-8afa-35b2dd25928c tempest-VolumesActionsTest-450056034 tempest-VolumesActionsTest-450056034-project-member] Matched version: v2 {{(pid=102630) process_request /opt/stack/glance/glance/api/middleware/version_negotiation.py:69}}
Jul 06 08:31:52.050742 np0000004628 devstack@g-api.service[102630]: DEBUG glance.api.middleware.version_negotiation [None req-6d7b1522-b006-4456-8afa-35b2dd25928c tempest-VolumesActionsTest-450056034 tempest-VolumesActionsTest-450056034-project-member] new path /v2/images/53ec8bcd-d65c-4dc8-afa5-cc69f020121d {{(pid=102630) process_request /opt/stack/glance/glance/api/middleware/version_negotiation.py:70}}
Jul 06 08:31:52.068081 np0000004628 devstack@g-api.service[102630]: [pid: 102630|app: 0|req: 62/226] 127.0.0.1 () {40 vars in 838 bytes} [Mon Jul 6 08:31:52 2026] GET /v2/images/53ec8bcd-d65c-4dc8-afa5-cc69f020121d => generated 649 bytes in 19 msecs (HTTP/1.1 200) 4 headers in 157 bytes (1 switches on core 0)
Jul 06 08:31:52.181212 np0000004628 devstack@g-api.service[102629]: DEBUG swiftclient [None req-1ba72581-da92-4465-9918-6e8280d97525 tempest-ServerBootFromVolumeStableRescueTest-1819498096 tempest-ServerBootFromVolumeStableRescueTest-1819498096-project-member] REQ: curl -i https://10.4.3.228:8080/v1/AUTH_81a4a47e4c91493bb926ce87d71d9b89/glance/a1bfa618-cda6-4d0e-8cfd-3500ccf1d837-00001 -X PUT -H "X-Auth-Token: gAAAAABqS2f3UIxm..." {{(pid=102629) http_log /opt/stack/data/venv/lib/python3.12/site-packages/swiftclient/client.py:160}}
Jul 06 08:31:52.181776 np0000004628 devstack@g-api.service[102629]: DEBUG swiftclient [None req-1ba72581-da92-4465-9918-6e8280d97525 tempest-ServerBootFromVolumeStableRescueTest-1819498096 tempest-ServerBootFromVolumeStableRescueTest-1819498096-project-member] RESP STATUS: 201 Created {{(pid=102629) http_log /opt/stack/data/venv/lib/python3.12/site-packages/swiftclient/client.py:161}}
Jul 06 08:31:52.181776 np0000004628 devstack@g-api.service[102629]: DEBUG swiftclient [None req-1ba72581-da92-4465-9918-6e8280d97525 tempest-ServerBootFromVolumeStableRescueTest-1819498096 tempest-ServerBootFromVolumeStableRescueTest-1819498096-project-member] RESP HEADERS: {'Date': 'Mon, 06 Jul 2026 08:31:52 GMT', 'Server': 'Apache/2.4.58 (Ubuntu)', 'Content-Type': 'text/html; charset=UTF-8', 'Content-Length': '0', 'Etag': '4fa343ee581d8d2e78533191fd1ac3e1', 'Last-Modified': 'Mon, 06 Jul 2026 08:31:52 GMT', 'X-Trans-Id': 'tx2323972472574534a11d7-006a4b67f7', 'X-Openstack-Request-Id': 'tx2323972472574534a11d7-006a4b67f7', 'Connection': 'close'} {{(pid=102629) http_log /opt/stack/data/venv/lib/python3.12/site-packages/swiftclient/client.py:162}}
Jul 06 08:31:52.181776 np0000004628 devstack@g-api.service[102629]: DEBUG glance_store._drivers.swift.store [None req-1ba72581-da92-4465-9918-6e8280d97525 tempest-ServerBootFromVolumeStableRescueTest-1819498096 tempest-ServerBootFromVolumeStableRescueTest-1819498096-project-member] Wrote chunk a1bfa618-cda6-4d0e-8cfd-3500ccf1d837-00001 (1/?) of length 23527424 to Swift returning MD5 of content: 4fa343ee581d8d2e78533191fd1ac3e1 {{(pid=102629) add /opt/stack/data/venv/lib/python3.12/site-packages/glance_store/_drivers/swift/store.py:1059}}
Jul 06 08:31:52.182127 np0000004628 devstack@g-api.service[102629]: DEBUG glance_store._drivers.swift.store [None req-1ba72581-da92-4465-9918-6e8280d97525 tempest-ServerBootFromVolumeStableRescueTest-1819498096 tempest-ServerBootFromVolumeStableRescueTest-1819498096-project-member] Not writing zero-length chunk. {{(pid=102629) add /opt/stack/data/venv/lib/python3.12/site-packages/glance_store/_drivers/swift/store.py:1028}}
Jul 06 08:31:52.215743 np0000004628 devstack@g-api.service[102629]: DEBUG swiftclient [None req-1ba72581-da92-4465-9918-6e8280d97525 tempest-ServerBootFromVolumeStableRescueTest-1819498096 tempest-ServerBootFromVolumeStableRescueTest-1819498096-project-member] REQ: curl -i https://10.4.3.228:8080/v1/AUTH_81a4a47e4c91493bb926ce87d71d9b89/glance/a1bfa618-cda6-4d0e-8cfd-3500ccf1d837 -X PUT -H "X-Object-Manifest: glance/a1bfa618-cda6-4d0e-8cfd-3500ccf1d837-" -H "X-Auth-Token: gAAAAABqS2f3UIxm..." -H "Content-Length: 0" {{(pid=102629) http_log /opt/stack/data/venv/lib/python3.12/site-packages/swiftclient/client.py:160}}
Jul 06 08:31:52.216005 np0000004628 devstack@g-api.service[102629]: DEBUG swiftclient [None req-1ba72581-da92-4465-9918-6e8280d97525 tempest-ServerBootFromVolumeStableRescueTest-1819498096 tempest-ServerBootFromVolumeStableRescueTest-1819498096-project-member] RESP STATUS: 201 Created {{(pid=102629) http_log /opt/stack/data/venv/lib/python3.12/site-packages/swiftclient/client.py:161}}
Jul 06 08:31:52.216160 np0000004628 devstack@g-api.service[102629]: DEBUG swiftclient [None req-1ba72581-da92-4465-9918-6e8280d97525 tempest-ServerBootFromVolumeStableRescueTest-1819498096 tempest-ServerBootFromVolumeStableRescueTest-1819498096-project-member] RESP HEADERS: {'Date': 'Mon, 06 Jul 2026 08:31:52 GMT', 'Server': 'Apache/2.4.58 (Ubuntu)', 'Content-Type': 'text/html; charset=UTF-8', 'Content-Length': '0', 'Etag': 'd41d8cd98f00b204e9800998ecf8427e', 'Last-Modified': 'Mon, 06 Jul 2026 08:31:53 GMT', 'X-Trans-Id': 'txd41358f40b514ca58d2f3-006a4b67f8', 'X-Openstack-Request-Id': 'txd41358f40b514ca58d2f3-006a4b67f8', 'Connection': 'close'} {{(pid=102629) http_log /opt/stack/data/venv/lib/python3.12/site-packages/swiftclient/client.py:162}}
Jul 06 08:31:52.216667 np0000004628 devstack@g-api.service[102629]: INFO glance.location [None req-1ba72581-da92-4465-9918-6e8280d97525 tempest-ServerBootFromVolumeStableRescueTest-1819498096 tempest-ServerBootFromVolumeStableRescueTest-1819498096-project-member] Image format matched and virtual size computed: 1073741824
Jul 06 08:31:52.277306 np0000004628 devstack@g-api.service[102629]: DEBUG glance_store.backend [None req-1ba72581-da92-4465-9918-6e8280d97525 tempest-ServerBootFromVolumeStableRescueTest-1819498096 tempest-ServerBootFromVolumeStableRescueTest-1819498096-project-member] Attempting to import store swift {{(pid=102629) _load_store /opt/stack/data/venv/lib/python3.12/site-packages/glance_store/backend.py:215}}
Jul 06 08:31:52.280124 np0000004628 devstack@g-api.service[102629]: DEBUG glance_store.capabilities [None req-1ba72581-da92-4465-9918-6e8280d97525 tempest-ServerBootFromVolumeStableRescueTest-1819498096 tempest-ServerBootFromVolumeStableRescueTest-1819498096-project-member] Store glance_store._drivers.swift.store.SingleTenantStore doesn't support updating dynamic storage capabilities. Please overwrite 'update_capabilities' method of the store to implement updating logics if needed. {{(pid=102629) update_capabilities /opt/stack/data/venv/lib/python3.12/site-packages/glance_store/capabilities.py:91}}
Jul 06 08:31:52.280124 np0000004628 devstack@g-api.service[102629]: DEBUG glance_store.driver [None req-1ba72581-da92-4465-9918-6e8280d97525 tempest-ServerBootFromVolumeStableRescueTest-1819498096 tempest-ServerBootFromVolumeStableRescueTest-1819498096-project-member] Late loading location class glance_store._drivers.swift.store.StoreLocation {{(pid=102629) get_store_location_class /opt/stack/data/venv/lib/python3.12/site-packages/glance_store/driver.py:134}}
Jul 06 08:31:52.280124 np0000004628 devstack@g-api.service[102629]: DEBUG glance_store.location [None req-1ba72581-da92-4465-9918-6e8280d97525 tempest-ServerBootFromVolumeStableRescueTest-1819498096 tempest-ServerBootFromVolumeStableRescueTest-1819498096-project-member] Registering scheme swift+https with {'store': , 'location_class': , 'store_entry': 'swift'} {{(pid=102629) register_scheme_map /opt/stack/data/venv/lib/python3.12/site-packages/glance_store/location.py:146}}
Jul 06 08:31:52.280124 np0000004628 devstack@g-api.service[102629]: DEBUG glance_store.location [None req-1ba72581-da92-4465-9918-6e8280d97525 tempest-ServerBootFromVolumeStableRescueTest-1819498096 tempest-ServerBootFromVolumeStableRescueTest-1819498096-project-member] Registering scheme swift+https with {'store': , 'location_class': , 'store_entry': 'swift'} {{(pid=102629) register_scheme_map /opt/stack/data/venv/lib/python3.12/site-packages/glance_store/location.py:146}}
Jul 06 08:31:52.280124 np0000004628 devstack@g-api.service[102629]: DEBUG glance_store.location [None req-1ba72581-da92-4465-9918-6e8280d97525 tempest-ServerBootFromVolumeStableRescueTest-1819498096 tempest-ServerBootFromVolumeStableRescueTest-1819498096-project-member] Registering scheme swift with {'store': , 'location_class': , 'store_entry': 'swift'} {{(pid=102629) register_scheme_map /opt/stack/data/venv/lib/python3.12/site-packages/glance_store/location.py:146}}
Jul 06 08:31:52.280124 np0000004628 devstack@g-api.service[102629]: DEBUG glance_store.location [None req-1ba72581-da92-4465-9918-6e8280d97525 tempest-ServerBootFromVolumeStableRescueTest-1819498096 tempest-ServerBootFromVolumeStableRescueTest-1819498096-project-member] Registering scheme swift+https with {'store': , 'location_class': , 'store_entry': 'swift'} {{(pid=102629) register_scheme_map /opt/stack/data/venv/lib/python3.12/site-packages/glance_store/location.py:146}}
Jul 06 08:31:52.280124 np0000004628 devstack@g-api.service[102629]: DEBUG glance_store.location [None req-1ba72581-da92-4465-9918-6e8280d97525 tempest-ServerBootFromVolumeStableRescueTest-1819498096 tempest-ServerBootFromVolumeStableRescueTest-1819498096-project-member] Registering scheme swift with {'store': , 'location_class': , 'store_entry': 'swift'} {{(pid=102629) register_scheme_map /opt/stack/data/venv/lib/python3.12/site-packages/glance_store/location.py:146}}
Jul 06 08:31:52.280662 np0000004628 devstack@g-api.service[102629]: DEBUG glance_store.location [None req-1ba72581-da92-4465-9918-6e8280d97525 tempest-ServerBootFromVolumeStableRescueTest-1819498096 tempest-ServerBootFromVolumeStableRescueTest-1819498096-project-member] Registering scheme swift+http with {'store': , 'location_class': , 'store_entry': 'swift'} {{(pid=102629) register_scheme_map /opt/stack/data/venv/lib/python3.12/site-packages/glance_store/location.py:146}}
Jul 06 08:31:52.280662 np0000004628 devstack@g-api.service[102629]: DEBUG glance_store.location [None req-1ba72581-da92-4465-9918-6e8280d97525 tempest-ServerBootFromVolumeStableRescueTest-1819498096 tempest-ServerBootFromVolumeStableRescueTest-1819498096-project-member] Registering scheme swift+https with {'store': , 'location_class': , 'store_entry': 'swift'} {{(pid=102629) register_scheme_map /opt/stack/data/venv/lib/python3.12/site-packages/glance_store/location.py:146}}
Jul 06 08:31:52.280662 np0000004628 devstack@g-api.service[102629]: DEBUG glance_store.location [None req-1ba72581-da92-4465-9918-6e8280d97525 tempest-ServerBootFromVolumeStableRescueTest-1819498096 tempest-ServerBootFromVolumeStableRescueTest-1819498096-project-member] Registering scheme swift with {'store': , 'location_class': , 'store_entry': 'swift'} {{(pid=102629) register_scheme_map /opt/stack/data/venv/lib/python3.12/site-packages/glance_store/location.py:146}}
Jul 06 08:31:52.280855 np0000004628 devstack@g-api.service[102629]: DEBUG glance_store.location [None req-1ba72581-da92-4465-9918-6e8280d97525 tempest-ServerBootFromVolumeStableRescueTest-1819498096 tempest-ServerBootFromVolumeStableRescueTest-1819498096-project-member] Registering scheme swift+http with {'store': , 'location_class': , 'store_entry': 'swift'} {{(pid=102629) register_scheme_map /opt/stack/data/venv/lib/python3.12/site-packages/glance_store/location.py:146}}
Jul 06 08:31:52.280855 np0000004628 devstack@g-api.service[102629]: DEBUG glance_store.location [None req-1ba72581-da92-4465-9918-6e8280d97525 tempest-ServerBootFromVolumeStableRescueTest-1819498096 tempest-ServerBootFromVolumeStableRescueTest-1819498096-project-member] Registering scheme swift+config with {'store': , 'location_class': , 'store_entry': 'swift'} {{(pid=102629) register_scheme_map /opt/stack/data/venv/lib/python3.12/site-packages/glance_store/location.py:146}}
Jul 06 08:31:52.280970 np0000004628 devstack@g-api.service[102629]: DEBUG glance_store.backend [None req-1ba72581-da92-4465-9918-6e8280d97525 tempest-ServerBootFromVolumeStableRescueTest-1819498096 tempest-ServerBootFromVolumeStableRescueTest-1819498096-project-member] Skipping store.set_acls... not implemented. {{(pid=102629) set_acls /opt/stack/data/venv/lib/python3.12/site-packages/glance_store/backend.py:507}}
Jul 06 08:31:52.284651 np0000004628 devstack@g-api.service[102629]: [pid: 102629|app: 0|req: 58/227] 127.0.0.1 () {46 vars in 1158 bytes} [Mon Jul 6 08:31:50 2026] PUT /v2/images/a1bfa618-cda6-4d0e-8cfd-3500ccf1d837/file => generated 0 bytes in 2232 msecs (HTTP/1.1 204) 4 headers in 171 bytes (1 switches on core 0)
Jul 06 08:31:52.338485 np0000004628 devstack@g-api.service[102628]: DEBUG glance.api.middleware.version_negotiation [None req-18ce7095-1fda-428a-a234-f4538325e7c6 tempest-ServerBootFromVolumeStableRescueTest-1819498096 tempest-ServerBootFromVolumeStableRescueTest-1819498096-project-member] Determining version of request: GET /v2/images/a1bfa618-cda6-4d0e-8cfd-3500ccf1d837 Accept: */* {{(pid=102628) process_request /opt/stack/glance/glance/api/middleware/version_negotiation.py:44}}
Jul 06 08:31:52.338865 np0000004628 devstack@g-api.service[102628]: DEBUG glance.api.middleware.version_negotiation [None req-18ce7095-1fda-428a-a234-f4538325e7c6 tempest-ServerBootFromVolumeStableRescueTest-1819498096 tempest-ServerBootFromVolumeStableRescueTest-1819498096-project-member] Using url versioning {{(pid=102628) process_request /opt/stack/glance/glance/api/middleware/version_negotiation.py:57}}
Jul 06 08:31:52.338865 np0000004628 devstack@g-api.service[102628]: DEBUG glance.api.middleware.version_negotiation [None req-18ce7095-1fda-428a-a234-f4538325e7c6 tempest-ServerBootFromVolumeStableRescueTest-1819498096 tempest-ServerBootFromVolumeStableRescueTest-1819498096-project-member] Matched version: v2 {{(pid=102628) process_request /opt/stack/glance/glance/api/middleware/version_negotiation.py:69}}
Jul 06 08:31:52.338865 np0000004628 devstack@g-api.service[102628]: DEBUG glance.api.middleware.version_negotiation [None req-18ce7095-1fda-428a-a234-f4538325e7c6 tempest-ServerBootFromVolumeStableRescueTest-1819498096 tempest-ServerBootFromVolumeStableRescueTest-1819498096-project-member] new path /v2/images/a1bfa618-cda6-4d0e-8cfd-3500ccf1d837 {{(pid=102628) process_request /opt/stack/glance/glance/api/middleware/version_negotiation.py:70}}
Jul 06 08:31:52.367234 np0000004628 devstack@g-api.service[102628]: [pid: 102628|app: 0|req: 64/228] 127.0.0.1 () {44 vars in 1115 bytes} [Mon Jul 6 08:31:52 2026] GET /v2/images/a1bfa618-cda6-4d0e-8cfd-3500ccf1d837 => generated 1640 bytes in 29 msecs (HTTP/1.1 200) 4 headers in 158 bytes (1 switches on core 0)
Jul 06 08:31:52.425311 np0000004628 devstack@g-api.service[102630]: DEBUG glance.api.middleware.version_negotiation [None req-ee2e9f3d-6675-42a0-97b1-97aa0d7ee095 tempest-VolumesActionsTest-450056034 tempest-VolumesActionsTest-450056034-project-member] Determining version of request: GET /v2/schemas/image Accept: */* {{(pid=102630) process_request /opt/stack/glance/glance/api/middleware/version_negotiation.py:44}}
Jul 06 08:31:52.425503 np0000004628 devstack@g-api.service[102630]: DEBUG glance.api.middleware.version_negotiation [None req-ee2e9f3d-6675-42a0-97b1-97aa0d7ee095 tempest-VolumesActionsTest-450056034 tempest-VolumesActionsTest-450056034-project-member] Using url versioning {{(pid=102630) process_request /opt/stack/glance/glance/api/middleware/version_negotiation.py:57}}
Jul 06 08:31:52.425791 np0000004628 devstack@g-api.service[102630]: DEBUG glance.api.middleware.version_negotiation [None req-ee2e9f3d-6675-42a0-97b1-97aa0d7ee095 tempest-VolumesActionsTest-450056034 tempest-VolumesActionsTest-450056034-project-member] Matched version: v2 {{(pid=102630) process_request /opt/stack/glance/glance/api/middleware/version_negotiation.py:69}}
Jul 06 08:31:52.426062 np0000004628 devstack@g-api.service[102630]: DEBUG glance.api.middleware.version_negotiation [None req-ee2e9f3d-6675-42a0-97b1-97aa0d7ee095 tempest-VolumesActionsTest-450056034 tempest-VolumesActionsTest-450056034-project-member] new path /v2/schemas/image {{(pid=102630) process_request /opt/stack/glance/glance/api/middleware/version_negotiation.py:70}}
Jul 06 08:31:52.429330 np0000004628 devstack@g-api.service[102630]: [pid: 102630|app: 0|req: 63/229] 127.0.0.1 () {44 vars in 1055 bytes} [Mon Jul 6 08:31:52 2026] GET /v2/schemas/image => generated 6083 bytes in 5 msecs (HTTP/1.1 200) 4 headers in 158 bytes (1 switches on core 0)
Jul 06 08:31:52.677185 np0000004628 devstack@g-api.service[102629]: DEBUG glance.api.middleware.version_negotiation [None req-1ba72581-da92-4465-9918-6e8280d97525 tempest-ServerBootFromVolumeStableRescueTest-1819498096 tempest-ServerBootFromVolumeStableRescueTest-1819498096-project-member] Determining version of request: GET /v2/images/a1bfa618-cda6-4d0e-8cfd-3500ccf1d837 Accept: application/json {{(pid=102629) process_request /opt/stack/glance/glance/api/middleware/version_negotiation.py:44}}
Jul 06 08:31:52.677185 np0000004628 devstack@g-api.service[102629]: DEBUG glance.api.middleware.version_negotiation [None req-1ba72581-da92-4465-9918-6e8280d97525 tempest-ServerBootFromVolumeStableRescueTest-1819498096 tempest-ServerBootFromVolumeStableRescueTest-1819498096-project-member] Using url versioning {{(pid=102629) process_request /opt/stack/glance/glance/api/middleware/version_negotiation.py:57}}
Jul 06 08:31:52.677185 np0000004628 devstack@g-api.service[102629]: DEBUG glance.api.middleware.version_negotiation [None req-1ba72581-da92-4465-9918-6e8280d97525 tempest-ServerBootFromVolumeStableRescueTest-1819498096 tempest-ServerBootFromVolumeStableRescueTest-1819498096-project-member] Matched version: v2 {{(pid=102629) process_request /opt/stack/glance/glance/api/middleware/version_negotiation.py:69}}
Jul 06 08:31:52.677185 np0000004628 devstack@g-api.service[102629]: DEBUG glance.api.middleware.version_negotiation [None req-1ba72581-da92-4465-9918-6e8280d97525 tempest-ServerBootFromVolumeStableRescueTest-1819498096 tempest-ServerBootFromVolumeStableRescueTest-1819498096-project-member] new path /v2/images/a1bfa618-cda6-4d0e-8cfd-3500ccf1d837 {{(pid=102629) process_request /opt/stack/glance/glance/api/middleware/version_negotiation.py:70}}
Jul 06 08:31:52.692611 np0000004628 devstack@g-api.service[102629]: [pid: 102629|app: 0|req: 59/230] 127.0.0.1 () {40 vars in 838 bytes} [Mon Jul 6 08:31:52 2026] GET /v2/images/a1bfa618-cda6-4d0e-8cfd-3500ccf1d837 => generated 1640 bytes in 16 msecs (HTTP/1.1 200) 4 headers in 158 bytes (1 switches on core 0)
Jul 06 08:31:52.707375 np0000004628 devstack@g-api.service[102628]: DEBUG glance.api.middleware.version_negotiation [None req-1ba72581-da92-4465-9918-6e8280d97525 tempest-ServerBootFromVolumeStableRescueTest-1819498096 tempest-ServerBootFromVolumeStableRescueTest-1819498096-project-member] Determining version of request: GET /v2/images/a1bfa618-cda6-4d0e-8cfd-3500ccf1d837 Accept: application/json {{(pid=102628) process_request /opt/stack/glance/glance/api/middleware/version_negotiation.py:44}}
Jul 06 08:31:52.710049 np0000004628 devstack@g-api.service[102628]: DEBUG glance.api.middleware.version_negotiation [None req-1ba72581-da92-4465-9918-6e8280d97525 tempest-ServerBootFromVolumeStableRescueTest-1819498096 tempest-ServerBootFromVolumeStableRescueTest-1819498096-project-member] Using url versioning {{(pid=102628) process_request /opt/stack/glance/glance/api/middleware/version_negotiation.py:57}}
Jul 06 08:31:52.710049 np0000004628 devstack@g-api.service[102628]: DEBUG glance.api.middleware.version_negotiation [None req-1ba72581-da92-4465-9918-6e8280d97525 tempest-ServerBootFromVolumeStableRescueTest-1819498096 tempest-ServerBootFromVolumeStableRescueTest-1819498096-project-member] Matched version: v2 {{(pid=102628) process_request /opt/stack/glance/glance/api/middleware/version_negotiation.py:69}}
Jul 06 08:31:52.710049 np0000004628 devstack@g-api.service[102628]: DEBUG glance.api.middleware.version_negotiation [None req-1ba72581-da92-4465-9918-6e8280d97525 tempest-ServerBootFromVolumeStableRescueTest-1819498096 tempest-ServerBootFromVolumeStableRescueTest-1819498096-project-member] new path /v2/images/a1bfa618-cda6-4d0e-8cfd-3500ccf1d837 {{(pid=102628) process_request /opt/stack/glance/glance/api/middleware/version_negotiation.py:70}}
Jul 06 08:31:52.736431 np0000004628 devstack@g-api.service[102628]: [pid: 102628|app: 0|req: 65/231] 127.0.0.1 () {40 vars in 838 bytes} [Mon Jul 6 08:31:52 2026] GET /v2/images/a1bfa618-cda6-4d0e-8cfd-3500ccf1d837 => generated 1640 bytes in 29 msecs (HTTP/1.1 200) 4 headers in 158 bytes (1 switches on core 0)
Jul 06 08:31:53.079868 np0000004628 devstack@g-api.service[102630]: DEBUG glance.api.middleware.version_negotiation [None req-1ba72581-da92-4465-9918-6e8280d97525 tempest-ServerBootFromVolumeStableRescueTest-1819498096 tempest-ServerBootFromVolumeStableRescueTest-1819498096-project-member] Determining version of request: GET /v2/images/53ec8bcd-d65c-4dc8-afa5-cc69f020121d Accept: application/json {{(pid=102630) process_request /opt/stack/glance/glance/api/middleware/version_negotiation.py:44}}
Jul 06 08:31:53.080371 np0000004628 devstack@g-api.service[102630]: DEBUG glance.api.middleware.version_negotiation [None req-1ba72581-da92-4465-9918-6e8280d97525 tempest-ServerBootFromVolumeStableRescueTest-1819498096 tempest-ServerBootFromVolumeStableRescueTest-1819498096-project-member] Using url versioning {{(pid=102630) process_request /opt/stack/glance/glance/api/middleware/version_negotiation.py:57}}
Jul 06 08:31:53.080371 np0000004628 devstack@g-api.service[102630]: DEBUG glance.api.middleware.version_negotiation [None req-1ba72581-da92-4465-9918-6e8280d97525 tempest-ServerBootFromVolumeStableRescueTest-1819498096 tempest-ServerBootFromVolumeStableRescueTest-1819498096-project-member] Matched version: v2 {{(pid=102630) process_request /opt/stack/glance/glance/api/middleware/version_negotiation.py:69}}
Jul 06 08:31:53.082036 np0000004628 devstack@g-api.service[102630]: DEBUG glance.api.middleware.version_negotiation [None req-1ba72581-da92-4465-9918-6e8280d97525 tempest-ServerBootFromVolumeStableRescueTest-1819498096 tempest-ServerBootFromVolumeStableRescueTest-1819498096-project-member] new path /v2/images/53ec8bcd-d65c-4dc8-afa5-cc69f020121d {{(pid=102630) process_request /opt/stack/glance/glance/api/middleware/version_negotiation.py:70}}
Jul 06 08:31:53.097988 np0000004628 devstack@g-api.service[102630]: [pid: 102630|app: 0|req: 64/232] 127.0.0.1 () {40 vars in 838 bytes} [Mon Jul 6 08:31:53 2026] GET /v2/images/53ec8bcd-d65c-4dc8-afa5-cc69f020121d => generated 649 bytes in 18 msecs (HTTP/1.1 200) 4 headers in 157 bytes (1 switches on core 0)
Jul 06 08:31:53.501912 np0000004628 devstack@g-api.service[102629]: DEBUG glance.api.middleware.version_negotiation [None req-179fe1b0-9c2a-4a9b-95f9-2ee7a82e5e12 tempest-ServerBootFromVolumeStableRescueTest-1819498096 tempest-ServerBootFromVolumeStableRescueTest-1819498096-project-member] Determining version of request: GET /v2/images/c8baf4fa-49db-45de-a7b8-5f21c32d1625 Accept: */* {{(pid=102629) process_request /opt/stack/glance/glance/api/middleware/version_negotiation.py:44}}
Jul 06 08:31:53.501912 np0000004628 devstack@g-api.service[102629]: DEBUG glance.api.middleware.version_negotiation [None req-179fe1b0-9c2a-4a9b-95f9-2ee7a82e5e12 tempest-ServerBootFromVolumeStableRescueTest-1819498096 tempest-ServerBootFromVolumeStableRescueTest-1819498096-project-member] Using url versioning {{(pid=102629) process_request /opt/stack/glance/glance/api/middleware/version_negotiation.py:57}}
Jul 06 08:31:53.501912 np0000004628 devstack@g-api.service[102629]: DEBUG glance.api.middleware.version_negotiation [None req-179fe1b0-9c2a-4a9b-95f9-2ee7a82e5e12 tempest-ServerBootFromVolumeStableRescueTest-1819498096 tempest-ServerBootFromVolumeStableRescueTest-1819498096-project-member] Matched version: v2 {{(pid=102629) process_request /opt/stack/glance/glance/api/middleware/version_negotiation.py:69}}
Jul 06 08:31:53.501912 np0000004628 devstack@g-api.service[102629]: DEBUG glance.api.middleware.version_negotiation [None req-179fe1b0-9c2a-4a9b-95f9-2ee7a82e5e12 tempest-ServerBootFromVolumeStableRescueTest-1819498096 tempest-ServerBootFromVolumeStableRescueTest-1819498096-project-member] new path /v2/images/c8baf4fa-49db-45de-a7b8-5f21c32d1625 {{(pid=102629) process_request /opt/stack/glance/glance/api/middleware/version_negotiation.py:70}}
Jul 06 08:31:53.525497 np0000004628 devstack@g-api.service[102629]: [pid: 102629|app: 0|req: 60/233] 127.0.0.1 () {44 vars in 1115 bytes} [Mon Jul 6 08:31:53 2026] GET /v2/images/c8baf4fa-49db-45de-a7b8-5f21c32d1625 => generated 1044 bytes in 26 msecs (HTTP/1.1 200) 4 headers in 158 bytes (1 switches on core 0)
Jul 06 08:31:53.576987 np0000004628 devstack@g-api.service[102628]: DEBUG glance.api.middleware.version_negotiation [None req-ac6065fb-5fce-44ce-b45b-5fbabf51efa9 tempest-ServerBootFromVolumeStableRescueTest-1819498096 tempest-ServerBootFromVolumeStableRescueTest-1819498096-project-member] Determining version of request: GET /v2/schemas/image Accept: */* {{(pid=102628) process_request /opt/stack/glance/glance/api/middleware/version_negotiation.py:44}}
