Jun 04 08:52:48.339725 np0000002117 devstack@g-api.service[98879]: DEBUG glance.common.config [None req-486be34d-fe91-49cd-a5d6-73981a58b929 None None] database.db_retry_interval = 1 {{(pid=98879) log_opt_values /opt/stack/data/venv/lib/python3.12/site-packages/oslo_config/cfg.py:3256}}
Jun 04 08:52:48.339758 np0000002117 devstack@g-api.service[98880]: DEBUG glance.common.config [None req-5080efca-8356-4736-9c63-f57c4bd20fb3 None None] database.max_overflow = 50 {{(pid=98880) log_opt_values /opt/stack/data/venv/lib/python3.12/site-packages/oslo_config/cfg.py:3256}}
Jun 04 08:52:48.339810 np0000002117 devstack@g-api.service[98879]: DEBUG glance.common.config [None req-486be34d-fe91-49cd-a5d6-73981a58b929 None None] database.max_overflow = 50 {{(pid=98879) log_opt_values /opt/stack/data/venv/lib/python3.12/site-packages/oslo_config/cfg.py:3256}}
Jun 04 08:52:48.339878 np0000002117 devstack@g-api.service[98880]: DEBUG glance.common.config [None req-5080efca-8356-4736-9c63-f57c4bd20fb3 None None] database.max_pool_size = 5 {{(pid=98880) log_opt_values /opt/stack/data/venv/lib/python3.12/site-packages/oslo_config/cfg.py:3256}}
Jun 04 08:52:48.339921 np0000002117 devstack@g-api.service[98879]: DEBUG glance.common.config [None req-486be34d-fe91-49cd-a5d6-73981a58b929 None None] database.max_pool_size = 5 {{(pid=98879) log_opt_values /opt/stack/data/venv/lib/python3.12/site-packages/oslo_config/cfg.py:3256}}
Jun 04 08:52:48.340013 np0000002117 devstack@g-api.service[98879]: DEBUG glance.common.config [None req-486be34d-fe91-49cd-a5d6-73981a58b929 None None] database.max_retries = 10 {{(pid=98879) log_opt_values /opt/stack/data/venv/lib/python3.12/site-packages/oslo_config/cfg.py:3256}}
Jun 04 08:52:48.340063 np0000002117 devstack@g-api.service[98880]: DEBUG glance.common.config [None req-5080efca-8356-4736-9c63-f57c4bd20fb3 None None] database.max_retries = 10 {{(pid=98880) log_opt_values /opt/stack/data/venv/lib/python3.12/site-packages/oslo_config/cfg.py:3256}}
Jun 04 08:52:48.340147 np0000002117 devstack@g-api.service[98879]: DEBUG glance.common.config [None req-486be34d-fe91-49cd-a5d6-73981a58b929 None None] database.mysql_sql_mode = TRADITIONAL {{(pid=98879) log_opt_values /opt/stack/data/venv/lib/python3.12/site-packages/oslo_config/cfg.py:3256}}
Jun 04 08:52:48.340236 np0000002117 devstack@g-api.service[98880]: DEBUG glance.common.config [None req-5080efca-8356-4736-9c63-f57c4bd20fb3 None None] database.mysql_sql_mode = TRADITIONAL {{(pid=98880) log_opt_values /opt/stack/data/venv/lib/python3.12/site-packages/oslo_config/cfg.py:3256}}
Jun 04 08:52:48.340277 np0000002117 devstack@g-api.service[98879]: DEBUG glance.common.config [None req-486be34d-fe91-49cd-a5d6-73981a58b929 None None] database.mysql_wsrep_sync_wait = None {{(pid=98879) log_opt_values /opt/stack/data/venv/lib/python3.12/site-packages/oslo_config/cfg.py:3256}}
Jun 04 08:52:48.340320 np0000002117 devstack@g-api.service[98879]: DEBUG glance.common.config [None req-486be34d-fe91-49cd-a5d6-73981a58b929 None None] database.pool_timeout = None {{(pid=98879) log_opt_values /opt/stack/data/venv/lib/python3.12/site-packages/oslo_config/cfg.py:3256}}
Jun 04 08:52:48.340394 np0000002117 devstack@g-api.service[98880]: DEBUG glance.common.config [None req-5080efca-8356-4736-9c63-f57c4bd20fb3 None None] database.mysql_wsrep_sync_wait = None {{(pid=98880) log_opt_values /opt/stack/data/venv/lib/python3.12/site-packages/oslo_config/cfg.py:3256}}
Jun 04 08:52:48.340439 np0000002117 devstack@g-api.service[98879]: DEBUG glance.common.config [None req-486be34d-fe91-49cd-a5d6-73981a58b929 None None] database.retry_interval = 10 {{(pid=98879) log_opt_values /opt/stack/data/venv/lib/python3.12/site-packages/oslo_config/cfg.py:3256}}
Jun 04 08:52:48.340480 np0000002117 devstack@g-api.service[98879]: DEBUG glance.common.config [None req-486be34d-fe91-49cd-a5d6-73981a58b929 None None] database.slave_connection = **** {{(pid=98879) log_opt_values /opt/stack/data/venv/lib/python3.12/site-packages/oslo_config/cfg.py:3256}}
Jun 04 08:52:48.340549 np0000002117 devstack@g-api.service[98880]: DEBUG glance.common.config [None req-5080efca-8356-4736-9c63-f57c4bd20fb3 None None] database.pool_timeout = None {{(pid=98880) log_opt_values /opt/stack/data/venv/lib/python3.12/site-packages/oslo_config/cfg.py:3256}}
Jun 04 08:52:48.340577 np0000002117 devstack@g-api.service[98879]: DEBUG glance.common.config [None req-486be34d-fe91-49cd-a5d6-73981a58b929 None None] database.sqlite_synchronous = True {{(pid=98879) log_opt_values /opt/stack/data/venv/lib/python3.12/site-packages/oslo_config/cfg.py:3256}}
Jun 04 08:52:48.340642 np0000002117 devstack@g-api.service[98879]: DEBUG glance.common.config [None req-486be34d-fe91-49cd-a5d6-73981a58b929 None None] database.synchronous_reader = True {{(pid=98879) log_opt_values /opt/stack/data/venv/lib/python3.12/site-packages/oslo_config/cfg.py:3256}}
Jun 04 08:52:48.340710 np0000002117 devstack@g-api.service[98880]: DEBUG glance.common.config [None req-5080efca-8356-4736-9c63-f57c4bd20fb3 None None] database.retry_interval = 10 {{(pid=98880) log_opt_values /opt/stack/data/venv/lib/python3.12/site-packages/oslo_config/cfg.py:3256}}
Jun 04 08:52:48.340745 np0000002117 devstack@g-api.service[98879]: DEBUG glance.common.config [None req-486be34d-fe91-49cd-a5d6-73981a58b929 None None] database.use_db_reconnect = False {{(pid=98879) log_opt_values /opt/stack/data/venv/lib/python3.12/site-packages/oslo_config/cfg.py:3256}}
Jun 04 08:52:48.340823 np0000002117 devstack@g-api.service[98879]: DEBUG glance.common.config [None req-486be34d-fe91-49cd-a5d6-73981a58b929 None None] healthcheck.allowed_source_ranges = [] {{(pid=98879) log_opt_values /opt/stack/data/venv/lib/python3.12/site-packages/oslo_config/cfg.py:3256}}
Jun 04 08:52:48.340868 np0000002117 devstack@g-api.service[98880]: DEBUG glance.common.config [None req-5080efca-8356-4736-9c63-f57c4bd20fb3 None None] database.slave_connection = **** {{(pid=98880) log_opt_values /opt/stack/data/venv/lib/python3.12/site-packages/oslo_config/cfg.py:3256}}
Jun 04 08:52:48.340952 np0000002117 devstack@g-api.service[98879]: DEBUG glance.common.config [None req-486be34d-fe91-49cd-a5d6-73981a58b929 None None] healthcheck.backends = ['disable_by_file'] {{(pid=98879) log_opt_values /opt/stack/data/venv/lib/python3.12/site-packages/oslo_config/cfg.py:3256}}
Jun 04 08:52:48.341025 np0000002117 devstack@g-api.service[98880]: DEBUG glance.common.config [None req-5080efca-8356-4736-9c63-f57c4bd20fb3 None None] database.sqlite_synchronous = True {{(pid=98880) log_opt_values /opt/stack/data/venv/lib/python3.12/site-packages/oslo_config/cfg.py:3256}}
Jun 04 08:52:48.341070 np0000002117 devstack@g-api.service[98879]: DEBUG glance.common.config [None req-486be34d-fe91-49cd-a5d6-73981a58b929 None None] healthcheck.detailed = False {{(pid=98879) log_opt_values /opt/stack/data/venv/lib/python3.12/site-packages/oslo_config/cfg.py:3256}}
Jun 04 08:52:48.341157 np0000002117 devstack@g-api.service[98879]: DEBUG glance.common.config [None req-486be34d-fe91-49cd-a5d6-73981a58b929 None None] healthcheck.disable_by_file_path = None {{(pid=98879) log_opt_values /opt/stack/data/venv/lib/python3.12/site-packages/oslo_config/cfg.py:3256}}
Jun 04 08:52:48.341233 np0000002117 devstack@g-api.service[98880]: DEBUG glance.common.config [None req-5080efca-8356-4736-9c63-f57c4bd20fb3 None None] database.synchronous_reader = True {{(pid=98880) log_opt_values /opt/stack/data/venv/lib/python3.12/site-packages/oslo_config/cfg.py:3256}}
Jun 04 08:52:48.341267 np0000002117 devstack@g-api.service[98879]: DEBUG glance.common.config [None req-486be34d-fe91-49cd-a5d6-73981a58b929 None None] healthcheck.ignore_proxied_requests = False {{(pid=98879) log_opt_values /opt/stack/data/venv/lib/python3.12/site-packages/oslo_config/cfg.py:3256}}
Jun 04 08:52:48.341293 np0000002117 devstack@g-api.service[98879]: DEBUG glance.common.config [None req-486be34d-fe91-49cd-a5d6-73981a58b929 None None] ******************************************************************************** {{(pid=98879) log_opt_values /opt/stack/data/venv/lib/python3.12/site-packages/oslo_config/cfg.py:3263}}
Jun 04 08:52:48.341397 np0000002117 devstack@g-api.service[98880]: DEBUG glance.common.config [None req-5080efca-8356-4736-9c63-f57c4bd20fb3 None None] database.use_db_reconnect = False {{(pid=98880) log_opt_values /opt/stack/data/venv/lib/python3.12/site-packages/oslo_config/cfg.py:3256}}
Jun 04 08:52:48.341431 np0000002117 devstack@g-api.service[98879]: WSGI app 0 (mountpoint='') ready in 3 seconds on interpreter 0x704caa2a3668 pid: 98879 (default app)
Jun 04 08:52:48.341570 np0000002117 devstack@g-api.service[98880]: DEBUG glance.common.config [None req-5080efca-8356-4736-9c63-f57c4bd20fb3 None None] healthcheck.allowed_source_ranges = [] {{(pid=98880) log_opt_values /opt/stack/data/venv/lib/python3.12/site-packages/oslo_config/cfg.py:3256}}
Jun 04 08:52:48.341714 np0000002117 devstack@g-api.service[98880]: DEBUG glance.common.config [None req-5080efca-8356-4736-9c63-f57c4bd20fb3 None None] healthcheck.backends = ['disable_by_file'] {{(pid=98880) log_opt_values /opt/stack/data/venv/lib/python3.12/site-packages/oslo_config/cfg.py:3256}}
Jun 04 08:52:48.341837 np0000002117 devstack@g-api.service[98880]: DEBUG glance.common.config [None req-5080efca-8356-4736-9c63-f57c4bd20fb3 None None] healthcheck.detailed = False {{(pid=98880) log_opt_values /opt/stack/data/venv/lib/python3.12/site-packages/oslo_config/cfg.py:3256}}
Jun 04 08:52:48.341926 np0000002117 devstack@g-api.service[98879]: DEBUG glance.api.middleware.version_negotiation [None req-486be34d-fe91-49cd-a5d6-73981a58b929 None None] Determining version of request: GET / Accept: */* {{(pid=98879) process_request /opt/stack/glance/glance/api/middleware/version_negotiation.py:44}}
Jun 04 08:52:48.341962 np0000002117 devstack@g-api.service[98880]: DEBUG glance.common.config [None req-5080efca-8356-4736-9c63-f57c4bd20fb3 None None] healthcheck.disable_by_file_path = None {{(pid=98880) log_opt_values /opt/stack/data/venv/lib/python3.12/site-packages/oslo_config/cfg.py:3256}}
Jun 04 08:52:48.342026 np0000002117 devstack@g-api.service[98880]: DEBUG glance.common.config [None req-5080efca-8356-4736-9c63-f57c4bd20fb3 None None] healthcheck.ignore_proxied_requests = False {{(pid=98880) log_opt_values /opt/stack/data/venv/lib/python3.12/site-packages/oslo_config/cfg.py:3256}}
Jun 04 08:52:48.342069 np0000002117 devstack@g-api.service[98879]: DEBUG glance.api.middleware.version_negotiation [None req-486be34d-fe91-49cd-a5d6-73981a58b929 None None] Using url versioning {{(pid=98879) process_request /opt/stack/glance/glance/api/middleware/version_negotiation.py:57}}
Jun 04 08:52:48.342108 np0000002117 devstack@g-api.service[98880]: DEBUG glance.common.config [None req-5080efca-8356-4736-9c63-f57c4bd20fb3 None None] ******************************************************************************** {{(pid=98880) log_opt_values /opt/stack/data/venv/lib/python3.12/site-packages/oslo_config/cfg.py:3263}}
Jun 04 08:52:48.342214 np0000002117 devstack@g-api.service[98880]: WSGI app 0 (mountpoint='') ready in 3 seconds on interpreter 0x704caa2a3668 pid: 98880 (default app)
Jun 04 08:52:48.342248 np0000002117 devstack@g-api.service[98879]: DEBUG glance.api.middleware.version_negotiation [None req-486be34d-fe91-49cd-a5d6-73981a58b929 None None] Unknown version. Returning version choices. {{(pid=98879) process_request /opt/stack/glance/glance/api/middleware/version_negotiation.py:64}}
Jun 04 08:52:48.343080 np0000002117 devstack@g-api.service[98879]: [pid: 98879|app: 0|req: 1/1] 127.0.0.1 () {34 vars in 451 bytes} [Thu Jun 4 08:52:48 2026] GET / => generated 1394 bytes in 1 msecs (HTTP/1.1 300) 3 headers in 106 bytes (1 switches on core 0)
Jun 04 08:52:50.435798 np0000002117 devstack@g-api.service[98880]: DEBUG glance.api.middleware.version_negotiation [None req-5080efca-8356-4736-9c63-f57c4bd20fb3 None None] Determining version of request: GET / Accept: application/json {{(pid=98880) process_request /opt/stack/glance/glance/api/middleware/version_negotiation.py:44}}
Jun 04 08:52:50.436242 np0000002117 devstack@g-api.service[98880]: DEBUG glance.api.middleware.version_negotiation [None req-5080efca-8356-4736-9c63-f57c4bd20fb3 None None] Using url versioning {{(pid=98880) process_request /opt/stack/glance/glance/api/middleware/version_negotiation.py:57}}
Jun 04 08:52:50.436242 np0000002117 devstack@g-api.service[98880]: DEBUG glance.api.middleware.version_negotiation [None req-5080efca-8356-4736-9c63-f57c4bd20fb3 None None] Unknown version. Returning version choices. {{(pid=98880) process_request /opt/stack/glance/glance/api/middleware/version_negotiation.py:64}}
Jun 04 08:52:50.436862 np0000002117 devstack@g-api.service[98880]: [pid: 98880|app: 0|req: 1/2] 127.0.0.1 () {36 vars in 569 bytes} [Thu Jun 4 08:52:50 2026] GET / => generated 1394 bytes in 1 msecs (HTTP/1.1 300) 3 headers in 106 bytes (1 switches on core 0)
Jun 04 08:52:50.448325 np0000002117 devstack@g-api.service[98879]: DEBUG glance.api.middleware.version_negotiation [None req-486be34d-fe91-49cd-a5d6-73981a58b929 None None] Determining version of request: POST /v2/images Accept: */* {{(pid=98879) process_request /opt/stack/glance/glance/api/middleware/version_negotiation.py:44}}
Jun 04 08:52:50.448700 np0000002117 devstack@g-api.service[98879]: DEBUG glance.api.middleware.version_negotiation [None req-486be34d-fe91-49cd-a5d6-73981a58b929 None None] Using url versioning {{(pid=98879) process_request /opt/stack/glance/glance/api/middleware/version_negotiation.py:57}}
Jun 04 08:52:50.448786 np0000002117 devstack@g-api.service[98879]: DEBUG glance.api.middleware.version_negotiation [None req-486be34d-fe91-49cd-a5d6-73981a58b929 None None] Matched version: v2 {{(pid=98879) process_request /opt/stack/glance/glance/api/middleware/version_negotiation.py:69}}
Jun 04 08:52:50.448935 np0000002117 devstack@g-api.service[98879]: DEBUG glance.api.middleware.version_negotiation [None req-486be34d-fe91-49cd-a5d6-73981a58b929 None None] new path /v2/images {{(pid=98879) process_request /opt/stack/glance/glance/api/middleware/version_negotiation.py:70}}
Jun 04 08:52:51.432993 np0000002117 devstack@g-api.service[98879]: [pid: 98879|app: 0|req: 2/3] 127.0.0.1 () {42 vars in 832 bytes} [Thu Jun 4 08:52:50 2026] POST /v2/images => generated 807 bytes in 985 msecs (HTTP/1.1 201) 6 headers in 315 bytes (1 switches on core 0)
Jun 04 08:52:51.443299 np0000002117 devstack@g-api.service[98880]: DEBUG glance.api.middleware.version_negotiation [None req-5080efca-8356-4736-9c63-f57c4bd20fb3 None None] Determining version of request: PUT /v2/images/14df6d5c-8f13-4f82-859c-c535a403069b/stage Accept: {{(pid=98880) process_request /opt/stack/glance/glance/api/middleware/version_negotiation.py:44}}
Jun 04 08:52:51.443675 np0000002117 devstack@g-api.service[98880]: DEBUG glance.api.middleware.version_negotiation [None req-5080efca-8356-4736-9c63-f57c4bd20fb3 None None] Using url versioning {{(pid=98880) process_request /opt/stack/glance/glance/api/middleware/version_negotiation.py:57}}
Jun 04 08:52:51.444532 np0000002117 devstack@g-api.service[98880]: DEBUG glance.api.middleware.version_negotiation [None req-5080efca-8356-4736-9c63-f57c4bd20fb3 None None] Matched version: v2 {{(pid=98880) process_request /opt/stack/glance/glance/api/middleware/version_negotiation.py:69}}
Jun 04 08:52:51.444532 np0000002117 devstack@g-api.service[98880]: DEBUG glance.api.middleware.version_negotiation [None req-5080efca-8356-4736-9c63-f57c4bd20fb3 None None] new path /v2/images/14df6d5c-8f13-4f82-859c-c535a403069b/stage {{(pid=98880) process_request /opt/stack/glance/glance/api/middleware/version_negotiation.py:70}}
Jun 04 08:52:52.020256 np0000002117 devstack@g-api.service[98880]: DEBUG glance_store.backend [None req-cde23c08-9eaf-4ab0-91fb-436c725043bd admin admin] Attempting to import store cinder {{(pid=98880) _load_store /opt/stack/data/venv/lib/python3.12/site-packages/glance_store/backend.py:215}}
Jun 04 08:52:52.020430 np0000002117 devstack@g-api.service[98880]: DEBUG glance_store.backend [None req-cde23c08-9eaf-4ab0-91fb-436c725043bd admin admin] Attempting to import store file {{(pid=98880) _load_store /opt/stack/data/venv/lib/python3.12/site-packages/glance_store/backend.py:215}}
Jun 04 08:52:52.020482 np0000002117 devstack@g-api.service[98880]: DEBUG glance_store.backend [None req-cde23c08-9eaf-4ab0-91fb-436c725043bd admin admin] Attempting to import store glance.store.cinder.Store {{(pid=98880) _load_store /opt/stack/data/venv/lib/python3.12/site-packages/glance_store/backend.py:215}}
Jun 04 08:52:52.020532 np0000002117 devstack@g-api.service[98880]: DEBUG glance_store.backend [None req-cde23c08-9eaf-4ab0-91fb-436c725043bd admin admin] Attempting to import store glance.store.filesystem.Store {{(pid=98880) _load_store /opt/stack/data/venv/lib/python3.12/site-packages/glance_store/backend.py:215}}
Jun 04 08:52:52.020638 np0000002117 devstack@g-api.service[98880]: DEBUG glance_store.backend [None req-cde23c08-9eaf-4ab0-91fb-436c725043bd admin admin] Attempting to import store glance.store.http.Store {{(pid=98880) _load_store /opt/stack/data/venv/lib/python3.12/site-packages/glance_store/backend.py:215}}
Jun 04 08:52:52.020724 np0000002117 devstack@g-api.service[98880]: DEBUG glance_store.backend [None req-cde23c08-9eaf-4ab0-91fb-436c725043bd admin admin] Attempting to import store glance.store.rbd.Store {{(pid=98880) _load_store /opt/stack/data/venv/lib/python3.12/site-packages/glance_store/backend.py:215}}
Jun 04 08:52:52.020814 np0000002117 devstack@g-api.service[98880]: DEBUG glance_store.backend [None req-cde23c08-9eaf-4ab0-91fb-436c725043bd admin admin] Attempting to import store glance.store.s3.Store {{(pid=98880) _load_store /opt/stack/data/venv/lib/python3.12/site-packages/glance_store/backend.py:215}}
Jun 04 08:52:52.020915 np0000002117 devstack@g-api.service[98880]: DEBUG glance_store.backend [None req-cde23c08-9eaf-4ab0-91fb-436c725043bd admin admin] Attempting to import store glance.store.swift.Store {{(pid=98880) _load_store /opt/stack/data/venv/lib/python3.12/site-packages/glance_store/backend.py:215}}
Jun 04 08:52:52.021004 np0000002117 devstack@g-api.service[98880]: DEBUG glance_store.backend [None req-cde23c08-9eaf-4ab0-91fb-436c725043bd admin admin] Attempting to import store glance.store.vmware_datastore.Store {{(pid=98880) _load_store /opt/stack/data/venv/lib/python3.12/site-packages/glance_store/backend.py:215}}
Jun 04 08:52:52.021111 np0000002117 devstack@g-api.service[98880]: DEBUG glance_store.backend [None req-cde23c08-9eaf-4ab0-91fb-436c725043bd admin admin] Attempting to import store http {{(pid=98880) _load_store /opt/stack/data/venv/lib/python3.12/site-packages/glance_store/backend.py:215}}
Jun 04 08:52:52.021201 np0000002117 devstack@g-api.service[98880]: DEBUG glance_store.backend [None req-cde23c08-9eaf-4ab0-91fb-436c725043bd admin admin] Attempting to import store no_conf {{(pid=98880) _load_store /opt/stack/data/venv/lib/python3.12/site-packages/glance_store/backend.py:215}}
Jun 04 08:52:52.021291 np0000002117 devstack@g-api.service[98880]: DEBUG glance_store.backend [None req-cde23c08-9eaf-4ab0-91fb-436c725043bd admin admin] Attempting to import store rbd {{(pid=98880) _load_store /opt/stack/data/venv/lib/python3.12/site-packages/glance_store/backend.py:215}}
Jun 04 08:52:52.021376 np0000002117 devstack@g-api.service[98880]: DEBUG glance_store.backend [None req-cde23c08-9eaf-4ab0-91fb-436c725043bd admin admin] Attempting to import store s3 {{(pid=98880) _load_store /opt/stack/data/venv/lib/python3.12/site-packages/glance_store/backend.py:215}}
Jun 04 08:52:52.021460 np0000002117 devstack@g-api.service[98880]: DEBUG glance_store.backend [None req-cde23c08-9eaf-4ab0-91fb-436c725043bd admin admin] Attempting to import store swift {{(pid=98880) _load_store /opt/stack/data/venv/lib/python3.12/site-packages/glance_store/backend.py:215}}
Jun 04 08:52:52.021544 np0000002117 devstack@g-api.service[98880]: DEBUG glance_store.backend [None req-cde23c08-9eaf-4ab0-91fb-436c725043bd admin admin] Attempting to import store vmware {{(pid=98880) _load_store /opt/stack/data/venv/lib/python3.12/site-packages/glance_store/backend.py:215}}
Jun 04 08:52:52.021633 np0000002117 devstack@g-api.service[98880]: DEBUG glance_store.backend [None req-cde23c08-9eaf-4ab0-91fb-436c725043bd admin admin] Registering options for group glance_store {{(pid=98880) register_opts /opt/stack/data/venv/lib/python3.12/site-packages/glance_store/backend.py:144}}
Jun 04 08:52:52.021728 np0000002117 devstack@g-api.service[98880]: DEBUG glance_store.backend [None req-cde23c08-9eaf-4ab0-91fb-436c725043bd admin admin] Registering options for group glance_store {{(pid=98880) register_opts /opt/stack/data/venv/lib/python3.12/site-packages/glance_store/backend.py:144}}
Jun 04 08:52:52.022053 np0000002117 devstack@g-api.service[98880]: DEBUG glance_store.backend [None req-cde23c08-9eaf-4ab0-91fb-436c725043bd admin admin] Attempting to import store file {{(pid=98880) _load_store /opt/stack/data/venv/lib/python3.12/site-packages/glance_store/backend.py:215}}
Jun 04 08:52:52.022380 np0000002117 devstack@g-api.service[98880]: INFO glance_store._drivers.filesystem [None req-cde23c08-9eaf-4ab0-91fb-436c725043bd admin admin] Directory to write image files does not exist (/tmp/staging/). Creating.
Jun 04 08:52:52.022583 np0000002117 devstack@g-api.service[98880]: DEBUG glance_store.capabilities [None req-cde23c08-9eaf-4ab0-91fb-436c725043bd admin admin] Store glance_store._drivers.filesystem.Store doesn't support updating dynamic storage capabilities. Please overwrite 'update_capabilities' method of the store to implement updating logics if needed. {{(pid=98880) update_capabilities /opt/stack/data/venv/lib/python3.12/site-packages/glance_store/capabilities.py:91}}
Jun 04 08:52:52.621113 np0000002117 devstack@g-api.service[98880]: DEBUG glance_store._drivers.filesystem [None req-cde23c08-9eaf-4ab0-91fb-436c725043bd admin admin] Wrote 21430272 bytes to /tmp/staging/14df6d5c-8f13-4f82-859c-c535a403069b with checksum c8fc807773e5354afe61636071771906 and multihash c8fc807773e5354afe61636071771906 {{(pid=98880) add /opt/stack/data/venv/lib/python3.12/site-packages/glance_store/_drivers/filesystem.py:899}}
Jun 04 08:52:52.638818 np0000002117 devstack@g-api.service[98880]: [pid: 98880|app: 0|req: 2/4] 127.0.0.1 () {42 vars in 927 bytes} [Thu Jun 4 08:52:51 2026] PUT /v2/images/14df6d5c-8f13-4f82-859c-c535a403069b/stage => generated 0 bytes in 1196 msecs (HTTP/1.1 204) 4 headers in 171 bytes (1 switches on core 0)
Jun 04 08:52:52.647024 np0000002117 devstack@g-api.service[98879]: DEBUG glance.api.middleware.version_negotiation [None req-ac22b4a0-7e6e-4e73-bbe8-4a7b4e5a5dfd admin admin] Determining version of request: POST /v2/images/14df6d5c-8f13-4f82-859c-c535a403069b/import Accept: */* {{(pid=98879) process_request /opt/stack/glance/glance/api/middleware/version_negotiation.py:44}}
Jun 04 08:52:52.647405 np0000002117 devstack@g-api.service[98879]: DEBUG glance.api.middleware.version_negotiation [None req-ac22b4a0-7e6e-4e73-bbe8-4a7b4e5a5dfd admin admin] Using url versioning {{(pid=98879) process_request /opt/stack/glance/glance/api/middleware/version_negotiation.py:57}}
Jun 04 08:52:52.647405 np0000002117 devstack@g-api.service[98879]: DEBUG glance.api.middleware.version_negotiation [None req-ac22b4a0-7e6e-4e73-bbe8-4a7b4e5a5dfd admin admin] Matched version: v2 {{(pid=98879) process_request /opt/stack/glance/glance/api/middleware/version_negotiation.py:69}}
Jun 04 08:52:52.647405 np0000002117 devstack@g-api.service[98879]: DEBUG glance.api.middleware.version_negotiation [None req-ac22b4a0-7e6e-4e73-bbe8-4a7b4e5a5dfd admin admin] new path /v2/images/14df6d5c-8f13-4f82-859c-c535a403069b/import {{(pid=98879) process_request /opt/stack/glance/glance/api/middleware/version_negotiation.py:70}}
Jun 04 08:52:53.079673 np0000002117 devstack@g-api.service[98879]: DEBUG glance.domain [None req-59d06f0a-2721-44e0-a8ae-35c8394c7dbb admin admin] Loading taskflow executor {{(pid=98879) new_task_executor /opt/stack/glance/glance/domain/__init__.py:530}}
Jun 04 08:52:53.256762 np0000002117 devstack@g-api.service[98879]: DEBUG oslo_concurrency.lockutils [None req-59d06f0a-2721-44e0-a8ae-35c8394c7dbb admin admin] Acquiring lock "tasks_pool" by "glance.api.common.memoize..memoizer_wrapper..memoizer" {{(pid=98879) inner /opt/stack/data/venv/lib/python3.12/site-packages/oslo_concurrency/lockutils.py:511}}
Jun 04 08:52:53.256943 np0000002117 devstack@g-api.service[98879]: DEBUG oslo_concurrency.lockutils [None req-59d06f0a-2721-44e0-a8ae-35c8394c7dbb admin admin] Lock "tasks_pool" acquired by "glance.api.common.memoize..memoizer_wrapper..memoizer" :: waited 0.000s {{(pid=98879) inner /opt/stack/data/venv/lib/python3.12/site-packages/oslo_concurrency/lockutils.py:524}}
Jun 04 08:52:53.257567 np0000002117 devstack@g-api.service[98879]: DEBUG glance.api.common [None req-59d06f0a-2721-44e0-a8ae-35c8394c7dbb admin admin] Initializing named threadpool 'tasks_pool' {{(pid=98879) _get_thread_pool /opt/stack/glance/glance/api/common.py:242}}
Jun 04 08:52:53.257730 np0000002117 devstack@g-api.service[98879]: DEBUG glance.async_ [None req-59d06f0a-2721-44e0-a8ae-35c8394c7dbb admin admin] Creating threadpool model 'ThreadPoolExecutor' with size 16 {{(pid=98879) __init__ /opt/stack/glance/glance/async_/__init__.py:100}}
Jun 04 08:52:53.257960 np0000002117 devstack@g-api.service[98879]: DEBUG oslo_concurrency.lockutils [None req-59d06f0a-2721-44e0-a8ae-35c8394c7dbb admin admin] Lock "tasks_pool" "released" by "glance.api.common.memoize..memoizer_wrapper..memoizer" :: held 0.001s {{(pid=98879) inner /opt/stack/data/venv/lib/python3.12/site-packages/oslo_concurrency/lockutils.py:543}}
Jun 04 08:52:53.258144 np0000002117 devstack@g-api.service[98879]: DEBUG glance.async_ [None req-59d06f0a-2721-44e0-a8ae-35c8394c7dbb admin admin] Spawning with ThreadPoolExecutor: >((,), {}) {{(pid=98879) spawn /opt/stack/glance/glance/async_/__init__.py:106}}
Jun 04 08:52:53.260336 np0000002117 devstack@g-api.service[98879]: [pid: 98879|app: 0|req: 3/5] 127.0.0.1 () {42 vars in 919 bytes} [Thu Jun 4 08:52:52 2026] POST /v2/images/14df6d5c-8f13-4f82-859c-c535a403069b/import => generated 0 bytes in 613 msecs (HTTP/1.1 202) 4 headers in 169 bytes (1 switches on core 0)
Jun 04 08:52:53.262856 np0000002117 devstack@g-api.service[98879]: INFO glance.domain [-] Task [04c657f9-8296-4e35-8b27-1e3e97dde35f] status changing from pending to processing
Jun 04 08:52:53.269469 np0000002117 devstack@g-api.service[98880]: DEBUG glance.api.middleware.version_negotiation [None req-cde23c08-9eaf-4ab0-91fb-436c725043bd admin admin] Determining version of request: GET /v2/images/14df6d5c-8f13-4f82-859c-c535a403069b Accept: */* {{(pid=98880) process_request /opt/stack/glance/glance/api/middleware/version_negotiation.py:44}}
Jun 04 08:52:53.269623 np0000002117 devstack@g-api.service[98880]: DEBUG glance.api.middleware.version_negotiation [None req-cde23c08-9eaf-4ab0-91fb-436c725043bd admin admin] Using url versioning {{(pid=98880) process_request /opt/stack/glance/glance/api/middleware/version_negotiation.py:57}}
Jun 04 08:52:53.269725 np0000002117 devstack@g-api.service[98880]: DEBUG glance.api.middleware.version_negotiation [None req-cde23c08-9eaf-4ab0-91fb-436c725043bd admin admin] Matched version: v2 {{(pid=98880) process_request /opt/stack/glance/glance/api/middleware/version_negotiation.py:69}}
Jun 04 08:52:53.269805 np0000002117 devstack@g-api.service[98880]: DEBUG glance.api.middleware.version_negotiation [None req-cde23c08-9eaf-4ab0-91fb-436c725043bd admin admin] new path /v2/images/14df6d5c-8f13-4f82-859c-c535a403069b {{(pid=98880) process_request /opt/stack/glance/glance/api/middleware/version_negotiation.py:70}}
Jun 04 08:52:53.276125 np0000002117 devstack@g-api.service[98879]: DEBUG glance.async_.taskflow_executor [-] Taskflow executor picked up the execution of task ID 04c657f9-8296-4e35-8b27-1e3e97dde35f of task type api_image_import {{(pid=98879) _run /opt/stack/glance/glance/async_/taskflow_executor.py:163}}
Jun 04 08:52:53.278125 np0000002117 devstack@g-api.service[98880]: [pid: 98880|app: 0|req: 3/6] 127.0.0.1 () {38 vars in 852 bytes} [Thu Jun 4 08:52:53 2026] GET /v2/images/14df6d5c-8f13-4f82-859c-c535a403069b => generated 879 bytes in 9 msecs (HTTP/1.1 200) 4 headers in 157 bytes (1 switches on core 0)
Jun 04 08:52:53.292116 np0000002117 devstack@g-api.service[98879]: DEBUG glance_store.backend [-] Attempting to import store cinder {{(pid=98879) _load_store /opt/stack/data/venv/lib/python3.12/site-packages/glance_store/backend.py:215}}
Jun 04 08:52:53.292280 np0000002117 devstack@g-api.service[98879]: DEBUG glance_store.backend [-] Attempting to import store file {{(pid=98879) _load_store /opt/stack/data/venv/lib/python3.12/site-packages/glance_store/backend.py:215}}
Jun 04 08:52:53.292377 np0000002117 devstack@g-api.service[98879]: DEBUG glance_store.backend [-] Attempting to import store glance.store.cinder.Store {{(pid=98879) _load_store /opt/stack/data/venv/lib/python3.12/site-packages/glance_store/backend.py:215}}
Jun 04 08:52:53.292497 np0000002117 devstack@g-api.service[98879]: DEBUG glance_store.backend [-] Attempting to import store glance.store.filesystem.Store {{(pid=98879) _load_store /opt/stack/data/venv/lib/python3.12/site-packages/glance_store/backend.py:215}}
Jun 04 08:52:53.292617 np0000002117 devstack@g-api.service[98879]: DEBUG glance_store.backend [-] Attempting to import store glance.store.http.Store {{(pid=98879) _load_store /opt/stack/data/venv/lib/python3.12/site-packages/glance_store/backend.py:215}}
Jun 04 08:52:53.292730 np0000002117 devstack@g-api.service[98879]: DEBUG glance_store.backend [-] Attempting to import store glance.store.rbd.Store {{(pid=98879) _load_store /opt/stack/data/venv/lib/python3.12/site-packages/glance_store/backend.py:215}}
Jun 04 08:52:53.292848 np0000002117 devstack@g-api.service[98879]: DEBUG glance_store.backend [-] Attempting to import store glance.store.s3.Store {{(pid=98879) _load_store /opt/stack/data/venv/lib/python3.12/site-packages/glance_store/backend.py:215}}
Jun 04 08:52:53.293005 np0000002117 devstack@g-api.service[98879]: DEBUG glance_store.backend [-] Attempting to import store glance.store.swift.Store {{(pid=98879) _load_store /opt/stack/data/venv/lib/python3.12/site-packages/glance_store/backend.py:215}}
Jun 04 08:52:53.293136 np0000002117 devstack@g-api.service[98879]: DEBUG glance_store.backend [-] Attempting to import store glance.store.vmware_datastore.Store {{(pid=98879) _load_store /opt/stack/data/venv/lib/python3.12/site-packages/glance_store/backend.py:215}}
Jun 04 08:52:53.293250 np0000002117 devstack@g-api.service[98879]: DEBUG glance_store.backend [-] Attempting to import store http {{(pid=98879) _load_store /opt/stack/data/venv/lib/python3.12/site-packages/glance_store/backend.py:215}}
Jun 04 08:52:53.293330 np0000002117 devstack@g-api.service[98879]: DEBUG glance_store.backend [-] Attempting to import store no_conf {{(pid=98879) _load_store /opt/stack/data/venv/lib/python3.12/site-packages/glance_store/backend.py:215}}
Jun 04 08:52:53.293404 np0000002117 devstack@g-api.service[98879]: DEBUG glance_store.backend [-] Attempting to import store rbd {{(pid=98879) _load_store /opt/stack/data/venv/lib/python3.12/site-packages/glance_store/backend.py:215}}
Jun 04 08:52:53.293476 np0000002117 devstack@g-api.service[98879]: DEBUG glance_store.backend [-] Attempting to import store s3 {{(pid=98879) _load_store /opt/stack/data/venv/lib/python3.12/site-packages/glance_store/backend.py:215}}
Jun 04 08:52:53.293584 np0000002117 devstack@g-api.service[98879]: DEBUG glance_store.backend [-] Attempting to import store swift {{(pid=98879) _load_store /opt/stack/data/venv/lib/python3.12/site-packages/glance_store/backend.py:215}}
Jun 04 08:52:53.293690 np0000002117 devstack@g-api.service[98879]: DEBUG glance_store.backend [-] Attempting to import store vmware {{(pid=98879) _load_store /opt/stack/data/venv/lib/python3.12/site-packages/glance_store/backend.py:215}}
Jun 04 08:52:53.293824 np0000002117 devstack@g-api.service[98879]: DEBUG glance_store.backend [-] Registering options for group glance_store {{(pid=98879) register_opts /opt/stack/data/venv/lib/python3.12/site-packages/glance_store/backend.py:144}}
Jun 04 08:52:53.293961 np0000002117 devstack@g-api.service[98879]: DEBUG glance_store.backend [-] Registering options for group glance_store {{(pid=98879) register_opts /opt/stack/data/venv/lib/python3.12/site-packages/glance_store/backend.py:144}}
Jun 04 08:52:53.294448 np0000002117 devstack@g-api.service[98879]: DEBUG glance_store.backend [-] Attempting to import store file {{(pid=98879) _load_store /opt/stack/data/venv/lib/python3.12/site-packages/glance_store/backend.py:215}}
Jun 04 08:52:53.294868 np0000002117 devstack@g-api.service[98879]: DEBUG glance_store.capabilities [-] Store glance_store._drivers.filesystem.Store doesn't support updating dynamic storage capabilities. Please overwrite 'update_capabilities' method of the store to implement updating logics if needed. {{(pid=98879) update_capabilities /opt/stack/data/venv/lib/python3.12/site-packages/glance_store/capabilities.py:91}}
Jun 04 08:52:53.301840 np0000002117 devstack@g-api.service[98879]: DEBUG glance.async_.flows.api_image_import [-] Image 14df6d5c-8f13-4f82-859c-c535a403069b os_glance_importing_to_stores= {{(pid=98879) merge_store_list /opt/stack/glance/glance/async_/flows/api_image_import.py:277}}
Jun 04 08:52:53.301984 np0000002117 devstack@g-api.service[98879]: DEBUG glance.async_.flows.api_image_import [-] Image 14df6d5c-8f13-4f82-859c-c535a403069b os_glance_failed_import= {{(pid=98879) merge_store_list /opt/stack/glance/glance/async_/flows/api_image_import.py:277}}
Jun 04 08:52:53.306570 np0000002117 devstack@g-api.service[98879]: DEBUG glance.async_.flows.api_image_import [-] Image 14df6d5c-8f13-4f82-859c-c535a403069b status changing from uploading to importing {{(pid=98879) __exit__ /opt/stack/glance/glance/async_/flows/api_image_import.py:166}}
Jun 04 08:52:53.773371 np0000002117 devstack@g-api.service[98879]: DEBUG glance.async_ [-] Creating threadpool model 'ThreadPoolExecutor' with size 10 {{(pid=98879) __init__ /opt/stack/glance/glance/async_/__init__.py:100}}
Jun 04 08:52:53.795231 np0000002117 devstack@g-api.service[98879]: DEBUG glance.async_.taskflow_executor [-] Flow 'api_image_import' (48530a81-022f-45b2-af03-803535a7fb43) transitioned into state 'RUNNING' from state 'PENDING' {{(pid=98879) _flow_receiver /opt/stack/data/venv/lib/python3.12/site-packages/taskflow/listeners/logging.py:160}}
Jun 04 08:52:53.797323 np0000002117 devstack@g-api.service[98879]: DEBUG glance.async_.taskflow_executor [-] Task 'api_image_import-ImageLock-04c657f9-8296-4e35-8b27-1e3e97dde35f' (2fb0c5ce-a7d5-42dd-977f-4f94fbb2a1e0) transitioned into state 'RUNNING' from state 'PENDING' {{(pid=98879) _task_receiver /opt/stack/data/venv/lib/python3.12/site-packages/taskflow/listeners/logging.py:242}}
Jun 04 08:52:53.803191 np0000002117 devstack@g-api.service[98879]: DEBUG glance.async_.flows.api_image_import [-] Image 14df6d5c-8f13-4f82-859c-c535a403069b import task 04c657f9-8296-4e35-8b27-1e3e97dde35f lock confirmed {{(pid=98879) execute /opt/stack/glance/glance/async_/flows/api_image_import.py:477}}
Jun 04 08:52:53.803860 np0000002117 devstack@g-api.service[98879]: DEBUG glance.async_.taskflow_executor [-] Task 'api_image_import-ImageLock-04c657f9-8296-4e35-8b27-1e3e97dde35f' (2fb0c5ce-a7d5-42dd-977f-4f94fbb2a1e0) transitioned into state 'SUCCESS' from state 'RUNNING' with result 'None' {{(pid=98879) _task_receiver /opt/stack/data/venv/lib/python3.12/site-packages/taskflow/listeners/logging.py:218}}
Jun 04 08:52:53.804653 np0000002117 devstack@g-api.service[98879]: DEBUG glance.async_.taskflow_executor [-] Task 'api_image_import-ConfigureStaging-04c657f9-8296-4e35-8b27-1e3e97dde35f' (a93e34ae-6e56-4a01-9d92-80aeab82e8fe) transitioned into state 'RUNNING' from state 'PENDING' {{(pid=98879) _task_receiver /opt/stack/data/venv/lib/python3.12/site-packages/taskflow/listeners/logging.py:242}}
Jun 04 08:52:53.805737 np0000002117 devstack@g-api.service[98879]: DEBUG glance.async_.taskflow_executor [-] Task 'api_image_import-ConfigureStaging-04c657f9-8296-4e35-8b27-1e3e97dde35f' (a93e34ae-6e56-4a01-9d92-80aeab82e8fe) transitioned into state 'SUCCESS' from state 'RUNNING' with result 'file:///tmp/staging/14df6d5c-8f13-4f82-859c-c535a403069b' {{(pid=98879) _task_receiver /opt/stack/data/venv/lib/python3.12/site-packages/taskflow/listeners/logging.py:218}}
Jun 04 08:52:53.806486 np0000002117 devstack@g-api.service[98879]: DEBUG glance.async_.taskflow_executor [-] Task 'api_image_import--ImportToStore-04c657f9-8296-4e35-8b27-1e3e97dde35f' (55ee5018-0533-4f7a-9ba0-0ef6b0306d9c) transitioned into state 'RUNNING' from state 'PENDING' {{(pid=98879) _task_receiver /opt/stack/data/venv/lib/python3.12/site-packages/taskflow/listeners/logging.py:242}}
Jun 04 08:52:53.812284 np0000002117 devstack@g-api.service[98879]: INFO glance.common.scripts.image_import.main [-] Task 04c657f9-8296-4e35-8b27-1e3e97dde35f: Got image data uri file:///tmp/staging/14df6d5c-8f13-4f82-859c-c535a403069b to be imported
Jun 04 08:52:53.813512 np0000002117 devstack@g-api.service[98879]: DEBUG glance.location [-] Enabling in-flight format inspection for qcow2 {{(pid=98879) set_data /opt/stack/glance/glance/location.py:616}}
Jun 04 08:52:53.813835 np0000002117 devstack@g-api.service[98879]: DEBUG glance_store.backend [-] Attempting to import store swift {{(pid=98879) _load_store /opt/stack/data/venv/lib/python3.12/site-packages/glance_store/backend.py:215}}
Jun 04 08:52:53.815094 np0000002117 devstack@g-api.service[98879]: DEBUG glance_store.capabilities [-] Store glance_store._drivers.swift.store.SingleTenantStore doesn't support updating dynamic storage capabilities. Please overwrite 'update_capabilities' method of the store to implement updating logics if needed. {{(pid=98879) update_capabilities /opt/stack/data/venv/lib/python3.12/site-packages/glance_store/capabilities.py:91}}
Jun 04 08:52:53.815162 np0000002117 devstack@g-api.service[98879]: DEBUG glance_store.driver [-] Late loading location class glance_store._drivers.swift.store.StoreLocation {{(pid=98879) get_store_location_class /opt/stack/data/venv/lib/python3.12/site-packages/glance_store/driver.py:134}}
Jun 04 08:52:53.815255 np0000002117 devstack@g-api.service[98879]: DEBUG glance_store.location [-] Registering scheme swift+https with {'store': , 'location_class': , 'store_entry': 'swift'} {{(pid=98879) register_scheme_map /opt/stack/data/venv/lib/python3.12/site-packages/glance_store/location.py:146}}
Jun 04 08:52:53.815309 np0000002117 devstack@g-api.service[98879]: DEBUG glance_store.location [-] Registering scheme swift+https with {'store': , 'location_class': , 'store_entry': 'swift'} {{(pid=98879) register_scheme_map /opt/stack/data/venv/lib/python3.12/site-packages/glance_store/location.py:146}}
Jun 04 08:52:53.815363 np0000002117 devstack@g-api.service[98879]: DEBUG glance_store.location [-] Registering scheme swift with {'store': , 'location_class': , 'store_entry': 'swift'} {{(pid=98879) register_scheme_map /opt/stack/data/venv/lib/python3.12/site-packages/glance_store/location.py:146}}
Jun 04 08:52:53.815406 np0000002117 devstack@g-api.service[98879]: DEBUG glance_store.location [-] Registering scheme swift+https with {'store': , 'location_class': , 'store_entry': 'swift'} {{(pid=98879) register_scheme_map /opt/stack/data/venv/lib/python3.12/site-packages/glance_store/location.py:146}}
Jun 04 08:52:53.815462 np0000002117 devstack@g-api.service[98879]: DEBUG glance_store.location [-] Registering scheme swift with {'store': , 'location_class': , 'store_entry': 'swift'} {{(pid=98879) register_scheme_map /opt/stack/data/venv/lib/python3.12/site-packages/glance_store/location.py:146}}
Jun 04 08:52:53.815520 np0000002117 devstack@g-api.service[98879]: DEBUG glance_store.location [-] Registering scheme swift+http with {'store': , 'location_class': , 'store_entry': 'swift'} {{(pid=98879) register_scheme_map /opt/stack/data/venv/lib/python3.12/site-packages/glance_store/location.py:146}}
Jun 04 08:52:53.815574 np0000002117 devstack@g-api.service[98879]: DEBUG glance_store.location [-] Registering scheme swift+https with {'store': , 'location_class': , 'store_entry': 'swift'} {{(pid=98879) register_scheme_map /opt/stack/data/venv/lib/python3.12/site-packages/glance_store/location.py:146}}
Jun 04 08:52:53.815622 np0000002117 devstack@g-api.service[98879]: DEBUG glance_store.location [-] Registering scheme swift with {'store': , 'location_class': , 'store_entry': 'swift'} {{(pid=98879) register_scheme_map /opt/stack/data/venv/lib/python3.12/site-packages/glance_store/location.py:146}}
Jun 04 08:52:53.815670 np0000002117 devstack@g-api.service[98879]: DEBUG glance_store.location [-] Registering scheme swift+http with {'store': , 'location_class': , 'store_entry': 'swift'} {{(pid=98879) register_scheme_map /opt/stack/data/venv/lib/python3.12/site-packages/glance_store/location.py:146}}
Jun 04 08:52:53.815719 np0000002117 devstack@g-api.service[98879]: DEBUG glance_store.location [-] Registering scheme swift+config with {'store': , 'location_class': , 'store_entry': 'swift'} {{(pid=98879) register_scheme_map /opt/stack/data/venv/lib/python3.12/site-packages/glance_store/location.py:146}}
Jun 04 08:52:54.255173 np0000002117 devstack@g-api.service[98879]: INFO swiftclient [-] REQ: curl -i https://10.4.3.20:8080/v1/AUTH_65fe7d33295f405789ff92096209c03e/glance -I -H "X-Auth-Token: gAAAAABqITzlnqOY..."
Jun 04 08:52:54.255252 np0000002117 devstack@g-api.service[98879]: INFO swiftclient [-] RESP STATUS: 404 Not Found
Jun 04 08:52:54.255415 np0000002117 devstack@g-api.service[98879]: INFO swiftclient [-] RESP HEADERS: {'Date': 'Thu, 04 Jun 2026 08:52:54 GMT', 'Server': 'Apache/2.4.58 (Ubuntu)', 'Content-Type': 'text/html; charset=UTF-8', 'X-Trans-Id': 'tx635da67264d74d55bfaf8-006a213ce5', 'X-Openstack-Request-Id': 'tx635da67264d74d55bfaf8-006a213ce5', 'Connection': 'close'}
Jun 04 08:52:54.255668 np0000002117 devstack@g-api.service[98879]: INFO glance_store._drivers.swift.store [-] Creating swift container glance
Jun 04 08:52:54.306122 np0000002117 devstack@g-api.service[98879]: DEBUG swiftclient [-] REQ: curl -i https://10.4.3.20:8080/v1/AUTH_65fe7d33295f405789ff92096209c03e/glance -X PUT -H "X-Auth-Token: gAAAAABqITzlnqOY..." -H "Content-Length: 0" {{(pid=98879) http_log /opt/stack/data/venv/lib/python3.12/site-packages/swiftclient/client.py:160}}
Jun 04 08:52:54.306223 np0000002117 devstack@g-api.service[98879]: DEBUG swiftclient [-] RESP STATUS: 201 Created {{(pid=98879) http_log /opt/stack/data/venv/lib/python3.12/site-packages/swiftclient/client.py:161}}
Jun 04 08:52:54.306321 np0000002117 devstack@g-api.service[98879]: DEBUG swiftclient [-] RESP HEADERS: {'Date': 'Thu, 04 Jun 2026 08:52:54 GMT', 'Server': 'Apache/2.4.58 (Ubuntu)', 'Content-Type': 'text/html; charset=UTF-8', 'Content-Length': '0', 'X-Trans-Id': 'txdf833ae409a445ee83aa3-006a213ce6', 'X-Openstack-Request-Id': 'txdf833ae409a445ee83aa3-006a213ce6', 'Connection': 'close'} {{(pid=98879) http_log /opt/stack/data/venv/lib/python3.12/site-packages/swiftclient/client.py:162}}
Jun 04 08:52:54.306424 np0000002117 devstack@g-api.service[98879]: DEBUG glance_store._drivers.swift.store [-] Adding image object '14df6d5c-8f13-4f82-859c-c535a403069b' to Swift {{(pid=98879) add /opt/stack/data/venv/lib/python3.12/site-packages/glance_store/_drivers/swift/store.py:970}}
Jun 04 08:52:54.312893 np0000002117 devstack@g-api.service[98879]: DEBUG oslo_utils.imageutils.format_inspector [-] Format inspector for vmdk does not match, excluding from consideration (Signature KDMV not found: b'QFI\xfb') {{(pid=98879) _process_chunk /opt/stack/data/venv/lib/python3.12/site-packages/oslo_utils/imageutils/format_inspector.py:1758}}
Jun 04 08:52:54.318087 np0000002117 devstack@g-api.service[98879]: DEBUG oslo_utils.imageutils.format_inspector [-] Format inspector for vhdx does not match, excluding from consideration (Region signature not found at 30000) {{(pid=98879) _process_chunk /opt/stack/data/venv/lib/python3.12/site-packages/oslo_utils/imageutils/format_inspector.py:1758}}
Jun 04 08:52:54.620244 np0000002117 devstack@g-api.service[98879]: DEBUG swiftclient [-] REQ: curl -i https://10.4.3.20:8080/v1/AUTH_65fe7d33295f405789ff92096209c03e/glance/14df6d5c-8f13-4f82-859c-c535a403069b -X PUT -H "X-Auth-Token: gAAAAABqITzlnqOY..." -H "Content-Length: 21430272" {{(pid=98879) http_log /opt/stack/data/venv/lib/python3.12/site-packages/swiftclient/client.py:160}}
Jun 04 08:52:54.620315 np0000002117 devstack@g-api.service[98879]: DEBUG swiftclient [-] RESP STATUS: 201 Created {{(pid=98879) http_log /opt/stack/data/venv/lib/python3.12/site-packages/swiftclient/client.py:161}}
Jun 04 08:52:54.620397 np0000002117 devstack@g-api.service[98879]: DEBUG swiftclient [-] RESP HEADERS: {'Date': 'Thu, 04 Jun 2026 08:52:54 GMT', 'Server': 'Apache/2.4.58 (Ubuntu)', 'Content-Type': 'text/html; charset=UTF-8', 'Content-Length': '0', 'Etag': 'c8fc807773e5354afe61636071771906', 'Last-Modified': 'Thu, 04 Jun 2026 08:52:55 GMT', 'X-Trans-Id': 'tx5c0d901666934fa7a4038-006a213ce6', 'X-Openstack-Request-Id': 'tx5c0d901666934fa7a4038-006a213ce6', 'Connection': 'close'} {{(pid=98879) http_log /opt/stack/data/venv/lib/python3.12/site-packages/swiftclient/client.py:162}}
Jun 04 08:52:54.631816 np0000002117 devstack@g-api.service[98879]: INFO glance.location [-] Image format matched and virtual size computed: 117440512
Jun 04 08:52:54.637887 np0000002117 devstack@g-api.service[98879]: DEBUG glance.async_.flows.api_image_import [-] Image 14df6d5c-8f13-4f82-859c-c535a403069b status changing from importing to active {{(pid=98879) __exit__ /opt/stack/glance/glance/async_/flows/api_image_import.py:166}}
Jun 04 08:52:54.658114 np0000002117 devstack@g-api.service[98879]: DEBUG glance_store.backend [-] Attempting to import store swift {{(pid=98879) _load_store /opt/stack/data/venv/lib/python3.12/site-packages/glance_store/backend.py:215}}
Jun 04 08:52:54.659279 np0000002117 devstack@g-api.service[98879]: DEBUG glance_store.capabilities [-] Store glance_store._drivers.swift.store.SingleTenantStore doesn't support updating dynamic storage capabilities. Please overwrite 'update_capabilities' method of the store to implement updating logics if needed. {{(pid=98879) update_capabilities /opt/stack/data/venv/lib/python3.12/site-packages/glance_store/capabilities.py:91}}
Jun 04 08:52:54.659418 np0000002117 devstack@g-api.service[98879]: DEBUG glance_store.driver [-] Late loading location class glance_store._drivers.swift.store.StoreLocation {{(pid=98879) get_store_location_class /opt/stack/data/venv/lib/python3.12/site-packages/glance_store/driver.py:134}}
Jun 04 08:52:54.659418 np0000002117 devstack@g-api.service[98879]: DEBUG glance_store.location [-] Registering scheme swift+https with {'store': , 'location_class': , 'store_entry': 'swift'} {{(pid=98879) register_scheme_map /opt/stack/data/venv/lib/python3.12/site-packages/glance_store/location.py:146}}
Jun 04 08:52:54.659505 np0000002117 devstack@g-api.service[98879]: DEBUG glance_store.location [-] Registering scheme swift+https with {'store': , 'location_class': , 'store_entry': 'swift'} {{(pid=98879) register_scheme_map /opt/stack/data/venv/lib/python3.12/site-packages/glance_store/location.py:146}}
Jun 04 08:52:54.659505 np0000002117 devstack@g-api.service[98879]: DEBUG glance_store.location [-] Registering scheme swift with {'store': , 'location_class': , 'store_entry': 'swift'} {{(pid=98879) register_scheme_map /opt/stack/data/venv/lib/python3.12/site-packages/glance_store/location.py:146}}
Jun 04 08:52:54.659557 np0000002117 devstack@g-api.service[98879]: DEBUG glance_store.location [-] Registering scheme swift+https with {'store': , 'location_class': , 'store_entry': 'swift'} {{(pid=98879) register_scheme_map /opt/stack/data/venv/lib/python3.12/site-packages/glance_store/location.py:146}}
Jun 04 08:52:54.659618 np0000002117 devstack@g-api.service[98879]: DEBUG glance_store.location [-] Registering scheme swift with {'store': , 'location_class': , 'store_entry': 'swift'} {{(pid=98879) register_scheme_map /opt/stack/data/venv/lib/python3.12/site-packages/glance_store/location.py:146}}
Jun 04 08:52:54.659679 np0000002117 devstack@g-api.service[98879]: DEBUG glance_store.location [-] Registering scheme swift+http with {'store': , 'location_class': , 'store_entry': 'swift'} {{(pid=98879) register_scheme_map /opt/stack/data/venv/lib/python3.12/site-packages/glance_store/location.py:146}}
Jun 04 08:52:54.659713 np0000002117 devstack@g-api.service[98879]: DEBUG glance_store.location [-] Registering scheme swift+https with {'store': , 'location_class': , 'store_entry': 'swift'} {{(pid=98879) register_scheme_map /opt/stack/data/venv/lib/python3.12/site-packages/glance_store/location.py:146}}
Jun 04 08:52:54.659776 np0000002117 devstack@g-api.service[98879]: DEBUG glance_store.location [-] Registering scheme swift with {'store': , 'location_class': , 'store_entry': 'swift'} {{(pid=98879) register_scheme_map /opt/stack/data/venv/lib/python3.12/site-packages/glance_store/location.py:146}}
Jun 04 08:52:54.659819 np0000002117 devstack@g-api.service[98879]: DEBUG glance_store.location [-] Registering scheme swift+http with {'store': , 'location_class': , 'store_entry': 'swift'} {{(pid=98879) register_scheme_map /opt/stack/data/venv/lib/python3.12/site-packages/glance_store/location.py:146}}
