Jun 04 09:03:09.855070 np0000002117 devstack@placement-api.service[89281]: DEBUG placement.objects.research_context [req-615319fd-f632-4b14-94db-69459b475872 req-66515940-f101-4e70-92d8-0a6cb48105c2 service nova] found 1 providers after filtering by previous result {{(pid=89281) get_provider_ids_matching /opt/stack/placement/placement/objects/research_context.py:594}}
Jun 04 09:03:09.861986 np0000002117 devstack@placement-api.service[89280]: DEBUG placement.objects.allocation_candidate [req-95b1f243-8eac-4cae-bade-307dba851a5d req-e6099d21-b86a-4cd8-9f5f-36ff047d4469 service nova] RequestGroup(use_same_provider=False, resources={MEMORY_MB:192, VCPU:1}, traits=(), aggregates=[]) (suffix '') returned 1 matches {{(pid=89280) _get_by_requests /opt/stack/placement/placement/objects/allocation_candidate.py:158}}
Jun 04 09:03:09.862131 np0000002117 devstack@placement-api.service[89281]: DEBUG placement.objects.allocation_candidate [req-615319fd-f632-4b14-94db-69459b475872 req-66515940-f101-4e70-92d8-0a6cb48105c2 service nova] RequestGroup(use_same_provider=False, resources={MEMORY_MB:192, VCPU:1}, traits=(), aggregates=[]) (suffix '') returned 1 matches {{(pid=89281) _get_by_requests /opt/stack/placement/placement/objects/allocation_candidate.py:158}}
Jun 04 09:03:09.862252 np0000002117 devstack@placement-api.service[89281]: DEBUG placement.objects.allocation_candidate [req-615319fd-f632-4b14-94db-69459b475872 req-66515940-f101-4e70-92d8-0a6cb48105c2 service nova] Merging candidates yields 1 allocation requests and 1 provider summaries {{(pid=89281) _merge_candidates /opt/stack/placement/placement/objects/allocation_candidate.py:908}}
Jun 04 09:03:09.862340 np0000002117 devstack@placement-api.service[89280]: DEBUG placement.objects.allocation_candidate [req-95b1f243-8eac-4cae-bade-307dba851a5d req-e6099d21-b86a-4cd8-9f5f-36ff047d4469 service nova] Merging candidates yields 1 allocation requests and 1 provider summaries {{(pid=89280) _merge_candidates /opt/stack/placement/placement/objects/allocation_candidate.py:908}}
Jun 04 09:03:09.863499 np0000002117 devstack@placement-api.service[89281]: INFO placement.requestlog [req-615319fd-f632-4b14-94db-69459b475872 req-66515940-f101-4e70-92d8-0a6cb48105c2 service nova] 10.4.3.20 "GET /placement/allocation_candidates?limit=1000&resources=MEMORY_MB%3A192%2CVCPU%3A1&root_required=%21COMPUTE_STATUS_DISABLED" status: 200 len: 2479 microversion: 1.36
Jun 04 09:03:09.864015 np0000002117 devstack@placement-api.service[89280]: INFO placement.requestlog [req-95b1f243-8eac-4cae-bade-307dba851a5d req-e6099d21-b86a-4cd8-9f5f-36ff047d4469 service nova] 10.4.3.20 "GET /placement/allocation_candidates?limit=1000&resources=MEMORY_MB%3A192%2CVCPU%3A1&root_required=%21COMPUTE_STATUS_DISABLED" status: 200 len: 2479 microversion: 1.36
Jun 04 09:03:09.864123 np0000002117 devstack@placement-api.service[89281]: [pid: 89281|app: 0|req: 489/973] 10.4.3.20 () {68 vars in 1590 bytes} [Thu Jun 4 09:03:09 2026] GET /placement/allocation_candidates?limit=1000&resources=MEMORY_MB%3A192%2CVCPU%3A1&root_required=%21COMPUTE_STATUS_DISABLED => generated 2479 bytes in 56 msecs (HTTP/1.1 200) 8 headers in 297 bytes (1 switches on core 0)
Jun 04 09:03:09.864185 np0000002117 devstack@placement-api.service[89280]: [pid: 89280|app: 0|req: 485/974] 10.4.3.20 () {68 vars in 1590 bytes} [Thu Jun 4 09:03:09 2026] GET /placement/allocation_candidates?limit=1000&resources=MEMORY_MB%3A192%2CVCPU%3A1&root_required=%21COMPUTE_STATUS_DISABLED => generated 2479 bytes in 64 msecs (HTTP/1.1 200) 8 headers in 297 bytes (1 switches on core 0)
Jun 04 09:03:09.918795 np0000002117 devstack@placement-api.service[89281]: DEBUG placement.requestlog [req-615319fd-f632-4b14-94db-69459b475872 req-27a0c369-e6f9-487a-b311-4586c9e0d56d None None] Starting request: 10.4.3.20 "GET /placement/allocations/14ba2fe0-2da2-4ac2-b1ef-cf84bc022505" {{(pid=89281) __call__ /opt/stack/placement/placement/requestlog.py:55}}
Jun 04 09:03:09.926272 np0000002117 devstack@placement-api.service[89281]: INFO placement.requestlog [req-615319fd-f632-4b14-94db-69459b475872 req-27a0c369-e6f9-487a-b311-4586c9e0d56d service nova] 10.4.3.20 "GET /placement/allocations/14ba2fe0-2da2-4ac2-b1ef-cf84bc022505" status: 200 len: 19 microversion: 1.28
Jun 04 09:03:09.926454 np0000002117 devstack@placement-api.service[89281]: [pid: 89281|app: 0|req: 490/975] 10.4.3.20 () {68 vars in 1494 bytes} [Thu Jun 4 09:03:09 2026] GET /placement/allocations/14ba2fe0-2da2-4ac2-b1ef-cf84bc022505 => generated 19 bytes in 8 msecs (HTTP/1.1 200) 8 headers in 295 bytes (1 switches on core 0)
Jun 04 09:03:09.933421 np0000002117 devstack@placement-api.service[89280]: DEBUG placement.requestlog [req-95b1f243-8eac-4cae-bade-307dba851a5d req-2d518860-4431-4e49-b58c-86d140450ec2 None None] Starting request: 10.4.3.20 "GET /placement/allocations/6a37a983-3af1-426e-80c9-48f64fa12cfc" {{(pid=89280) __call__ /opt/stack/placement/placement/requestlog.py:55}}
Jun 04 09:03:09.942353 np0000002117 devstack@placement-api.service[89280]: INFO placement.requestlog [req-95b1f243-8eac-4cae-bade-307dba851a5d req-2d518860-4431-4e49-b58c-86d140450ec2 service nova] 10.4.3.20 "GET /placement/allocations/6a37a983-3af1-426e-80c9-48f64fa12cfc" status: 200 len: 19 microversion: 1.28
Jun 04 09:03:09.942859 np0000002117 devstack@placement-api.service[89280]: [pid: 89280|app: 0|req: 486/976] 10.4.3.20 () {68 vars in 1494 bytes} [Thu Jun 4 09:03:09 2026] GET /placement/allocations/6a37a983-3af1-426e-80c9-48f64fa12cfc => generated 19 bytes in 10 msecs (HTTP/1.1 200) 8 headers in 295 bytes (1 switches on core 0)
Jun 04 09:03:09.961073 np0000002117 devstack@placement-api.service[89281]: DEBUG placement.requestlog [req-615319fd-f632-4b14-94db-69459b475872 req-6266dbad-884d-4732-9bd7-2bb925587f8c None None] Starting request: 10.4.3.20 "PUT /placement/allocations/14ba2fe0-2da2-4ac2-b1ef-cf84bc022505" {{(pid=89281) __call__ /opt/stack/placement/placement/requestlog.py:55}}
Jun 04 09:03:09.980831 np0000002117 devstack@placement-api.service[89280]: DEBUG placement.requestlog [req-95b1f243-8eac-4cae-bade-307dba851a5d req-8dbbd0b2-6bfc-4166-b301-2dd5565a31d0 None None] Starting request: 10.4.3.20 "PUT /placement/allocations/6a37a983-3af1-426e-80c9-48f64fa12cfc" {{(pid=89280) __call__ /opt/stack/placement/placement/requestlog.py:55}}
Jun 04 09:03:09.995506 np0000002117 devstack@placement-api.service[89281]: DEBUG placement.handlers.allocation [req-615319fd-f632-4b14-94db-69459b475872 req-6266dbad-884d-4732-9bd7-2bb925587f8c service nova] Successfully wrote allocations [, ] {{(pid=89281) _update_consumers_and_create_allocations /opt/stack/placement/placement/handlers/allocation.py:462}}
Jun 04 09:03:09.998838 np0000002117 devstack@placement-api.service[89281]: INFO placement.requestlog [req-615319fd-f632-4b14-94db-69459b475872 req-6266dbad-884d-4732-9bd7-2bb925587f8c service nova] 10.4.3.20 "PUT /placement/allocations/14ba2fe0-2da2-4ac2-b1ef-cf84bc022505" status: 204 len: 0 microversion: 1.36
Jun 04 09:03:09.999117 np0000002117 devstack@placement-api.service[89281]: [pid: 89281|app: 0|req: 491/977] 10.4.3.20 () {72 vars in 1547 bytes} [Thu Jun 4 09:03:09 2026] PUT /placement/allocations/14ba2fe0-2da2-4ac2-b1ef-cf84bc022505 => generated 0 bytes in 39 msecs (HTTP/1.1 204) 5 headers in 199 bytes (1 switches on core 0)
Jun 04 09:03:10.027236 np0000002117 devstack@placement-api.service[89280]: DEBUG placement.handlers.allocation [req-95b1f243-8eac-4cae-bade-307dba851a5d req-8dbbd0b2-6bfc-4166-b301-2dd5565a31d0 service nova] Successfully wrote allocations [, ] {{(pid=89280) _update_consumers_and_create_allocations /opt/stack/placement/placement/handlers/allocation.py:462}}
Jun 04 09:03:10.032134 np0000002117 devstack@placement-api.service[89280]: INFO placement.requestlog [req-95b1f243-8eac-4cae-bade-307dba851a5d req-8dbbd0b2-6bfc-4166-b301-2dd5565a31d0 service nova] 10.4.3.20 "PUT /placement/allocations/6a37a983-3af1-426e-80c9-48f64fa12cfc" status: 204 len: 0 microversion: 1.36
Jun 04 09:03:10.032436 np0000002117 devstack@placement-api.service[89280]: [pid: 89280|app: 0|req: 487/978] 10.4.3.20 () {72 vars in 1547 bytes} [Thu Jun 4 09:03:09 2026] PUT /placement/allocations/6a37a983-3af1-426e-80c9-48f64fa12cfc => generated 0 bytes in 52 msecs (HTTP/1.1 204) 5 headers in 199 bytes (1 switches on core 0)
Jun 04 09:03:11.435963 np0000002117 devstack@placement-api.service[89281]: DEBUG placement.requestlog [req-615319fd-f632-4b14-94db-69459b475872 req-7be32be6-d72e-4f6d-88c2-855f54eaa403 None None] Starting request: 10.4.3.20 "GET /placement/allocations/14ba2fe0-2da2-4ac2-b1ef-cf84bc022505" {{(pid=89281) __call__ /opt/stack/placement/placement/requestlog.py:55}}
Jun 04 09:03:11.446665 np0000002117 devstack@placement-api.service[89281]: INFO placement.requestlog [req-615319fd-f632-4b14-94db-69459b475872 req-7be32be6-d72e-4f6d-88c2-855f54eaa403 service nova] 10.4.3.20 "GET /placement/allocations/14ba2fe0-2da2-4ac2-b1ef-cf84bc022505" status: 200 len: 244 microversion: 1.28
Jun 04 09:03:11.446665 np0000002117 devstack@placement-api.service[89281]: [pid: 89281|app: 0|req: 492/979] 10.4.3.20 () {68 vars in 1492 bytes} [Thu Jun 4 09:03:11 2026] GET /placement/allocations/14ba2fe0-2da2-4ac2-b1ef-cf84bc022505 => generated 244 bytes in 12 msecs (HTTP/1.1 200) 8 headers in 296 bytes (1 switches on core 0)
Jun 04 09:03:11.465062 np0000002117 devstack@placement-api.service[89280]: DEBUG placement.requestlog [req-95b1f243-8eac-4cae-bade-307dba851a5d req-31a891f3-cea7-479b-8761-d7dd56ebf33d None None] Starting request: 10.4.3.20 "GET /placement/allocations/6a37a983-3af1-426e-80c9-48f64fa12cfc" {{(pid=89280) __call__ /opt/stack/placement/placement/requestlog.py:55}}
Jun 04 09:03:11.483265 np0000002117 devstack@placement-api.service[89280]: INFO placement.requestlog [req-95b1f243-8eac-4cae-bade-307dba851a5d req-31a891f3-cea7-479b-8761-d7dd56ebf33d service nova] 10.4.3.20 "GET /placement/allocations/6a37a983-3af1-426e-80c9-48f64fa12cfc" status: 200 len: 244 microversion: 1.28
Jun 04 09:03:11.483574 np0000002117 devstack@placement-api.service[89280]: [pid: 89280|app: 0|req: 488/980] 10.4.3.20 () {68 vars in 1492 bytes} [Thu Jun 4 09:03:11 2026] GET /placement/allocations/6a37a983-3af1-426e-80c9-48f64fa12cfc => generated 244 bytes in 18 msecs (HTTP/1.1 200) 8 headers in 296 bytes (1 switches on core 0)
Jun 04 09:03:12.387763 np0000002117 devstack@placement-api.service[89281]: DEBUG placement.requestlog [req-7c569ed6-e8d1-4eb4-bf13-04671061775d req-0aeec9df-dddc-45e7-86af-7092663badf5 None None] Starting request: 10.4.3.20 "GET /placement/allocation_candidates?limit=1000&resources=DISK_GB%3A1%2CMEMORY_MB%3A192%2CVCPU%3A1&root_required=%21COMPUTE_STATUS_DISABLED" {{(pid=89281) __call__ /opt/stack/placement/placement/requestlog.py:55}}
Jun 04 09:03:12.407280 np0000002117 devstack@placement-api.service[89281]: DEBUG placement.objects.research_context [req-7c569ed6-e8d1-4eb4-bf13-04671061775d req-0aeec9df-dddc-45e7-86af-7092663badf5 service nova] getting providers with 1 DISK_GB {{(pid=89281) __init__ /opt/stack/placement/placement/objects/research_context.py:137}}
Jun 04 09:03:12.410059 np0000002117 devstack@placement-api.service[89281]: DEBUG placement.objects.research_context [req-7c569ed6-e8d1-4eb4-bf13-04671061775d req-0aeec9df-dddc-45e7-86af-7092663badf5 service nova] getting providers with 192 MEMORY_MB {{(pid=89281) __init__ /opt/stack/placement/placement/objects/research_context.py:137}}
Jun 04 09:03:12.413456 np0000002117 devstack@placement-api.service[89281]: DEBUG placement.objects.research_context [req-7c569ed6-e8d1-4eb4-bf13-04671061775d req-0aeec9df-dddc-45e7-86af-7092663badf5 service nova] getting providers with 1 VCPU {{(pid=89281) __init__ /opt/stack/placement/placement/objects/research_context.py:137}}
Jun 04 09:03:12.418058 np0000002117 devstack@placement-api.service[89281]: DEBUG placement.objects.research_context [req-7c569ed6-e8d1-4eb4-bf13-04671061775d req-0aeec9df-dddc-45e7-86af-7092663badf5 service nova] found 1 providers with available 1 DISK_GB {{(pid=89281) get_provider_ids_matching /opt/stack/placement/placement/objects/research_context.py:563}}
Jun 04 09:03:12.418058 np0000002117 devstack@placement-api.service[89281]: DEBUG placement.objects.research_context [req-7c569ed6-e8d1-4eb4-bf13-04671061775d req-0aeec9df-dddc-45e7-86af-7092663badf5 service nova] found 1 providers with available 192 MEMORY_MB {{(pid=89281) get_provider_ids_matching /opt/stack/placement/placement/objects/research_context.py:563}}
Jun 04 09:03:12.418058 np0000002117 devstack@placement-api.service[89281]: DEBUG placement.objects.research_context [req-7c569ed6-e8d1-4eb4-bf13-04671061775d req-0aeec9df-dddc-45e7-86af-7092663badf5 service nova] found 1 providers after filtering by previous result {{(pid=89281) get_provider_ids_matching /opt/stack/placement/placement/objects/research_context.py:594}}
Jun 04 09:03:12.418058 np0000002117 devstack@placement-api.service[89281]: DEBUG placement.objects.research_context [req-7c569ed6-e8d1-4eb4-bf13-04671061775d req-0aeec9df-dddc-45e7-86af-7092663badf5 service nova] found 1 providers with available 1 VCPU {{(pid=89281) get_provider_ids_matching /opt/stack/placement/placement/objects/research_context.py:563}}
Jun 04 09:03:12.418058 np0000002117 devstack@placement-api.service[89281]: DEBUG placement.objects.research_context [req-7c569ed6-e8d1-4eb4-bf13-04671061775d req-0aeec9df-dddc-45e7-86af-7092663badf5 service nova] found 1 providers after filtering by previous result {{(pid=89281) get_provider_ids_matching /opt/stack/placement/placement/objects/research_context.py:594}}
Jun 04 09:03:12.425143 np0000002117 devstack@placement-api.service[89281]: DEBUG placement.objects.allocation_candidate [req-7c569ed6-e8d1-4eb4-bf13-04671061775d req-0aeec9df-dddc-45e7-86af-7092663badf5 service nova] RequestGroup(use_same_provider=False, resources={DISK_GB:1, MEMORY_MB:192, VCPU:1}, traits=(), aggregates=[]) (suffix '') returned 1 matches {{(pid=89281) _get_by_requests /opt/stack/placement/placement/objects/allocation_candidate.py:158}}
Jun 04 09:03:12.425143 np0000002117 devstack@placement-api.service[89281]: DEBUG placement.objects.allocation_candidate [req-7c569ed6-e8d1-4eb4-bf13-04671061775d req-0aeec9df-dddc-45e7-86af-7092663badf5 service nova] Merging candidates yields 1 allocation requests and 1 provider summaries {{(pid=89281) _merge_candidates /opt/stack/placement/placement/objects/allocation_candidate.py:908}}
Jun 04 09:03:12.425358 np0000002117 devstack@placement-api.service[89281]: INFO placement.requestlog [req-7c569ed6-e8d1-4eb4-bf13-04671061775d req-0aeec9df-dddc-45e7-86af-7092663badf5 service nova] 10.4.3.20 "GET /placement/allocation_candidates?limit=1000&resources=DISK_GB%3A1%2CMEMORY_MB%3A192%2CVCPU%3A1&root_required=%21COMPUTE_STATUS_DISABLED" status: 200 len: 2494 microversion: 1.36
Jun 04 09:03:12.425592 np0000002117 devstack@placement-api.service[89281]: [pid: 89281|app: 0|req: 493/981] 10.4.3.20 () {68 vars in 1618 bytes} [Thu Jun 4 09:03:12 2026] GET /placement/allocation_candidates?limit=1000&resources=DISK_GB%3A1%2CMEMORY_MB%3A192%2CVCPU%3A1&root_required=%21COMPUTE_STATUS_DISABLED => generated 2494 bytes in 38 msecs (HTTP/1.1 200) 8 headers in 297 bytes (1 switches on core 0)
Jun 04 09:03:12.493825 np0000002117 devstack@placement-api.service[89280]: DEBUG placement.requestlog [req-7c569ed6-e8d1-4eb4-bf13-04671061775d req-0f33c391-cdb6-469a-998f-1f053348b301 None None] Starting request: 10.4.3.20 "GET /placement/allocations/a3e54d4b-7208-49d5-8051-b7ca26094164" {{(pid=89280) __call__ /opt/stack/placement/placement/requestlog.py:55}}
Jun 04 09:03:12.504850 np0000002117 devstack@placement-api.service[89280]: INFO placement.requestlog [req-7c569ed6-e8d1-4eb4-bf13-04671061775d req-0f33c391-cdb6-469a-998f-1f053348b301 service nova] 10.4.3.20 "GET /placement/allocations/a3e54d4b-7208-49d5-8051-b7ca26094164" status: 200 len: 19 microversion: 1.28
Jun 04 09:03:12.504916 np0000002117 devstack@placement-api.service[89281]: DEBUG placement.requestlog [req-615319fd-f632-4b14-94db-69459b475872 req-988a757a-4153-4dfa-a4cf-a5b96f912c04 None None] Starting request: 10.4.3.20 "GET /placement/resource_providers/d616615d-1d15-4fae-a637-cbe1770267d9/allocations" {{(pid=89281) __call__ /opt/stack/placement/placement/requestlog.py:55}}
Jun 04 09:03:12.505444 np0000002117 devstack@placement-api.service[89280]: [pid: 89280|app: 0|req: 489/982] 10.4.3.20 () {68 vars in 1494 bytes} [Thu Jun 4 09:03:12 2026] GET /placement/allocations/a3e54d4b-7208-49d5-8051-b7ca26094164 => generated 19 bytes in 12 msecs (HTTP/1.1 200) 8 headers in 295 bytes (1 switches on core 0)
Jun 04 09:03:12.514568 np0000002117 devstack@placement-api.service[89281]: INFO placement.requestlog [req-615319fd-f632-4b14-94db-69459b475872 req-988a757a-4153-4dfa-a4cf-a5b96f912c04 service nova] 10.4.3.20 "GET /placement/resource_providers/d616615d-1d15-4fae-a637-cbe1770267d9/allocations" status: 200 len: 1097 microversion: 1.0
Jun 04 09:03:12.514791 np0000002117 devstack@placement-api.service[89281]: [pid: 89281|app: 0|req: 494/983] 10.4.3.20 () {66 vars in 1505 bytes} [Thu Jun 4 09:03:12 2026] GET /placement/resource_providers/d616615d-1d15-4fae-a637-cbe1770267d9/allocations => generated 1097 bytes in 10 msecs (HTTP/1.1 200) 6 headers in 225 bytes (1 switches on core 0)
Jun 04 09:03:12.532537 np0000002117 devstack@placement-api.service[89280]: DEBUG placement.requestlog [req-7c569ed6-e8d1-4eb4-bf13-04671061775d req-9983765b-89c1-4a8f-b593-2615e263782a None None] Starting request: 10.4.3.20 "PUT /placement/allocations/a3e54d4b-7208-49d5-8051-b7ca26094164" {{(pid=89280) __call__ /opt/stack/placement/placement/requestlog.py:55}}
Jun 04 09:03:12.544780 np0000002117 devstack@placement-api.service[89281]: DEBUG placement.requestlog [req-615319fd-f632-4b14-94db-69459b475872 req-bf1ed350-9584-4346-98b0-f43dd24e5e1b None None] Starting request: 10.4.3.20 "GET /placement/allocations/d9c25cf2-bba8-4860-b461-2892c6fe0c55" {{(pid=89281) __call__ /opt/stack/placement/placement/requestlog.py:55}}
Jun 04 09:03:12.554987 np0000002117 devstack@placement-api.service[89281]: INFO placement.requestlog [req-615319fd-f632-4b14-94db-69459b475872 req-bf1ed350-9584-4346-98b0-f43dd24e5e1b service nova] 10.4.3.20 "GET /placement/allocations/d9c25cf2-bba8-4860-b461-2892c6fe0c55" status: 200 len: 244 microversion: 1.28
Jun 04 09:03:12.555686 np0000002117 devstack@placement-api.service[89281]: [pid: 89281|app: 0|req: 495/984] 10.4.3.20 () {68 vars in 1492 bytes} [Thu Jun 4 09:03:12 2026] GET /placement/allocations/d9c25cf2-bba8-4860-b461-2892c6fe0c55 => generated 244 bytes in 11 msecs (HTTP/1.1 200) 8 headers in 296 bytes (1 switches on core 0)
Jun 04 09:03:12.573423 np0000002117 devstack@placement-api.service[89280]: DEBUG placement.handlers.allocation [req-7c569ed6-e8d1-4eb4-bf13-04671061775d req-9983765b-89c1-4a8f-b593-2615e263782a service nova] Successfully wrote allocations [, , ] {{(pid=89280) _update_consumers_and_create_allocations /opt/stack/placement/placement/handlers/allocation.py:462}}
Jun 04 09:03:12.575398 np0000002117 devstack@placement-api.service[89280]: INFO placement.requestlog [req-7c569ed6-e8d1-4eb4-bf13-04671061775d req-9983765b-89c1-4a8f-b593-2615e263782a service nova] 10.4.3.20 "PUT /placement/allocations/a3e54d4b-7208-49d5-8051-b7ca26094164" status: 204 len: 0 microversion: 1.36
Jun 04 09:03:12.576668 np0000002117 devstack@placement-api.service[89280]: [pid: 89280|app: 0|req: 490/985] 10.4.3.20 () {72 vars in 1547 bytes} [Thu Jun 4 09:03:12 2026] PUT /placement/allocations/a3e54d4b-7208-49d5-8051-b7ca26094164 => generated 0 bytes in 43 msecs (HTTP/1.1 204) 5 headers in 199 bytes (1 switches on core 0)
Jun 04 09:03:12.605540 np0000002117 devstack@placement-api.service[89281]: DEBUG placement.requestlog [req-615319fd-f632-4b14-94db-69459b475872 req-b6598167-2c16-4a7e-88d4-5fc03a64c077 None None] Starting request: 10.4.3.20 "GET /placement/allocations/6dd1db4f-3a65-4fbc-be29-7909ad655ef0" {{(pid=89281) __call__ /opt/stack/placement/placement/requestlog.py:55}}
Jun 04 09:03:12.612884 np0000002117 devstack@placement-api.service[89281]: INFO placement.requestlog [req-615319fd-f632-4b14-94db-69459b475872 req-b6598167-2c16-4a7e-88d4-5fc03a64c077 service nova] 10.4.3.20 "GET /placement/allocations/6dd1db4f-3a65-4fbc-be29-7909ad655ef0" status: 200 len: 258 microversion: 1.28
Jun 04 09:03:12.613264 np0000002117 devstack@placement-api.service[89281]: [pid: 89281|app: 0|req: 496/986] 10.4.3.20 () {68 vars in 1492 bytes} [Thu Jun 4 09:03:12 2026] GET /placement/allocations/6dd1db4f-3a65-4fbc-be29-7909ad655ef0 => generated 258 bytes in 8 msecs (HTTP/1.1 200) 8 headers in 296 bytes (1 switches on core 0)
Jun 04 09:03:12.649538 np0000002117 devstack@placement-api.service[89280]: DEBUG placement.requestlog [req-615319fd-f632-4b14-94db-69459b475872 req-25ebebb6-c5da-4aed-aba6-c2433f003cbe None None] Starting request: 10.4.3.20 "GET /placement/allocations/916ccace-a4c1-40d7-9144-d3dc7b14b090" {{(pid=89280) __call__ /opt/stack/placement/placement/requestlog.py:55}}
Jun 04 09:03:12.658311 np0000002117 devstack@placement-api.service[89280]: INFO placement.requestlog [req-615319fd-f632-4b14-94db-69459b475872 req-25ebebb6-c5da-4aed-aba6-c2433f003cbe service nova] 10.4.3.20 "GET /placement/allocations/916ccace-a4c1-40d7-9144-d3dc7b14b090" status: 200 len: 258 microversion: 1.28
Jun 04 09:03:12.658666 np0000002117 devstack@placement-api.service[89280]: [pid: 89280|app: 0|req: 491/987] 10.4.3.20 () {68 vars in 1492 bytes} [Thu Jun 4 09:03:12 2026] GET /placement/allocations/916ccace-a4c1-40d7-9144-d3dc7b14b090 => generated 258 bytes in 9 msecs (HTTP/1.1 200) 8 headers in 296 bytes (1 switches on core 0)
Jun 04 09:03:12.687966 np0000002117 devstack@placement-api.service[89281]: DEBUG placement.requestlog [req-615319fd-f632-4b14-94db-69459b475872 req-9c0326eb-35f5-4b52-9a90-81f384c28bb1 None None] Starting request: 10.4.3.20 "GET /placement/allocations/774c4169-0768-45a9-a8aa-433a0096248b" {{(pid=89281) __call__ /opt/stack/placement/placement/requestlog.py:55}}
Jun 04 09:03:12.694348 np0000002117 devstack@placement-api.service[89281]: INFO placement.requestlog [req-615319fd-f632-4b14-94db-69459b475872 req-9c0326eb-35f5-4b52-9a90-81f384c28bb1 service nova] 10.4.3.20 "GET /placement/allocations/774c4169-0768-45a9-a8aa-433a0096248b" status: 200 len: 258 microversion: 1.28
Jun 04 09:03:12.694647 np0000002117 devstack@placement-api.service[89281]: [pid: 89281|app: 0|req: 497/988] 10.4.3.20 () {68 vars in 1492 bytes} [Thu Jun 4 09:03:12 2026] GET /placement/allocations/774c4169-0768-45a9-a8aa-433a0096248b => generated 258 bytes in 7 msecs (HTTP/1.1 200) 8 headers in 296 bytes (1 switches on core 0)
Jun 04 09:03:12.722026 np0000002117 devstack@placement-api.service[89280]: DEBUG placement.requestlog [req-615319fd-f632-4b14-94db-69459b475872 req-eb09111c-3d7e-4b36-a6ea-2d3c8857987a None None] Starting request: 10.4.3.20 "GET /placement/allocations/f021fc14-9832-4cd7-b211-507f1f38de78" {{(pid=89280) __call__ /opt/stack/placement/placement/requestlog.py:55}}
Jun 04 09:03:12.728591 np0000002117 devstack@placement-api.service[89280]: INFO placement.requestlog [req-615319fd-f632-4b14-94db-69459b475872 req-eb09111c-3d7e-4b36-a6ea-2d3c8857987a service nova] 10.4.3.20 "GET /placement/allocations/f021fc14-9832-4cd7-b211-507f1f38de78" status: 200 len: 258 microversion: 1.28
Jun 04 09:03:12.729219 np0000002117 devstack@placement-api.service[89280]: [pid: 89280|app: 0|req: 492/989] 10.4.3.20 () {68 vars in 1492 bytes} [Thu Jun 4 09:03:12 2026] GET /placement/allocations/f021fc14-9832-4cd7-b211-507f1f38de78 => generated 258 bytes in 7 msecs (HTTP/1.1 200) 8 headers in 296 bytes (1 switches on core 0)
Jun 04 09:03:12.756868 np0000002117 devstack@placement-api.service[89281]: DEBUG placement.requestlog [req-615319fd-f632-4b14-94db-69459b475872 req-80b514bf-6a32-48dd-9a17-f9da7d5ecc16 None None] Starting request: 10.4.3.20 "GET /placement/allocations/e39524df-db7e-4744-b728-ec480bd6a7a5" {{(pid=89281) __call__ /opt/stack/placement/placement/requestlog.py:55}}
Jun 04 09:03:12.763293 np0000002117 devstack@placement-api.service[89281]: INFO placement.requestlog [req-615319fd-f632-4b14-94db-69459b475872 req-80b514bf-6a32-48dd-9a17-f9da7d5ecc16 service nova] 10.4.3.20 "GET /placement/allocations/e39524df-db7e-4744-b728-ec480bd6a7a5" status: 200 len: 258 microversion: 1.28
Jun 04 09:03:12.763498 np0000002117 devstack@placement-api.service[89281]: [pid: 89281|app: 0|req: 498/990] 10.4.3.20 () {68 vars in 1492 bytes} [Thu Jun 4 09:03:12 2026] GET /placement/allocations/e39524df-db7e-4744-b728-ec480bd6a7a5 => generated 258 bytes in 7 msecs (HTTP/1.1 200) 8 headers in 296 bytes (1 switches on core 0)
Jun 04 09:03:12.794371 np0000002117 devstack@placement-api.service[89280]: DEBUG placement.requestlog [req-615319fd-f632-4b14-94db-69459b475872 req-44adc3eb-35af-4090-a38d-3dcdaa94a223 None None] Starting request: 10.4.3.20 "GET /placement/allocations/968b859a-7f14-4e7b-ac39-863e4c6f990d" {{(pid=89280) __call__ /opt/stack/placement/placement/requestlog.py:55}}
Jun 04 09:03:12.803386 np0000002117 devstack@placement-api.service[89280]: INFO placement.requestlog [req-615319fd-f632-4b14-94db-69459b475872 req-44adc3eb-35af-4090-a38d-3dcdaa94a223 service nova] 10.4.3.20 "GET /placement/allocations/968b859a-7f14-4e7b-ac39-863e4c6f990d" status: 200 len: 258 microversion: 1.28
Jun 04 09:03:12.803587 np0000002117 devstack@placement-api.service[89280]: [pid: 89280|app: 0|req: 493/991] 10.4.3.20 () {68 vars in 1492 bytes} [Thu Jun 4 09:03:12 2026] GET /placement/allocations/968b859a-7f14-4e7b-ac39-863e4c6f990d => generated 258 bytes in 9 msecs (HTTP/1.1 200) 8 headers in 296 bytes (1 switches on core 0)
Jun 04 09:03:12.834251 np0000002117 devstack@placement-api.service[89281]: DEBUG placement.requestlog [req-615319fd-f632-4b14-94db-69459b475872 req-20343636-4ace-4362-9d88-11fd3d0a8934 None None] Starting request: 10.4.3.20 "GET /placement/allocations/14ba2fe0-2da2-4ac2-b1ef-cf84bc022505" {{(pid=89281) __call__ /opt/stack/placement/placement/requestlog.py:55}}
Jun 04 09:03:12.851164 np0000002117 devstack@placement-api.service[89281]: INFO placement.requestlog [req-615319fd-f632-4b14-94db-69459b475872 req-20343636-4ace-4362-9d88-11fd3d0a8934 service nova] 10.4.3.20 "GET /placement/allocations/14ba2fe0-2da2-4ac2-b1ef-cf84bc022505" status: 200 len: 244 microversion: 1.28
Jun 04 09:03:12.851380 np0000002117 devstack@placement-api.service[89281]: [pid: 89281|app: 0|req: 499/992] 10.4.3.20 () {68 vars in 1492 bytes} [Thu Jun 4 09:03:12 2026] GET /placement/allocations/14ba2fe0-2da2-4ac2-b1ef-cf84bc022505 => generated 244 bytes in 17 msecs (HTTP/1.1 200) 8 headers in 296 bytes (2 switches on core 0)
Jun 04 09:03:12.885665 np0000002117 devstack@placement-api.service[89280]: DEBUG placement.requestlog [req-615319fd-f632-4b14-94db-69459b475872 req-0dbd706b-12bb-4191-97f0-e9e1628889e5 None None] Starting request: 10.4.3.20 "GET /placement/allocations/6a37a983-3af1-426e-80c9-48f64fa12cfc" {{(pid=89280) __call__ /opt/stack/placement/placement/requestlog.py:55}}
Jun 04 09:03:12.894633 np0000002117 devstack@placement-api.service[89280]: INFO placement.requestlog [req-615319fd-f632-4b14-94db-69459b475872 req-0dbd706b-12bb-4191-97f0-e9e1628889e5 service nova] 10.4.3.20 "GET /placement/allocations/6a37a983-3af1-426e-80c9-48f64fa12cfc" status: 200 len: 244 microversion: 1.28
Jun 04 09:03:12.894918 np0000002117 devstack@placement-api.service[89280]: [pid: 89280|app: 0|req: 494/993] 10.4.3.20 () {68 vars in 1492 bytes} [Thu Jun 4 09:03:12 2026] GET /placement/allocations/6a37a983-3af1-426e-80c9-48f64fa12cfc => generated 244 bytes in 9 msecs (HTTP/1.1 200) 8 headers in 296 bytes (1 switches on core 0)
Jun 04 09:03:12.925253 np0000002117 devstack@placement-api.service[89281]: DEBUG placement.requestlog [req-615319fd-f632-4b14-94db-69459b475872 req-41dec460-cd37-4e12-8980-c1862f38bcb5 None None] Starting request: 10.4.3.20 "GET /placement/allocations/cecc6e17-8b3c-41dd-b755-393354da7c8a" {{(pid=89281) __call__ /opt/stack/placement/placement/requestlog.py:55}}
Jun 04 09:03:12.941052 np0000002117 devstack@placement-api.service[89281]: INFO placement.requestlog [req-615319fd-f632-4b14-94db-69459b475872 req-41dec460-cd37-4e12-8980-c1862f38bcb5 service nova] 10.4.3.20 "GET /placement/allocations/cecc6e17-8b3c-41dd-b755-393354da7c8a" status: 200 len: 244 microversion: 1.28
Jun 04 09:03:12.942191 np0000002117 devstack@placement-api.service[89281]: [pid: 89281|app: 0|req: 500/994] 10.4.3.20 () {68 vars in 1492 bytes} [Thu Jun 4 09:03:12 2026] GET /placement/allocations/cecc6e17-8b3c-41dd-b755-393354da7c8a => generated 244 bytes in 17 msecs (HTTP/1.1 200) 8 headers in 296 bytes (1 switches on core 0)
Jun 04 09:03:12.984224 np0000002117 devstack@placement-api.service[89280]: DEBUG placement.requestlog [req-615319fd-f632-4b14-94db-69459b475872 req-5c09ac01-0070-4e0a-a2a2-ce4d6cb220d2 None None] Starting request: 10.4.3.20 "GET /placement/allocations/6c836dd5-bdd9-454c-9b71-7dcd94e358f2" {{(pid=89280) __call__ /opt/stack/placement/placement/requestlog.py:55}}
Jun 04 09:03:12.993359 np0000002117 devstack@placement-api.service[89280]: INFO placement.requestlog [req-615319fd-f632-4b14-94db-69459b475872 req-5c09ac01-0070-4e0a-a2a2-ce4d6cb220d2 service nova] 10.4.3.20 "GET /placement/allocations/6c836dd5-bdd9-454c-9b71-7dcd94e358f2" status: 200 len: 258 microversion: 1.28
Jun 04 09:03:12.993621 np0000002117 devstack@placement-api.service[89280]: [pid: 89280|app: 0|req: 495/995] 10.4.3.20 () {68 vars in 1492 bytes} [Thu Jun 4 09:03:12 2026] GET /placement/allocations/6c836dd5-bdd9-454c-9b71-7dcd94e358f2 => generated 258 bytes in 10 msecs (HTTP/1.1 200) 8 headers in 296 bytes (1 switches on core 0)
Jun 04 09:03:14.015963 np0000002117 devstack@placement-api.service[89281]: DEBUG placement.requestlog [req-7c569ed6-e8d1-4eb4-bf13-04671061775d req-d41f30b1-d781-4ec3-897d-adf7dad74308 None None] Starting request: 10.4.3.20 "GET /placement/allocations/a3e54d4b-7208-49d5-8051-b7ca26094164" {{(pid=89281) __call__ /opt/stack/placement/placement/requestlog.py:55}}
Jun 04 09:03:14.027736 np0000002117 devstack@placement-api.service[89281]: INFO placement.requestlog [req-7c569ed6-e8d1-4eb4-bf13-04671061775d req-d41f30b1-d781-4ec3-897d-adf7dad74308 service nova] 10.4.3.20 "GET /placement/allocations/a3e54d4b-7208-49d5-8051-b7ca26094164" status: 200 len: 258 microversion: 1.28
Jun 04 09:03:14.028131 np0000002117 devstack@placement-api.service[89281]: [pid: 89281|app: 0|req: 501/996] 10.4.3.20 () {68 vars in 1492 bytes} [Thu Jun 4 09:03:14 2026] GET /placement/allocations/a3e54d4b-7208-49d5-8051-b7ca26094164 => generated 258 bytes in 12 msecs (HTTP/1.1 200) 8 headers in 296 bytes (1 switches on core 0)
Jun 04 09:03:15.079034 np0000002117 devstack@placement-api.service[89280]: DEBUG placement.requestlog [req-95b1f243-8eac-4cae-bade-307dba851a5d req-92a00e10-72e9-4d7a-8338-c98ebeb37bd5 None None] Starting request: 10.4.3.20 "GET /placement/resource_providers/d616615d-1d15-4fae-a637-cbe1770267d9/allocations" {{(pid=89280) __call__ /opt/stack/placement/placement/requestlog.py:55}}
Jun 04 09:03:15.097116 np0000002117 devstack@placement-api.service[89280]: INFO placement.requestlog [req-95b1f243-8eac-4cae-bade-307dba851a5d req-92a00e10-72e9-4d7a-8338-c98ebeb37bd5 service nova] 10.4.3.20 "GET /placement/resource_providers/d616615d-1d15-4fae-a637-cbe1770267d9/allocations" status: 200 len: 1197 microversion: 1.0
Jun 04 09:03:15.097540 np0000002117 devstack@placement-api.service[89280]: [pid: 89280|app: 0|req: 496/997] 10.4.3.20 () {66 vars in 1505 bytes} [Thu Jun 4 09:03:15 2026] GET /placement/resource_providers/d616615d-1d15-4fae-a637-cbe1770267d9/allocations => generated 1197 bytes in 18 msecs (HTTP/1.1 200) 6 headers in 225 bytes (1 switches on core 0)
Jun 04 09:03:15.155557 np0000002117 devstack@placement-api.service[89281]: DEBUG placement.requestlog [req-95b1f243-8eac-4cae-bade-307dba851a5d req-b96d963b-224f-4860-88eb-a008003b9e3e None None] Starting request: 10.4.3.20 "GET /placement/allocations/d9c25cf2-bba8-4860-b461-2892c6fe0c55" {{(pid=89281) __call__ /opt/stack/placement/placement/requestlog.py:55}}
Jun 04 09:03:15.166030 np0000002117 devstack@placement-api.service[89281]: INFO placement.requestlog [req-95b1f243-8eac-4cae-bade-307dba851a5d req-b96d963b-224f-4860-88eb-a008003b9e3e service nova] 10.4.3.20 "GET /placement/allocations/d9c25cf2-bba8-4860-b461-2892c6fe0c55" status: 200 len: 244 microversion: 1.28
Jun 04 09:03:15.166281 np0000002117 devstack@placement-api.service[89281]: [pid: 89281|app: 0|req: 502/998] 10.4.3.20 () {68 vars in 1492 bytes} [Thu Jun 4 09:03:15 2026] GET /placement/allocations/d9c25cf2-bba8-4860-b461-2892c6fe0c55 => generated 244 bytes in 11 msecs (HTTP/1.1 200) 8 headers in 296 bytes (1 switches on core 0)
Jun 04 09:03:15.212482 np0000002117 devstack@placement-api.service[89280]: DEBUG placement.requestlog [req-95b1f243-8eac-4cae-bade-307dba851a5d req-3d347a11-6169-42f6-b855-3b58870d58ab None None] Starting request: 10.4.3.20 "GET /placement/allocations/6dd1db4f-3a65-4fbc-be29-7909ad655ef0" {{(pid=89280) __call__ /opt/stack/placement/placement/requestlog.py:55}}
Jun 04 09:03:15.227160 np0000002117 devstack@placement-api.service[89280]: INFO placement.requestlog [req-95b1f243-8eac-4cae-bade-307dba851a5d req-3d347a11-6169-42f6-b855-3b58870d58ab service nova] 10.4.3.20 "GET /placement/allocations/6dd1db4f-3a65-4fbc-be29-7909ad655ef0" status: 200 len: 258 microversion: 1.28
Jun 04 09:03:15.227271 np0000002117 devstack@placement-api.service[89280]: [pid: 89280|app: 0|req: 497/999] 10.4.3.20 () {68 vars in 1492 bytes} [Thu Jun 4 09:03:15 2026] GET /placement/allocations/6dd1db4f-3a65-4fbc-be29-7909ad655ef0 => generated 258 bytes in 15 msecs (HTTP/1.1 200) 8 headers in 296 bytes (1 switches on core 0)
Jun 04 09:03:15.268563 np0000002117 devstack@placement-api.service[89281]: DEBUG placement.requestlog [req-95b1f243-8eac-4cae-bade-307dba851a5d req-ea52c72d-345d-49c5-8764-0ef075d8abec None None] Starting request: 10.4.3.20 "GET /placement/allocations/916ccace-a4c1-40d7-9144-d3dc7b14b090" {{(pid=89281) __call__ /opt/stack/placement/placement/requestlog.py:55}}
Jun 04 09:03:15.284569 np0000002117 devstack@placement-api.service[89281]: INFO placement.requestlog [req-95b1f243-8eac-4cae-bade-307dba851a5d req-ea52c72d-345d-49c5-8764-0ef075d8abec service nova] 10.4.3.20 "GET /placement/allocations/916ccace-a4c1-40d7-9144-d3dc7b14b090" status: 200 len: 258 microversion: 1.28
Jun 04 09:03:15.285319 np0000002117 devstack@placement-api.service[89281]: [pid: 89281|app: 0|req: 503/1000] 10.4.3.20 () {68 vars in 1492 bytes} [Thu Jun 4 09:03:15 2026] GET /placement/allocations/916ccace-a4c1-40d7-9144-d3dc7b14b090 => generated 258 bytes in 16 msecs (HTTP/1.1 200) 8 headers in 296 bytes (1 switches on core 0)
Jun 04 09:03:15.321539 np0000002117 devstack@placement-api.service[89280]: DEBUG placement.requestlog [req-95b1f243-8eac-4cae-bade-307dba851a5d req-216fd024-4e3e-4b87-9eca-d541588abc4e None None] Starting request: 10.4.3.20 "GET /placement/allocations/774c4169-0768-45a9-a8aa-433a0096248b" {{(pid=89280) __call__ /opt/stack/placement/placement/requestlog.py:55}}
Jun 04 09:03:15.337335 np0000002117 devstack@placement-api.service[89280]: INFO placement.requestlog [req-95b1f243-8eac-4cae-bade-307dba851a5d req-216fd024-4e3e-4b87-9eca-d541588abc4e service nova] 10.4.3.20 "GET /placement/allocations/774c4169-0768-45a9-a8aa-433a0096248b" status: 200 len: 258 microversion: 1.28
Jun 04 09:03:15.337335 np0000002117 devstack@placement-api.service[89280]: [pid: 89280|app: 0|req: 498/1001] 10.4.3.20 () {68 vars in 1492 bytes} [Thu Jun 4 09:03:15 2026] GET /placement/allocations/774c4169-0768-45a9-a8aa-433a0096248b => generated 258 bytes in 15 msecs (HTTP/1.1 200) 8 headers in 296 bytes (1 switches on core 0)
Jun 04 09:03:15.383563 np0000002117 devstack@placement-api.service[89281]: DEBUG placement.requestlog [req-95b1f243-8eac-4cae-bade-307dba851a5d req-ef544631-2eac-48cb-bab8-accefc9ff8f9 None None] Starting request: 10.4.3.20 "GET /placement/allocations/f021fc14-9832-4cd7-b211-507f1f38de78" {{(pid=89281) __call__ /opt/stack/placement/placement/requestlog.py:55}}
Jun 04 09:03:15.395354 np0000002117 devstack@placement-api.service[89281]: INFO placement.requestlog [req-95b1f243-8eac-4cae-bade-307dba851a5d req-ef544631-2eac-48cb-bab8-accefc9ff8f9 service nova] 10.4.3.20 "GET /placement/allocations/f021fc14-9832-4cd7-b211-507f1f38de78" status: 200 len: 258 microversion: 1.28
Jun 04 09:03:15.396630 np0000002117 devstack@placement-api.service[89281]: [pid: 89281|app: 0|req: 504/1002] 10.4.3.20 () {68 vars in 1492 bytes} [Thu Jun 4 09:03:15 2026] GET /placement/allocations/f021fc14-9832-4cd7-b211-507f1f38de78 => generated 258 bytes in 13 msecs (HTTP/1.1 200) 8 headers in 296 bytes (1 switches on core 0)
Jun 04 09:03:15.428063 np0000002117 devstack@placement-api.service[89280]: DEBUG placement.requestlog [req-95b1f243-8eac-4cae-bade-307dba851a5d req-c2c66327-36f4-4548-ab2f-32f210aafb4c None None] Starting request: 10.4.3.20 "GET /placement/allocations/e39524df-db7e-4744-b728-ec480bd6a7a5" {{(pid=89280) __call__ /opt/stack/placement/placement/requestlog.py:55}}
Jun 04 09:03:15.439135 np0000002117 devstack@placement-api.service[89280]: INFO placement.requestlog [req-95b1f243-8eac-4cae-bade-307dba851a5d req-c2c66327-36f4-4548-ab2f-32f210aafb4c service nova] 10.4.3.20 "GET /placement/allocations/e39524df-db7e-4744-b728-ec480bd6a7a5" status: 200 len: 258 microversion: 1.28
Jun 04 09:03:15.439650 np0000002117 devstack@placement-api.service[89280]: [pid: 89280|app: 0|req: 499/1003] 10.4.3.20 () {68 vars in 1492 bytes} [Thu Jun 4 09:03:15 2026] GET /placement/allocations/e39524df-db7e-4744-b728-ec480bd6a7a5 => generated 258 bytes in 13 msecs (HTTP/1.1 200) 8 headers in 296 bytes (1 switches on core 0)
Jun 04 09:03:15.482522 np0000002117 devstack@placement-api.service[89281]: DEBUG placement.requestlog [req-95b1f243-8eac-4cae-bade-307dba851a5d req-765f73fd-1cb1-4c7e-928d-01cb079aed02 None None] Starting request: 10.4.3.20 "GET /placement/allocations/968b859a-7f14-4e7b-ac39-863e4c6f990d" {{(pid=89281) __call__ /opt/stack/placement/placement/requestlog.py:55}}
Jun 04 09:03:15.491320 np0000002117 devstack@placement-api.service[89281]: INFO placement.requestlog [req-95b1f243-8eac-4cae-bade-307dba851a5d req-765f73fd-1cb1-4c7e-928d-01cb079aed02 service nova] 10.4.3.20 "GET /placement/allocations/968b859a-7f14-4e7b-ac39-863e4c6f990d" status: 200 len: 258 microversion: 1.28
Jun 04 09:03:15.491524 np0000002117 devstack@placement-api.service[89281]: [pid: 89281|app: 0|req: 505/1004] 10.4.3.20 () {68 vars in 1492 bytes} [Thu Jun 4 09:03:15 2026] GET /placement/allocations/968b859a-7f14-4e7b-ac39-863e4c6f990d => generated 258 bytes in 9 msecs (HTTP/1.1 200) 8 headers in 296 bytes (1 switches on core 0)
Jun 04 09:03:15.530519 np0000002117 devstack@placement-api.service[89280]: DEBUG placement.requestlog [req-95b1f243-8eac-4cae-bade-307dba851a5d req-fc0e371a-a384-4233-b7a5-f2ec6e2abe14 None None] Starting request: 10.4.3.20 "GET /placement/allocations/14ba2fe0-2da2-4ac2-b1ef-cf84bc022505" {{(pid=89280) __call__ /opt/stack/placement/placement/requestlog.py:55}}
Jun 04 09:03:15.542898 np0000002117 devstack@placement-api.service[89280]: INFO placement.requestlog [req-95b1f243-8eac-4cae-bade-307dba851a5d req-fc0e371a-a384-4233-b7a5-f2ec6e2abe14 service nova] 10.4.3.20 "GET /placement/allocations/14ba2fe0-2da2-4ac2-b1ef-cf84bc022505" status: 200 len: 244 microversion: 1.28
Jun 04 09:03:15.543217 np0000002117 devstack@placement-api.service[89280]: [pid: 89280|app: 0|req: 500/1005] 10.4.3.20 () {68 vars in 1492 bytes} [Thu Jun 4 09:03:15 2026] GET /placement/allocations/14ba2fe0-2da2-4ac2-b1ef-cf84bc022505 => generated 244 bytes in 13 msecs (HTTP/1.1 200) 8 headers in 296 bytes (1 switches on core 0)
Jun 04 09:03:15.582977 np0000002117 devstack@placement-api.service[89281]: DEBUG placement.requestlog [req-95b1f243-8eac-4cae-bade-307dba851a5d req-9d45c97b-a20e-4477-aaa0-283ba79952e1 None None] Starting request: 10.4.3.20 "GET /placement/allocations/a3e54d4b-7208-49d5-8051-b7ca26094164" {{(pid=89281) __call__ /opt/stack/placement/placement/requestlog.py:55}}
Jun 04 09:03:15.594145 np0000002117 devstack@placement-api.service[89281]: INFO placement.requestlog [req-95b1f243-8eac-4cae-bade-307dba851a5d req-9d45c97b-a20e-4477-aaa0-283ba79952e1 service nova] 10.4.3.20 "GET /placement/allocations/a3e54d4b-7208-49d5-8051-b7ca26094164" status: 200 len: 258 microversion: 1.28
Jun 04 09:03:15.594360 np0000002117 devstack@placement-api.service[89281]: [pid: 89281|app: 0|req: 506/1006] 10.4.3.20 () {68 vars in 1492 bytes} [Thu Jun 4 09:03:15 2026] GET /placement/allocations/a3e54d4b-7208-49d5-8051-b7ca26094164 => generated 258 bytes in 12 msecs (HTTP/1.1 200) 8 headers in 296 bytes (1 switches on core 0)
Jun 04 09:03:15.653654 np0000002117 devstack@placement-api.service[89280]: DEBUG placement.requestlog [req-95b1f243-8eac-4cae-bade-307dba851a5d req-fecbbbbf-d59a-466a-9684-06bf5afabec1 None None] Starting request: 10.4.3.20 "GET /placement/allocations/6a37a983-3af1-426e-80c9-48f64fa12cfc" {{(pid=89280) __call__ /opt/stack/placement/placement/requestlog.py:55}}
Jun 04 09:03:15.674205 np0000002117 devstack@placement-api.service[89280]: INFO placement.requestlog [req-95b1f243-8eac-4cae-bade-307dba851a5d req-fecbbbbf-d59a-466a-9684-06bf5afabec1 service nova] 10.4.3.20 "GET /placement/allocations/6a37a983-3af1-426e-80c9-48f64fa12cfc" status: 200 len: 244 microversion: 1.28
Jun 04 09:03:15.674370 np0000002117 devstack@placement-api.service[89280]: [pid: 89280|app: 0|req: 501/1007] 10.4.3.20 () {68 vars in 1492 bytes} [Thu Jun 4 09:03:15 2026] GET /placement/allocations/6a37a983-3af1-426e-80c9-48f64fa12cfc => generated 244 bytes in 21 msecs (HTTP/1.1 200) 8 headers in 296 bytes (1 switches on core 0)
Jun 04 09:03:15.718561 np0000002117 devstack@placement-api.service[89281]: DEBUG placement.requestlog [req-95b1f243-8eac-4cae-bade-307dba851a5d req-096d2f75-1d8d-49b4-937c-837ca5db5569 None None] Starting request: 10.4.3.20 "GET /placement/allocations/cecc6e17-8b3c-41dd-b755-393354da7c8a" {{(pid=89281) __call__ /opt/stack/placement/placement/requestlog.py:55}}
Jun 04 09:03:15.727257 np0000002117 devstack@placement-api.service[89281]: INFO placement.requestlog [req-95b1f243-8eac-4cae-bade-307dba851a5d req-096d2f75-1d8d-49b4-937c-837ca5db5569 service nova] 10.4.3.20 "GET /placement/allocations/cecc6e17-8b3c-41dd-b755-393354da7c8a" status: 200 len: 244 microversion: 1.28
Jun 04 09:03:15.727476 np0000002117 devstack@placement-api.service[89281]: [pid: 89281|app: 0|req: 507/1008] 10.4.3.20 () {68 vars in 1492 bytes} [Thu Jun 4 09:03:15 2026] GET /placement/allocations/cecc6e17-8b3c-41dd-b755-393354da7c8a => generated 244 bytes in 9 msecs (HTTP/1.1 200) 8 headers in 296 bytes (1 switches on core 0)
Jun 04 09:03:15.771447 np0000002117 devstack@placement-api.service[89280]: DEBUG placement.requestlog [req-95b1f243-8eac-4cae-bade-307dba851a5d req-70bc3a63-cb50-45f7-85db-b2ba79324476 None None] Starting request: 10.4.3.20 "GET /placement/allocations/6c836dd5-bdd9-454c-9b71-7dcd94e358f2" {{(pid=89280) __call__ /opt/stack/placement/placement/requestlog.py:55}}
Jun 04 09:03:15.790978 np0000002117 devstack@placement-api.service[89280]: INFO placement.requestlog [req-95b1f243-8eac-4cae-bade-307dba851a5d req-70bc3a63-cb50-45f7-85db-b2ba79324476 service nova] 10.4.3.20 "GET /placement/allocations/6c836dd5-bdd9-454c-9b71-7dcd94e358f2" status: 200 len: 258 microversion: 1.28
Jun 04 09:03:15.792811 np0000002117 devstack@placement-api.service[89280]: [pid: 89280|app: 0|req: 502/1009] 10.4.3.20 () {68 vars in 1492 bytes} [Thu Jun 4 09:03:15 2026] GET /placement/allocations/6c836dd5-bdd9-454c-9b71-7dcd94e358f2 => generated 258 bytes in 21 msecs (HTTP/1.1 200) 8 headers in 296 bytes (1 switches on core 0)
Jun 04 09:03:17.878662 np0000002117 devstack@placement-api.service[89281]: DEBUG placement.requestlog [req-7c569ed6-e8d1-4eb4-bf13-04671061775d req-949aec93-7e5a-4959-ba27-c38853791a16 None None] Starting request: 10.4.3.20 "GET /placement/resource_providers/d616615d-1d15-4fae-a637-cbe1770267d9/allocations" {{(pid=89281) __call__ /opt/stack/placement/placement/requestlog.py:55}}
Jun 04 09:03:17.888713 np0000002117 devstack@placement-api.service[89281]: INFO placement.requestlog [req-7c569ed6-e8d1-4eb4-bf13-04671061775d req-949aec93-7e5a-4959-ba27-c38853791a16 service nova] 10.4.3.20 "GET /placement/resource_providers/d616615d-1d15-4fae-a637-cbe1770267d9/allocations" status: 200 len: 1197 microversion: 1.0
Jun 04 09:03:17.888981 np0000002117 devstack@placement-api.service[89281]: [pid: 89281|app: 0|req: 508/1010] 10.4.3.20 () {66 vars in 1505 bytes} [Thu Jun 4 09:03:17 2026] GET /placement/resource_providers/d616615d-1d15-4fae-a637-cbe1770267d9/allocations => generated 1197 bytes in 11 msecs (HTTP/1.1 200) 6 headers in 225 bytes (1 switches on core 0)
Jun 04 09:03:17.922068 np0000002117 devstack@placement-api.service[89280]: DEBUG placement.requestlog [req-7c569ed6-e8d1-4eb4-bf13-04671061775d req-d5bff0a3-ee0d-4ea2-8499-ebd2516e0b11 None None] Starting request: 10.4.3.20 "GET /placement/allocations/d9c25cf2-bba8-4860-b461-2892c6fe0c55" {{(pid=89280) __call__ /opt/stack/placement/placement/requestlog.py:55}}
Jun 04 09:03:17.928330 np0000002117 devstack@placement-api.service[89280]: INFO placement.requestlog [req-7c569ed6-e8d1-4eb4-bf13-04671061775d req-d5bff0a3-ee0d-4ea2-8499-ebd2516e0b11 service nova] 10.4.3.20 "GET /placement/allocations/d9c25cf2-bba8-4860-b461-2892c6fe0c55" status: 200 len: 244 microversion: 1.28
Jun 04 09:03:17.928493 np0000002117 devstack@placement-api.service[89280]: [pid: 89280|app: 0|req: 503/1011] 10.4.3.20 () {68 vars in 1492 bytes} [Thu Jun 4 09:03:17 2026] GET /placement/allocations/d9c25cf2-bba8-4860-b461-2892c6fe0c55 => generated 244 bytes in 6 msecs (HTTP/1.1 200) 8 headers in 296 bytes (1 switches on core 0)
Jun 04 09:03:17.958735 np0000002117 devstack@placement-api.service[89281]: DEBUG placement.requestlog [req-7c569ed6-e8d1-4eb4-bf13-04671061775d req-9c4c2f7d-a1ca-4645-8887-220550b7e7e5 None None] Starting request: 10.4.3.20 "GET /placement/allocations/6dd1db4f-3a65-4fbc-be29-7909ad655ef0" {{(pid=89281) __call__ /opt/stack/placement/placement/requestlog.py:55}}
Jun 04 09:03:17.964939 np0000002117 devstack@placement-api.service[89281]: INFO placement.requestlog [req-7c569ed6-e8d1-4eb4-bf13-04671061775d req-9c4c2f7d-a1ca-4645-8887-220550b7e7e5 service nova] 10.4.3.20 "GET /placement/allocations/6dd1db4f-3a65-4fbc-be29-7909ad655ef0" status: 200 len: 258 microversion: 1.28
Jun 04 09:03:17.965143 np0000002117 devstack@placement-api.service[89281]: [pid: 89281|app: 0|req: 509/1012] 10.4.3.20 () {68 vars in 1492 bytes} [Thu Jun 4 09:03:17 2026] GET /placement/allocations/6dd1db4f-3a65-4fbc-be29-7909ad655ef0 => generated 258 bytes in 6 msecs (HTTP/1.1 200) 8 headers in 296 bytes (1 switches on core 0)
Jun 04 09:03:17.993907 np0000002117 devstack@placement-api.service[89280]: DEBUG placement.requestlog [req-7c569ed6-e8d1-4eb4-bf13-04671061775d req-08d64d09-9139-4ba6-851a-25863c868f8b None None] Starting request: 10.4.3.20 "GET /placement/allocations/916ccace-a4c1-40d7-9144-d3dc7b14b090" {{(pid=89280) __call__ /opt/stack/placement/placement/requestlog.py:55}}
Jun 04 09:03:18.000358 np0000002117 devstack@placement-api.service[89280]: INFO placement.requestlog [req-7c569ed6-e8d1-4eb4-bf13-04671061775d req-08d64d09-9139-4ba6-851a-25863c868f8b service nova] 10.4.3.20 "GET /placement/allocations/916ccace-a4c1-40d7-9144-d3dc7b14b090" status: 200 len: 258 microversion: 1.28
Jun 04 09:03:18.000546 np0000002117 devstack@placement-api.service[89280]: [pid: 89280|app: 0|req: 504/1013] 10.4.3.20 () {68 vars in 1492 bytes} [Thu Jun 4 09:03:17 2026] GET /placement/allocations/916ccace-a4c1-40d7-9144-d3dc7b14b090 => generated 258 bytes in 7 msecs (HTTP/1.1 200) 8 headers in 296 bytes (1 switches on core 0)
Jun 04 09:03:18.032250 np0000002117 devstack@placement-api.service[89281]: DEBUG placement.requestlog [req-7c569ed6-e8d1-4eb4-bf13-04671061775d req-aa020eda-a0c4-4855-9428-559e9a95c6d6 None None] Starting request: 10.4.3.20 "GET /placement/allocations/774c4169-0768-45a9-a8aa-433a0096248b" {{(pid=89281) __call__ /opt/stack/placement/placement/requestlog.py:55}}
Jun 04 09:03:18.039919 np0000002117 devstack@placement-api.service[89281]: INFO placement.requestlog [req-7c569ed6-e8d1-4eb4-bf13-04671061775d req-aa020eda-a0c4-4855-9428-559e9a95c6d6 service nova] 10.4.3.20 "GET /placement/allocations/774c4169-0768-45a9-a8aa-433a0096248b" status: 200 len: 258 microversion: 1.28
Jun 04 09:03:18.039919 np0000002117 devstack@placement-api.service[89281]: [pid: 89281|app: 0|req: 510/1014] 10.4.3.20 () {68 vars in 1492 bytes} [Thu Jun 4 09:03:18 2026] GET /placement/allocations/774c4169-0768-45a9-a8aa-433a0096248b => generated 258 bytes in 7 msecs (HTTP/1.1 200) 8 headers in 296 bytes (1 switches on core 0)
Jun 04 09:03:18.081750 np0000002117 devstack@placement-api.service[89280]: DEBUG placement.requestlog [req-7c569ed6-e8d1-4eb4-bf13-04671061775d req-89ed2d2f-1403-44ea-b5da-f6da7653c8b5 None None] Starting request: 10.4.3.20 "GET /placement/allocations/f021fc14-9832-4cd7-b211-507f1f38de78" {{(pid=89280) __call__ /opt/stack/placement/placement/requestlog.py:55}}
Jun 04 09:03:18.092412 np0000002117 devstack@placement-api.service[89280]: INFO placement.requestlog [req-7c569ed6-e8d1-4eb4-bf13-04671061775d req-89ed2d2f-1403-44ea-b5da-f6da7653c8b5 service nova] 10.4.3.20 "GET /placement/allocations/f021fc14-9832-4cd7-b211-507f1f38de78" status: 200 len: 258 microversion: 1.28
