Aug 19 03:02:42.252762 np0000007733 devstack@g-api.service[103114]: DEBUG glance.api.middleware.version_negotiation [None req-cc62888d-de4b-47de-9eb4-56c8afd14d42 tempest-VolumesActionsTest-1793113697 tempest-VolumesActionsTest-1793113697-project-member] new path /v2/schemas/image {{(pid=103114) process_request /opt/stack/glance/glance/api/middleware/version_negotiation.py:70}}
Aug 19 03:02:42.259863 np0000007733 devstack@g-api.service[103114]: [pid: 103114|app: 0|req: 58/243] 127.0.0.1 () {44 vars in 1051 bytes} [Wed Aug 19 03:02:42 2026] GET /v2/schemas/image => generated 6083 bytes in 8 msecs (HTTP/1.1 200) 4 headers in 158 bytes (1 switches on core 0)
Aug 19 03:02:43.028364 np0000007733 devstack@g-api.service[103116]: DEBUG glance.api.middleware.version_negotiation [None req-fd637d60-4db1-40cd-a47b-0e2d50cecfd9 tempest-VolumesActionsTest-1793113697 tempest-VolumesActionsTest-1793113697-project-member] Determining version of request: GET /v2/images/e43fdbaa-bab4-48ee-8194-bf84e9fc8960 Accept: application/json {{(pid=103116) process_request /opt/stack/glance/glance/api/middleware/version_negotiation.py:44}}
Aug 19 03:02:43.028795 np0000007733 devstack@g-api.service[103116]: DEBUG glance.api.middleware.version_negotiation [None req-fd637d60-4db1-40cd-a47b-0e2d50cecfd9 tempest-VolumesActionsTest-1793113697 tempest-VolumesActionsTest-1793113697-project-member] Using url versioning {{(pid=103116) process_request /opt/stack/glance/glance/api/middleware/version_negotiation.py:57}}
Aug 19 03:02:43.028795 np0000007733 devstack@g-api.service[103116]: DEBUG glance.api.middleware.version_negotiation [None req-fd637d60-4db1-40cd-a47b-0e2d50cecfd9 tempest-VolumesActionsTest-1793113697 tempest-VolumesActionsTest-1793113697-project-member] Matched version: v2 {{(pid=103116) process_request /opt/stack/glance/glance/api/middleware/version_negotiation.py:69}}
Aug 19 03:02:43.028795 np0000007733 devstack@g-api.service[103116]: DEBUG glance.api.middleware.version_negotiation [None req-fd637d60-4db1-40cd-a47b-0e2d50cecfd9 tempest-VolumesActionsTest-1793113697 tempest-VolumesActionsTest-1793113697-project-member] new path /v2/images/e43fdbaa-bab4-48ee-8194-bf84e9fc8960 {{(pid=103116) process_request /opt/stack/glance/glance/api/middleware/version_negotiation.py:70}}
Aug 19 03:02:43.062308 np0000007733 devstack@g-api.service[103116]: [pid: 103116|app: 0|req: 63/244] 127.0.0.1 () {40 vars in 834 bytes} [Wed Aug 19 03:02:43 2026] GET /v2/images/e43fdbaa-bab4-48ee-8194-bf84e9fc8960 => generated 649 bytes in 33 msecs (HTTP/1.1 200) 4 headers in 157 bytes (1 switches on core 0)
Aug 19 03:02:44.075518 np0000007733 devstack@g-api.service[103115]: DEBUG glance.api.middleware.version_negotiation [None req-50b094df-f8ae-4eb6-8bb5-02a479dd6c38 tempest-ServerActionsTestOtherA-179720222 tempest-ServerActionsTestOtherA-179720222-project-member] Determining version of request: GET /v2/images/e43fdbaa-bab4-48ee-8194-bf84e9fc8960 Accept: application/json {{(pid=103115) process_request /opt/stack/glance/glance/api/middleware/version_negotiation.py:44}}
Aug 19 03:02:44.075518 np0000007733 devstack@g-api.service[103115]: DEBUG glance.api.middleware.version_negotiation [None req-50b094df-f8ae-4eb6-8bb5-02a479dd6c38 tempest-ServerActionsTestOtherA-179720222 tempest-ServerActionsTestOtherA-179720222-project-member] Using url versioning {{(pid=103115) process_request /opt/stack/glance/glance/api/middleware/version_negotiation.py:57}}
Aug 19 03:02:44.075518 np0000007733 devstack@g-api.service[103115]: DEBUG glance.api.middleware.version_negotiation [None req-50b094df-f8ae-4eb6-8bb5-02a479dd6c38 tempest-ServerActionsTestOtherA-179720222 tempest-ServerActionsTestOtherA-179720222-project-member] Matched version: v2 {{(pid=103115) process_request /opt/stack/glance/glance/api/middleware/version_negotiation.py:69}}
Aug 19 03:02:44.079973 np0000007733 devstack@g-api.service[103115]: DEBUG glance.api.middleware.version_negotiation [None req-50b094df-f8ae-4eb6-8bb5-02a479dd6c38 tempest-ServerActionsTestOtherA-179720222 tempest-ServerActionsTestOtherA-179720222-project-member] new path /v2/images/e43fdbaa-bab4-48ee-8194-bf84e9fc8960 {{(pid=103115) process_request /opt/stack/glance/glance/api/middleware/version_negotiation.py:70}}
Aug 19 03:02:44.113977 np0000007733 devstack@g-api.service[103115]: [pid: 103115|app: 0|req: 65/245] 127.0.0.1 () {40 vars in 834 bytes} [Wed Aug 19 03:02:44 2026] GET /v2/images/e43fdbaa-bab4-48ee-8194-bf84e9fc8960 => generated 649 bytes in 40 msecs (HTTP/1.1 200) 4 headers in 157 bytes (1 switches on core 0)
Aug 19 03:02:44.922422 np0000007733 devstack@g-api.service[103117]: DEBUG swiftclient [None req-891d1a1f-3998-4634-ae73-35f18e0794c0 tempest-VolumesActionsTest-1793113697 tempest-VolumesActionsTest-1793113697-project-member] REQ: curl -i https://10.4.3.31:8080/v1/AUTH_5486d1fa7b13463ab6354daa03cb8e97/glance/e43fdbaa-bab4-48ee-8194-bf84e9fc8960-00001 -X PUT -H "X-Auth-Token: gAAAAABqhRzRqWAy..." {{(pid=103117) http_log /opt/stack/data/venv/lib/python3.12/site-packages/swiftclient/client.py:160}}
Aug 19 03:02:44.922853 np0000007733 devstack@g-api.service[103117]: DEBUG swiftclient [None req-891d1a1f-3998-4634-ae73-35f18e0794c0 tempest-VolumesActionsTest-1793113697 tempest-VolumesActionsTest-1793113697-project-member] RESP STATUS: 201 Created {{(pid=103117) http_log /opt/stack/data/venv/lib/python3.12/site-packages/swiftclient/client.py:161}}
Aug 19 03:02:44.922853 np0000007733 devstack@g-api.service[103117]: DEBUG swiftclient [None req-891d1a1f-3998-4634-ae73-35f18e0794c0 tempest-VolumesActionsTest-1793113697 tempest-VolumesActionsTest-1793113697-project-member] RESP HEADERS: {'Date': 'Wed, 19 Aug 2026 03:02:44 GMT', 'Server': 'Apache/2.4.58 (Ubuntu)', 'Content-Type': 'text/html; charset=UTF-8', 'Content-Length': '0', 'Etag': 'eda9a9889837ac4bc81d6387d92c1bec', 'Last-Modified': 'Wed, 19 Aug 2026 03:02:42 GMT', 'X-Trans-Id': 'tx4c1ea5ba8f2344168c3c1-006a851cd1', 'X-Openstack-Request-Id': 'tx4c1ea5ba8f2344168c3c1-006a851cd1', 'Connection': 'close'} {{(pid=103117) http_log /opt/stack/data/venv/lib/python3.12/site-packages/swiftclient/client.py:162}}
Aug 19 03:02:44.923440 np0000007733 devstack@g-api.service[103117]: DEBUG glance_store._drivers.swift.store [None req-891d1a1f-3998-4634-ae73-35f18e0794c0 tempest-VolumesActionsTest-1793113697 tempest-VolumesActionsTest-1793113697-project-member] Wrote chunk e43fdbaa-bab4-48ee-8194-bf84e9fc8960-00001 (1/?) of length 204800000 to Swift returning MD5 of content: eda9a9889837ac4bc81d6387d92c1bec {{(pid=103117) add /opt/stack/data/venv/lib/python3.12/site-packages/glance_store/_drivers/swift/store.py:1059}}
Aug 19 03:02:45.134589 np0000007733 devstack@g-api.service[103114]: DEBUG glance.api.middleware.version_negotiation [None req-50b094df-f8ae-4eb6-8bb5-02a479dd6c38 tempest-ServerActionsTestOtherA-179720222 tempest-ServerActionsTestOtherA-179720222-project-member] Determining version of request: GET /v2/images/e43fdbaa-bab4-48ee-8194-bf84e9fc8960 Accept: application/json {{(pid=103114) process_request /opt/stack/glance/glance/api/middleware/version_negotiation.py:44}}
Aug 19 03:02:45.134949 np0000007733 devstack@g-api.service[103114]: DEBUG glance.api.middleware.version_negotiation [None req-50b094df-f8ae-4eb6-8bb5-02a479dd6c38 tempest-ServerActionsTestOtherA-179720222 tempest-ServerActionsTestOtherA-179720222-project-member] Using url versioning {{(pid=103114) process_request /opt/stack/glance/glance/api/middleware/version_negotiation.py:57}}
Aug 19 03:02:45.134949 np0000007733 devstack@g-api.service[103114]: DEBUG glance.api.middleware.version_negotiation [None req-50b094df-f8ae-4eb6-8bb5-02a479dd6c38 tempest-ServerActionsTestOtherA-179720222 tempest-ServerActionsTestOtherA-179720222-project-member] Matched version: v2 {{(pid=103114) process_request /opt/stack/glance/glance/api/middleware/version_negotiation.py:69}}
Aug 19 03:02:45.135037 np0000007733 devstack@g-api.service[103114]: DEBUG glance.api.middleware.version_negotiation [None req-50b094df-f8ae-4eb6-8bb5-02a479dd6c38 tempest-ServerActionsTestOtherA-179720222 tempest-ServerActionsTestOtherA-179720222-project-member] new path /v2/images/e43fdbaa-bab4-48ee-8194-bf84e9fc8960 {{(pid=103114) process_request /opt/stack/glance/glance/api/middleware/version_negotiation.py:70}}
Aug 19 03:02:45.165754 np0000007733 devstack@g-api.service[103114]: [pid: 103114|app: 0|req: 59/246] 127.0.0.1 () {40 vars in 834 bytes} [Wed Aug 19 03:02:45 2026] GET /v2/images/e43fdbaa-bab4-48ee-8194-bf84e9fc8960 => generated 649 bytes in 31 msecs (HTTP/1.1 200) 4 headers in 157 bytes (1 switches on core 0)
Aug 19 03:02:46.185957 np0000007733 devstack@g-api.service[103116]: DEBUG glance.api.middleware.version_negotiation [None req-e8a11669-1679-48e2-95ac-8389c9bbf421 tempest-VolumesActionsTest-1793113697 tempest-VolumesActionsTest-1793113697-project-member] Determining version of request: GET /v2/images/e43fdbaa-bab4-48ee-8194-bf84e9fc8960 Accept: application/json {{(pid=103116) process_request /opt/stack/glance/glance/api/middleware/version_negotiation.py:44}}
Aug 19 03:02:46.186694 np0000007733 devstack@g-api.service[103116]: DEBUG glance.api.middleware.version_negotiation [None req-e8a11669-1679-48e2-95ac-8389c9bbf421 tempest-VolumesActionsTest-1793113697 tempest-VolumesActionsTest-1793113697-project-member] Using url versioning {{(pid=103116) process_request /opt/stack/glance/glance/api/middleware/version_negotiation.py:57}}
Aug 19 03:02:46.186694 np0000007733 devstack@g-api.service[103116]: DEBUG glance.api.middleware.version_negotiation [None req-e8a11669-1679-48e2-95ac-8389c9bbf421 tempest-VolumesActionsTest-1793113697 tempest-VolumesActionsTest-1793113697-project-member] Matched version: v2 {{(pid=103116) process_request /opt/stack/glance/glance/api/middleware/version_negotiation.py:69}}
Aug 19 03:02:46.186694 np0000007733 devstack@g-api.service[103116]: DEBUG glance.api.middleware.version_negotiation [None req-e8a11669-1679-48e2-95ac-8389c9bbf421 tempest-VolumesActionsTest-1793113697 tempest-VolumesActionsTest-1793113697-project-member] new path /v2/images/e43fdbaa-bab4-48ee-8194-bf84e9fc8960 {{(pid=103116) process_request /opt/stack/glance/glance/api/middleware/version_negotiation.py:70}}
Aug 19 03:02:46.218832 np0000007733 devstack@g-api.service[103116]: [pid: 103116|app: 0|req: 64/247] 127.0.0.1 () {40 vars in 834 bytes} [Wed Aug 19 03:02:46 2026] GET /v2/images/e43fdbaa-bab4-48ee-8194-bf84e9fc8960 => generated 649 bytes in 33 msecs (HTTP/1.1 200) 4 headers in 157 bytes (1 switches on core 0)
Aug 19 03:02:47.240181 np0000007733 devstack@g-api.service[103115]: DEBUG glance.api.middleware.version_negotiation [None req-58dc4516-3669-4114-8bcc-4780d4f2036f tempest-VolumesActionsTest-1793113697 tempest-VolumesActionsTest-1793113697-project-member] Determining version of request: GET /v2/images/e43fdbaa-bab4-48ee-8194-bf84e9fc8960 Accept: application/json {{(pid=103115) process_request /opt/stack/glance/glance/api/middleware/version_negotiation.py:44}}
Aug 19 03:02:47.240181 np0000007733 devstack@g-api.service[103115]: DEBUG glance.api.middleware.version_negotiation [None req-58dc4516-3669-4114-8bcc-4780d4f2036f tempest-VolumesActionsTest-1793113697 tempest-VolumesActionsTest-1793113697-project-member] Using url versioning {{(pid=103115) process_request /opt/stack/glance/glance/api/middleware/version_negotiation.py:57}}
Aug 19 03:02:47.240181 np0000007733 devstack@g-api.service[103115]: DEBUG glance.api.middleware.version_negotiation [None req-58dc4516-3669-4114-8bcc-4780d4f2036f tempest-VolumesActionsTest-1793113697 tempest-VolumesActionsTest-1793113697-project-member] Matched version: v2 {{(pid=103115) process_request /opt/stack/glance/glance/api/middleware/version_negotiation.py:69}}
Aug 19 03:02:47.240181 np0000007733 devstack@g-api.service[103115]: DEBUG glance.api.middleware.version_negotiation [None req-58dc4516-3669-4114-8bcc-4780d4f2036f tempest-VolumesActionsTest-1793113697 tempest-VolumesActionsTest-1793113697-project-member] new path /v2/images/e43fdbaa-bab4-48ee-8194-bf84e9fc8960 {{(pid=103115) process_request /opt/stack/glance/glance/api/middleware/version_negotiation.py:70}}
Aug 19 03:02:47.261844 np0000007733 devstack@g-api.service[103115]: [pid: 103115|app: 0|req: 66/248] 127.0.0.1 () {40 vars in 834 bytes} [Wed Aug 19 03:02:47 2026] GET /v2/images/e43fdbaa-bab4-48ee-8194-bf84e9fc8960 => generated 649 bytes in 23 msecs (HTTP/1.1 200) 4 headers in 157 bytes (1 switches on core 0)
Aug 19 03:02:48.106110 np0000007733 devstack@g-api.service[103117]: DEBUG swiftclient [None req-891d1a1f-3998-4634-ae73-35f18e0794c0 tempest-VolumesActionsTest-1793113697 tempest-VolumesActionsTest-1793113697-project-member] REQ: curl -i https://10.4.3.31:8080/v1/AUTH_5486d1fa7b13463ab6354daa03cb8e97/glance/e43fdbaa-bab4-48ee-8194-bf84e9fc8960-00002 -X PUT -H "X-Auth-Token: gAAAAABqhRzRqWAy..." {{(pid=103117) http_log /opt/stack/data/venv/lib/python3.12/site-packages/swiftclient/client.py:160}}
Aug 19 03:02:48.106595 np0000007733 devstack@g-api.service[103117]: DEBUG swiftclient [None req-891d1a1f-3998-4634-ae73-35f18e0794c0 tempest-VolumesActionsTest-1793113697 tempest-VolumesActionsTest-1793113697-project-member] RESP STATUS: 201 Created {{(pid=103117) http_log /opt/stack/data/venv/lib/python3.12/site-packages/swiftclient/client.py:161}}
Aug 19 03:02:48.106595 np0000007733 devstack@g-api.service[103117]: DEBUG swiftclient [None req-891d1a1f-3998-4634-ae73-35f18e0794c0 tempest-VolumesActionsTest-1793113697 tempest-VolumesActionsTest-1793113697-project-member] RESP HEADERS: {'Date': 'Wed, 19 Aug 2026 03:02:48 GMT', 'Server': 'Apache/2.4.58 (Ubuntu)', 'Content-Type': 'text/html; charset=UTF-8', 'Content-Length': '0', 'Etag': 'eda9a9889837ac4bc81d6387d92c1bec', 'Last-Modified': 'Wed, 19 Aug 2026 03:02:45 GMT', 'X-Trans-Id': 'txe4a5a5dbb74649d78661e-006a851cd4', 'X-Openstack-Request-Id': 'txe4a5a5dbb74649d78661e-006a851cd4', 'Connection': 'close'} {{(pid=103117) http_log /opt/stack/data/venv/lib/python3.12/site-packages/swiftclient/client.py:162}}
Aug 19 03:02:48.106595 np0000007733 devstack@g-api.service[103117]: DEBUG glance_store._drivers.swift.store [None req-891d1a1f-3998-4634-ae73-35f18e0794c0 tempest-VolumesActionsTest-1793113697 tempest-VolumesActionsTest-1793113697-project-member] Wrote chunk e43fdbaa-bab4-48ee-8194-bf84e9fc8960-00002 (2/?) of length 204800000 to Swift returning MD5 of content: eda9a9889837ac4bc81d6387d92c1bec {{(pid=103117) add /opt/stack/data/venv/lib/python3.12/site-packages/glance_store/_drivers/swift/store.py:1059}}
Aug 19 03:02:48.295010 np0000007733 devstack@g-api.service[103114]: DEBUG glance.api.middleware.version_negotiation [None req-709bc3df-fb7f-4342-a20c-9a319954fd29 tempest-VolumesActionsTest-1793113697 tempest-VolumesActionsTest-1793113697-project-member] Determining version of request: GET /v2/images/e43fdbaa-bab4-48ee-8194-bf84e9fc8960 Accept: application/json {{(pid=103114) process_request /opt/stack/glance/glance/api/middleware/version_negotiation.py:44}}
Aug 19 03:02:48.295010 np0000007733 devstack@g-api.service[103114]: DEBUG glance.api.middleware.version_negotiation [None req-709bc3df-fb7f-4342-a20c-9a319954fd29 tempest-VolumesActionsTest-1793113697 tempest-VolumesActionsTest-1793113697-project-member] Using url versioning {{(pid=103114) process_request /opt/stack/glance/glance/api/middleware/version_negotiation.py:57}}
Aug 19 03:02:48.295010 np0000007733 devstack@g-api.service[103114]: DEBUG glance.api.middleware.version_negotiation [None req-709bc3df-fb7f-4342-a20c-9a319954fd29 tempest-VolumesActionsTest-1793113697 tempest-VolumesActionsTest-1793113697-project-member] Matched version: v2 {{(pid=103114) process_request /opt/stack/glance/glance/api/middleware/version_negotiation.py:69}}
Aug 19 03:02:48.295010 np0000007733 devstack@g-api.service[103114]: DEBUG glance.api.middleware.version_negotiation [None req-709bc3df-fb7f-4342-a20c-9a319954fd29 tempest-VolumesActionsTest-1793113697 tempest-VolumesActionsTest-1793113697-project-member] new path /v2/images/e43fdbaa-bab4-48ee-8194-bf84e9fc8960 {{(pid=103114) process_request /opt/stack/glance/glance/api/middleware/version_negotiation.py:70}}
Aug 19 03:02:48.329561 np0000007733 devstack@g-api.service[103114]: [pid: 103114|app: 0|req: 60/249] 127.0.0.1 () {40 vars in 834 bytes} [Wed Aug 19 03:02:48 2026] GET /v2/images/e43fdbaa-bab4-48ee-8194-bf84e9fc8960 => generated 649 bytes in 37 msecs (HTTP/1.1 200) 4 headers in 157 bytes (1 switches on core 0)
Aug 19 03:02:49.342843 np0000007733 devstack@g-api.service[103116]: DEBUG glance.api.middleware.version_negotiation [None req-cc095419-9a0e-48e5-a0cc-23e0cc709316 tempest-VolumesActionsTest-1793113697 tempest-VolumesActionsTest-1793113697-project-member] Determining version of request: GET /v2/images/e43fdbaa-bab4-48ee-8194-bf84e9fc8960 Accept: application/json {{(pid=103116) process_request /opt/stack/glance/glance/api/middleware/version_negotiation.py:44}}
Aug 19 03:02:49.342843 np0000007733 devstack@g-api.service[103116]: DEBUG glance.api.middleware.version_negotiation [None req-cc095419-9a0e-48e5-a0cc-23e0cc709316 tempest-VolumesActionsTest-1793113697 tempest-VolumesActionsTest-1793113697-project-member] Using url versioning {{(pid=103116) process_request /opt/stack/glance/glance/api/middleware/version_negotiation.py:57}}
Aug 19 03:02:49.342843 np0000007733 devstack@g-api.service[103116]: DEBUG glance.api.middleware.version_negotiation [None req-cc095419-9a0e-48e5-a0cc-23e0cc709316 tempest-VolumesActionsTest-1793113697 tempest-VolumesActionsTest-1793113697-project-member] Matched version: v2 {{(pid=103116) process_request /opt/stack/glance/glance/api/middleware/version_negotiation.py:69}}
Aug 19 03:02:49.342843 np0000007733 devstack@g-api.service[103116]: DEBUG glance.api.middleware.version_negotiation [None req-cc095419-9a0e-48e5-a0cc-23e0cc709316 tempest-VolumesActionsTest-1793113697 tempest-VolumesActionsTest-1793113697-project-member] new path /v2/images/e43fdbaa-bab4-48ee-8194-bf84e9fc8960 {{(pid=103116) process_request /opt/stack/glance/glance/api/middleware/version_negotiation.py:70}}
Aug 19 03:02:49.363327 np0000007733 devstack@g-api.service[103116]: [pid: 103116|app: 0|req: 65/250] 127.0.0.1 () {40 vars in 834 bytes} [Wed Aug 19 03:02:49 2026] GET /v2/images/e43fdbaa-bab4-48ee-8194-bf84e9fc8960 => generated 649 bytes in 22 msecs (HTTP/1.1 200) 4 headers in 157 bytes (1 switches on core 0)
Aug 19 03:02:50.380692 np0000007733 devstack@g-api.service[103115]: DEBUG glance.api.middleware.version_negotiation [None req-a51599c7-415a-40a0-a5e0-d6a2a1f56d54 tempest-VolumesActionsTest-1793113697 tempest-VolumesActionsTest-1793113697-project-member] Determining version of request: GET /v2/images/e43fdbaa-bab4-48ee-8194-bf84e9fc8960 Accept: application/json {{(pid=103115) process_request /opt/stack/glance/glance/api/middleware/version_negotiation.py:44}}
Aug 19 03:02:50.381333 np0000007733 devstack@g-api.service[103115]: DEBUG glance.api.middleware.version_negotiation [None req-a51599c7-415a-40a0-a5e0-d6a2a1f56d54 tempest-VolumesActionsTest-1793113697 tempest-VolumesActionsTest-1793113697-project-member] Using url versioning {{(pid=103115) process_request /opt/stack/glance/glance/api/middleware/version_negotiation.py:57}}
Aug 19 03:02:50.381333 np0000007733 devstack@g-api.service[103115]: DEBUG glance.api.middleware.version_negotiation [None req-a51599c7-415a-40a0-a5e0-d6a2a1f56d54 tempest-VolumesActionsTest-1793113697 tempest-VolumesActionsTest-1793113697-project-member] Matched version: v2 {{(pid=103115) process_request /opt/stack/glance/glance/api/middleware/version_negotiation.py:69}}
Aug 19 03:02:50.381333 np0000007733 devstack@g-api.service[103115]: DEBUG glance.api.middleware.version_negotiation [None req-a51599c7-415a-40a0-a5e0-d6a2a1f56d54 tempest-VolumesActionsTest-1793113697 tempest-VolumesActionsTest-1793113697-project-member] new path /v2/images/e43fdbaa-bab4-48ee-8194-bf84e9fc8960 {{(pid=103115) process_request /opt/stack/glance/glance/api/middleware/version_negotiation.py:70}}
Aug 19 03:02:50.407528 np0000007733 devstack@g-api.service[103115]: [pid: 103115|app: 0|req: 67/251] 127.0.0.1 () {40 vars in 834 bytes} [Wed Aug 19 03:02:50 2026] GET /v2/images/e43fdbaa-bab4-48ee-8194-bf84e9fc8960 => generated 649 bytes in 27 msecs (HTTP/1.1 200) 4 headers in 157 bytes (1 switches on core 0)
Aug 19 03:02:51.372391 np0000007733 devstack@g-api.service[103117]: DEBUG dbcounter [-] [103117] Writing DB stats glance:SELECT=18,glance:INSERT=1,glance:UPDATE=1 {{(pid=103117) stat_writer /opt/stack/data/venv/lib/python3.12/site-packages/dbcounter.py:115}}
Aug 19 03:02:51.420066 np0000007733 devstack@g-api.service[103114]: DEBUG glance.api.middleware.version_negotiation [None req-41cab375-6790-4479-b955-dcab55e0280b tempest-VolumesActionsTest-1793113697 tempest-VolumesActionsTest-1793113697-project-member] Determining version of request: GET /v2/images/e43fdbaa-bab4-48ee-8194-bf84e9fc8960 Accept: application/json {{(pid=103114) process_request /opt/stack/glance/glance/api/middleware/version_negotiation.py:44}}
Aug 19 03:02:51.420516 np0000007733 devstack@g-api.service[103114]: DEBUG glance.api.middleware.version_negotiation [None req-41cab375-6790-4479-b955-dcab55e0280b tempest-VolumesActionsTest-1793113697 tempest-VolumesActionsTest-1793113697-project-member] Using url versioning {{(pid=103114) process_request /opt/stack/glance/glance/api/middleware/version_negotiation.py:57}}
Aug 19 03:02:51.420516 np0000007733 devstack@g-api.service[103114]: DEBUG glance.api.middleware.version_negotiation [None req-41cab375-6790-4479-b955-dcab55e0280b tempest-VolumesActionsTest-1793113697 tempest-VolumesActionsTest-1793113697-project-member] Matched version: v2 {{(pid=103114) process_request /opt/stack/glance/glance/api/middleware/version_negotiation.py:69}}
Aug 19 03:02:51.420516 np0000007733 devstack@g-api.service[103114]: DEBUG glance.api.middleware.version_negotiation [None req-41cab375-6790-4479-b955-dcab55e0280b tempest-VolumesActionsTest-1793113697 tempest-VolumesActionsTest-1793113697-project-member] new path /v2/images/e43fdbaa-bab4-48ee-8194-bf84e9fc8960 {{(pid=103114) process_request /opt/stack/glance/glance/api/middleware/version_negotiation.py:70}}
Aug 19 03:02:51.434078 np0000007733 devstack@g-api.service[103114]: [pid: 103114|app: 0|req: 61/252] 127.0.0.1 () {40 vars in 834 bytes} [Wed Aug 19 03:02:51 2026] GET /v2/images/e43fdbaa-bab4-48ee-8194-bf84e9fc8960 => generated 649 bytes in 14 msecs (HTTP/1.1 200) 4 headers in 157 bytes (1 switches on core 0)
Aug 19 03:02:51.466283 np0000007733 devstack@g-api.service[103117]: DEBUG swiftclient [None req-891d1a1f-3998-4634-ae73-35f18e0794c0 tempest-VolumesActionsTest-1793113697 tempest-VolumesActionsTest-1793113697-project-member] REQ: curl -i https://10.4.3.31:8080/v1/AUTH_5486d1fa7b13463ab6354daa03cb8e97/glance/e43fdbaa-bab4-48ee-8194-bf84e9fc8960-00003 -X PUT -H "X-Auth-Token: gAAAAABqhRzRqWAy..." {{(pid=103117) http_log /opt/stack/data/venv/lib/python3.12/site-packages/swiftclient/client.py:160}}
Aug 19 03:02:51.466283 np0000007733 devstack@g-api.service[103117]: DEBUG swiftclient [None req-891d1a1f-3998-4634-ae73-35f18e0794c0 tempest-VolumesActionsTest-1793113697 tempest-VolumesActionsTest-1793113697-project-member] RESP STATUS: 201 Created {{(pid=103117) http_log /opt/stack/data/venv/lib/python3.12/site-packages/swiftclient/client.py:161}}
Aug 19 03:02:51.466680 np0000007733 devstack@g-api.service[103117]: DEBUG swiftclient [None req-891d1a1f-3998-4634-ae73-35f18e0794c0 tempest-VolumesActionsTest-1793113697 tempest-VolumesActionsTest-1793113697-project-member] RESP HEADERS: {'Date': 'Wed, 19 Aug 2026 03:02:51 GMT', 'Server': 'Apache/2.4.58 (Ubuntu)', 'Content-Type': 'text/html; charset=UTF-8', 'Content-Length': '0', 'Etag': 'eda9a9889837ac4bc81d6387d92c1bec', 'Last-Modified': 'Wed, 19 Aug 2026 03:02:49 GMT', 'X-Trans-Id': 'tx79c3bcc383904e7ab3cba-006a851cd8', 'X-Openstack-Request-Id': 'tx79c3bcc383904e7ab3cba-006a851cd8', 'Connection': 'close'} {{(pid=103117) http_log /opt/stack/data/venv/lib/python3.12/site-packages/swiftclient/client.py:162}}
Aug 19 03:02:51.466872 np0000007733 devstack@g-api.service[103117]: DEBUG glance_store._drivers.swift.store [None req-891d1a1f-3998-4634-ae73-35f18e0794c0 tempest-VolumesActionsTest-1793113697 tempest-VolumesActionsTest-1793113697-project-member] Wrote chunk e43fdbaa-bab4-48ee-8194-bf84e9fc8960-00003 (3/?) of length 204800000 to Swift returning MD5 of content: eda9a9889837ac4bc81d6387d92c1bec {{(pid=103117) add /opt/stack/data/venv/lib/python3.12/site-packages/glance_store/_drivers/swift/store.py:1059}}
Aug 19 03:02:52.448300 np0000007733 devstack@g-api.service[103116]: DEBUG glance.api.middleware.version_negotiation [None req-24fb3f98-7bd9-4b24-bdbf-6576734cfd5a tempest-VolumesActionsTest-1793113697 tempest-VolumesActionsTest-1793113697-project-member] Determining version of request: GET /v2/images/e43fdbaa-bab4-48ee-8194-bf84e9fc8960 Accept: application/json {{(pid=103116) process_request /opt/stack/glance/glance/api/middleware/version_negotiation.py:44}}
Aug 19 03:02:52.448300 np0000007733 devstack@g-api.service[103116]: DEBUG glance.api.middleware.version_negotiation [None req-24fb3f98-7bd9-4b24-bdbf-6576734cfd5a tempest-VolumesActionsTest-1793113697 tempest-VolumesActionsTest-1793113697-project-member] Using url versioning {{(pid=103116) process_request /opt/stack/glance/glance/api/middleware/version_negotiation.py:57}}
Aug 19 03:02:52.449119 np0000007733 devstack@g-api.service[103116]: DEBUG glance.api.middleware.version_negotiation [None req-24fb3f98-7bd9-4b24-bdbf-6576734cfd5a tempest-VolumesActionsTest-1793113697 tempest-VolumesActionsTest-1793113697-project-member] Matched version: v2 {{(pid=103116) process_request /opt/stack/glance/glance/api/middleware/version_negotiation.py:69}}
Aug 19 03:02:52.449119 np0000007733 devstack@g-api.service[103116]: DEBUG glance.api.middleware.version_negotiation [None req-24fb3f98-7bd9-4b24-bdbf-6576734cfd5a tempest-VolumesActionsTest-1793113697 tempest-VolumesActionsTest-1793113697-project-member] new path /v2/images/e43fdbaa-bab4-48ee-8194-bf84e9fc8960 {{(pid=103116) process_request /opt/stack/glance/glance/api/middleware/version_negotiation.py:70}}
Aug 19 03:02:52.469761 np0000007733 devstack@g-api.service[103116]: [pid: 103116|app: 0|req: 66/253] 127.0.0.1 () {40 vars in 834 bytes} [Wed Aug 19 03:02:52 2026] GET /v2/images/e43fdbaa-bab4-48ee-8194-bf84e9fc8960 => generated 649 bytes in 22 msecs (HTTP/1.1 200) 4 headers in 157 bytes (1 switches on core 0)
Aug 19 03:02:53.498254 np0000007733 devstack@g-api.service[103115]: DEBUG glance.api.middleware.version_negotiation [None req-50ae464e-39c2-4bbf-926c-ea753eb7fa24 tempest-VolumesActionsTest-1793113697 tempest-VolumesActionsTest-1793113697-project-member] Determining version of request: GET /v2/images/e43fdbaa-bab4-48ee-8194-bf84e9fc8960 Accept: application/json {{(pid=103115) process_request /opt/stack/glance/glance/api/middleware/version_negotiation.py:44}}
Aug 19 03:02:53.498254 np0000007733 devstack@g-api.service[103115]: DEBUG glance.api.middleware.version_negotiation [None req-50ae464e-39c2-4bbf-926c-ea753eb7fa24 tempest-VolumesActionsTest-1793113697 tempest-VolumesActionsTest-1793113697-project-member] Using url versioning {{(pid=103115) process_request /opt/stack/glance/glance/api/middleware/version_negotiation.py:57}}
Aug 19 03:02:53.498254 np0000007733 devstack@g-api.service[103115]: DEBUG glance.api.middleware.version_negotiation [None req-50ae464e-39c2-4bbf-926c-ea753eb7fa24 tempest-VolumesActionsTest-1793113697 tempest-VolumesActionsTest-1793113697-project-member] Matched version: v2 {{(pid=103115) process_request /opt/stack/glance/glance/api/middleware/version_negotiation.py:69}}
Aug 19 03:02:53.498254 np0000007733 devstack@g-api.service[103115]: DEBUG glance.api.middleware.version_negotiation [None req-50ae464e-39c2-4bbf-926c-ea753eb7fa24 tempest-VolumesActionsTest-1793113697 tempest-VolumesActionsTest-1793113697-project-member] new path /v2/images/e43fdbaa-bab4-48ee-8194-bf84e9fc8960 {{(pid=103115) process_request /opt/stack/glance/glance/api/middleware/version_negotiation.py:70}}
Aug 19 03:02:53.540385 np0000007733 devstack@g-api.service[103115]: [pid: 103115|app: 0|req: 68/254] 127.0.0.1 () {40 vars in 834 bytes} [Wed Aug 19 03:02:53 2026] GET /v2/images/e43fdbaa-bab4-48ee-8194-bf84e9fc8960 => generated 649 bytes in 48 msecs (HTTP/1.1 200) 4 headers in 157 bytes (1 switches on core 0)
Aug 19 03:02:54.530424 np0000007733 devstack@g-api.service[103117]: DEBUG swiftclient [None req-891d1a1f-3998-4634-ae73-35f18e0794c0 tempest-VolumesActionsTest-1793113697 tempest-VolumesActionsTest-1793113697-project-member] REQ: curl -i https://10.4.3.31:8080/v1/AUTH_5486d1fa7b13463ab6354daa03cb8e97/glance/e43fdbaa-bab4-48ee-8194-bf84e9fc8960-00004 -X PUT -H "X-Auth-Token: gAAAAABqhRzRqWAy..." {{(pid=103117) http_log /opt/stack/data/venv/lib/python3.12/site-packages/swiftclient/client.py:160}}
Aug 19 03:02:54.530424 np0000007733 devstack@g-api.service[103117]: DEBUG swiftclient [None req-891d1a1f-3998-4634-ae73-35f18e0794c0 tempest-VolumesActionsTest-1793113697 tempest-VolumesActionsTest-1793113697-project-member] RESP STATUS: 201 Created {{(pid=103117) http_log /opt/stack/data/venv/lib/python3.12/site-packages/swiftclient/client.py:161}}
Aug 19 03:02:54.530424 np0000007733 devstack@g-api.service[103117]: DEBUG swiftclient [None req-891d1a1f-3998-4634-ae73-35f18e0794c0 tempest-VolumesActionsTest-1793113697 tempest-VolumesActionsTest-1793113697-project-member] RESP HEADERS: {'Date': 'Wed, 19 Aug 2026 03:02:54 GMT', 'Server': 'Apache/2.4.58 (Ubuntu)', 'Content-Type': 'text/html; charset=UTF-8', 'Content-Length': '0', 'Etag': 'eda9a9889837ac4bc81d6387d92c1bec', 'Last-Modified': 'Wed, 19 Aug 2026 03:02:52 GMT', 'X-Trans-Id': 'txc0730a43927344f5b56a0-006a851cdb', 'X-Openstack-Request-Id': 'txc0730a43927344f5b56a0-006a851cdb', 'Connection': 'close'} {{(pid=103117) http_log /opt/stack/data/venv/lib/python3.12/site-packages/swiftclient/client.py:162}}
Aug 19 03:02:54.530424 np0000007733 devstack@g-api.service[103117]: DEBUG glance_store._drivers.swift.store [None req-891d1a1f-3998-4634-ae73-35f18e0794c0 tempest-VolumesActionsTest-1793113697 tempest-VolumesActionsTest-1793113697-project-member] Wrote chunk e43fdbaa-bab4-48ee-8194-bf84e9fc8960-00004 (4/?) of length 204800000 to Swift returning MD5 of content: eda9a9889837ac4bc81d6387d92c1bec {{(pid=103117) add /opt/stack/data/venv/lib/python3.12/site-packages/glance_store/_drivers/swift/store.py:1059}}
Aug 19 03:02:54.553634 np0000007733 devstack@g-api.service[103114]: DEBUG glance.api.middleware.version_negotiation [None req-f08d2a66-60e2-4a22-a8a7-51a3140f4d7d tempest-VolumesActionsTest-1793113697 tempest-VolumesActionsTest-1793113697-project-member] Determining version of request: GET /v2/images/e43fdbaa-bab4-48ee-8194-bf84e9fc8960 Accept: application/json {{(pid=103114) process_request /opt/stack/glance/glance/api/middleware/version_negotiation.py:44}}
Aug 19 03:02:54.553634 np0000007733 devstack@g-api.service[103114]: DEBUG glance.api.middleware.version_negotiation [None req-f08d2a66-60e2-4a22-a8a7-51a3140f4d7d tempest-VolumesActionsTest-1793113697 tempest-VolumesActionsTest-1793113697-project-member] Using url versioning {{(pid=103114) process_request /opt/stack/glance/glance/api/middleware/version_negotiation.py:57}}
Aug 19 03:02:54.554148 np0000007733 devstack@g-api.service[103114]: DEBUG glance.api.middleware.version_negotiation [None req-f08d2a66-60e2-4a22-a8a7-51a3140f4d7d tempest-VolumesActionsTest-1793113697 tempest-VolumesActionsTest-1793113697-project-member] Matched version: v2 {{(pid=103114) process_request /opt/stack/glance/glance/api/middleware/version_negotiation.py:69}}
Aug 19 03:02:54.554148 np0000007733 devstack@g-api.service[103114]: DEBUG glance.api.middleware.version_negotiation [None req-f08d2a66-60e2-4a22-a8a7-51a3140f4d7d tempest-VolumesActionsTest-1793113697 tempest-VolumesActionsTest-1793113697-project-member] new path /v2/images/e43fdbaa-bab4-48ee-8194-bf84e9fc8960 {{(pid=103114) process_request /opt/stack/glance/glance/api/middleware/version_negotiation.py:70}}
Aug 19 03:02:54.578695 np0000007733 devstack@g-api.service[103114]: [pid: 103114|app: 0|req: 62/255] 127.0.0.1 () {40 vars in 834 bytes} [Wed Aug 19 03:02:54 2026] GET /v2/images/e43fdbaa-bab4-48ee-8194-bf84e9fc8960 => generated 649 bytes in 25 msecs (HTTP/1.1 200) 4 headers in 157 bytes (1 switches on core 0)
Aug 19 03:02:55.593289 np0000007733 devstack@g-api.service[103116]: DEBUG glance.api.middleware.version_negotiation [None req-e6ffc278-9d32-4656-837c-099a3ae3ae01 tempest-VolumesActionsTest-1793113697 tempest-VolumesActionsTest-1793113697-project-member] Determining version of request: GET /v2/images/e43fdbaa-bab4-48ee-8194-bf84e9fc8960 Accept: application/json {{(pid=103116) process_request /opt/stack/glance/glance/api/middleware/version_negotiation.py:44}}
Aug 19 03:02:55.594113 np0000007733 devstack@g-api.service[103116]: DEBUG glance.api.middleware.version_negotiation [None req-e6ffc278-9d32-4656-837c-099a3ae3ae01 tempest-VolumesActionsTest-1793113697 tempest-VolumesActionsTest-1793113697-project-member] Using url versioning {{(pid=103116) process_request /opt/stack/glance/glance/api/middleware/version_negotiation.py:57}}
Aug 19 03:02:55.594113 np0000007733 devstack@g-api.service[103116]: DEBUG glance.api.middleware.version_negotiation [None req-e6ffc278-9d32-4656-837c-099a3ae3ae01 tempest-VolumesActionsTest-1793113697 tempest-VolumesActionsTest-1793113697-project-member] Matched version: v2 {{(pid=103116) process_request /opt/stack/glance/glance/api/middleware/version_negotiation.py:69}}
Aug 19 03:02:55.594113 np0000007733 devstack@g-api.service[103116]: DEBUG glance.api.middleware.version_negotiation [None req-e6ffc278-9d32-4656-837c-099a3ae3ae01 tempest-VolumesActionsTest-1793113697 tempest-VolumesActionsTest-1793113697-project-member] new path /v2/images/e43fdbaa-bab4-48ee-8194-bf84e9fc8960 {{(pid=103116) process_request /opt/stack/glance/glance/api/middleware/version_negotiation.py:70}}
Aug 19 03:02:55.618859 np0000007733 devstack@g-api.service[103116]: [pid: 103116|app: 0|req: 67/256] 127.0.0.1 () {40 vars in 834 bytes} [Wed Aug 19 03:02:55 2026] GET /v2/images/e43fdbaa-bab4-48ee-8194-bf84e9fc8960 => generated 649 bytes in 26 msecs (HTTP/1.1 200) 4 headers in 157 bytes (1 switches on core 0)
Aug 19 03:02:56.630293 np0000007733 devstack@g-api.service[103115]: DEBUG glance.api.middleware.version_negotiation [None req-a6c486fb-bedc-4c5b-9d33-af09321bc92b tempest-VolumesActionsTest-1793113697 tempest-VolumesActionsTest-1793113697-project-member] Determining version of request: GET /v2/images/e43fdbaa-bab4-48ee-8194-bf84e9fc8960 Accept: application/json {{(pid=103115) process_request /opt/stack/glance/glance/api/middleware/version_negotiation.py:44}}
Aug 19 03:02:56.630981 np0000007733 devstack@g-api.service[103115]: DEBUG glance.api.middleware.version_negotiation [None req-a6c486fb-bedc-4c5b-9d33-af09321bc92b tempest-VolumesActionsTest-1793113697 tempest-VolumesActionsTest-1793113697-project-member] Using url versioning {{(pid=103115) process_request /opt/stack/glance/glance/api/middleware/version_negotiation.py:57}}
Aug 19 03:02:56.630981 np0000007733 devstack@g-api.service[103115]: DEBUG glance.api.middleware.version_negotiation [None req-a6c486fb-bedc-4c5b-9d33-af09321bc92b tempest-VolumesActionsTest-1793113697 tempest-VolumesActionsTest-1793113697-project-member] Matched version: v2 {{(pid=103115) process_request /opt/stack/glance/glance/api/middleware/version_negotiation.py:69}}
Aug 19 03:02:56.631146 np0000007733 devstack@g-api.service[103115]: DEBUG glance.api.middleware.version_negotiation [None req-a6c486fb-bedc-4c5b-9d33-af09321bc92b tempest-VolumesActionsTest-1793113697 tempest-VolumesActionsTest-1793113697-project-member] new path /v2/images/e43fdbaa-bab4-48ee-8194-bf84e9fc8960 {{(pid=103115) process_request /opt/stack/glance/glance/api/middleware/version_negotiation.py:70}}
Aug 19 03:02:56.646792 np0000007733 devstack@g-api.service[103115]: [pid: 103115|app: 0|req: 69/257] 127.0.0.1 () {40 vars in 834 bytes} [Wed Aug 19 03:02:56 2026] GET /v2/images/e43fdbaa-bab4-48ee-8194-bf84e9fc8960 => generated 649 bytes in 17 msecs (HTTP/1.1 200) 4 headers in 157 bytes (1 switches on core 0)
Aug 19 03:02:57.110038 np0000007733 devstack@g-api.service[103117]: DEBUG swiftclient [None req-891d1a1f-3998-4634-ae73-35f18e0794c0 tempest-VolumesActionsTest-1793113697 tempest-VolumesActionsTest-1793113697-project-member] REQ: curl -i https://10.4.3.31:8080/v1/AUTH_5486d1fa7b13463ab6354daa03cb8e97/glance/e43fdbaa-bab4-48ee-8194-bf84e9fc8960-00005 -X PUT -H "X-Auth-Token: gAAAAABqhRzRqWAy..." {{(pid=103117) http_log /opt/stack/data/venv/lib/python3.12/site-packages/swiftclient/client.py:160}}
Aug 19 03:02:57.111203 np0000007733 devstack@g-api.service[103117]: DEBUG swiftclient [None req-891d1a1f-3998-4634-ae73-35f18e0794c0 tempest-VolumesActionsTest-1793113697 tempest-VolumesActionsTest-1793113697-project-member] RESP STATUS: 201 Created {{(pid=103117) http_log /opt/stack/data/venv/lib/python3.12/site-packages/swiftclient/client.py:161}}
Aug 19 03:02:57.111203 np0000007733 devstack@g-api.service[103117]: DEBUG swiftclient [None req-891d1a1f-3998-4634-ae73-35f18e0794c0 tempest-VolumesActionsTest-1793113697 tempest-VolumesActionsTest-1793113697-project-member] RESP HEADERS: {'Date': 'Wed, 19 Aug 2026 03:02:57 GMT', 'Server': 'Apache/2.4.58 (Ubuntu)', 'Content-Type': 'text/html; charset=UTF-8', 'Content-Length': '0', 'Etag': 'eda9a9889837ac4bc81d6387d92c1bec', 'Last-Modified': 'Wed, 19 Aug 2026 03:02:55 GMT', 'X-Trans-Id': 'tx9d634b80aa9b43268ab0c-006a851cde', 'X-Openstack-Request-Id': 'tx9d634b80aa9b43268ab0c-006a851cde', 'Connection': 'close'} {{(pid=103117) http_log /opt/stack/data/venv/lib/python3.12/site-packages/swiftclient/client.py:162}}
Aug 19 03:02:57.111203 np0000007733 devstack@g-api.service[103117]: DEBUG glance_store._drivers.swift.store [None req-891d1a1f-3998-4634-ae73-35f18e0794c0 tempest-VolumesActionsTest-1793113697 tempest-VolumesActionsTest-1793113697-project-member] Wrote chunk e43fdbaa-bab4-48ee-8194-bf84e9fc8960-00005 (5/?) of length 204800000 to Swift returning MD5 of content: eda9a9889837ac4bc81d6387d92c1bec {{(pid=103117) add /opt/stack/data/venv/lib/python3.12/site-packages/glance_store/_drivers/swift/store.py:1059}}
Aug 19 03:02:57.661683 np0000007733 devstack@g-api.service[103114]: DEBUG glance.api.middleware.version_negotiation [None req-07eb17b1-99e0-4d44-842c-70db10465e96 tempest-VolumesActionsTest-1793113697 tempest-VolumesActionsTest-1793113697-project-member] Determining version of request: GET /v2/images/e43fdbaa-bab4-48ee-8194-bf84e9fc8960 Accept: application/json {{(pid=103114) process_request /opt/stack/glance/glance/api/middleware/version_negotiation.py:44}}
Aug 19 03:02:57.664171 np0000007733 devstack@g-api.service[103114]: DEBUG glance.api.middleware.version_negotiation [None req-07eb17b1-99e0-4d44-842c-70db10465e96 tempest-VolumesActionsTest-1793113697 tempest-VolumesActionsTest-1793113697-project-member] Using url versioning {{(pid=103114) process_request /opt/stack/glance/glance/api/middleware/version_negotiation.py:57}}
Aug 19 03:02:57.664171 np0000007733 devstack@g-api.service[103114]: DEBUG glance.api.middleware.version_negotiation [None req-07eb17b1-99e0-4d44-842c-70db10465e96 tempest-VolumesActionsTest-1793113697 tempest-VolumesActionsTest-1793113697-project-member] Matched version: v2 {{(pid=103114) process_request /opt/stack/glance/glance/api/middleware/version_negotiation.py:69}}
Aug 19 03:02:57.664171 np0000007733 devstack@g-api.service[103114]: DEBUG glance.api.middleware.version_negotiation [None req-07eb17b1-99e0-4d44-842c-70db10465e96 tempest-VolumesActionsTest-1793113697 tempest-VolumesActionsTest-1793113697-project-member] new path /v2/images/e43fdbaa-bab4-48ee-8194-bf84e9fc8960 {{(pid=103114) process_request /opt/stack/glance/glance/api/middleware/version_negotiation.py:70}}
Aug 19 03:02:57.681876 np0000007733 devstack@g-api.service[103114]: [pid: 103114|app: 0|req: 63/258] 127.0.0.1 () {40 vars in 834 bytes} [Wed Aug 19 03:02:57 2026] GET /v2/images/e43fdbaa-bab4-48ee-8194-bf84e9fc8960 => generated 649 bytes in 20 msecs (HTTP/1.1 200) 4 headers in 157 bytes (1 switches on core 0)
Aug 19 03:02:57.685541 np0000007733 devstack@g-api.service[103117]: DEBUG swiftclient [None req-891d1a1f-3998-4634-ae73-35f18e0794c0 tempest-VolumesActionsTest-1793113697 tempest-VolumesActionsTest-1793113697-project-member] REQ: curl -i https://10.4.3.31:8080/v1/AUTH_5486d1fa7b13463ab6354daa03cb8e97/glance/e43fdbaa-bab4-48ee-8194-bf84e9fc8960-00006 -X PUT -H "X-Auth-Token: gAAAAABqhRzRqWAy..." {{(pid=103117) http_log /opt/stack/data/venv/lib/python3.12/site-packages/swiftclient/client.py:160}}
Aug 19 03:02:57.685812 np0000007733 devstack@g-api.service[103117]: DEBUG swiftclient [None req-891d1a1f-3998-4634-ae73-35f18e0794c0 tempest-VolumesActionsTest-1793113697 tempest-VolumesActionsTest-1793113697-project-member] RESP STATUS: 201 Created {{(pid=103117) http_log /opt/stack/data/venv/lib/python3.12/site-packages/swiftclient/client.py:161}}
Aug 19 03:02:57.686192 np0000007733 devstack@g-api.service[103117]: DEBUG swiftclient [None req-891d1a1f-3998-4634-ae73-35f18e0794c0 tempest-VolumesActionsTest-1793113697 tempest-VolumesActionsTest-1793113697-project-member] RESP HEADERS: {'Date': 'Wed, 19 Aug 2026 03:02:57 GMT', 'Server': 'Apache/2.4.58 (Ubuntu)', 'Content-Type': 'text/html; charset=UTF-8', 'Content-Length': '0', 'Etag': '708761f3b8777ec77058e63da08eeeb6', 'Last-Modified': 'Wed, 19 Aug 2026 03:02:58 GMT', 'X-Trans-Id': 'txc3d0c5f1dc2b4dbb9f969-006a851ce1', 'X-Openstack-Request-Id': 'txc3d0c5f1dc2b4dbb9f969-006a851ce1', 'Connection': 'close'} {{(pid=103117) http_log /opt/stack/data/venv/lib/python3.12/site-packages/swiftclient/client.py:162}}
Aug 19 03:02:57.686350 np0000007733 devstack@g-api.service[103117]: DEBUG glance_store._drivers.swift.store [None req-891d1a1f-3998-4634-ae73-35f18e0794c0 tempest-VolumesActionsTest-1793113697 tempest-VolumesActionsTest-1793113697-project-member] Wrote chunk e43fdbaa-bab4-48ee-8194-bf84e9fc8960-00006 (6/?) of length 49741824 to Swift returning MD5 of content: 708761f3b8777ec77058e63da08eeeb6 {{(pid=103117) add /opt/stack/data/venv/lib/python3.12/site-packages/glance_store/_drivers/swift/store.py:1059}}
Aug 19 03:02:57.686873 np0000007733 devstack@g-api.service[103117]: DEBUG glance_store._drivers.swift.store [None req-891d1a1f-3998-4634-ae73-35f18e0794c0 tempest-VolumesActionsTest-1793113697 tempest-VolumesActionsTest-1793113697-project-member] Not writing zero-length chunk. {{(pid=103117) add /opt/stack/data/venv/lib/python3.12/site-packages/glance_store/_drivers/swift/store.py:1028}}
Aug 19 03:02:57.722562 np0000007733 devstack@g-api.service[103117]: DEBUG swiftclient [None req-891d1a1f-3998-4634-ae73-35f18e0794c0 tempest-VolumesActionsTest-1793113697 tempest-VolumesActionsTest-1793113697-project-member] REQ: curl -i https://10.4.3.31:8080/v1/AUTH_5486d1fa7b13463ab6354daa03cb8e97/glance/e43fdbaa-bab4-48ee-8194-bf84e9fc8960 -X PUT -H "X-Object-Manifest: glance/e43fdbaa-bab4-48ee-8194-bf84e9fc8960-" -H "X-Auth-Token: gAAAAABqhRzRqWAy..." -H "Content-Length: 0" {{(pid=103117) http_log /opt/stack/data/venv/lib/python3.12/site-packages/swiftclient/client.py:160}}
Aug 19 03:02:57.722784 np0000007733 devstack@g-api.service[103117]: DEBUG swiftclient [None req-891d1a1f-3998-4634-ae73-35f18e0794c0 tempest-VolumesActionsTest-1793113697 tempest-VolumesActionsTest-1793113697-project-member] RESP STATUS: 201 Created {{(pid=103117) http_log /opt/stack/data/venv/lib/python3.12/site-packages/swiftclient/client.py:161}}
Aug 19 03:02:57.723058 np0000007733 devstack@g-api.service[103117]: DEBUG swiftclient [None req-891d1a1f-3998-4634-ae73-35f18e0794c0 tempest-VolumesActionsTest-1793113697 tempest-VolumesActionsTest-1793113697-project-member] RESP HEADERS: {'Date': 'Wed, 19 Aug 2026 03:02:57 GMT', 'Server': 'Apache/2.4.58 (Ubuntu)', 'Content-Type': 'text/html; charset=UTF-8', 'Content-Length': '0', 'Etag': 'd41d8cd98f00b204e9800998ecf8427e', 'Last-Modified': 'Wed, 19 Aug 2026 03:02:58 GMT', 'X-Trans-Id': 'tx006c570a75c249a6aae68-006a851ce1', 'X-Openstack-Request-Id': 'tx006c570a75c249a6aae68-006a851ce1', 'Connection': 'close'} {{(pid=103117) http_log /opt/stack/data/venv/lib/python3.12/site-packages/swiftclient/client.py:162}}
Aug 19 03:02:57.723839 np0000007733 devstack@g-api.service[103117]: INFO glance.location [None req-891d1a1f-3998-4634-ae73-35f18e0794c0 tempest-VolumesActionsTest-1793113697 tempest-VolumesActionsTest-1793113697-project-member] Image format matched and virtual size computed: 1073741824
Aug 19 03:02:57.773052 np0000007733 devstack@g-api.service[103117]: DEBUG glance_store.backend [None req-891d1a1f-3998-4634-ae73-35f18e0794c0 tempest-VolumesActionsTest-1793113697 tempest-VolumesActionsTest-1793113697-project-member] Attempting to import store swift {{(pid=103117) _load_store /opt/stack/data/venv/lib/python3.12/site-packages/glance_store/backend.py:215}}
Aug 19 03:02:57.775625 np0000007733 devstack@g-api.service[103117]: DEBUG glance_store.capabilities [None req-891d1a1f-3998-4634-ae73-35f18e0794c0 tempest-VolumesActionsTest-1793113697 tempest-VolumesActionsTest-1793113697-project-member] Store glance_store._drivers.swift.store.SingleTenantStore doesn't support updating dynamic storage capabilities. Please overwrite 'update_capabilities' method of the store to implement updating logics if needed. {{(pid=103117) update_capabilities /opt/stack/data/venv/lib/python3.12/site-packages/glance_store/capabilities.py:91}}
Aug 19 03:02:57.775922 np0000007733 devstack@g-api.service[103117]: DEBUG glance_store.driver [None req-891d1a1f-3998-4634-ae73-35f18e0794c0 tempest-VolumesActionsTest-1793113697 tempest-VolumesActionsTest-1793113697-project-member] Late loading location class glance_store._drivers.swift.store.StoreLocation {{(pid=103117) get_store_location_class /opt/stack/data/venv/lib/python3.12/site-packages/glance_store/driver.py:134}}
Aug 19 03:02:57.776131 np0000007733 devstack@g-api.service[103117]: DEBUG glance_store.location [None req-891d1a1f-3998-4634-ae73-35f18e0794c0 tempest-VolumesActionsTest-1793113697 tempest-VolumesActionsTest-1793113697-project-member] Registering scheme swift+https with {'store': , 'location_class': , 'store_entry': 'swift'} {{(pid=103117) register_scheme_map /opt/stack/data/venv/lib/python3.12/site-packages/glance_store/location.py:146}}
Aug 19 03:02:57.776440 np0000007733 devstack@g-api.service[103117]: DEBUG glance_store.location [None req-891d1a1f-3998-4634-ae73-35f18e0794c0 tempest-VolumesActionsTest-1793113697 tempest-VolumesActionsTest-1793113697-project-member] Registering scheme swift+https with {'store': , 'location_class': , 'store_entry': 'swift'} {{(pid=103117) register_scheme_map /opt/stack/data/venv/lib/python3.12/site-packages/glance_store/location.py:146}}
Aug 19 03:02:57.776658 np0000007733 devstack@g-api.service[103117]: DEBUG glance_store.location [None req-891d1a1f-3998-4634-ae73-35f18e0794c0 tempest-VolumesActionsTest-1793113697 tempest-VolumesActionsTest-1793113697-project-member] Registering scheme swift with {'store': , 'location_class': , 'store_entry': 'swift'} {{(pid=103117) register_scheme_map /opt/stack/data/venv/lib/python3.12/site-packages/glance_store/location.py:146}}
Aug 19 03:02:57.777001 np0000007733 devstack@g-api.service[103117]: DEBUG glance_store.location [None req-891d1a1f-3998-4634-ae73-35f18e0794c0 tempest-VolumesActionsTest-1793113697 tempest-VolumesActionsTest-1793113697-project-member] Registering scheme swift+https with {'store': , 'location_class': , 'store_entry': 'swift'} {{(pid=103117) register_scheme_map /opt/stack/data/venv/lib/python3.12/site-packages/glance_store/location.py:146}}
Aug 19 03:02:57.777248 np0000007733 devstack@g-api.service[103117]: DEBUG glance_store.location [None req-891d1a1f-3998-4634-ae73-35f18e0794c0 tempest-VolumesActionsTest-1793113697 tempest-VolumesActionsTest-1793113697-project-member] Registering scheme swift with {'store': , 'location_class': , 'store_entry': 'swift'} {{(pid=103117) register_scheme_map /opt/stack/data/venv/lib/python3.12/site-packages/glance_store/location.py:146}}
Aug 19 03:02:57.777504 np0000007733 devstack@g-api.service[103117]: DEBUG glance_store.location [None req-891d1a1f-3998-4634-ae73-35f18e0794c0 tempest-VolumesActionsTest-1793113697 tempest-VolumesActionsTest-1793113697-project-member] Registering scheme swift+http with {'store': , 'location_class': , 'store_entry': 'swift'} {{(pid=103117) register_scheme_map /opt/stack/data/venv/lib/python3.12/site-packages/glance_store/location.py:146}}
Aug 19 03:02:57.777717 np0000007733 devstack@g-api.service[103117]: DEBUG glance_store.location [None req-891d1a1f-3998-4634-ae73-35f18e0794c0 tempest-VolumesActionsTest-1793113697 tempest-VolumesActionsTest-1793113697-project-member] Registering scheme swift+https with {'store': , 'location_class': , 'store_entry': 'swift'} {{(pid=103117) register_scheme_map /opt/stack/data/venv/lib/python3.12/site-packages/glance_store/location.py:146}}
Aug 19 03:02:57.777843 np0000007733 devstack@g-api.service[103117]: DEBUG glance_store.location [None req-891d1a1f-3998-4634-ae73-35f18e0794c0 tempest-VolumesActionsTest-1793113697 tempest-VolumesActionsTest-1793113697-project-member] Registering scheme swift with {'store': , 'location_class': , 'store_entry': 'swift'} {{(pid=103117) register_scheme_map /opt/stack/data/venv/lib/python3.12/site-packages/glance_store/location.py:146}}
