Aug 19 02:59:19.582282 np0000007733 devstack@g-api.service[103117]: [pid: 103117|app: 0|req: 12/48] 127.0.0.1 () {40 vars in 844 bytes} [Wed Aug 19 02:59:18 2026] GET /v2/images/2101245d-77fc-45e9-903a-1960465af470/file => generated 21692416 bytes in 1058 msecs (HTTP/1.1 200) 4 headers in 191 bytes (334 switches on core 0)
Aug 19 02:59:20.239613 np0000007733 devstack@g-api.service[103115]: [pid: 103115|app: 0|req: 12/49] 127.0.0.1 () {42 vars in 782 bytes} [Wed Aug 19 02:59:19 2026] POST /v2/images => generated 690 bytes in 840 msecs (HTTP/1.1 201) 6 headers in 315 bytes (1 switches on core 0)
Aug 19 02:59:20.250256 np0000007733 devstack@g-api.service[103114]: DEBUG glance.api.middleware.version_negotiation [None req-4c619338-763f-4da3-bb38-982f34db253a tempest-ServerRescueNegativeTestJSON-1479141554 tempest-ServerRescueNegativeTestJSON-1479141554-project-member] Determining version of request: PUT /v2/images/03ce3810-2689-4b21-89b5-4e33f9a19398/file Accept: {{(pid=103114) process_request /opt/stack/glance/glance/api/middleware/version_negotiation.py:44}}
Aug 19 02:59:20.250608 np0000007733 devstack@g-api.service[103114]: DEBUG glance.api.middleware.version_negotiation [None req-4c619338-763f-4da3-bb38-982f34db253a tempest-ServerRescueNegativeTestJSON-1479141554 tempest-ServerRescueNegativeTestJSON-1479141554-project-member] Using url versioning {{(pid=103114) process_request /opt/stack/glance/glance/api/middleware/version_negotiation.py:57}}
Aug 19 02:59:20.250608 np0000007733 devstack@g-api.service[103114]: DEBUG glance.api.middleware.version_negotiation [None req-4c619338-763f-4da3-bb38-982f34db253a tempest-ServerRescueNegativeTestJSON-1479141554 tempest-ServerRescueNegativeTestJSON-1479141554-project-member] Matched version: v2 {{(pid=103114) process_request /opt/stack/glance/glance/api/middleware/version_negotiation.py:69}}
Aug 19 02:59:20.250608 np0000007733 devstack@g-api.service[103114]: DEBUG glance.api.middleware.version_negotiation [None req-4c619338-763f-4da3-bb38-982f34db253a tempest-ServerRescueNegativeTestJSON-1479141554 tempest-ServerRescueNegativeTestJSON-1479141554-project-member] new path /v2/images/03ce3810-2689-4b21-89b5-4e33f9a19398/file {{(pid=103114) process_request /opt/stack/glance/glance/api/middleware/version_negotiation.py:70}}
Aug 19 02:59:21.658112 np0000007733 devstack@g-api.service[103114]: INFO glance.api.v2.image_data [None req-733fde7d-7f7d-4921-a010-eed70db0db52 tempest-AttachSCSIVolumeTestJSON-2120316126 tempest-AttachSCSIVolumeTestJSON-2120316126-project-admin] Unable to create trust: no such option collect_timing in group [keystone_authtoken] Use the existing user token.
Aug 19 02:59:22.396374 np0000007733 devstack@g-api.service[103116]: DEBUG glance.api.middleware.version_negotiation [None req-9fa2619d-7746-4dae-ba4a-4525cb70d2bf tempest-AttachSCSIVolumeTestJSON-52528041 tempest-AttachSCSIVolumeTestJSON-52528041-project-reader] Determining version of request: GET / Accept: application/json {{(pid=103116) process_request /opt/stack/glance/glance/api/middleware/version_negotiation.py:44}}
Aug 19 02:59:22.396745 np0000007733 devstack@g-api.service[103116]: DEBUG glance.api.middleware.version_negotiation [None req-9fa2619d-7746-4dae-ba4a-4525cb70d2bf tempest-AttachSCSIVolumeTestJSON-52528041 tempest-AttachSCSIVolumeTestJSON-52528041-project-reader] Using url versioning {{(pid=103116) process_request /opt/stack/glance/glance/api/middleware/version_negotiation.py:57}}
Aug 19 02:59:22.396932 np0000007733 devstack@g-api.service[103116]: DEBUG glance.api.middleware.version_negotiation [None req-9fa2619d-7746-4dae-ba4a-4525cb70d2bf tempest-AttachSCSIVolumeTestJSON-52528041 tempest-AttachSCSIVolumeTestJSON-52528041-project-reader] Unknown version. Returning version choices. {{(pid=103116) process_request /opt/stack/glance/glance/api/middleware/version_negotiation.py:64}}
Aug 19 02:59:22.397830 np0000007733 devstack@g-api.service[103116]: [pid: 103116|app: 0|req: 13/50] 127.0.0.1 () {36 vars in 555 bytes} [Wed Aug 19 02:59:22 2026] GET / => generated 1501 bytes in 1 msecs (HTTP/1.1 300) 3 headers in 106 bytes (1 switches on core 0)
Aug 19 02:59:22.446018 np0000007733 devstack@g-api.service[103117]: DEBUG glance.api.middleware.version_negotiation [None req-8e0e7759-977e-4fcb-ad2a-ba0f155733f9 tempest-AttachSCSIVolumeTestJSON-2120316126 tempest-AttachSCSIVolumeTestJSON-2120316126-project-admin] Determining version of request: GET /v2/images/2101245d-77fc-45e9-903a-1960465af470 Accept: */* {{(pid=103117) process_request /opt/stack/glance/glance/api/middleware/version_negotiation.py:44}}
Aug 19 02:59:22.446427 np0000007733 devstack@g-api.service[103117]: DEBUG glance.api.middleware.version_negotiation [None req-8e0e7759-977e-4fcb-ad2a-ba0f155733f9 tempest-AttachSCSIVolumeTestJSON-2120316126 tempest-AttachSCSIVolumeTestJSON-2120316126-project-admin] Using url versioning {{(pid=103117) process_request /opt/stack/glance/glance/api/middleware/version_negotiation.py:57}}
Aug 19 02:59:22.446427 np0000007733 devstack@g-api.service[103117]: DEBUG glance.api.middleware.version_negotiation [None req-8e0e7759-977e-4fcb-ad2a-ba0f155733f9 tempest-AttachSCSIVolumeTestJSON-2120316126 tempest-AttachSCSIVolumeTestJSON-2120316126-project-admin] Matched version: v2 {{(pid=103117) process_request /opt/stack/glance/glance/api/middleware/version_negotiation.py:69}}
Aug 19 02:59:22.447008 np0000007733 devstack@g-api.service[103117]: DEBUG glance.api.middleware.version_negotiation [None req-8e0e7759-977e-4fcb-ad2a-ba0f155733f9 tempest-AttachSCSIVolumeTestJSON-2120316126 tempest-AttachSCSIVolumeTestJSON-2120316126-project-admin] new path /v2/images/2101245d-77fc-45e9-903a-1960465af470 {{(pid=103117) process_request /opt/stack/glance/glance/api/middleware/version_negotiation.py:70}}
Aug 19 02:59:22.459633 np0000007733 devstack@g-api.service[103117]: [pid: 103117|app: 0|req: 13/51] 127.0.0.1 () {44 vars in 1111 bytes} [Wed Aug 19 02:59:22 2026] GET /v2/images/2101245d-77fc-45e9-903a-1960465af470 => generated 1044 bytes in 14 msecs (HTTP/1.1 200) 4 headers in 158 bytes (1 switches on core 0)
Aug 19 02:59:22.500663 np0000007733 devstack@g-api.service[103115]: DEBUG glance.api.middleware.version_negotiation [None req-0ff167a5-db05-4621-bd6a-483d9fcae6ac tempest-AttachSCSIVolumeTestJSON-2120316126 tempest-AttachSCSIVolumeTestJSON-2120316126-project-admin] Determining version of request: GET /v2/schemas/image Accept: */* {{(pid=103115) process_request /opt/stack/glance/glance/api/middleware/version_negotiation.py:44}}
Aug 19 02:59:22.500941 np0000007733 devstack@g-api.service[103115]: DEBUG glance.api.middleware.version_negotiation [None req-0ff167a5-db05-4621-bd6a-483d9fcae6ac tempest-AttachSCSIVolumeTestJSON-2120316126 tempest-AttachSCSIVolumeTestJSON-2120316126-project-admin] Using url versioning {{(pid=103115) process_request /opt/stack/glance/glance/api/middleware/version_negotiation.py:57}}
Aug 19 02:59:22.501051 np0000007733 devstack@g-api.service[103115]: DEBUG glance.api.middleware.version_negotiation [None req-0ff167a5-db05-4621-bd6a-483d9fcae6ac tempest-AttachSCSIVolumeTestJSON-2120316126 tempest-AttachSCSIVolumeTestJSON-2120316126-project-admin] Matched version: v2 {{(pid=103115) process_request /opt/stack/glance/glance/api/middleware/version_negotiation.py:69}}
Aug 19 02:59:22.501155 np0000007733 devstack@g-api.service[103115]: DEBUG glance.api.middleware.version_negotiation [None req-0ff167a5-db05-4621-bd6a-483d9fcae6ac tempest-AttachSCSIVolumeTestJSON-2120316126 tempest-AttachSCSIVolumeTestJSON-2120316126-project-admin] new path /v2/schemas/image {{(pid=103115) process_request /opt/stack/glance/glance/api/middleware/version_negotiation.py:70}}
Aug 19 02:59:22.502319 np0000007733 devstack@g-api.service[103114]: DEBUG glance.location [None req-733fde7d-7f7d-4921-a010-eed70db0db52 tempest-AttachSCSIVolumeTestJSON-2120316126 tempest-AttachSCSIVolumeTestJSON-2120316126-project-admin] Enabling in-flight format inspection for qcow2 {{(pid=103114) set_data /opt/stack/glance/glance/location.py:596}}
Aug 19 02:59:22.503049 np0000007733 devstack@g-api.service[103114]: DEBUG glance_store.backend [None req-733fde7d-7f7d-4921-a010-eed70db0db52 tempest-AttachSCSIVolumeTestJSON-2120316126 tempest-AttachSCSIVolumeTestJSON-2120316126-project-admin] Attempting to import store swift {{(pid=103114) _load_store /opt/stack/data/venv/lib/python3.12/site-packages/glance_store/backend.py:215}}
Aug 19 02:59:22.504753 np0000007733 devstack@g-api.service[103115]: [pid: 103115|app: 0|req: 13/52] 127.0.0.1 () {44 vars in 1051 bytes} [Wed Aug 19 02:59:22 2026] GET /v2/schemas/image => generated 6083 bytes in 4 msecs (HTTP/1.1 200) 4 headers in 158 bytes (1 switches on core 0)
Aug 19 02:59:22.504852 np0000007733 devstack@g-api.service[103114]: DEBUG glance_store.capabilities [None req-733fde7d-7f7d-4921-a010-eed70db0db52 tempest-AttachSCSIVolumeTestJSON-2120316126 tempest-AttachSCSIVolumeTestJSON-2120316126-project-admin] Store glance_store._drivers.swift.store.SingleTenantStore doesn't support updating dynamic storage capabilities. Please overwrite 'update_capabilities' method of the store to implement updating logics if needed. {{(pid=103114) update_capabilities /opt/stack/data/venv/lib/python3.12/site-packages/glance_store/capabilities.py:91}}
Aug 19 02:59:22.504939 np0000007733 devstack@g-api.service[103114]: DEBUG glance_store.driver [None req-733fde7d-7f7d-4921-a010-eed70db0db52 tempest-AttachSCSIVolumeTestJSON-2120316126 tempest-AttachSCSIVolumeTestJSON-2120316126-project-admin] Late loading location class glance_store._drivers.swift.store.StoreLocation {{(pid=103114) get_store_location_class /opt/stack/data/venv/lib/python3.12/site-packages/glance_store/driver.py:134}}
Aug 19 02:59:22.505122 np0000007733 devstack@g-api.service[103114]: DEBUG glance_store.location [None req-733fde7d-7f7d-4921-a010-eed70db0db52 tempest-AttachSCSIVolumeTestJSON-2120316126 tempest-AttachSCSIVolumeTestJSON-2120316126-project-admin] Registering scheme swift+https with {'store': , 'location_class': , 'store_entry': 'swift'} {{(pid=103114) register_scheme_map /opt/stack/data/venv/lib/python3.12/site-packages/glance_store/location.py:146}}
Aug 19 02:59:22.505217 np0000007733 devstack@g-api.service[103114]: DEBUG glance_store.location [None req-733fde7d-7f7d-4921-a010-eed70db0db52 tempest-AttachSCSIVolumeTestJSON-2120316126 tempest-AttachSCSIVolumeTestJSON-2120316126-project-admin] Registering scheme swift+https with {'store': , 'location_class': , 'store_entry': 'swift'} {{(pid=103114) register_scheme_map /opt/stack/data/venv/lib/python3.12/site-packages/glance_store/location.py:146}}
Aug 19 02:59:22.505217 np0000007733 devstack@g-api.service[103114]: DEBUG glance_store.location [None req-733fde7d-7f7d-4921-a010-eed70db0db52 tempest-AttachSCSIVolumeTestJSON-2120316126 tempest-AttachSCSIVolumeTestJSON-2120316126-project-admin] Registering scheme swift with {'store': , 'location_class': , 'store_entry': 'swift'} {{(pid=103114) register_scheme_map /opt/stack/data/venv/lib/python3.12/site-packages/glance_store/location.py:146}}
Aug 19 02:59:22.505332 np0000007733 devstack@g-api.service[103114]: DEBUG glance_store.location [None req-733fde7d-7f7d-4921-a010-eed70db0db52 tempest-AttachSCSIVolumeTestJSON-2120316126 tempest-AttachSCSIVolumeTestJSON-2120316126-project-admin] Registering scheme swift+https with {'store': , 'location_class': , 'store_entry': 'swift'} {{(pid=103114) register_scheme_map /opt/stack/data/venv/lib/python3.12/site-packages/glance_store/location.py:146}}
Aug 19 02:59:22.505451 np0000007733 devstack@g-api.service[103114]: DEBUG glance_store.location [None req-733fde7d-7f7d-4921-a010-eed70db0db52 tempest-AttachSCSIVolumeTestJSON-2120316126 tempest-AttachSCSIVolumeTestJSON-2120316126-project-admin] Registering scheme swift with {'store': , 'location_class': , 'store_entry': 'swift'} {{(pid=103114) register_scheme_map /opt/stack/data/venv/lib/python3.12/site-packages/glance_store/location.py:146}}
Aug 19 02:59:22.505548 np0000007733 devstack@g-api.service[103114]: DEBUG glance_store.location [None req-733fde7d-7f7d-4921-a010-eed70db0db52 tempest-AttachSCSIVolumeTestJSON-2120316126 tempest-AttachSCSIVolumeTestJSON-2120316126-project-admin] Registering scheme swift+http with {'store': , 'location_class': , 'store_entry': 'swift'} {{(pid=103114) register_scheme_map /opt/stack/data/venv/lib/python3.12/site-packages/glance_store/location.py:146}}
Aug 19 02:59:22.505645 np0000007733 devstack@g-api.service[103114]: DEBUG glance_store.location [None req-733fde7d-7f7d-4921-a010-eed70db0db52 tempest-AttachSCSIVolumeTestJSON-2120316126 tempest-AttachSCSIVolumeTestJSON-2120316126-project-admin] Registering scheme swift+https with {'store': , 'location_class': , 'store_entry': 'swift'} {{(pid=103114) register_scheme_map /opt/stack/data/venv/lib/python3.12/site-packages/glance_store/location.py:146}}
Aug 19 02:59:22.505736 np0000007733 devstack@g-api.service[103114]: DEBUG glance_store.location [None req-733fde7d-7f7d-4921-a010-eed70db0db52 tempest-AttachSCSIVolumeTestJSON-2120316126 tempest-AttachSCSIVolumeTestJSON-2120316126-project-admin] Registering scheme swift with {'store': , 'location_class': , 'store_entry': 'swift'} {{(pid=103114) register_scheme_map /opt/stack/data/venv/lib/python3.12/site-packages/glance_store/location.py:146}}
Aug 19 02:59:22.505833 np0000007733 devstack@g-api.service[103114]: DEBUG glance_store.location [None req-733fde7d-7f7d-4921-a010-eed70db0db52 tempest-AttachSCSIVolumeTestJSON-2120316126 tempest-AttachSCSIVolumeTestJSON-2120316126-project-admin] Registering scheme swift+http with {'store': , 'location_class': , 'store_entry': 'swift'} {{(pid=103114) register_scheme_map /opt/stack/data/venv/lib/python3.12/site-packages/glance_store/location.py:146}}
Aug 19 02:59:22.505916 np0000007733 devstack@g-api.service[103114]: DEBUG glance_store.location [None req-733fde7d-7f7d-4921-a010-eed70db0db52 tempest-AttachSCSIVolumeTestJSON-2120316126 tempest-AttachSCSIVolumeTestJSON-2120316126-project-admin] Registering scheme swift+config with {'store': , 'location_class': , 'store_entry': 'swift'} {{(pid=103114) register_scheme_map /opt/stack/data/venv/lib/python3.12/site-packages/glance_store/location.py:146}}
Aug 19 02:59:23.012805 np0000007733 devstack@g-api.service[103116]: DEBUG glance.api.middleware.version_negotiation [None req-9fa2619d-7746-4dae-ba4a-4525cb70d2bf tempest-AttachSCSIVolumeTestJSON-52528041 tempest-AttachSCSIVolumeTestJSON-52528041-project-reader] Determining version of request: GET /v2/images/2101245d-77fc-45e9-903a-1960465af470 Accept: */* {{(pid=103116) process_request /opt/stack/glance/glance/api/middleware/version_negotiation.py:44}}
Aug 19 02:59:23.014860 np0000007733 devstack@g-api.service[103116]: DEBUG glance.api.middleware.version_negotiation [None req-9fa2619d-7746-4dae-ba4a-4525cb70d2bf tempest-AttachSCSIVolumeTestJSON-52528041 tempest-AttachSCSIVolumeTestJSON-52528041-project-reader] Using url versioning {{(pid=103116) process_request /opt/stack/glance/glance/api/middleware/version_negotiation.py:57}}
Aug 19 02:59:23.015092 np0000007733 devstack@g-api.service[103116]: DEBUG glance.api.middleware.version_negotiation [None req-9fa2619d-7746-4dae-ba4a-4525cb70d2bf tempest-AttachSCSIVolumeTestJSON-52528041 tempest-AttachSCSIVolumeTestJSON-52528041-project-reader] Matched version: v2 {{(pid=103116) process_request /opt/stack/glance/glance/api/middleware/version_negotiation.py:69}}
Aug 19 02:59:23.015308 np0000007733 devstack@g-api.service[103116]: DEBUG glance.api.middleware.version_negotiation [None req-9fa2619d-7746-4dae-ba4a-4525cb70d2bf tempest-AttachSCSIVolumeTestJSON-52528041 tempest-AttachSCSIVolumeTestJSON-52528041-project-reader] new path /v2/images/2101245d-77fc-45e9-903a-1960465af470 {{(pid=103116) process_request /opt/stack/glance/glance/api/middleware/version_negotiation.py:70}}
Aug 19 02:59:23.104360 np0000007733 devstack@g-api.service[103114]: DEBUG swiftclient [None req-733fde7d-7f7d-4921-a010-eed70db0db52 tempest-AttachSCSIVolumeTestJSON-2120316126 tempest-AttachSCSIVolumeTestJSON-2120316126-project-admin] REQ: curl -i https://10.4.3.31:8080/v1/AUTH_5486d1fa7b13463ab6354daa03cb8e97/glance -I -H "X-Auth-Token: gAAAAABqhRwK6Hk5..." {{(pid=103114) http_log /opt/stack/data/venv/lib/python3.12/site-packages/swiftclient/client.py:160}}
Aug 19 02:59:23.104360 np0000007733 devstack@g-api.service[103114]: DEBUG swiftclient [None req-733fde7d-7f7d-4921-a010-eed70db0db52 tempest-AttachSCSIVolumeTestJSON-2120316126 tempest-AttachSCSIVolumeTestJSON-2120316126-project-admin] RESP STATUS: 204 No Content {{(pid=103114) http_log /opt/stack/data/venv/lib/python3.12/site-packages/swiftclient/client.py:161}}
Aug 19 02:59:23.104360 np0000007733 devstack@g-api.service[103114]: DEBUG swiftclient [None req-733fde7d-7f7d-4921-a010-eed70db0db52 tempest-AttachSCSIVolumeTestJSON-2120316126 tempest-AttachSCSIVolumeTestJSON-2120316126-project-admin] RESP HEADERS: {'Date': 'Wed, 19 Aug 2026 02:59:23 GMT', 'Server': 'Apache/2.4.58 (Ubuntu)', 'Content-Type': 'text/plain; charset=utf-8', 'X-Container-Object-Count': '4', 'X-Container-Bytes-Used': '64357376', 'X-Timestamp': '1787108238.37446', 'Last-Modified': 'Wed, 19 Aug 2026 02:57:19 GMT', 'Accept-Ranges': 'bytes', 'X-Storage-Policy': 'Policy-0', 'X-Container-Sharding': 'False', 'Vary': 'Accept', 'X-Trans-Id': 'txd61c1c28206c452093279-006a851c0a', 'X-Openstack-Request-Id': 'txd61c1c28206c452093279-006a851c0a', 'Connection': 'close'} {{(pid=103114) http_log /opt/stack/data/venv/lib/python3.12/site-packages/swiftclient/client.py:162}}
Aug 19 02:59:23.104360 np0000007733 devstack@g-api.service[103114]: DEBUG glance_store._drivers.swift.store [None req-733fde7d-7f7d-4921-a010-eed70db0db52 tempest-AttachSCSIVolumeTestJSON-2120316126 tempest-AttachSCSIVolumeTestJSON-2120316126-project-admin] Adding image object '03ce3810-2689-4b21-89b5-4e33f9a19398' to Swift {{(pid=103114) add /opt/stack/data/venv/lib/python3.12/site-packages/glance_store/_drivers/swift/store.py:970}}
Aug 19 02:59:23.105204 np0000007733 devstack@g-api.service[103114]: DEBUG glance_store._drivers.swift.store [None req-733fde7d-7f7d-4921-a010-eed70db0db52 tempest-AttachSCSIVolumeTestJSON-2120316126 tempest-AttachSCSIVolumeTestJSON-2120316126-project-admin] Cannot determine image size because it is either not provided in the request or chunked-transfer encoding is used. Adding image as a segmented object to Swift. {{(pid=103114) add /opt/stack/data/venv/lib/python3.12/site-packages/glance_store/_drivers/swift/store.py:994}}
Aug 19 02:59:23.113593 np0000007733 devstack@g-api.service[103114]: DEBUG oslo_utils.imageutils.format_inspector [None req-733fde7d-7f7d-4921-a010-eed70db0db52 tempest-AttachSCSIVolumeTestJSON-2120316126 tempest-AttachSCSIVolumeTestJSON-2120316126-project-admin] Format inspector for vmdk does not match, excluding from consideration (Signature KDMV not found: b'QFI\xfb') {{(pid=103114) _process_chunk /opt/stack/data/venv/lib/python3.12/site-packages/oslo_utils/imageutils/format_inspector.py:1758}}
Aug 19 02:59:23.116284 np0000007733 devstack@g-api.service[103114]: DEBUG oslo_utils.imageutils.format_inspector [None req-733fde7d-7f7d-4921-a010-eed70db0db52 tempest-AttachSCSIVolumeTestJSON-2120316126 tempest-AttachSCSIVolumeTestJSON-2120316126-project-admin] Format inspector for vhdx does not match, excluding from consideration (Region signature not found at 30000) {{(pid=103114) _process_chunk /opt/stack/data/venv/lib/python3.12/site-packages/oslo_utils/imageutils/format_inspector.py:1758}}
Aug 19 02:59:23.376928 np0000007733 devstack@g-api.service[103114]: DEBUG swiftclient [None req-733fde7d-7f7d-4921-a010-eed70db0db52 tempest-AttachSCSIVolumeTestJSON-2120316126 tempest-AttachSCSIVolumeTestJSON-2120316126-project-admin] REQ: curl -i https://10.4.3.31:8080/v1/AUTH_5486d1fa7b13463ab6354daa03cb8e97/glance/03ce3810-2689-4b21-89b5-4e33f9a19398-00001 -X PUT -H "X-Auth-Token: gAAAAABqhRwK6Hk5..." {{(pid=103114) http_log /opt/stack/data/venv/lib/python3.12/site-packages/swiftclient/client.py:160}}
Aug 19 02:59:23.377089 np0000007733 devstack@g-api.service[103114]: DEBUG swiftclient [None req-733fde7d-7f7d-4921-a010-eed70db0db52 tempest-AttachSCSIVolumeTestJSON-2120316126 tempest-AttachSCSIVolumeTestJSON-2120316126-project-admin] RESP STATUS: 201 Created {{(pid=103114) http_log /opt/stack/data/venv/lib/python3.12/site-packages/swiftclient/client.py:161}}
Aug 19 02:59:23.377362 np0000007733 devstack@g-api.service[103114]: DEBUG swiftclient [None req-733fde7d-7f7d-4921-a010-eed70db0db52 tempest-AttachSCSIVolumeTestJSON-2120316126 tempest-AttachSCSIVolumeTestJSON-2120316126-project-admin] RESP HEADERS: {'Date': 'Wed, 19 Aug 2026 02:59:23 GMT', 'Server': 'Apache/2.4.58 (Ubuntu)', 'Content-Type': 'text/html; charset=UTF-8', 'Content-Length': '0', 'Etag': '87617e24a5e30cb3b87fda8c0764838f', 'Last-Modified': 'Wed, 19 Aug 2026 02:59:24 GMT', 'X-Trans-Id': 'tx6b8f9a3a07864be4bbec1-006a851c0b', 'X-Openstack-Request-Id': 'tx6b8f9a3a07864be4bbec1-006a851c0b', 'Connection': 'close'} {{(pid=103114) http_log /opt/stack/data/venv/lib/python3.12/site-packages/swiftclient/client.py:162}}
Aug 19 02:59:23.377505 np0000007733 devstack@g-api.service[103114]: DEBUG glance_store._drivers.swift.store [None req-733fde7d-7f7d-4921-a010-eed70db0db52 tempest-AttachSCSIVolumeTestJSON-2120316126 tempest-AttachSCSIVolumeTestJSON-2120316126-project-admin] Wrote chunk 03ce3810-2689-4b21-89b5-4e33f9a19398-00001 (1/?) of length 21692416 to Swift returning MD5 of content: 87617e24a5e30cb3b87fda8c0764838f {{(pid=103114) add /opt/stack/data/venv/lib/python3.12/site-packages/glance_store/_drivers/swift/store.py:1059}}
Aug 19 02:59:23.377973 np0000007733 devstack@g-api.service[103114]: DEBUG glance_store._drivers.swift.store [None req-733fde7d-7f7d-4921-a010-eed70db0db52 tempest-AttachSCSIVolumeTestJSON-2120316126 tempest-AttachSCSIVolumeTestJSON-2120316126-project-admin] Not writing zero-length chunk. {{(pid=103114) add /opt/stack/data/venv/lib/python3.12/site-packages/glance_store/_drivers/swift/store.py:1028}}
Aug 19 02:59:23.389114 np0000007733 devstack@g-api.service[103116]: [pid: 103116|app: 0|req: 14/53] 127.0.0.1 () {44 vars in 1111 bytes} [Wed Aug 19 02:59:23 2026] GET /v2/images/2101245d-77fc-45e9-903a-1960465af470 => generated 1044 bytes in 377 msecs (HTTP/1.1 200) 4 headers in 158 bytes (1 switches on core 0)
Aug 19 02:59:23.423828 np0000007733 devstack@g-api.service[103114]: DEBUG swiftclient [None req-733fde7d-7f7d-4921-a010-eed70db0db52 tempest-AttachSCSIVolumeTestJSON-2120316126 tempest-AttachSCSIVolumeTestJSON-2120316126-project-admin] REQ: curl -i https://10.4.3.31:8080/v1/AUTH_5486d1fa7b13463ab6354daa03cb8e97/glance/03ce3810-2689-4b21-89b5-4e33f9a19398 -X PUT -H "X-Object-Manifest: glance/03ce3810-2689-4b21-89b5-4e33f9a19398-" -H "X-Auth-Token: gAAAAABqhRwK6Hk5..." -H "Content-Length: 0" {{(pid=103114) http_log /opt/stack/data/venv/lib/python3.12/site-packages/swiftclient/client.py:160}}
Aug 19 02:59:23.423828 np0000007733 devstack@g-api.service[103114]: DEBUG swiftclient [None req-733fde7d-7f7d-4921-a010-eed70db0db52 tempest-AttachSCSIVolumeTestJSON-2120316126 tempest-AttachSCSIVolumeTestJSON-2120316126-project-admin] RESP STATUS: 201 Created {{(pid=103114) http_log /opt/stack/data/venv/lib/python3.12/site-packages/swiftclient/client.py:161}}
Aug 19 02:59:23.424013 np0000007733 devstack@g-api.service[103114]: DEBUG swiftclient [None req-733fde7d-7f7d-4921-a010-eed70db0db52 tempest-AttachSCSIVolumeTestJSON-2120316126 tempest-AttachSCSIVolumeTestJSON-2120316126-project-admin] RESP HEADERS: {'Date': 'Wed, 19 Aug 2026 02:59:23 GMT', 'Server': 'Apache/2.4.58 (Ubuntu)', 'Content-Type': 'text/html; charset=UTF-8', 'Content-Length': '0', 'Etag': 'd41d8cd98f00b204e9800998ecf8427e', 'Last-Modified': 'Wed, 19 Aug 2026 02:59:24 GMT', 'X-Trans-Id': 'txde19e6bf70be4c49a4554-006a851c0b', 'X-Openstack-Request-Id': 'txde19e6bf70be4c49a4554-006a851c0b', 'Connection': 'close'} {{(pid=103114) http_log /opt/stack/data/venv/lib/python3.12/site-packages/swiftclient/client.py:162}}
Aug 19 02:59:23.425325 np0000007733 devstack@g-api.service[103114]: INFO glance.location [None req-733fde7d-7f7d-4921-a010-eed70db0db52 tempest-AttachSCSIVolumeTestJSON-2120316126 tempest-AttachSCSIVolumeTestJSON-2120316126-project-admin] Image format matched and virtual size computed: 117440512
Aug 19 02:59:23.431734 np0000007733 devstack@g-api.service[103117]: DEBUG glance.api.middleware.version_negotiation [None req-ca8e220d-b2e3-42b4-8ba9-02ed39af2ce2 tempest-ServerRescueNegativeTestJSON-1479141554 tempest-ServerRescueNegativeTestJSON-1479141554-project-member] Determining version of request: GET /v2/images/2101245d-77fc-45e9-903a-1960465af470/file Accept: */* {{(pid=103117) process_request /opt/stack/glance/glance/api/middleware/version_negotiation.py:44}}
Aug 19 02:59:23.431993 np0000007733 devstack@g-api.service[103117]: DEBUG glance.api.middleware.version_negotiation [None req-ca8e220d-b2e3-42b4-8ba9-02ed39af2ce2 tempest-ServerRescueNegativeTestJSON-1479141554 tempest-ServerRescueNegativeTestJSON-1479141554-project-member] Using url versioning {{(pid=103117) process_request /opt/stack/glance/glance/api/middleware/version_negotiation.py:57}}
Aug 19 02:59:23.432087 np0000007733 devstack@g-api.service[103117]: DEBUG glance.api.middleware.version_negotiation [None req-ca8e220d-b2e3-42b4-8ba9-02ed39af2ce2 tempest-ServerRescueNegativeTestJSON-1479141554 tempest-ServerRescueNegativeTestJSON-1479141554-project-member] Matched version: v2 {{(pid=103117) process_request /opt/stack/glance/glance/api/middleware/version_negotiation.py:69}}
Aug 19 02:59:23.432260 np0000007733 devstack@g-api.service[103117]: DEBUG glance.api.middleware.version_negotiation [None req-ca8e220d-b2e3-42b4-8ba9-02ed39af2ce2 tempest-ServerRescueNegativeTestJSON-1479141554 tempest-ServerRescueNegativeTestJSON-1479141554-project-member] new path /v2/images/2101245d-77fc-45e9-903a-1960465af470/file {{(pid=103117) process_request /opt/stack/glance/glance/api/middleware/version_negotiation.py:70}}
Aug 19 02:59:23.445704 np0000007733 devstack@g-api.service[103117]: DEBUG glance.api.middleware.cache [None req-4c619338-763f-4da3-bb38-982f34db253a tempest-ServerRescueNegativeTestJSON-1479141554 tempest-ServerRescueNegativeTestJSON-1479141554-project-member] Cache hit for image '2101245d-77fc-45e9-903a-1960465af470' {{(pid=103117) process_request /opt/stack/glance/glance/api/middleware/cache.py:160}}
Aug 19 02:59:23.467259 np0000007733 devstack@g-api.service[103114]: DEBUG glance_store.backend [None req-733fde7d-7f7d-4921-a010-eed70db0db52 tempest-AttachSCSIVolumeTestJSON-2120316126 tempest-AttachSCSIVolumeTestJSON-2120316126-project-admin] Attempting to import store swift {{(pid=103114) _load_store /opt/stack/data/venv/lib/python3.12/site-packages/glance_store/backend.py:215}}
Aug 19 02:59:23.468714 np0000007733 devstack@g-api.service[103114]: DEBUG glance_store.capabilities [None req-733fde7d-7f7d-4921-a010-eed70db0db52 tempest-AttachSCSIVolumeTestJSON-2120316126 tempest-AttachSCSIVolumeTestJSON-2120316126-project-admin] Store glance_store._drivers.swift.store.SingleTenantStore doesn't support updating dynamic storage capabilities. Please overwrite 'update_capabilities' method of the store to implement updating logics if needed. {{(pid=103114) update_capabilities /opt/stack/data/venv/lib/python3.12/site-packages/glance_store/capabilities.py:91}}
Aug 19 02:59:23.468841 np0000007733 devstack@g-api.service[103114]: DEBUG glance_store.driver [None req-733fde7d-7f7d-4921-a010-eed70db0db52 tempest-AttachSCSIVolumeTestJSON-2120316126 tempest-AttachSCSIVolumeTestJSON-2120316126-project-admin] Late loading location class glance_store._drivers.swift.store.StoreLocation {{(pid=103114) get_store_location_class /opt/stack/data/venv/lib/python3.12/site-packages/glance_store/driver.py:134}}
Aug 19 02:59:23.468937 np0000007733 devstack@g-api.service[103114]: DEBUG glance_store.location [None req-733fde7d-7f7d-4921-a010-eed70db0db52 tempest-AttachSCSIVolumeTestJSON-2120316126 tempest-AttachSCSIVolumeTestJSON-2120316126-project-admin] Registering scheme swift+https with {'store': , 'location_class': , 'store_entry': 'swift'} {{(pid=103114) register_scheme_map /opt/stack/data/venv/lib/python3.12/site-packages/glance_store/location.py:146}}
Aug 19 02:59:23.469024 np0000007733 devstack@g-api.service[103114]: DEBUG glance_store.location [None req-733fde7d-7f7d-4921-a010-eed70db0db52 tempest-AttachSCSIVolumeTestJSON-2120316126 tempest-AttachSCSIVolumeTestJSON-2120316126-project-admin] Registering scheme swift+https with {'store': , 'location_class': , 'store_entry': 'swift'} {{(pid=103114) register_scheme_map /opt/stack/data/venv/lib/python3.12/site-packages/glance_store/location.py:146}}
Aug 19 02:59:23.469080 np0000007733 devstack@g-api.service[103114]: DEBUG glance_store.location [None req-733fde7d-7f7d-4921-a010-eed70db0db52 tempest-AttachSCSIVolumeTestJSON-2120316126 tempest-AttachSCSIVolumeTestJSON-2120316126-project-admin] Registering scheme swift with {'store': , 'location_class': , 'store_entry': 'swift'} {{(pid=103114) register_scheme_map /opt/stack/data/venv/lib/python3.12/site-packages/glance_store/location.py:146}}
Aug 19 02:59:23.469143 np0000007733 devstack@g-api.service[103114]: DEBUG glance_store.location [None req-733fde7d-7f7d-4921-a010-eed70db0db52 tempest-AttachSCSIVolumeTestJSON-2120316126 tempest-AttachSCSIVolumeTestJSON-2120316126-project-admin] Registering scheme swift+https with {'store': , 'location_class': , 'store_entry': 'swift'} {{(pid=103114) register_scheme_map /opt/stack/data/venv/lib/python3.12/site-packages/glance_store/location.py:146}}
Aug 19 02:59:23.469194 np0000007733 devstack@g-api.service[103114]: DEBUG glance_store.location [None req-733fde7d-7f7d-4921-a010-eed70db0db52 tempest-AttachSCSIVolumeTestJSON-2120316126 tempest-AttachSCSIVolumeTestJSON-2120316126-project-admin] Registering scheme swift with {'store': , 'location_class': , 'store_entry': 'swift'} {{(pid=103114) register_scheme_map /opt/stack/data/venv/lib/python3.12/site-packages/glance_store/location.py:146}}
Aug 19 02:59:23.469276 np0000007733 devstack@g-api.service[103114]: DEBUG glance_store.location [None req-733fde7d-7f7d-4921-a010-eed70db0db52 tempest-AttachSCSIVolumeTestJSON-2120316126 tempest-AttachSCSIVolumeTestJSON-2120316126-project-admin] Registering scheme swift+http with {'store': , 'location_class': , 'store_entry': 'swift'} {{(pid=103114) register_scheme_map /opt/stack/data/venv/lib/python3.12/site-packages/glance_store/location.py:146}}
Aug 19 02:59:23.469348 np0000007733 devstack@g-api.service[103114]: DEBUG glance_store.location [None req-733fde7d-7f7d-4921-a010-eed70db0db52 tempest-AttachSCSIVolumeTestJSON-2120316126 tempest-AttachSCSIVolumeTestJSON-2120316126-project-admin] Registering scheme swift+https with {'store': , 'location_class': , 'store_entry': 'swift'} {{(pid=103114) register_scheme_map /opt/stack/data/venv/lib/python3.12/site-packages/glance_store/location.py:146}}
Aug 19 02:59:23.469411 np0000007733 devstack@g-api.service[103114]: DEBUG glance_store.location [None req-733fde7d-7f7d-4921-a010-eed70db0db52 tempest-AttachSCSIVolumeTestJSON-2120316126 tempest-AttachSCSIVolumeTestJSON-2120316126-project-admin] Registering scheme swift with {'store': , 'location_class': , 'store_entry': 'swift'} {{(pid=103114) register_scheme_map /opt/stack/data/venv/lib/python3.12/site-packages/glance_store/location.py:146}}
Aug 19 02:59:23.469455 np0000007733 devstack@g-api.service[103114]: DEBUG glance_store.location [None req-733fde7d-7f7d-4921-a010-eed70db0db52 tempest-AttachSCSIVolumeTestJSON-2120316126 tempest-AttachSCSIVolumeTestJSON-2120316126-project-admin] Registering scheme swift+http with {'store': , 'location_class': , 'store_entry': 'swift'} {{(pid=103114) register_scheme_map /opt/stack/data/venv/lib/python3.12/site-packages/glance_store/location.py:146}}
Aug 19 02:59:23.469525 np0000007733 devstack@g-api.service[103114]: DEBUG glance_store.location [None req-733fde7d-7f7d-4921-a010-eed70db0db52 tempest-AttachSCSIVolumeTestJSON-2120316126 tempest-AttachSCSIVolumeTestJSON-2120316126-project-admin] Registering scheme swift+config with {'store': , 'location_class': , 'store_entry': 'swift'} {{(pid=103114) register_scheme_map /opt/stack/data/venv/lib/python3.12/site-packages/glance_store/location.py:146}}
Aug 19 02:59:23.469608 np0000007733 devstack@g-api.service[103114]: DEBUG glance_store.backend [None req-733fde7d-7f7d-4921-a010-eed70db0db52 tempest-AttachSCSIVolumeTestJSON-2120316126 tempest-AttachSCSIVolumeTestJSON-2120316126-project-admin] Skipping store.set_acls... not implemented. {{(pid=103114) set_acls /opt/stack/data/venv/lib/python3.12/site-packages/glance_store/backend.py:507}}
Aug 19 02:59:23.471974 np0000007733 devstack@g-api.service[103114]: [pid: 103114|app: 0|req: 14/54] 127.0.0.1 () {40 vars in 854 bytes} [Wed Aug 19 02:59:20 2026] PUT /v2/images/03ce3810-2689-4b21-89b5-4e33f9a19398/file => generated 0 bytes in 3222 msecs (HTTP/1.1 204) 4 headers in 171 bytes (1 switches on core 0)
Aug 19 02:59:23.536309 np0000007733 devstack@g-api.service[103117]: [pid: 103117|app: 0|req: 14/55] 127.0.0.1 () {44 vars in 1121 bytes} [Wed Aug 19 02:59:23 2026] GET /v2/images/2101245d-77fc-45e9-903a-1960465af470/file => generated 21692416 bytes in 105 msecs (HTTP/1.1 200) 5 headers in 217 bytes (339 switches on core 0)
Aug 19 02:59:23.629560 np0000007733 devstack@g-api.service[103115]: DEBUG glance.api.middleware.version_negotiation [None req-ca8e220d-b2e3-42b4-8ba9-02ed39af2ce2 tempest-ServerRescueNegativeTestJSON-1479141554 tempest-ServerRescueNegativeTestJSON-1479141554-project-member] Determining version of request: GET /v2/images/2101245d-77fc-45e9-903a-1960465af470 Accept: */* {{(pid=103115) process_request /opt/stack/glance/glance/api/middleware/version_negotiation.py:44}}
Aug 19 02:59:23.629932 np0000007733 devstack@g-api.service[103115]: DEBUG glance.api.middleware.version_negotiation [None req-ca8e220d-b2e3-42b4-8ba9-02ed39af2ce2 tempest-ServerRescueNegativeTestJSON-1479141554 tempest-ServerRescueNegativeTestJSON-1479141554-project-member] Using url versioning {{(pid=103115) process_request /opt/stack/glance/glance/api/middleware/version_negotiation.py:57}}
Aug 19 02:59:23.629969 np0000007733 devstack@g-api.service[103115]: DEBUG glance.api.middleware.version_negotiation [None req-ca8e220d-b2e3-42b4-8ba9-02ed39af2ce2 tempest-ServerRescueNegativeTestJSON-1479141554 tempest-ServerRescueNegativeTestJSON-1479141554-project-member] Matched version: v2 {{(pid=103115) process_request /opt/stack/glance/glance/api/middleware/version_negotiation.py:69}}
Aug 19 02:59:23.630094 np0000007733 devstack@g-api.service[103115]: DEBUG glance.api.middleware.version_negotiation [None req-ca8e220d-b2e3-42b4-8ba9-02ed39af2ce2 tempest-ServerRescueNegativeTestJSON-1479141554 tempest-ServerRescueNegativeTestJSON-1479141554-project-member] new path /v2/images/2101245d-77fc-45e9-903a-1960465af470 {{(pid=103115) process_request /opt/stack/glance/glance/api/middleware/version_negotiation.py:70}}
Aug 19 02:59:23.645369 np0000007733 devstack@g-api.service[103115]: [pid: 103115|app: 0|req: 14/56] 127.0.0.1 () {44 vars in 1111 bytes} [Wed Aug 19 02:59:23 2026] GET /v2/images/2101245d-77fc-45e9-903a-1960465af470 => generated 1044 bytes in 15 msecs (HTTP/1.1 200) 4 headers in 158 bytes (1 switches on core 0)
Aug 19 02:59:23.697752 np0000007733 devstack@g-api.service[103116]: DEBUG glance.api.middleware.version_negotiation [None req-4c619338-763f-4da3-bb38-982f34db253a tempest-ServerRescueNegativeTestJSON-1479141554 tempest-ServerRescueNegativeTestJSON-1479141554-project-member] Determining version of request: GET /v2/schemas/image Accept: */* {{(pid=103116) process_request /opt/stack/glance/glance/api/middleware/version_negotiation.py:44}}
Aug 19 02:59:23.698579 np0000007733 devstack@g-api.service[103116]: DEBUG glance.api.middleware.version_negotiation [None req-4c619338-763f-4da3-bb38-982f34db253a tempest-ServerRescueNegativeTestJSON-1479141554 tempest-ServerRescueNegativeTestJSON-1479141554-project-member] Using url versioning {{(pid=103116) process_request /opt/stack/glance/glance/api/middleware/version_negotiation.py:57}}
Aug 19 02:59:23.698579 np0000007733 devstack@g-api.service[103116]: DEBUG glance.api.middleware.version_negotiation [None req-4c619338-763f-4da3-bb38-982f34db253a tempest-ServerRescueNegativeTestJSON-1479141554 tempest-ServerRescueNegativeTestJSON-1479141554-project-member] Matched version: v2 {{(pid=103116) process_request /opt/stack/glance/glance/api/middleware/version_negotiation.py:69}}
Aug 19 02:59:23.698579 np0000007733 devstack@g-api.service[103116]: DEBUG glance.api.middleware.version_negotiation [None req-4c619338-763f-4da3-bb38-982f34db253a tempest-ServerRescueNegativeTestJSON-1479141554 tempest-ServerRescueNegativeTestJSON-1479141554-project-member] new path /v2/schemas/image {{(pid=103116) process_request /opt/stack/glance/glance/api/middleware/version_negotiation.py:70}}
Aug 19 02:59:23.702543 np0000007733 devstack@g-api.service[103116]: [pid: 103116|app: 0|req: 15/57] 127.0.0.1 () {44 vars in 1051 bytes} [Wed Aug 19 02:59:23 2026] GET /v2/schemas/image => generated 6083 bytes in 5 msecs (HTTP/1.1 200) 4 headers in 158 bytes (1 switches on core 0)
Aug 19 02:59:29.236801 np0000007733 devstack@g-api.service[103114]: DEBUG glance.api.middleware.version_negotiation [None req-733fde7d-7f7d-4921-a010-eed70db0db52 tempest-AttachSCSIVolumeTestJSON-2120316126 tempest-AttachSCSIVolumeTestJSON-2120316126-project-admin] Determining version of request: GET /v2/images/03ce3810-2689-4b21-89b5-4e33f9a19398 Accept: */* {{(pid=103114) process_request /opt/stack/glance/glance/api/middleware/version_negotiation.py:44}}
Aug 19 02:59:29.237250 np0000007733 devstack@g-api.service[103114]: DEBUG glance.api.middleware.version_negotiation [None req-733fde7d-7f7d-4921-a010-eed70db0db52 tempest-AttachSCSIVolumeTestJSON-2120316126 tempest-AttachSCSIVolumeTestJSON-2120316126-project-admin] Using url versioning {{(pid=103114) process_request /opt/stack/glance/glance/api/middleware/version_negotiation.py:57}}
Aug 19 02:59:29.237250 np0000007733 devstack@g-api.service[103114]: DEBUG glance.api.middleware.version_negotiation [None req-733fde7d-7f7d-4921-a010-eed70db0db52 tempest-AttachSCSIVolumeTestJSON-2120316126 tempest-AttachSCSIVolumeTestJSON-2120316126-project-admin] Matched version: v2 {{(pid=103114) process_request /opt/stack/glance/glance/api/middleware/version_negotiation.py:69}}
Aug 19 02:59:29.237355 np0000007733 devstack@g-api.service[103114]: DEBUG glance.api.middleware.version_negotiation [None req-733fde7d-7f7d-4921-a010-eed70db0db52 tempest-AttachSCSIVolumeTestJSON-2120316126 tempest-AttachSCSIVolumeTestJSON-2120316126-project-admin] new path /v2/images/03ce3810-2689-4b21-89b5-4e33f9a19398 {{(pid=103114) process_request /opt/stack/glance/glance/api/middleware/version_negotiation.py:70}}
Aug 19 02:59:29.258451 np0000007733 devstack@g-api.service[103114]: [pid: 103114|app: 0|req: 15/58] 127.0.0.1 () {44 vars in 1111 bytes} [Wed Aug 19 02:59:29 2026] GET /v2/images/03ce3810-2689-4b21-89b5-4e33f9a19398 => generated 859 bytes in 22 msecs (HTTP/1.1 200) 4 headers in 157 bytes (1 switches on core 0)
Aug 19 02:59:29.313966 np0000007733 devstack@g-api.service[103117]: DEBUG glance.api.middleware.version_negotiation [None req-4c619338-763f-4da3-bb38-982f34db253a tempest-ServerRescueNegativeTestJSON-1479141554 tempest-ServerRescueNegativeTestJSON-1479141554-project-member] Determining version of request: GET /v2/schemas/image Accept: */* {{(pid=103117) process_request /opt/stack/glance/glance/api/middleware/version_negotiation.py:44}}
Aug 19 02:59:29.313966 np0000007733 devstack@g-api.service[103117]: DEBUG glance.api.middleware.version_negotiation [None req-4c619338-763f-4da3-bb38-982f34db253a tempest-ServerRescueNegativeTestJSON-1479141554 tempest-ServerRescueNegativeTestJSON-1479141554-project-member] Using url versioning {{(pid=103117) process_request /opt/stack/glance/glance/api/middleware/version_negotiation.py:57}}
Aug 19 02:59:29.313966 np0000007733 devstack@g-api.service[103117]: DEBUG glance.api.middleware.version_negotiation [None req-4c619338-763f-4da3-bb38-982f34db253a tempest-ServerRescueNegativeTestJSON-1479141554 tempest-ServerRescueNegativeTestJSON-1479141554-project-member] Matched version: v2 {{(pid=103117) process_request /opt/stack/glance/glance/api/middleware/version_negotiation.py:69}}
Aug 19 02:59:29.313966 np0000007733 devstack@g-api.service[103117]: DEBUG glance.api.middleware.version_negotiation [None req-4c619338-763f-4da3-bb38-982f34db253a tempest-ServerRescueNegativeTestJSON-1479141554 tempest-ServerRescueNegativeTestJSON-1479141554-project-member] new path /v2/schemas/image {{(pid=103117) process_request /opt/stack/glance/glance/api/middleware/version_negotiation.py:70}}
Aug 19 02:59:29.317162 np0000007733 devstack@g-api.service[103117]: [pid: 103117|app: 0|req: 15/59] 127.0.0.1 () {44 vars in 1051 bytes} [Wed Aug 19 02:59:29 2026] GET /v2/schemas/image => generated 6083 bytes in 4 msecs (HTTP/1.1 200) 4 headers in 158 bytes (1 switches on core 0)
Aug 19 02:59:33.386686 np0000007733 devstack@g-api.service[103116]: DEBUG dbcounter [-] [103116] Writing DB stats glance:SELECT=4 {{(pid=103116) stat_writer /opt/stack/data/venv/lib/python3.12/site-packages/dbcounter.py:115}}
Aug 19 02:59:33.513054 np0000007733 devstack@g-api.service[103117]: DEBUG dbcounter [-] [103117] Writing DB stats glance:SELECT=10,glance:INSERT=1,glance:UPDATE=1 {{(pid=103117) stat_writer /opt/stack/data/venv/lib/python3.12/site-packages/dbcounter.py:115}}
Aug 19 02:59:33.641352 np0000007733 devstack@g-api.service[103115]: DEBUG dbcounter [-] [103115] Writing DB stats glance:SELECT=19,glance:INSERT=5 {{(pid=103115) stat_writer /opt/stack/data/venv/lib/python3.12/site-packages/dbcounter.py:115}}
Aug 19 02:59:36.211965 np0000007733 devstack@g-api.service[103115]: DEBUG glance.api.middleware.version_negotiation [None req-4c619338-763f-4da3-bb38-982f34db253a tempest-ServerRescueNegativeTestJSON-1479141554 tempest-ServerRescueNegativeTestJSON-1479141554-project-member] Determining version of request: GET / Accept: application/json {{(pid=103115) process_request /opt/stack/glance/glance/api/middleware/version_negotiation.py:44}}
Aug 19 02:59:36.212500 np0000007733 devstack@g-api.service[103115]: DEBUG glance.api.middleware.version_negotiation [None req-4c619338-763f-4da3-bb38-982f34db253a tempest-ServerRescueNegativeTestJSON-1479141554 tempest-ServerRescueNegativeTestJSON-1479141554-project-member] Using url versioning {{(pid=103115) process_request /opt/stack/glance/glance/api/middleware/version_negotiation.py:57}}
Aug 19 02:59:36.212500 np0000007733 devstack@g-api.service[103115]: DEBUG glance.api.middleware.version_negotiation [None req-4c619338-763f-4da3-bb38-982f34db253a tempest-ServerRescueNegativeTestJSON-1479141554 tempest-ServerRescueNegativeTestJSON-1479141554-project-member] Unknown version. Returning version choices. {{(pid=103115) process_request /opt/stack/glance/glance/api/middleware/version_negotiation.py:64}}
Aug 19 02:59:36.212964 np0000007733 devstack@g-api.service[103115]: [pid: 103115|app: 0|req: 15/60] 127.0.0.1 () {36 vars in 555 bytes} [Wed Aug 19 02:59:36 2026] GET / => generated 1501 bytes in 1 msecs (HTTP/1.1 300) 3 headers in 106 bytes (1 switches on core 0)
Aug 19 02:59:36.264055 np0000007733 devstack@g-api.service[103116]: DEBUG glance.api.middleware.version_negotiation [None req-4c619338-763f-4da3-bb38-982f34db253a tempest-ServerRescueNegativeTestJSON-1479141554 tempest-ServerRescueNegativeTestJSON-1479141554-project-member] Determining version of request: GET /v2/images/2101245d-77fc-45e9-903a-1960465af470 Accept: */* {{(pid=103116) process_request /opt/stack/glance/glance/api/middleware/version_negotiation.py:44}}
Aug 19 02:59:36.264492 np0000007733 devstack@g-api.service[103116]: DEBUG glance.api.middleware.version_negotiation [None req-4c619338-763f-4da3-bb38-982f34db253a tempest-ServerRescueNegativeTestJSON-1479141554 tempest-ServerRescueNegativeTestJSON-1479141554-project-member] Using url versioning {{(pid=103116) process_request /opt/stack/glance/glance/api/middleware/version_negotiation.py:57}}
Aug 19 02:59:36.264492 np0000007733 devstack@g-api.service[103116]: DEBUG glance.api.middleware.version_negotiation [None req-4c619338-763f-4da3-bb38-982f34db253a tempest-ServerRescueNegativeTestJSON-1479141554 tempest-ServerRescueNegativeTestJSON-1479141554-project-member] Matched version: v2 {{(pid=103116) process_request /opt/stack/glance/glance/api/middleware/version_negotiation.py:69}}
Aug 19 02:59:36.266123 np0000007733 devstack@g-api.service[103116]: DEBUG glance.api.middleware.version_negotiation [None req-4c619338-763f-4da3-bb38-982f34db253a tempest-ServerRescueNegativeTestJSON-1479141554 tempest-ServerRescueNegativeTestJSON-1479141554-project-member] new path /v2/images/2101245d-77fc-45e9-903a-1960465af470 {{(pid=103116) process_request /opt/stack/glance/glance/api/middleware/version_negotiation.py:70}}
Aug 19 02:59:36.278153 np0000007733 devstack@g-api.service[103116]: [pid: 103116|app: 0|req: 16/61] 127.0.0.1 () {44 vars in 1111 bytes} [Wed Aug 19 02:59:36 2026] GET /v2/images/2101245d-77fc-45e9-903a-1960465af470 => generated 1044 bytes in 15 msecs (HTTP/1.1 200) 4 headers in 158 bytes (1 switches on core 0)
Aug 19 02:59:36.331018 np0000007733 devstack@g-api.service[103114]: DEBUG glance.api.middleware.version_negotiation [None req-020fbd28-f400-4149-ba5d-48762b16051b tempest-AttachSCSIVolumeTestJSON-52528041 tempest-AttachSCSIVolumeTestJSON-52528041-project-member] Determining version of request: GET /v2/schemas/image Accept: */* {{(pid=103114) process_request /opt/stack/glance/glance/api/middleware/version_negotiation.py:44}}
Aug 19 02:59:36.331520 np0000007733 devstack@g-api.service[103114]: DEBUG glance.api.middleware.version_negotiation [None req-020fbd28-f400-4149-ba5d-48762b16051b tempest-AttachSCSIVolumeTestJSON-52528041 tempest-AttachSCSIVolumeTestJSON-52528041-project-member] Using url versioning {{(pid=103114) process_request /opt/stack/glance/glance/api/middleware/version_negotiation.py:57}}
Aug 19 02:59:36.331520 np0000007733 devstack@g-api.service[103114]: DEBUG glance.api.middleware.version_negotiation [None req-020fbd28-f400-4149-ba5d-48762b16051b tempest-AttachSCSIVolumeTestJSON-52528041 tempest-AttachSCSIVolumeTestJSON-52528041-project-member] Matched version: v2 {{(pid=103114) process_request /opt/stack/glance/glance/api/middleware/version_negotiation.py:69}}
Aug 19 02:59:36.331626 np0000007733 devstack@g-api.service[103114]: DEBUG glance.api.middleware.version_negotiation [None req-020fbd28-f400-4149-ba5d-48762b16051b tempest-AttachSCSIVolumeTestJSON-52528041 tempest-AttachSCSIVolumeTestJSON-52528041-project-member] new path /v2/schemas/image {{(pid=103114) process_request /opt/stack/glance/glance/api/middleware/version_negotiation.py:70}}
Aug 19 02:59:36.336401 np0000007733 devstack@g-api.service[103114]: [pid: 103114|app: 0|req: 16/62] 127.0.0.1 () {44 vars in 1051 bytes} [Wed Aug 19 02:59:36 2026] GET /v2/schemas/image => generated 6083 bytes in 5 msecs (HTTP/1.1 200) 4 headers in 158 bytes (1 switches on core 0)
Aug 19 02:59:37.885378 np0000007733 devstack@g-api.service[103117]: DEBUG glance.api.middleware.version_negotiation [None req-020fbd28-f400-4149-ba5d-48762b16051b tempest-AttachSCSIVolumeTestJSON-52528041 tempest-AttachSCSIVolumeTestJSON-52528041-project-member] Determining version of request: GET /v2/images/2101245d-77fc-45e9-903a-1960465af470 Accept: */* {{(pid=103117) process_request /opt/stack/glance/glance/api/middleware/version_negotiation.py:44}}
Aug 19 02:59:37.885752 np0000007733 devstack@g-api.service[103117]: DEBUG glance.api.middleware.version_negotiation [None req-020fbd28-f400-4149-ba5d-48762b16051b tempest-AttachSCSIVolumeTestJSON-52528041 tempest-AttachSCSIVolumeTestJSON-52528041-project-member] Using url versioning {{(pid=103117) process_request /opt/stack/glance/glance/api/middleware/version_negotiation.py:57}}
Aug 19 02:59:37.885752 np0000007733 devstack@g-api.service[103117]: DEBUG glance.api.middleware.version_negotiation [None req-020fbd28-f400-4149-ba5d-48762b16051b tempest-AttachSCSIVolumeTestJSON-52528041 tempest-AttachSCSIVolumeTestJSON-52528041-project-member] Matched version: v2 {{(pid=103117) process_request /opt/stack/glance/glance/api/middleware/version_negotiation.py:69}}
Aug 19 02:59:37.885980 np0000007733 devstack@g-api.service[103117]: DEBUG glance.api.middleware.version_negotiation [None req-020fbd28-f400-4149-ba5d-48762b16051b tempest-AttachSCSIVolumeTestJSON-52528041 tempest-AttachSCSIVolumeTestJSON-52528041-project-member] new path /v2/images/2101245d-77fc-45e9-903a-1960465af470 {{(pid=103117) process_request /opt/stack/glance/glance/api/middleware/version_negotiation.py:70}}
Aug 19 02:59:37.905404 np0000007733 devstack@g-api.service[103117]: [pid: 103117|app: 0|req: 16/63] 127.0.0.1 () {44 vars in 1111 bytes} [Wed Aug 19 02:59:37 2026] GET /v2/images/2101245d-77fc-45e9-903a-1960465af470 => generated 1044 bytes in 20 msecs (HTTP/1.1 200) 4 headers in 158 bytes (1 switches on core 0)
Aug 19 02:59:37.953708 np0000007733 devstack@g-api.service[103115]: DEBUG glance.api.middleware.version_negotiation [None req-4c619338-763f-4da3-bb38-982f34db253a tempest-ServerRescueNegativeTestJSON-1479141554 tempest-ServerRescueNegativeTestJSON-1479141554-project-member] Determining version of request: GET /v2/schemas/image Accept: */* {{(pid=103115) process_request /opt/stack/glance/glance/api/middleware/version_negotiation.py:44}}
