Jun 16 19:59:48.636801 np0000002987 devstack@placement-api.service[92361]: DEBUG placement.objects.research_context [req-237ae1ce-7096-4265-b3fc-783a53a7390c req-5fe546d4-7218-43db-bcb9-5a3046f62c4a service nova] getting providers with 1 DISK_GB {{(pid=92361) __init__ /opt/stack/placement/placement/objects/research_context.py:137}}
Jun 16 19:59:48.639354 np0000002987 devstack@placement-api.service[92361]: DEBUG placement.objects.research_context [req-237ae1ce-7096-4265-b3fc-783a53a7390c req-5fe546d4-7218-43db-bcb9-5a3046f62c4a service nova] getting providers with 192 MEMORY_MB {{(pid=92361) __init__ /opt/stack/placement/placement/objects/research_context.py:137}}
Jun 16 19:59:48.643103 np0000002987 devstack@placement-api.service[92361]: DEBUG placement.objects.research_context [req-237ae1ce-7096-4265-b3fc-783a53a7390c req-5fe546d4-7218-43db-bcb9-5a3046f62c4a service nova] getting providers with 1 VCPU {{(pid=92361) __init__ /opt/stack/placement/placement/objects/research_context.py:137}}
Jun 16 19:59:48.647784 np0000002987 devstack@placement-api.service[92361]: DEBUG placement.objects.research_context [req-237ae1ce-7096-4265-b3fc-783a53a7390c req-5fe546d4-7218-43db-bcb9-5a3046f62c4a service nova] found 1 providers with available 1 DISK_GB {{(pid=92361) get_provider_ids_matching /opt/stack/placement/placement/objects/research_context.py:563}}
Jun 16 19:59:48.648092 np0000002987 devstack@placement-api.service[92361]: DEBUG placement.objects.research_context [req-237ae1ce-7096-4265-b3fc-783a53a7390c req-5fe546d4-7218-43db-bcb9-5a3046f62c4a service nova] found 1 providers with available 192 MEMORY_MB {{(pid=92361) get_provider_ids_matching /opt/stack/placement/placement/objects/research_context.py:563}}
Jun 16 19:59:48.648263 np0000002987 devstack@placement-api.service[92361]: DEBUG placement.objects.research_context [req-237ae1ce-7096-4265-b3fc-783a53a7390c req-5fe546d4-7218-43db-bcb9-5a3046f62c4a service nova] found 1 providers after filtering by previous result {{(pid=92361) get_provider_ids_matching /opt/stack/placement/placement/objects/research_context.py:594}}
Jun 16 19:59:48.648406 np0000002987 devstack@placement-api.service[92361]: DEBUG placement.objects.research_context [req-237ae1ce-7096-4265-b3fc-783a53a7390c req-5fe546d4-7218-43db-bcb9-5a3046f62c4a service nova] found 1 providers with available 1 VCPU {{(pid=92361) get_provider_ids_matching /opt/stack/placement/placement/objects/research_context.py:563}}
Jun 16 19:59:48.648553 np0000002987 devstack@placement-api.service[92361]: DEBUG placement.objects.research_context [req-237ae1ce-7096-4265-b3fc-783a53a7390c req-5fe546d4-7218-43db-bcb9-5a3046f62c4a service nova] found 1 providers after filtering by previous result {{(pid=92361) get_provider_ids_matching /opt/stack/placement/placement/objects/research_context.py:594}}
Jun 16 19:59:48.655077 np0000002987 devstack@placement-api.service[92361]: DEBUG placement.objects.allocation_candidate [req-237ae1ce-7096-4265-b3fc-783a53a7390c req-5fe546d4-7218-43db-bcb9-5a3046f62c4a service nova] RequestGroup(use_same_provider=False, resources={DISK_GB:1, MEMORY_MB:192, VCPU:1}, traits=(), aggregates=[]) (suffix '') returned 1 matches {{(pid=92361) _get_by_requests /opt/stack/placement/placement/objects/allocation_candidate.py:158}}
Jun 16 19:59:48.655408 np0000002987 devstack@placement-api.service[92361]: DEBUG placement.objects.allocation_candidate [req-237ae1ce-7096-4265-b3fc-783a53a7390c req-5fe546d4-7218-43db-bcb9-5a3046f62c4a service nova] Merging candidates yields 1 allocation requests and 1 provider summaries {{(pid=92361) _merge_candidates /opt/stack/placement/placement/objects/allocation_candidate.py:908}}
Jun 16 19:59:48.656646 np0000002987 devstack@placement-api.service[92361]: INFO placement.requestlog [req-237ae1ce-7096-4265-b3fc-783a53a7390c req-5fe546d4-7218-43db-bcb9-5a3046f62c4a service nova] 10.4.3.100 "GET /placement/allocation_candidates?limit=1000&resources=DISK_GB%3A1%2CMEMORY_MB%3A192%2CVCPU%3A1&root_required=%21COMPUTE_STATUS_DISABLED" status: 200 len: 2492 microversion: 1.36
Jun 16 19:59:48.656989 np0000002987 devstack@placement-api.service[92361]: [pid: 92361|app: 0|req: 11/32] 10.4.3.100 () {68 vars in 1625 bytes} [Tue Jun 16 19:59:48 2026] GET /placement/allocation_candidates?limit=1000&resources=DISK_GB%3A1%2CMEMORY_MB%3A192%2CVCPU%3A1&root_required=%21COMPUTE_STATUS_DISABLED => generated 2492 bytes in 42 msecs (HTTP/1.1 200) 8 headers in 297 bytes (1 switches on core 0)
Jun 16 19:59:48.708186 np0000002987 devstack@placement-api.service[92360]: DEBUG placement.requestlog [req-403b9a50-7b51-4955-b475-34d01f568508 req-7aff4b83-bd32-43c9-9118-c30f68d5dbf7 None None] Starting request: 10.4.3.100 "GET /placement/allocations/ac081081-660e-4dc9-b8c8-defaa8341994" {{(pid=92360) __call__ /opt/stack/placement/placement/requestlog.py:55}}
Jun 16 19:59:48.709486 np0000002987 devstack@placement-api.service[92359]: DEBUG placement.requestlog [req-237ae1ce-7096-4265-b3fc-783a53a7390c req-63f57329-51b2-4e83-a48f-863a627d093c None None] Starting request: 10.4.3.100 "GET /placement/allocations/4675c180-fea8-43bf-bbe0-e98d908c6c02" {{(pid=92359) __call__ /opt/stack/placement/placement/requestlog.py:55}}
Jun 16 19:59:48.714164 np0000002987 devstack@placement-api.service[92360]: INFO placement.requestlog [req-403b9a50-7b51-4955-b475-34d01f568508 req-7aff4b83-bd32-43c9-9118-c30f68d5dbf7 service nova] 10.4.3.100 "GET /placement/allocations/ac081081-660e-4dc9-b8c8-defaa8341994" status: 200 len: 19 microversion: 1.28
Jun 16 19:59:48.714435 np0000002987 devstack@placement-api.service[92360]: [pid: 92360|app: 0|req: 12/33] 10.4.3.100 () {68 vars in 1501 bytes} [Tue Jun 16 19:59:48 2026] GET /placement/allocations/ac081081-660e-4dc9-b8c8-defaa8341994 => generated 19 bytes in 6 msecs (HTTP/1.1 200) 8 headers in 295 bytes (1 switches on core 0)
Jun 16 19:59:48.716689 np0000002987 devstack@placement-api.service[92359]: INFO placement.requestlog [req-237ae1ce-7096-4265-b3fc-783a53a7390c req-63f57329-51b2-4e83-a48f-863a627d093c service nova] 10.4.3.100 "GET /placement/allocations/4675c180-fea8-43bf-bbe0-e98d908c6c02" status: 200 len: 19 microversion: 1.28
Jun 16 19:59:48.716975 np0000002987 devstack@placement-api.service[92359]: [pid: 92359|app: 0|req: 11/34] 10.4.3.100 () {68 vars in 1501 bytes} [Tue Jun 16 19:59:48 2026] GET /placement/allocations/4675c180-fea8-43bf-bbe0-e98d908c6c02 => generated 19 bytes in 7 msecs (HTTP/1.1 200) 8 headers in 295 bytes (1 switches on core 0)
Jun 16 19:59:48.748657 np0000002987 devstack@placement-api.service[92361]: DEBUG placement.requestlog [req-403b9a50-7b51-4955-b475-34d01f568508 req-3a211993-adf2-4d53-a13c-8b7cef3554f5 None None] Starting request: 10.4.3.100 "PUT /placement/allocations/ac081081-660e-4dc9-b8c8-defaa8341994" {{(pid=92361) __call__ /opt/stack/placement/placement/requestlog.py:55}}
Jun 16 19:59:48.749420 np0000002987 devstack@placement-api.service[92360]: DEBUG placement.requestlog [req-237ae1ce-7096-4265-b3fc-783a53a7390c req-944a14f2-5121-4578-b0c4-efad10c55ebe None None] Starting request: 10.4.3.100 "PUT /placement/allocations/4675c180-fea8-43bf-bbe0-e98d908c6c02" {{(pid=92360) __call__ /opt/stack/placement/placement/requestlog.py:55}}
Jun 16 19:59:48.833777 np0000002987 devstack@placement-api.service[92361]: DEBUG placement.handlers.allocation [req-403b9a50-7b51-4955-b475-34d01f568508 req-3a211993-adf2-4d53-a13c-8b7cef3554f5 service nova] Successfully wrote allocations [, , ] {{(pid=92361) _update_consumers_and_create_allocations /opt/stack/placement/placement/handlers/allocation.py:462}}
Jun 16 19:59:48.837135 np0000002987 devstack@placement-api.service[92361]: INFO placement.requestlog [req-403b9a50-7b51-4955-b475-34d01f568508 req-3a211993-adf2-4d53-a13c-8b7cef3554f5 service nova] 10.4.3.100 "PUT /placement/allocations/ac081081-660e-4dc9-b8c8-defaa8341994" status: 204 len: 0 microversion: 1.36
Jun 16 19:59:48.837271 np0000002987 devstack@placement-api.service[92360]: DEBUG placement.objects.allocation [req-237ae1ce-7096-4265-b3fc-783a53a7390c req-944a14f2-5121-4578-b0c4-efad10c55ebe service nova] Retrying allocations write on resource provider generation conflict {{(pid=92360) replace_all /opt/stack/placement/placement/objects/allocation.py:566}}
Jun 16 19:59:48.837441 np0000002987 devstack@placement-api.service[92361]: [pid: 92361|app: 0|req: 12/35] 10.4.3.100 () {72 vars in 1554 bytes} [Tue Jun 16 19:59:48 2026] PUT /placement/allocations/ac081081-660e-4dc9-b8c8-defaa8341994 => generated 0 bytes in 89 msecs (HTTP/1.1 204) 5 headers in 199 bytes (1 switches on core 0)
Jun 16 19:59:48.904538 np0000002987 devstack@placement-api.service[92360]: DEBUG placement.handlers.allocation [req-237ae1ce-7096-4265-b3fc-783a53a7390c req-944a14f2-5121-4578-b0c4-efad10c55ebe service nova] Successfully wrote allocations [, , ] {{(pid=92360) _update_consumers_and_create_allocations /opt/stack/placement/placement/handlers/allocation.py:462}}
Jun 16 19:59:48.910018 np0000002987 devstack@placement-api.service[92360]: INFO placement.requestlog [req-237ae1ce-7096-4265-b3fc-783a53a7390c req-944a14f2-5121-4578-b0c4-efad10c55ebe service nova] 10.4.3.100 "PUT /placement/allocations/4675c180-fea8-43bf-bbe0-e98d908c6c02" status: 204 len: 0 microversion: 1.36
Jun 16 19:59:48.910316 np0000002987 devstack@placement-api.service[92360]: [pid: 92360|app: 0|req: 13/36] 10.4.3.100 () {72 vars in 1554 bytes} [Tue Jun 16 19:59:48 2026] PUT /placement/allocations/4675c180-fea8-43bf-bbe0-e98d908c6c02 => generated 0 bytes in 161 msecs (HTTP/1.1 204) 5 headers in 199 bytes (1 switches on core 0)
Jun 16 19:59:49.342139 np0000002987 devstack@placement-api.service[92359]: DEBUG placement.requestlog [req-bf28b4f7-d908-446c-825c-19aa4f869c40 req-eba86d15-6692-4dcc-950b-fe5e209134f4 None None] Starting request: 10.4.3.100 "GET /placement/allocation_candidates?limit=1000&resources=DISK_GB%3A1%2CMEMORY_MB%3A192%2CVCPU%3A1&root_required=%21COMPUTE_STATUS_DISABLED" {{(pid=92359) __call__ /opt/stack/placement/placement/requestlog.py:55}}
Jun 16 19:59:49.370817 np0000002987 devstack@placement-api.service[92359]: DEBUG placement.objects.research_context [req-bf28b4f7-d908-446c-825c-19aa4f869c40 req-eba86d15-6692-4dcc-950b-fe5e209134f4 service nova] getting providers with 1 DISK_GB {{(pid=92359) __init__ /opt/stack/placement/placement/objects/research_context.py:137}}
Jun 16 19:59:49.374034 np0000002987 devstack@placement-api.service[92359]: DEBUG placement.objects.research_context [req-bf28b4f7-d908-446c-825c-19aa4f869c40 req-eba86d15-6692-4dcc-950b-fe5e209134f4 service nova] getting providers with 192 MEMORY_MB {{(pid=92359) __init__ /opt/stack/placement/placement/objects/research_context.py:137}}
Jun 16 19:59:49.377711 np0000002987 devstack@placement-api.service[92359]: DEBUG placement.objects.research_context [req-bf28b4f7-d908-446c-825c-19aa4f869c40 req-eba86d15-6692-4dcc-950b-fe5e209134f4 service nova] getting providers with 1 VCPU {{(pid=92359) __init__ /opt/stack/placement/placement/objects/research_context.py:137}}
Jun 16 19:59:49.380049 np0000002987 devstack@placement-api.service[92359]: DEBUG placement.objects.research_context [req-bf28b4f7-d908-446c-825c-19aa4f869c40 req-eba86d15-6692-4dcc-950b-fe5e209134f4 service nova] found 1 providers with available 1 DISK_GB {{(pid=92359) get_provider_ids_matching /opt/stack/placement/placement/objects/research_context.py:563}}
Jun 16 19:59:49.380168 np0000002987 devstack@placement-api.service[92359]: DEBUG placement.objects.research_context [req-bf28b4f7-d908-446c-825c-19aa4f869c40 req-eba86d15-6692-4dcc-950b-fe5e209134f4 service nova] found 1 providers with available 192 MEMORY_MB {{(pid=92359) get_provider_ids_matching /opt/stack/placement/placement/objects/research_context.py:563}}
Jun 16 19:59:49.380251 np0000002987 devstack@placement-api.service[92359]: DEBUG placement.objects.research_context [req-bf28b4f7-d908-446c-825c-19aa4f869c40 req-eba86d15-6692-4dcc-950b-fe5e209134f4 service nova] found 1 providers after filtering by previous result {{(pid=92359) get_provider_ids_matching /opt/stack/placement/placement/objects/research_context.py:594}}
Jun 16 19:59:49.380342 np0000002987 devstack@placement-api.service[92359]: DEBUG placement.objects.research_context [req-bf28b4f7-d908-446c-825c-19aa4f869c40 req-eba86d15-6692-4dcc-950b-fe5e209134f4 service nova] found 1 providers with available 1 VCPU {{(pid=92359) get_provider_ids_matching /opt/stack/placement/placement/objects/research_context.py:563}}
Jun 16 19:59:49.380426 np0000002987 devstack@placement-api.service[92359]: DEBUG placement.objects.research_context [req-bf28b4f7-d908-446c-825c-19aa4f869c40 req-eba86d15-6692-4dcc-950b-fe5e209134f4 service nova] found 1 providers after filtering by previous result {{(pid=92359) get_provider_ids_matching /opt/stack/placement/placement/objects/research_context.py:594}}
Jun 16 19:59:49.392818 np0000002987 devstack@placement-api.service[92359]: DEBUG placement.objects.allocation_candidate [req-bf28b4f7-d908-446c-825c-19aa4f869c40 req-eba86d15-6692-4dcc-950b-fe5e209134f4 service nova] RequestGroup(use_same_provider=False, resources={DISK_GB:1, MEMORY_MB:192, VCPU:1}, traits=(), aggregates=[]) (suffix '') returned 1 matches {{(pid=92359) _get_by_requests /opt/stack/placement/placement/objects/allocation_candidate.py:158}}
Jun 16 19:59:49.393125 np0000002987 devstack@placement-api.service[92359]: DEBUG placement.objects.allocation_candidate [req-bf28b4f7-d908-446c-825c-19aa4f869c40 req-eba86d15-6692-4dcc-950b-fe5e209134f4 service nova] Merging candidates yields 1 allocation requests and 1 provider summaries {{(pid=92359) _merge_candidates /opt/stack/placement/placement/objects/allocation_candidate.py:908}}
Jun 16 19:59:49.395839 np0000002987 devstack@placement-api.service[92359]: INFO placement.requestlog [req-bf28b4f7-d908-446c-825c-19aa4f869c40 req-eba86d15-6692-4dcc-950b-fe5e209134f4 service nova] 10.4.3.100 "GET /placement/allocation_candidates?limit=1000&resources=DISK_GB%3A1%2CMEMORY_MB%3A192%2CVCPU%3A1&root_required=%21COMPUTE_STATUS_DISABLED" status: 200 len: 2492 microversion: 1.36
Jun 16 19:59:49.396174 np0000002987 devstack@placement-api.service[92359]: [pid: 92359|app: 0|req: 12/37] 10.4.3.100 () {68 vars in 1625 bytes} [Tue Jun 16 19:59:49 2026] GET /placement/allocation_candidates?limit=1000&resources=DISK_GB%3A1%2CMEMORY_MB%3A192%2CVCPU%3A1&root_required=%21COMPUTE_STATUS_DISABLED => generated 2492 bytes in 54 msecs (HTTP/1.1 200) 8 headers in 297 bytes (1 switches on core 0)
Jun 16 19:59:49.454235 np0000002987 devstack@placement-api.service[92361]: DEBUG placement.requestlog [req-bf28b4f7-d908-446c-825c-19aa4f869c40 req-e2cf7c18-2343-4dff-b25c-b3660f70c2f7 None None] Starting request: 10.4.3.100 "GET /placement/allocations/385ecd7c-a6d9-4d7f-95f7-570780abcfa4" {{(pid=92361) __call__ /opt/stack/placement/placement/requestlog.py:55}}
Jun 16 19:59:49.466950 np0000002987 devstack@placement-api.service[92361]: INFO placement.requestlog [req-bf28b4f7-d908-446c-825c-19aa4f869c40 req-e2cf7c18-2343-4dff-b25c-b3660f70c2f7 service nova] 10.4.3.100 "GET /placement/allocations/385ecd7c-a6d9-4d7f-95f7-570780abcfa4" status: 200 len: 19 microversion: 1.28
Jun 16 19:59:49.467286 np0000002987 devstack@placement-api.service[92361]: [pid: 92361|app: 0|req: 13/38] 10.4.3.100 () {68 vars in 1501 bytes} [Tue Jun 16 19:59:49 2026] GET /placement/allocations/385ecd7c-a6d9-4d7f-95f7-570780abcfa4 => generated 19 bytes in 13 msecs (HTTP/1.1 200) 8 headers in 295 bytes (1 switches on core 0)
Jun 16 19:59:49.502443 np0000002987 devstack@placement-api.service[92360]: DEBUG placement.requestlog [req-bf28b4f7-d908-446c-825c-19aa4f869c40 req-5b053464-7868-4b39-9b60-75762d122d5a None None] Starting request: 10.4.3.100 "PUT /placement/allocations/385ecd7c-a6d9-4d7f-95f7-570780abcfa4" {{(pid=92360) __call__ /opt/stack/placement/placement/requestlog.py:55}}
Jun 16 19:59:49.589793 np0000002987 devstack@placement-api.service[92360]: DEBUG placement.handlers.allocation [req-bf28b4f7-d908-446c-825c-19aa4f869c40 req-5b053464-7868-4b39-9b60-75762d122d5a service nova] Successfully wrote allocations [, , ] {{(pid=92360) _update_consumers_and_create_allocations /opt/stack/placement/placement/handlers/allocation.py:462}}
Jun 16 19:59:49.596748 np0000002987 devstack@placement-api.service[92360]: INFO placement.requestlog [req-bf28b4f7-d908-446c-825c-19aa4f869c40 req-5b053464-7868-4b39-9b60-75762d122d5a service nova] 10.4.3.100 "PUT /placement/allocations/385ecd7c-a6d9-4d7f-95f7-570780abcfa4" status: 204 len: 0 microversion: 1.36
Jun 16 19:59:49.596993 np0000002987 devstack@placement-api.service[92360]: [pid: 92360|app: 0|req: 14/39] 10.4.3.100 () {72 vars in 1554 bytes} [Tue Jun 16 19:59:49 2026] PUT /placement/allocations/385ecd7c-a6d9-4d7f-95f7-570780abcfa4 => generated 0 bytes in 95 msecs (HTTP/1.1 204) 5 headers in 199 bytes (1 switches on core 0)
Jun 16 19:59:49.972819 np0000002987 devstack@placement-api.service[92359]: DEBUG placement.requestlog [req-c0e34807-44f3-471d-aa95-c9a68307de73 req-0543a50e-7207-4548-b0d5-2b4c540990a7 None None] Starting request: 10.4.3.100 "GET /placement/allocation_candidates?limit=1000&resources=DISK_GB%3A1%2CMEMORY_MB%3A192%2CVCPU%3A1&root_required=%21COMPUTE_STATUS_DISABLED" {{(pid=92359) __call__ /opt/stack/placement/placement/requestlog.py:55}}
Jun 16 19:59:49.991354 np0000002987 devstack@placement-api.service[92359]: DEBUG placement.objects.research_context [req-c0e34807-44f3-471d-aa95-c9a68307de73 req-0543a50e-7207-4548-b0d5-2b4c540990a7 service nova] getting providers with 1 DISK_GB {{(pid=92359) __init__ /opt/stack/placement/placement/objects/research_context.py:137}}
Jun 16 19:59:49.994974 np0000002987 devstack@placement-api.service[92359]: DEBUG placement.objects.research_context [req-c0e34807-44f3-471d-aa95-c9a68307de73 req-0543a50e-7207-4548-b0d5-2b4c540990a7 service nova] getting providers with 192 MEMORY_MB {{(pid=92359) __init__ /opt/stack/placement/placement/objects/research_context.py:137}}
Jun 16 19:59:49.998545 np0000002987 devstack@placement-api.service[92359]: DEBUG placement.objects.research_context [req-c0e34807-44f3-471d-aa95-c9a68307de73 req-0543a50e-7207-4548-b0d5-2b4c540990a7 service nova] getting providers with 1 VCPU {{(pid=92359) __init__ /opt/stack/placement/placement/objects/research_context.py:137}}
Jun 16 19:59:50.003357 np0000002987 devstack@placement-api.service[92359]: DEBUG placement.objects.research_context [req-c0e34807-44f3-471d-aa95-c9a68307de73 req-0543a50e-7207-4548-b0d5-2b4c540990a7 service nova] found 1 providers with available 1 DISK_GB {{(pid=92359) get_provider_ids_matching /opt/stack/placement/placement/objects/research_context.py:563}}
Jun 16 19:59:50.003357 np0000002987 devstack@placement-api.service[92359]: DEBUG placement.objects.research_context [req-c0e34807-44f3-471d-aa95-c9a68307de73 req-0543a50e-7207-4548-b0d5-2b4c540990a7 service nova] found 1 providers with available 192 MEMORY_MB {{(pid=92359) get_provider_ids_matching /opt/stack/placement/placement/objects/research_context.py:563}}
Jun 16 19:59:50.003357 np0000002987 devstack@placement-api.service[92359]: DEBUG placement.objects.research_context [req-c0e34807-44f3-471d-aa95-c9a68307de73 req-0543a50e-7207-4548-b0d5-2b4c540990a7 service nova] found 1 providers after filtering by previous result {{(pid=92359) get_provider_ids_matching /opt/stack/placement/placement/objects/research_context.py:594}}
Jun 16 19:59:50.003631 np0000002987 devstack@placement-api.service[92359]: DEBUG placement.objects.research_context [req-c0e34807-44f3-471d-aa95-c9a68307de73 req-0543a50e-7207-4548-b0d5-2b4c540990a7 service nova] found 1 providers with available 1 VCPU {{(pid=92359) get_provider_ids_matching /opt/stack/placement/placement/objects/research_context.py:563}}
Jun 16 19:59:50.003631 np0000002987 devstack@placement-api.service[92359]: DEBUG placement.objects.research_context [req-c0e34807-44f3-471d-aa95-c9a68307de73 req-0543a50e-7207-4548-b0d5-2b4c540990a7 service nova] found 1 providers after filtering by previous result {{(pid=92359) get_provider_ids_matching /opt/stack/placement/placement/objects/research_context.py:594}}
Jun 16 19:59:50.018087 np0000002987 devstack@placement-api.service[92359]: DEBUG placement.objects.allocation_candidate [req-c0e34807-44f3-471d-aa95-c9a68307de73 req-0543a50e-7207-4548-b0d5-2b4c540990a7 service nova] RequestGroup(use_same_provider=False, resources={DISK_GB:1, MEMORY_MB:192, VCPU:1}, traits=(), aggregates=[]) (suffix '') returned 1 matches {{(pid=92359) _get_by_requests /opt/stack/placement/placement/objects/allocation_candidate.py:158}}
Jun 16 19:59:50.018087 np0000002987 devstack@placement-api.service[92359]: DEBUG placement.objects.allocation_candidate [req-c0e34807-44f3-471d-aa95-c9a68307de73 req-0543a50e-7207-4548-b0d5-2b4c540990a7 service nova] Merging candidates yields 1 allocation requests and 1 provider summaries {{(pid=92359) _merge_candidates /opt/stack/placement/placement/objects/allocation_candidate.py:908}}
Jun 16 19:59:50.019353 np0000002987 devstack@placement-api.service[92359]: INFO placement.requestlog [req-c0e34807-44f3-471d-aa95-c9a68307de73 req-0543a50e-7207-4548-b0d5-2b4c540990a7 service nova] 10.4.3.100 "GET /placement/allocation_candidates?limit=1000&resources=DISK_GB%3A1%2CMEMORY_MB%3A192%2CVCPU%3A1&root_required=%21COMPUTE_STATUS_DISABLED" status: 200 len: 2492 microversion: 1.36
Jun 16 19:59:50.019603 np0000002987 devstack@placement-api.service[92359]: [pid: 92359|app: 0|req: 13/40] 10.4.3.100 () {68 vars in 1625 bytes} [Tue Jun 16 19:59:49 2026] GET /placement/allocation_candidates?limit=1000&resources=DISK_GB%3A1%2CMEMORY_MB%3A192%2CVCPU%3A1&root_required=%21COMPUTE_STATUS_DISABLED => generated 2492 bytes in 47 msecs (HTTP/1.1 200) 8 headers in 297 bytes (1 switches on core 0)
Jun 16 19:59:50.079021 np0000002987 devstack@placement-api.service[92361]: DEBUG placement.requestlog [None req-1279ff28-07a2-4c1d-85ea-b7a1e9b5df66 None None] Starting request: 10.4.3.100 "GET /placement/resource_providers/b9678799-5297-49da-a95c-2f61db76ad67/aggregates" {{(pid=92361) __call__ /opt/stack/placement/placement/requestlog.py:55}}
Jun 16 19:59:50.108770 np0000002987 devstack@placement-api.service[92360]: DEBUG placement.requestlog [req-c0e34807-44f3-471d-aa95-c9a68307de73 req-c73bc8cb-4e11-45e9-8bfb-3ff703a73165 None None] Starting request: 10.4.3.100 "GET /placement/allocations/cafe2d46-8344-4daf-ad31-7402e73a0790" {{(pid=92360) __call__ /opt/stack/placement/placement/requestlog.py:55}}
Jun 16 19:59:50.115785 np0000002987 devstack@placement-api.service[92360]: INFO placement.requestlog [req-c0e34807-44f3-471d-aa95-c9a68307de73 req-c73bc8cb-4e11-45e9-8bfb-3ff703a73165 service nova] 10.4.3.100 "GET /placement/allocations/cafe2d46-8344-4daf-ad31-7402e73a0790" status: 200 len: 19 microversion: 1.28
Jun 16 19:59:50.116217 np0000002987 devstack@placement-api.service[92360]: [pid: 92360|app: 0|req: 15/41] 10.4.3.100 () {68 vars in 1501 bytes} [Tue Jun 16 19:59:50 2026] GET /placement/allocations/cafe2d46-8344-4daf-ad31-7402e73a0790 => generated 19 bytes in 8 msecs (HTTP/1.1 200) 8 headers in 295 bytes (1 switches on core 0)
Jun 16 19:59:50.152632 np0000002987 devstack@placement-api.service[92359]: DEBUG placement.requestlog [req-c0e34807-44f3-471d-aa95-c9a68307de73 req-f308b139-13c4-4c21-9b56-50e030cd9686 None None] Starting request: 10.4.3.100 "PUT /placement/allocations/cafe2d46-8344-4daf-ad31-7402e73a0790" {{(pid=92359) __call__ /opt/stack/placement/placement/requestlog.py:55}}
Jun 16 19:59:50.262354 np0000002987 devstack@placement-api.service[92359]: DEBUG placement.handlers.allocation [req-c0e34807-44f3-471d-aa95-c9a68307de73 req-f308b139-13c4-4c21-9b56-50e030cd9686 service nova] Successfully wrote allocations [, , ] {{(pid=92359) _update_consumers_and_create_allocations /opt/stack/placement/placement/handlers/allocation.py:462}}
Jun 16 19:59:50.267273 np0000002987 devstack@placement-api.service[92359]: INFO placement.requestlog [req-c0e34807-44f3-471d-aa95-c9a68307de73 req-f308b139-13c4-4c21-9b56-50e030cd9686 service nova] 10.4.3.100 "PUT /placement/allocations/cafe2d46-8344-4daf-ad31-7402e73a0790" status: 204 len: 0 microversion: 1.36
Jun 16 19:59:50.267621 np0000002987 devstack@placement-api.service[92359]: [pid: 92359|app: 0|req: 14/42] 10.4.3.100 () {72 vars in 1554 bytes} [Tue Jun 16 19:59:50 2026] PUT /placement/allocations/cafe2d46-8344-4daf-ad31-7402e73a0790 => generated 0 bytes in 115 msecs (HTTP/1.1 204) 5 headers in 199 bytes (1 switches on core 0)
Jun 16 19:59:50.316434 np0000002987 devstack@placement-api.service[92360]: DEBUG placement.requestlog [req-237ae1ce-7096-4265-b3fc-783a53a7390c req-ce4a612e-4b2d-44e3-a626-8b11d0b4fa8a None None] Starting request: 10.4.3.100 "GET /placement/allocations/4675c180-fea8-43bf-bbe0-e98d908c6c02" {{(pid=92360) __call__ /opt/stack/placement/placement/requestlog.py:55}}
Jun 16 19:59:50.330159 np0000002987 devstack@placement-api.service[92360]: INFO placement.requestlog [req-237ae1ce-7096-4265-b3fc-783a53a7390c req-ce4a612e-4b2d-44e3-a626-8b11d0b4fa8a service nova] 10.4.3.100 "GET /placement/allocations/4675c180-fea8-43bf-bbe0-e98d908c6c02" status: 200 len: 257 microversion: 1.28
Jun 16 19:59:50.330159 np0000002987 devstack@placement-api.service[92360]: [pid: 92360|app: 0|req: 16/43] 10.4.3.100 () {68 vars in 1499 bytes} [Tue Jun 16 19:59:50 2026] GET /placement/allocations/4675c180-fea8-43bf-bbe0-e98d908c6c02 => generated 257 bytes in 14 msecs (HTTP/1.1 200) 8 headers in 296 bytes (1 switches on core 0)
Jun 16 19:59:50.335399 np0000002987 devstack@placement-api.service[92361]: INFO placement.requestlog [None req-1279ff28-07a2-4c1d-85ea-b7a1e9b5df66 service placement] 10.4.3.100 "GET /placement/resource_providers/b9678799-5297-49da-a95c-2f61db76ad67/aggregates" status: 404 len: 235 microversion: 1.1
Jun 16 19:59:50.335785 np0000002987 devstack@placement-api.service[92361]: [pid: 92361|app: 0|req: 14/44] 10.4.3.100 () {66 vars in 1474 bytes} [Tue Jun 16 19:59:50 2026] GET /placement/resource_providers/b9678799-5297-49da-a95c-2f61db76ad67/aggregates => generated 235 bytes in 257 msecs (HTTP/1.1 404) 5 headers in 202 bytes (1 switches on core 0)
Jun 16 19:59:50.369855 np0000002987 devstack@placement-api.service[92359]: DEBUG placement.requestlog [None req-dcfa93c7-4c4d-428e-b244-46f9a137bfa6 None None] Starting request: 10.4.3.100 "DELETE /placement/resource_providers/b9678799-5297-49da-a95c-2f61db76ad67" {{(pid=92359) __call__ /opt/stack/placement/placement/requestlog.py:55}}
Jun 16 19:59:50.372273 np0000002987 devstack@placement-api.service[92360]: DEBUG placement.requestlog [req-403b9a50-7b51-4955-b475-34d01f568508 req-7dd14fac-68dd-4bcd-862a-7cdb4b76b0c8 None None] Starting request: 10.4.3.100 "GET /placement/allocations/ac081081-660e-4dc9-b8c8-defaa8341994" {{(pid=92360) __call__ /opt/stack/placement/placement/requestlog.py:55}}
Jun 16 19:59:50.375690 np0000002987 devstack@placement-api.service[92359]: DEBUG placement.wsgi_wrapper [None req-dcfa93c7-4c4d-428e-b244-46f9a137bfa6 service placement] Placement API returning an error response: No resource provider with uuid b9678799-5297-49da-a95c-2f61db76ad67 found for delete {{(pid=92359) call_func /opt/stack/placement/placement/wsgi_wrapper.py:31}}
Jun 16 19:59:50.376184 np0000002987 devstack@placement-api.service[92359]: INFO placement.requestlog [None req-dcfa93c7-4c4d-428e-b244-46f9a137bfa6 service placement] 10.4.3.100 "DELETE /placement/resource_providers/b9678799-5297-49da-a95c-2f61db76ad67" status: 404 len: 246 microversion: 1.1
Jun 16 19:59:50.376386 np0000002987 devstack@placement-api.service[92359]: [pid: 92359|app: 0|req: 15/45] 10.4.3.100 () {68 vars in 1463 bytes} [Tue Jun 16 19:59:50 2026] DELETE /placement/resource_providers/b9678799-5297-49da-a95c-2f61db76ad67 => generated 246 bytes in 7 msecs (HTTP/1.1 404) 6 headers in 231 bytes (1 switches on core 0)
Jun 16 19:59:50.382493 np0000002987 devstack@placement-api.service[92360]: INFO placement.requestlog [req-403b9a50-7b51-4955-b475-34d01f568508 req-7dd14fac-68dd-4bcd-862a-7cdb4b76b0c8 service nova] 10.4.3.100 "GET /placement/allocations/ac081081-660e-4dc9-b8c8-defaa8341994" status: 200 len: 257 microversion: 1.28
Jun 16 19:59:50.382978 np0000002987 devstack@placement-api.service[92360]: [pid: 92360|app: 0|req: 17/46] 10.4.3.100 () {68 vars in 1499 bytes} [Tue Jun 16 19:59:50 2026] GET /placement/allocations/ac081081-660e-4dc9-b8c8-defaa8341994 => generated 257 bytes in 11 msecs (HTTP/1.1 200) 8 headers in 296 bytes (1 switches on core 0)
Jun 16 19:59:51.007572 np0000002987 devstack@placement-api.service[92361]: DEBUG placement.requestlog [req-bf28b4f7-d908-446c-825c-19aa4f869c40 req-a2f6821c-f232-4406-be38-561f03ba7c12 None None] Starting request: 10.4.3.100 "GET /placement/allocations/385ecd7c-a6d9-4d7f-95f7-570780abcfa4" {{(pid=92361) __call__ /opt/stack/placement/placement/requestlog.py:55}}
Jun 16 19:59:51.018309 np0000002987 devstack@placement-api.service[92361]: INFO placement.requestlog [req-bf28b4f7-d908-446c-825c-19aa4f869c40 req-a2f6821c-f232-4406-be38-561f03ba7c12 service nova] 10.4.3.100 "GET /placement/allocations/385ecd7c-a6d9-4d7f-95f7-570780abcfa4" status: 200 len: 257 microversion: 1.28
Jun 16 19:59:51.018772 np0000002987 devstack@placement-api.service[92361]: [pid: 92361|app: 0|req: 15/47] 10.4.3.100 () {68 vars in 1499 bytes} [Tue Jun 16 19:59:51 2026] GET /placement/allocations/385ecd7c-a6d9-4d7f-95f7-570780abcfa4 => generated 257 bytes in 11 msecs (HTTP/1.1 200) 8 headers in 296 bytes (1 switches on core 0)
Jun 16 19:59:51.407415 np0000002987 devstack@placement-api.service[92359]: DEBUG placement.requestlog [req-237ae1ce-7096-4265-b3fc-783a53a7390c req-344c2f8b-da9d-4e80-8d23-e1e6161576d7 None None] Starting request: 10.4.3.100 "GET /placement/resource_providers/1ea1a25e-951b-4d6d-8e0b-f749bfbaad0d/allocations" {{(pid=92359) __call__ /opt/stack/placement/placement/requestlog.py:55}}
Jun 16 19:59:51.429159 np0000002987 devstack@placement-api.service[92359]: INFO placement.requestlog [req-237ae1ce-7096-4265-b3fc-783a53a7390c req-344c2f8b-da9d-4e80-8d23-e1e6161576d7 service nova] 10.4.3.100 "GET /placement/resource_providers/1ea1a25e-951b-4d6d-8e0b-f749bfbaad0d/allocations" status: 200 len: 652 microversion: 1.0
Jun 16 19:59:51.429402 np0000002987 devstack@placement-api.service[92359]: [pid: 92359|app: 0|req: 16/48] 10.4.3.100 () {66 vars in 1512 bytes} [Tue Jun 16 19:59:51 2026] GET /placement/resource_providers/1ea1a25e-951b-4d6d-8e0b-f749bfbaad0d/allocations => generated 652 bytes in 22 msecs (HTTP/1.1 200) 6 headers in 224 bytes (1 switches on core 0)
Jun 16 19:59:51.484907 np0000002987 devstack@placement-api.service[92360]: DEBUG placement.requestlog [req-237ae1ce-7096-4265-b3fc-783a53a7390c req-4a986127-8df2-4d69-8042-842297980842 None None] Starting request: 10.4.3.100 "GET /placement/allocations/4675c180-fea8-43bf-bbe0-e98d908c6c02" {{(pid=92360) __call__ /opt/stack/placement/placement/requestlog.py:55}}
Jun 16 19:59:51.498518 np0000002987 devstack@placement-api.service[92360]: INFO placement.requestlog [req-237ae1ce-7096-4265-b3fc-783a53a7390c req-4a986127-8df2-4d69-8042-842297980842 service nova] 10.4.3.100 "GET /placement/allocations/4675c180-fea8-43bf-bbe0-e98d908c6c02" status: 200 len: 257 microversion: 1.28
Jun 16 19:59:51.498751 np0000002987 devstack@placement-api.service[92360]: [pid: 92360|app: 0|req: 18/49] 10.4.3.100 () {68 vars in 1499 bytes} [Tue Jun 16 19:59:51 2026] GET /placement/allocations/4675c180-fea8-43bf-bbe0-e98d908c6c02 => generated 257 bytes in 14 msecs (HTTP/1.1 200) 8 headers in 296 bytes (1 switches on core 0)
Jun 16 19:59:51.547576 np0000002987 devstack@placement-api.service[92361]: DEBUG placement.requestlog [req-237ae1ce-7096-4265-b3fc-783a53a7390c req-4c38b3dc-ad9f-44c2-9357-b804f71f5914 None None] Starting request: 10.4.3.100 "GET /placement/allocations/cafe2d46-8344-4daf-ad31-7402e73a0790" {{(pid=92361) __call__ /opt/stack/placement/placement/requestlog.py:55}}
Jun 16 19:59:51.560500 np0000002987 devstack@placement-api.service[92361]: INFO placement.requestlog [req-237ae1ce-7096-4265-b3fc-783a53a7390c req-4c38b3dc-ad9f-44c2-9357-b804f71f5914 service nova] 10.4.3.100 "GET /placement/allocations/cafe2d46-8344-4daf-ad31-7402e73a0790" status: 200 len: 257 microversion: 1.28
Jun 16 19:59:51.560790 np0000002987 devstack@placement-api.service[92361]: [pid: 92361|app: 0|req: 16/50] 10.4.3.100 () {68 vars in 1499 bytes} [Tue Jun 16 19:59:51 2026] GET /placement/allocations/cafe2d46-8344-4daf-ad31-7402e73a0790 => generated 257 bytes in 13 msecs (HTTP/1.1 200) 8 headers in 296 bytes (2 switches on core 0)
Jun 16 19:59:51.609288 np0000002987 devstack@placement-api.service[92359]: DEBUG placement.requestlog [req-237ae1ce-7096-4265-b3fc-783a53a7390c req-f6101654-188a-470c-a494-b60bf584d9fa None None] Starting request: 10.4.3.100 "GET /placement/allocations/ac081081-660e-4dc9-b8c8-defaa8341994" {{(pid=92359) __call__ /opt/stack/placement/placement/requestlog.py:55}}
Jun 16 19:59:51.622247 np0000002987 devstack@placement-api.service[92359]: INFO placement.requestlog [req-237ae1ce-7096-4265-b3fc-783a53a7390c req-f6101654-188a-470c-a494-b60bf584d9fa service nova] 10.4.3.100 "GET /placement/allocations/ac081081-660e-4dc9-b8c8-defaa8341994" status: 200 len: 257 microversion: 1.28
Jun 16 19:59:51.622612 np0000002987 devstack@placement-api.service[92359]: [pid: 92359|app: 0|req: 17/51] 10.4.3.100 () {68 vars in 1499 bytes} [Tue Jun 16 19:59:51 2026] GET /placement/allocations/ac081081-660e-4dc9-b8c8-defaa8341994 => generated 257 bytes in 14 msecs (HTTP/1.1 200) 8 headers in 296 bytes (1 switches on core 0)
Jun 16 19:59:51.670462 np0000002987 devstack@placement-api.service[92360]: DEBUG placement.requestlog [req-237ae1ce-7096-4265-b3fc-783a53a7390c req-1c5cb5fc-8804-4813-8da5-6935c71de4af None None] Starting request: 10.4.3.100 "GET /placement/allocations/074eda78-70fd-4918-9828-f4b6e4cdd598" {{(pid=92360) __call__ /opt/stack/placement/placement/requestlog.py:55}}
Jun 16 19:59:51.681018 np0000002987 devstack@placement-api.service[92360]: INFO placement.requestlog [req-237ae1ce-7096-4265-b3fc-783a53a7390c req-1c5cb5fc-8804-4813-8da5-6935c71de4af service nova] 10.4.3.100 "GET /placement/allocations/074eda78-70fd-4918-9828-f4b6e4cdd598" status: 200 len: 257 microversion: 1.28
Jun 16 19:59:51.681269 np0000002987 devstack@placement-api.service[92360]: [pid: 92360|app: 0|req: 19/52] 10.4.3.100 () {68 vars in 1499 bytes} [Tue Jun 16 19:59:51 2026] GET /placement/allocations/074eda78-70fd-4918-9828-f4b6e4cdd598 => generated 257 bytes in 11 msecs (HTTP/1.1 200) 8 headers in 296 bytes (1 switches on core 0)
Jun 16 19:59:51.683996 np0000002987 devstack@placement-api.service[92361]: DEBUG placement.requestlog [req-c0e34807-44f3-471d-aa95-c9a68307de73 req-a987cd67-e747-43d5-bd37-3821bd9f8892 None None] Starting request: 10.4.3.100 "GET /placement/allocations/cafe2d46-8344-4daf-ad31-7402e73a0790" {{(pid=92361) __call__ /opt/stack/placement/placement/requestlog.py:55}}
Jun 16 19:59:51.691781 np0000002987 devstack@placement-api.service[92361]: INFO placement.requestlog [req-c0e34807-44f3-471d-aa95-c9a68307de73 req-a987cd67-e747-43d5-bd37-3821bd9f8892 service nova] 10.4.3.100 "GET /placement/allocations/cafe2d46-8344-4daf-ad31-7402e73a0790" status: 200 len: 257 microversion: 1.28
Jun 16 19:59:51.692001 np0000002987 devstack@placement-api.service[92361]: [pid: 92361|app: 0|req: 17/53] 10.4.3.100 () {68 vars in 1499 bytes} [Tue Jun 16 19:59:51 2026] GET /placement/allocations/cafe2d46-8344-4daf-ad31-7402e73a0790 => generated 257 bytes in 8 msecs (HTTP/1.1 200) 8 headers in 296 bytes (1 switches on core 0)
Jun 16 19:59:51.718590 np0000002987 devstack@placement-api.service[92359]: DEBUG placement.requestlog [req-237ae1ce-7096-4265-b3fc-783a53a7390c req-3e70d660-e2a4-4f4a-bf4c-a4aa98e640d9 None None] Starting request: 10.4.3.100 "GET /placement/allocations/6d49bb01-f860-4dcd-a69e-a0a220d1993a" {{(pid=92359) __call__ /opt/stack/placement/placement/requestlog.py:55}}
Jun 16 19:59:51.746754 np0000002987 devstack@placement-api.service[92359]: INFO placement.requestlog [req-237ae1ce-7096-4265-b3fc-783a53a7390c req-3e70d660-e2a4-4f4a-bf4c-a4aa98e640d9 service nova] 10.4.3.100 "GET /placement/allocations/6d49bb01-f860-4dcd-a69e-a0a220d1993a" status: 200 len: 257 microversion: 1.28
Jun 16 19:59:51.747083 np0000002987 devstack@placement-api.service[92359]: [pid: 92359|app: 0|req: 18/54] 10.4.3.100 () {68 vars in 1499 bytes} [Tue Jun 16 19:59:51 2026] GET /placement/allocations/6d49bb01-f860-4dcd-a69e-a0a220d1993a => generated 257 bytes in 29 msecs (HTTP/1.1 200) 8 headers in 296 bytes (1 switches on core 0)
Jun 16 19:59:51.791370 np0000002987 devstack@placement-api.service[92360]: DEBUG placement.requestlog [req-237ae1ce-7096-4265-b3fc-783a53a7390c req-e42e52b6-5a5d-4671-b7de-dc26d1e7b61c None None] Starting request: 10.4.3.100 "GET /placement/allocations/385ecd7c-a6d9-4d7f-95f7-570780abcfa4" {{(pid=92360) __call__ /opt/stack/placement/placement/requestlog.py:55}}
Jun 16 19:59:51.808284 np0000002987 devstack@placement-api.service[92360]: INFO placement.requestlog [req-237ae1ce-7096-4265-b3fc-783a53a7390c req-e42e52b6-5a5d-4671-b7de-dc26d1e7b61c service nova] 10.4.3.100 "GET /placement/allocations/385ecd7c-a6d9-4d7f-95f7-570780abcfa4" status: 200 len: 257 microversion: 1.28
Jun 16 19:59:51.808284 np0000002987 devstack@placement-api.service[92360]: [pid: 92360|app: 0|req: 20/55] 10.4.3.100 () {68 vars in 1499 bytes} [Tue Jun 16 19:59:51 2026] GET /placement/allocations/385ecd7c-a6d9-4d7f-95f7-570780abcfa4 => generated 257 bytes in 17 msecs (HTTP/1.1 200) 8 headers in 296 bytes (1 switches on core 0)
Jun 16 19:59:52.680633 np0000002987 devstack@placement-api.service[92361]: DEBUG placement.requestlog [None req-10eb1692-421b-437b-904f-31eca361197c None None] Starting request: 10.4.3.100 "GET /placement/resource_providers/6df3e010-0fde-4350-b9d4-1802afed46ba/aggregates" {{(pid=92361) __call__ /opt/stack/placement/placement/requestlog.py:55}}
Jun 16 19:59:52.919220 np0000002987 devstack@placement-api.service[92361]: INFO placement.requestlog [None req-10eb1692-421b-437b-904f-31eca361197c service placement] 10.4.3.100 "GET /placement/resource_providers/6df3e010-0fde-4350-b9d4-1802afed46ba/aggregates" status: 404 len: 235 microversion: 1.1
Jun 16 19:59:52.919220 np0000002987 devstack@placement-api.service[92361]: [pid: 92361|app: 0|req: 18/56] 10.4.3.100 () {66 vars in 1474 bytes} [Tue Jun 16 19:59:52 2026] GET /placement/resource_providers/6df3e010-0fde-4350-b9d4-1802afed46ba/aggregates => generated 235 bytes in 239 msecs (HTTP/1.1 404) 5 headers in 202 bytes (1 switches on core 0)
Jun 16 19:59:52.961682 np0000002987 devstack@placement-api.service[92359]: DEBUG placement.requestlog [None req-d82a8354-fe09-4d40-9de5-b25a39853080 None None] Starting request: 10.4.3.100 "DELETE /placement/resource_providers/6df3e010-0fde-4350-b9d4-1802afed46ba" {{(pid=92359) __call__ /opt/stack/placement/placement/requestlog.py:55}}
Jun 16 19:59:52.967188 np0000002987 devstack@placement-api.service[92359]: DEBUG placement.wsgi_wrapper [None req-d82a8354-fe09-4d40-9de5-b25a39853080 service placement] Placement API returning an error response: No resource provider with uuid 6df3e010-0fde-4350-b9d4-1802afed46ba found for delete {{(pid=92359) call_func /opt/stack/placement/placement/wsgi_wrapper.py:31}}
Jun 16 19:59:52.967528 np0000002987 devstack@placement-api.service[92359]: INFO placement.requestlog [None req-d82a8354-fe09-4d40-9de5-b25a39853080 service placement] 10.4.3.100 "DELETE /placement/resource_providers/6df3e010-0fde-4350-b9d4-1802afed46ba" status: 404 len: 246 microversion: 1.1
Jun 16 19:59:52.967707 np0000002987 devstack@placement-api.service[92359]: [pid: 92359|app: 0|req: 19/57] 10.4.3.100 () {68 vars in 1463 bytes} [Tue Jun 16 19:59:52 2026] DELETE /placement/resource_providers/6df3e010-0fde-4350-b9d4-1802afed46ba => generated 246 bytes in 6 msecs (HTTP/1.1 404) 6 headers in 231 bytes (1 switches on core 0)
Jun 16 19:59:53.325492 np0000002987 devstack@placement-api.service[92360]: DEBUG placement.requestlog [req-8051bc91-06c1-451b-bf75-a8da167c2cc1 req-72e647ed-3d4e-4b80-a9f3-1c77292392c5 None None] Starting request: 10.4.3.100 "GET /placement/allocation_candidates?limit=1000&resources=DISK_GB%3A1%2CMEMORY_MB%3A192%2CVCPU%3A1&root_required=%21COMPUTE_STATUS_DISABLED" {{(pid=92360) __call__ /opt/stack/placement/placement/requestlog.py:55}}
Jun 16 19:59:53.351647 np0000002987 devstack@placement-api.service[92360]: DEBUG placement.objects.research_context [req-8051bc91-06c1-451b-bf75-a8da167c2cc1 req-72e647ed-3d4e-4b80-a9f3-1c77292392c5 service nova] getting providers with 1 DISK_GB {{(pid=92360) __init__ /opt/stack/placement/placement/objects/research_context.py:137}}
Jun 16 19:59:53.356192 np0000002987 devstack@placement-api.service[92360]: DEBUG placement.objects.research_context [req-8051bc91-06c1-451b-bf75-a8da167c2cc1 req-72e647ed-3d4e-4b80-a9f3-1c77292392c5 service nova] getting providers with 192 MEMORY_MB {{(pid=92360) __init__ /opt/stack/placement/placement/objects/research_context.py:137}}
Jun 16 19:59:53.362237 np0000002987 devstack@placement-api.service[92360]: DEBUG placement.objects.research_context [req-8051bc91-06c1-451b-bf75-a8da167c2cc1 req-72e647ed-3d4e-4b80-a9f3-1c77292392c5 service nova] getting providers with 1 VCPU {{(pid=92360) __init__ /opt/stack/placement/placement/objects/research_context.py:137}}
Jun 16 19:59:53.367690 np0000002987 devstack@placement-api.service[92360]: DEBUG placement.objects.research_context [req-8051bc91-06c1-451b-bf75-a8da167c2cc1 req-72e647ed-3d4e-4b80-a9f3-1c77292392c5 service nova] found 1 providers with available 1 DISK_GB {{(pid=92360) get_provider_ids_matching /opt/stack/placement/placement/objects/research_context.py:563}}
Jun 16 19:59:53.367690 np0000002987 devstack@placement-api.service[92360]: DEBUG placement.objects.research_context [req-8051bc91-06c1-451b-bf75-a8da167c2cc1 req-72e647ed-3d4e-4b80-a9f3-1c77292392c5 service nova] found 1 providers with available 192 MEMORY_MB {{(pid=92360) get_provider_ids_matching /opt/stack/placement/placement/objects/research_context.py:563}}
Jun 16 19:59:53.368048 np0000002987 devstack@placement-api.service[92360]: DEBUG placement.objects.research_context [req-8051bc91-06c1-451b-bf75-a8da167c2cc1 req-72e647ed-3d4e-4b80-a9f3-1c77292392c5 service nova] found 1 providers after filtering by previous result {{(pid=92360) get_provider_ids_matching /opt/stack/placement/placement/objects/research_context.py:594}}
Jun 16 19:59:53.368048 np0000002987 devstack@placement-api.service[92360]: DEBUG placement.objects.research_context [req-8051bc91-06c1-451b-bf75-a8da167c2cc1 req-72e647ed-3d4e-4b80-a9f3-1c77292392c5 service nova] found 1 providers with available 1 VCPU {{(pid=92360) get_provider_ids_matching /opt/stack/placement/placement/objects/research_context.py:563}}
Jun 16 19:59:53.368219 np0000002987 devstack@placement-api.service[92360]: DEBUG placement.objects.research_context [req-8051bc91-06c1-451b-bf75-a8da167c2cc1 req-72e647ed-3d4e-4b80-a9f3-1c77292392c5 service nova] found 1 providers after filtering by previous result {{(pid=92360) get_provider_ids_matching /opt/stack/placement/placement/objects/research_context.py:594}}
Jun 16 19:59:53.382391 np0000002987 devstack@placement-api.service[92360]: DEBUG placement.objects.allocation_candidate [req-8051bc91-06c1-451b-bf75-a8da167c2cc1 req-72e647ed-3d4e-4b80-a9f3-1c77292392c5 service nova] RequestGroup(use_same_provider=False, resources={DISK_GB:1, MEMORY_MB:192, VCPU:1}, traits=(), aggregates=[]) (suffix '') returned 1 matches {{(pid=92360) _get_by_requests /opt/stack/placement/placement/objects/allocation_candidate.py:158}}
Jun 16 19:59:53.382750 np0000002987 devstack@placement-api.service[92360]: DEBUG placement.objects.allocation_candidate [req-8051bc91-06c1-451b-bf75-a8da167c2cc1 req-72e647ed-3d4e-4b80-a9f3-1c77292392c5 service nova] Merging candidates yields 1 allocation requests and 1 provider summaries {{(pid=92360) _merge_candidates /opt/stack/placement/placement/objects/allocation_candidate.py:908}}
Jun 16 19:59:53.384949 np0000002987 devstack@placement-api.service[92360]: INFO placement.requestlog [req-8051bc91-06c1-451b-bf75-a8da167c2cc1 req-72e647ed-3d4e-4b80-a9f3-1c77292392c5 service nova] 10.4.3.100 "GET /placement/allocation_candidates?limit=1000&resources=DISK_GB%3A1%2CMEMORY_MB%3A192%2CVCPU%3A1&root_required=%21COMPUTE_STATUS_DISABLED" status: 200 len: 2493 microversion: 1.36
Jun 16 19:59:53.385249 np0000002987 devstack@placement-api.service[92360]: [pid: 92360|app: 0|req: 21/58] 10.4.3.100 () {68 vars in 1625 bytes} [Tue Jun 16 19:59:53 2026] GET /placement/allocation_candidates?limit=1000&resources=DISK_GB%3A1%2CMEMORY_MB%3A192%2CVCPU%3A1&root_required=%21COMPUTE_STATUS_DISABLED => generated 2493 bytes in 60 msecs (HTTP/1.1 200) 8 headers in 297 bytes (1 switches on core 0)
Jun 16 19:59:53.435420 np0000002987 devstack@placement-api.service[92361]: DEBUG placement.requestlog [req-8051bc91-06c1-451b-bf75-a8da167c2cc1 req-a3f23238-64d3-4aee-ab72-632fb81996fd None None] Starting request: 10.4.3.100 "GET /placement/allocations/a3c2d370-65a0-4bf6-a861-5cffa2789234" {{(pid=92361) __call__ /opt/stack/placement/placement/requestlog.py:55}}
Jun 16 19:59:53.441420 np0000002987 devstack@placement-api.service[92361]: INFO placement.requestlog [req-8051bc91-06c1-451b-bf75-a8da167c2cc1 req-a3f23238-64d3-4aee-ab72-632fb81996fd service nova] 10.4.3.100 "GET /placement/allocations/a3c2d370-65a0-4bf6-a861-5cffa2789234" status: 200 len: 19 microversion: 1.28
Jun 16 19:59:53.441420 np0000002987 devstack@placement-api.service[92361]: [pid: 92361|app: 0|req: 19/59] 10.4.3.100 () {68 vars in 1501 bytes} [Tue Jun 16 19:59:53 2026] GET /placement/allocations/a3c2d370-65a0-4bf6-a861-5cffa2789234 => generated 19 bytes in 7 msecs (HTTP/1.1 200) 8 headers in 295 bytes (1 switches on core 0)
Jun 16 19:59:53.476844 np0000002987 devstack@placement-api.service[92359]: DEBUG placement.requestlog [req-8051bc91-06c1-451b-bf75-a8da167c2cc1 req-db1924d0-b00b-4d29-a1ff-3d0dcaada88f None None] Starting request: 10.4.3.100 "PUT /placement/allocations/a3c2d370-65a0-4bf6-a861-5cffa2789234" {{(pid=92359) __call__ /opt/stack/placement/placement/requestlog.py:55}}
Jun 16 19:59:53.524427 np0000002987 devstack@placement-api.service[92359]: DEBUG placement.handlers.allocation [req-8051bc91-06c1-451b-bf75-a8da167c2cc1 req-db1924d0-b00b-4d29-a1ff-3d0dcaada88f service nova] Successfully wrote allocations [, , ] {{(pid=92359) _update_consumers_and_create_allocations /opt/stack/placement/placement/handlers/allocation.py:462}}
Jun 16 19:59:53.528862 np0000002987 devstack@placement-api.service[92359]: INFO placement.requestlog [req-8051bc91-06c1-451b-bf75-a8da167c2cc1 req-db1924d0-b00b-4d29-a1ff-3d0dcaada88f service nova] 10.4.3.100 "PUT /placement/allocations/a3c2d370-65a0-4bf6-a861-5cffa2789234" status: 204 len: 0 microversion: 1.36
Jun 16 19:59:53.529101 np0000002987 devstack@placement-api.service[92359]: [pid: 92359|app: 0|req: 20/60] 10.4.3.100 () {72 vars in 1554 bytes} [Tue Jun 16 19:59:53 2026] PUT /placement/allocations/a3c2d370-65a0-4bf6-a861-5cffa2789234 => generated 0 bytes in 52 msecs (HTTP/1.1 204) 5 headers in 199 bytes (1 switches on core 0)
Jun 16 19:59:53.561087 np0000002987 devstack@placement-api.service[92360]: DEBUG placement.requestlog [req-8051bc91-06c1-451b-bf75-a8da167c2cc1 req-1a7bbf61-e89c-4677-b3df-5f6e4d7898b9 None None] Starting request: 10.4.3.100 "GET /placement/allocations/edff253f-b992-4ce9-8de1-c09b7ce10120" {{(pid=92360) __call__ /opt/stack/placement/placement/requestlog.py:55}}
Jun 16 19:59:53.568128 np0000002987 devstack@placement-api.service[92360]: INFO placement.requestlog [req-8051bc91-06c1-451b-bf75-a8da167c2cc1 req-1a7bbf61-e89c-4677-b3df-5f6e4d7898b9 service nova] 10.4.3.100 "GET /placement/allocations/edff253f-b992-4ce9-8de1-c09b7ce10120" status: 200 len: 19 microversion: 1.28
Jun 16 19:59:53.568128 np0000002987 devstack@placement-api.service[92360]: [pid: 92360|app: 0|req: 22/61] 10.4.3.100 () {68 vars in 1501 bytes} [Tue Jun 16 19:59:53 2026] GET /placement/allocations/edff253f-b992-4ce9-8de1-c09b7ce10120 => generated 19 bytes in 7 msecs (HTTP/1.1 200) 8 headers in 295 bytes (1 switches on core 0)
Jun 16 19:59:53.604100 np0000002987 devstack@placement-api.service[92361]: DEBUG placement.requestlog [req-8051bc91-06c1-451b-bf75-a8da167c2cc1 req-6f331152-6338-4212-952b-0b6dbef00bbf None None] Starting request: 10.4.3.100 "PUT /placement/allocations/edff253f-b992-4ce9-8de1-c09b7ce10120" {{(pid=92361) __call__ /opt/stack/placement/placement/requestlog.py:55}}
Jun 16 19:59:53.649455 np0000002987 devstack@placement-api.service[92361]: DEBUG placement.handlers.allocation [req-8051bc91-06c1-451b-bf75-a8da167c2cc1 req-6f331152-6338-4212-952b-0b6dbef00bbf service nova] Successfully wrote allocations [, , ] {{(pid=92361) _update_consumers_and_create_allocations /opt/stack/placement/placement/handlers/allocation.py:462}}
Jun 16 19:59:53.654374 np0000002987 devstack@placement-api.service[92361]: INFO placement.requestlog [req-8051bc91-06c1-451b-bf75-a8da167c2cc1 req-6f331152-6338-4212-952b-0b6dbef00bbf service nova] 10.4.3.100 "PUT /placement/allocations/edff253f-b992-4ce9-8de1-c09b7ce10120" status: 204 len: 0 microversion: 1.36
Jun 16 19:59:53.654374 np0000002987 devstack@placement-api.service[92361]: [pid: 92361|app: 0|req: 20/62] 10.4.3.100 () {72 vars in 1554 bytes} [Tue Jun 16 19:59:53 2026] PUT /placement/allocations/edff253f-b992-4ce9-8de1-c09b7ce10120 => generated 0 bytes in 50 msecs (HTTP/1.1 204) 5 headers in 199 bytes (1 switches on core 0)
