Aug 17 16:36:15.944565 np0000007553 devstack@g-api.service[99800]: DEBUG glance.api.middleware.version_negotiation [None req-fdd5bdd5-56da-4680-9617-d483719e3ecb tempest-TestImageHashVerification-451315555 tempest-TestImageHashVerification-451315555-project-member] Using url versioning {{(pid=99800) process_request /opt/stack/glance/glance/api/middleware/version_negotiation.py:57}}
Aug 17 16:36:15.944565 np0000007553 devstack@g-api.service[99800]: DEBUG glance.api.middleware.version_negotiation [None req-fdd5bdd5-56da-4680-9617-d483719e3ecb tempest-TestImageHashVerification-451315555 tempest-TestImageHashVerification-451315555-project-member] Matched version: v2 {{(pid=99800) process_request /opt/stack/glance/glance/api/middleware/version_negotiation.py:69}}
Aug 17 16:36:15.944668 np0000007553 devstack@g-api.service[99800]: DEBUG glance.api.middleware.version_negotiation [None req-fdd5bdd5-56da-4680-9617-d483719e3ecb tempest-TestImageHashVerification-451315555 tempest-TestImageHashVerification-451315555-project-member] new path /v2/images/8d8e10e2-7f56-478e-9e36-8a259a7613cf {{(pid=99800) process_request /opt/stack/glance/glance/api/middleware/version_negotiation.py:70}}
Aug 17 16:36:15.965336 np0000007553 devstack@g-api.service[99800]: [pid: 99800|app: 0|req: 143/425] 127.0.0.1 () {40 vars in 838 bytes} [Mon Aug 17 16:36:15 2026] GET /v2/images/8d8e10e2-7f56-478e-9e36-8a259a7613cf => generated 649 bytes in 21 msecs (HTTP/1.1 200) 4 headers in 157 bytes (1 switches on core 0)
Aug 17 16:36:16.188524 np0000007553 devstack@g-api.service[99801]: INFO glance.api.v2.image_data [None req-fdd5bdd5-56da-4680-9617-d483719e3ecb tempest-TestImageHashVerification-451315555 tempest-TestImageHashVerification-451315555-project-member] Unable to create trust: no such option collect_timing in group [keystone_authtoken] Use the existing user token.
Aug 17 16:36:16.772572 np0000007553 devstack@g-api.service[99801]: DEBUG glance.location [None req-fdd5bdd5-56da-4680-9617-d483719e3ecb tempest-TestImageHashVerification-451315555 tempest-TestImageHashVerification-451315555-project-member] Enabling in-flight format inspection for raw {{(pid=99801) set_data /opt/stack/glance/glance/location.py:596}}
Aug 17 16:36:16.773143 np0000007553 devstack@g-api.service[99801]: DEBUG glance_store.backend [None req-fdd5bdd5-56da-4680-9617-d483719e3ecb tempest-TestImageHashVerification-451315555 tempest-TestImageHashVerification-451315555-project-member] Attempting to import store swift {{(pid=99801) _load_store /opt/stack/data/venv/lib/python3.12/site-packages/glance_store/backend.py:215}}
Aug 17 16:36:16.775042 np0000007553 devstack@g-api.service[99801]: DEBUG glance_store.capabilities [None req-fdd5bdd5-56da-4680-9617-d483719e3ecb tempest-TestImageHashVerification-451315555 tempest-TestImageHashVerification-451315555-project-member] Store glance_store._drivers.swift.store.SingleTenantStore doesn't support updating dynamic storage capabilities. Please overwrite 'update_capabilities' method of the store to implement updating logics if needed. {{(pid=99801) update_capabilities /opt/stack/data/venv/lib/python3.12/site-packages/glance_store/capabilities.py:91}}
Aug 17 16:36:16.775227 np0000007553 devstack@g-api.service[99801]: DEBUG glance_store.driver [None req-fdd5bdd5-56da-4680-9617-d483719e3ecb tempest-TestImageHashVerification-451315555 tempest-TestImageHashVerification-451315555-project-member] Late loading location class glance_store._drivers.swift.store.StoreLocation {{(pid=99801) get_store_location_class /opt/stack/data/venv/lib/python3.12/site-packages/glance_store/driver.py:134}}
Aug 17 16:36:16.776025 np0000007553 devstack@g-api.service[99801]: DEBUG glance_store.location [None req-fdd5bdd5-56da-4680-9617-d483719e3ecb tempest-TestImageHashVerification-451315555 tempest-TestImageHashVerification-451315555-project-member] Registering scheme swift+https with {'store': , 'location_class': , 'store_entry': 'swift'} {{(pid=99801) register_scheme_map /opt/stack/data/venv/lib/python3.12/site-packages/glance_store/location.py:146}}
Aug 17 16:36:16.776025 np0000007553 devstack@g-api.service[99801]: DEBUG glance_store.location [None req-fdd5bdd5-56da-4680-9617-d483719e3ecb tempest-TestImageHashVerification-451315555 tempest-TestImageHashVerification-451315555-project-member] Registering scheme swift+https with {'store': , 'location_class': , 'store_entry': 'swift'} {{(pid=99801) register_scheme_map /opt/stack/data/venv/lib/python3.12/site-packages/glance_store/location.py:146}}
Aug 17 16:36:16.776025 np0000007553 devstack@g-api.service[99801]: DEBUG glance_store.location [None req-fdd5bdd5-56da-4680-9617-d483719e3ecb tempest-TestImageHashVerification-451315555 tempest-TestImageHashVerification-451315555-project-member] Registering scheme swift with {'store': , 'location_class': , 'store_entry': 'swift'} {{(pid=99801) register_scheme_map /opt/stack/data/venv/lib/python3.12/site-packages/glance_store/location.py:146}}
Aug 17 16:36:16.776025 np0000007553 devstack@g-api.service[99801]: DEBUG glance_store.location [None req-fdd5bdd5-56da-4680-9617-d483719e3ecb tempest-TestImageHashVerification-451315555 tempest-TestImageHashVerification-451315555-project-member] Registering scheme swift+https with {'store': , 'location_class': , 'store_entry': 'swift'} {{(pid=99801) register_scheme_map /opt/stack/data/venv/lib/python3.12/site-packages/glance_store/location.py:146}}
Aug 17 16:36:16.776025 np0000007553 devstack@g-api.service[99801]: DEBUG glance_store.location [None req-fdd5bdd5-56da-4680-9617-d483719e3ecb tempest-TestImageHashVerification-451315555 tempest-TestImageHashVerification-451315555-project-member] Registering scheme swift with {'store': , 'location_class': , 'store_entry': 'swift'} {{(pid=99801) register_scheme_map /opt/stack/data/venv/lib/python3.12/site-packages/glance_store/location.py:146}}
Aug 17 16:36:16.776384 np0000007553 devstack@g-api.service[99801]: DEBUG glance_store.location [None req-fdd5bdd5-56da-4680-9617-d483719e3ecb tempest-TestImageHashVerification-451315555 tempest-TestImageHashVerification-451315555-project-member] Registering scheme swift+http with {'store': , 'location_class': , 'store_entry': 'swift'} {{(pid=99801) register_scheme_map /opt/stack/data/venv/lib/python3.12/site-packages/glance_store/location.py:146}}
Aug 17 16:36:16.776384 np0000007553 devstack@g-api.service[99801]: DEBUG glance_store.location [None req-fdd5bdd5-56da-4680-9617-d483719e3ecb tempest-TestImageHashVerification-451315555 tempest-TestImageHashVerification-451315555-project-member] Registering scheme swift+https with {'store': , 'location_class': , 'store_entry': 'swift'} {{(pid=99801) register_scheme_map /opt/stack/data/venv/lib/python3.12/site-packages/glance_store/location.py:146}}
Aug 17 16:36:16.776384 np0000007553 devstack@g-api.service[99801]: DEBUG glance_store.location [None req-fdd5bdd5-56da-4680-9617-d483719e3ecb tempest-TestImageHashVerification-451315555 tempest-TestImageHashVerification-451315555-project-member] Registering scheme swift with {'store': , 'location_class': , 'store_entry': 'swift'} {{(pid=99801) register_scheme_map /opt/stack/data/venv/lib/python3.12/site-packages/glance_store/location.py:146}}
Aug 17 16:36:16.776384 np0000007553 devstack@g-api.service[99801]: DEBUG glance_store.location [None req-fdd5bdd5-56da-4680-9617-d483719e3ecb tempest-TestImageHashVerification-451315555 tempest-TestImageHashVerification-451315555-project-member] Registering scheme swift+http with {'store': , 'location_class': , 'store_entry': 'swift'} {{(pid=99801) register_scheme_map /opt/stack/data/venv/lib/python3.12/site-packages/glance_store/location.py:146}}
Aug 17 16:36:16.776568 np0000007553 devstack@g-api.service[99801]: DEBUG glance_store.location [None req-fdd5bdd5-56da-4680-9617-d483719e3ecb tempest-TestImageHashVerification-451315555 tempest-TestImageHashVerification-451315555-project-member] Registering scheme swift+config with {'store': , 'location_class': , 'store_entry': 'swift'} {{(pid=99801) register_scheme_map /opt/stack/data/venv/lib/python3.12/site-packages/glance_store/location.py:146}}
Aug 17 16:36:16.975511 np0000007553 devstack@g-api.service[99802]: DEBUG glance.api.middleware.version_negotiation [None req-726e5907-9807-4b4d-8e92-9d7be3b14f18 tempest-TestImageHashVerification-451315555 tempest-TestImageHashVerification-451315555-project-member] Determining version of request: GET /v2/images/8d8e10e2-7f56-478e-9e36-8a259a7613cf Accept: application/json {{(pid=99802) process_request /opt/stack/glance/glance/api/middleware/version_negotiation.py:44}}
Aug 17 16:36:16.975943 np0000007553 devstack@g-api.service[99802]: DEBUG glance.api.middleware.version_negotiation [None req-726e5907-9807-4b4d-8e92-9d7be3b14f18 tempest-TestImageHashVerification-451315555 tempest-TestImageHashVerification-451315555-project-member] Using url versioning {{(pid=99802) process_request /opt/stack/glance/glance/api/middleware/version_negotiation.py:57}}
Aug 17 16:36:16.975943 np0000007553 devstack@g-api.service[99802]: DEBUG glance.api.middleware.version_negotiation [None req-726e5907-9807-4b4d-8e92-9d7be3b14f18 tempest-TestImageHashVerification-451315555 tempest-TestImageHashVerification-451315555-project-member] Matched version: v2 {{(pid=99802) process_request /opt/stack/glance/glance/api/middleware/version_negotiation.py:69}}
Aug 17 16:36:16.976028 np0000007553 devstack@g-api.service[99802]: DEBUG glance.api.middleware.version_negotiation [None req-726e5907-9807-4b4d-8e92-9d7be3b14f18 tempest-TestImageHashVerification-451315555 tempest-TestImageHashVerification-451315555-project-member] new path /v2/images/8d8e10e2-7f56-478e-9e36-8a259a7613cf {{(pid=99802) process_request /opt/stack/glance/glance/api/middleware/version_negotiation.py:70}}
Aug 17 16:36:16.992724 np0000007553 devstack@g-api.service[99802]: [pid: 99802|app: 0|req: 141/426] 127.0.0.1 () {40 vars in 838 bytes} [Mon Aug 17 16:36:16 2026] GET /v2/images/8d8e10e2-7f56-478e-9e36-8a259a7613cf => generated 649 bytes in 17 msecs (HTTP/1.1 200) 4 headers in 157 bytes (1 switches on core 0)
Aug 17 16:36:17.013860 np0000007553 devstack@g-api.service[99801]: DEBUG swiftclient [None req-fdd5bdd5-56da-4680-9617-d483719e3ecb tempest-TestImageHashVerification-451315555 tempest-TestImageHashVerification-451315555-project-member] REQ: curl -i https://10.4.3.138:8080/v1/AUTH_33937bf237264a77ad171c560225d1dc/glance -I -H "X-Auth-Token: gAAAAABqgziA2m_C..." {{(pid=99801) http_log /opt/stack/data/venv/lib/python3.12/site-packages/swiftclient/client.py:160}}
Aug 17 16:36:17.017214 np0000007553 devstack@g-api.service[99801]: DEBUG swiftclient [None req-fdd5bdd5-56da-4680-9617-d483719e3ecb tempest-TestImageHashVerification-451315555 tempest-TestImageHashVerification-451315555-project-member] RESP STATUS: 204 No Content {{(pid=99801) http_log /opt/stack/data/venv/lib/python3.12/site-packages/swiftclient/client.py:161}}
Aug 17 16:36:17.017214 np0000007553 devstack@g-api.service[99801]: DEBUG swiftclient [None req-fdd5bdd5-56da-4680-9617-d483719e3ecb tempest-TestImageHashVerification-451315555 tempest-TestImageHashVerification-451315555-project-member] RESP HEADERS: {'Date': 'Mon, 17 Aug 2026 16:36:17 GMT', 'Server': 'Apache/2.4.58 (Ubuntu)', 'Content-Type': 'text/plain; charset=utf-8', 'X-Container-Object-Count': '6', 'X-Container-Bytes-Used': '86048768', 'X-Timestamp': '1786984111.54775', 'Last-Modified': 'Mon, 17 Aug 2026 16:28:32 GMT', 'Accept-Ranges': 'bytes', 'X-Storage-Policy': 'Policy-0', 'X-Container-Sharding': 'False', 'Vary': 'Accept', 'X-Trans-Id': 'tx582d5520e82c445595298-006a833880', 'X-Openstack-Request-Id': 'tx582d5520e82c445595298-006a833880', 'Connection': 'close'} {{(pid=99801) http_log /opt/stack/data/venv/lib/python3.12/site-packages/swiftclient/client.py:162}}
Aug 17 16:36:17.017416 np0000007553 devstack@g-api.service[99801]: DEBUG glance_store._drivers.swift.store [None req-fdd5bdd5-56da-4680-9617-d483719e3ecb tempest-TestImageHashVerification-451315555 tempest-TestImageHashVerification-451315555-project-member] Adding image object '8d8e10e2-7f56-478e-9e36-8a259a7613cf' to Swift {{(pid=99801) add /opt/stack/data/venv/lib/python3.12/site-packages/glance_store/_drivers/swift/store.py:970}}
Aug 17 16:36:17.017416 np0000007553 devstack@g-api.service[99801]: DEBUG glance_store._drivers.swift.store [None req-fdd5bdd5-56da-4680-9617-d483719e3ecb tempest-TestImageHashVerification-451315555 tempest-TestImageHashVerification-451315555-project-member] Cannot determine image size because it is either not provided in the request or chunked-transfer encoding is used. Adding image as a segmented object to Swift. {{(pid=99801) add /opt/stack/data/venv/lib/python3.12/site-packages/glance_store/_drivers/swift/store.py:994}}
Aug 17 16:36:17.025198 np0000007553 devstack@g-api.service[99801]: DEBUG oslo_utils.imageutils.format_inspector [None req-fdd5bdd5-56da-4680-9617-d483719e3ecb tempest-TestImageHashVerification-451315555 tempest-TestImageHashVerification-451315555-project-member] Format inspector for vmdk does not match, excluding from consideration (Signature KDMV not found: b'\x00\x00\x00\x00') {{(pid=99801) _process_chunk /opt/stack/data/venv/lib/python3.12/site-packages/oslo_utils/imageutils/format_inspector.py:1758}}
Aug 17 16:36:17.028257 np0000007553 devstack@g-api.service[99801]: DEBUG oslo_utils.imageutils.format_inspector [None req-fdd5bdd5-56da-4680-9617-d483719e3ecb tempest-TestImageHashVerification-451315555 tempest-TestImageHashVerification-451315555-project-member] Format inspector for vhdx does not match, excluding from consideration (Region signature not found at 30000) {{(pid=99801) _process_chunk /opt/stack/data/venv/lib/python3.12/site-packages/oslo_utils/imageutils/format_inspector.py:1758}}
Aug 17 16:36:18.003708 np0000007553 devstack@g-api.service[99800]: DEBUG glance.api.middleware.version_negotiation [None req-9db9bc17-3b4d-4da1-854c-ef31b0ab12b2 tempest-TestImageHashVerification-451315555 tempest-TestImageHashVerification-451315555-project-member] Determining version of request: GET /v2/images/8d8e10e2-7f56-478e-9e36-8a259a7613cf Accept: application/json {{(pid=99800) process_request /opt/stack/glance/glance/api/middleware/version_negotiation.py:44}}
Aug 17 16:36:18.003708 np0000007553 devstack@g-api.service[99800]: DEBUG glance.api.middleware.version_negotiation [None req-9db9bc17-3b4d-4da1-854c-ef31b0ab12b2 tempest-TestImageHashVerification-451315555 tempest-TestImageHashVerification-451315555-project-member] Using url versioning {{(pid=99800) process_request /opt/stack/glance/glance/api/middleware/version_negotiation.py:57}}
Aug 17 16:36:18.003708 np0000007553 devstack@g-api.service[99800]: DEBUG glance.api.middleware.version_negotiation [None req-9db9bc17-3b4d-4da1-854c-ef31b0ab12b2 tempest-TestImageHashVerification-451315555 tempest-TestImageHashVerification-451315555-project-member] Matched version: v2 {{(pid=99800) process_request /opt/stack/glance/glance/api/middleware/version_negotiation.py:69}}
Aug 17 16:36:18.003708 np0000007553 devstack@g-api.service[99800]: DEBUG glance.api.middleware.version_negotiation [None req-9db9bc17-3b4d-4da1-854c-ef31b0ab12b2 tempest-TestImageHashVerification-451315555 tempest-TestImageHashVerification-451315555-project-member] new path /v2/images/8d8e10e2-7f56-478e-9e36-8a259a7613cf {{(pid=99800) process_request /opt/stack/glance/glance/api/middleware/version_negotiation.py:70}}
Aug 17 16:36:18.027387 np0000007553 devstack@g-api.service[99800]: [pid: 99800|app: 0|req: 144/427] 127.0.0.1 () {40 vars in 838 bytes} [Mon Aug 17 16:36:18 2026] GET /v2/images/8d8e10e2-7f56-478e-9e36-8a259a7613cf => generated 649 bytes in 25 msecs (HTTP/1.1 200) 4 headers in 157 bytes (1 switches on core 0)
Aug 17 16:36:19.037764 np0000007553 devstack@g-api.service[99802]: DEBUG glance.api.middleware.version_negotiation [None req-0416112c-b8c2-457f-a890-8bc9dc5cff6b tempest-TestImageHashVerification-451315555 tempest-TestImageHashVerification-451315555-project-member] Determining version of request: GET /v2/images/8d8e10e2-7f56-478e-9e36-8a259a7613cf Accept: application/json {{(pid=99802) process_request /opt/stack/glance/glance/api/middleware/version_negotiation.py:44}}
Aug 17 16:36:19.038224 np0000007553 devstack@g-api.service[99802]: DEBUG glance.api.middleware.version_negotiation [None req-0416112c-b8c2-457f-a890-8bc9dc5cff6b tempest-TestImageHashVerification-451315555 tempest-TestImageHashVerification-451315555-project-member] Using url versioning {{(pid=99802) process_request /opt/stack/glance/glance/api/middleware/version_negotiation.py:57}}
Aug 17 16:36:19.038224 np0000007553 devstack@g-api.service[99802]: DEBUG glance.api.middleware.version_negotiation [None req-0416112c-b8c2-457f-a890-8bc9dc5cff6b tempest-TestImageHashVerification-451315555 tempest-TestImageHashVerification-451315555-project-member] Matched version: v2 {{(pid=99802) process_request /opt/stack/glance/glance/api/middleware/version_negotiation.py:69}}
Aug 17 16:36:19.038298 np0000007553 devstack@g-api.service[99802]: DEBUG glance.api.middleware.version_negotiation [None req-0416112c-b8c2-457f-a890-8bc9dc5cff6b tempest-TestImageHashVerification-451315555 tempest-TestImageHashVerification-451315555-project-member] new path /v2/images/8d8e10e2-7f56-478e-9e36-8a259a7613cf {{(pid=99802) process_request /opt/stack/glance/glance/api/middleware/version_negotiation.py:70}}
Aug 17 16:36:19.060785 np0000007553 devstack@g-api.service[99802]: [pid: 99802|app: 0|req: 142/428] 127.0.0.1 () {40 vars in 838 bytes} [Mon Aug 17 16:36:19 2026] GET /v2/images/8d8e10e2-7f56-478e-9e36-8a259a7613cf => generated 649 bytes in 23 msecs (HTTP/1.1 200) 4 headers in 157 bytes (1 switches on core 0)
Aug 17 16:36:19.808799 np0000007553 devstack@g-api.service[99801]: DEBUG swiftclient [None req-fdd5bdd5-56da-4680-9617-d483719e3ecb tempest-TestImageHashVerification-451315555 tempest-TestImageHashVerification-451315555-project-member] REQ: curl -i https://10.4.3.138:8080/v1/AUTH_33937bf237264a77ad171c560225d1dc/glance/8d8e10e2-7f56-478e-9e36-8a259a7613cf-00001 -X PUT -H "X-Auth-Token: gAAAAABqgziA2m_C..." {{(pid=99801) http_log /opt/stack/data/venv/lib/python3.12/site-packages/swiftclient/client.py:160}}
Aug 17 16:36:19.809694 np0000007553 devstack@g-api.service[99801]: DEBUG swiftclient [None req-fdd5bdd5-56da-4680-9617-d483719e3ecb tempest-TestImageHashVerification-451315555 tempest-TestImageHashVerification-451315555-project-member] RESP STATUS: 201 Created {{(pid=99801) http_log /opt/stack/data/venv/lib/python3.12/site-packages/swiftclient/client.py:161}}
Aug 17 16:36:19.809694 np0000007553 devstack@g-api.service[99801]: DEBUG swiftclient [None req-fdd5bdd5-56da-4680-9617-d483719e3ecb tempest-TestImageHashVerification-451315555 tempest-TestImageHashVerification-451315555-project-member] RESP HEADERS: {'Date': 'Mon, 17 Aug 2026 16:36:19 GMT', 'Server': 'Apache/2.4.58 (Ubuntu)', 'Content-Type': 'text/html; charset=UTF-8', 'Content-Length': '0', 'Etag': 'eda9a9889837ac4bc81d6387d92c1bec', 'Last-Modified': 'Mon, 17 Aug 2026 16:36:18 GMT', 'X-Trans-Id': 'tx9facf139666a4719abc57-006a833881', 'X-Openstack-Request-Id': 'tx9facf139666a4719abc57-006a833881', 'Connection': 'close'} {{(pid=99801) http_log /opt/stack/data/venv/lib/python3.12/site-packages/swiftclient/client.py:162}}
Aug 17 16:36:19.809694 np0000007553 devstack@g-api.service[99801]: DEBUG glance_store._drivers.swift.store [None req-fdd5bdd5-56da-4680-9617-d483719e3ecb tempest-TestImageHashVerification-451315555 tempest-TestImageHashVerification-451315555-project-member] Wrote chunk 8d8e10e2-7f56-478e-9e36-8a259a7613cf-00001 (1/?) of length 204800000 to Swift returning MD5 of content: eda9a9889837ac4bc81d6387d92c1bec {{(pid=99801) add /opt/stack/data/venv/lib/python3.12/site-packages/glance_store/_drivers/swift/store.py:1059}}
Aug 17 16:36:20.074234 np0000007553 devstack@g-api.service[99800]: DEBUG glance.api.middleware.version_negotiation [None req-082dd154-884b-4270-9721-39b3fab87d4c tempest-TestImageHashVerification-451315555 tempest-TestImageHashVerification-451315555-project-member] Determining version of request: GET /v2/images/8d8e10e2-7f56-478e-9e36-8a259a7613cf Accept: application/json {{(pid=99800) process_request /opt/stack/glance/glance/api/middleware/version_negotiation.py:44}}
Aug 17 16:36:20.074715 np0000007553 devstack@g-api.service[99800]: DEBUG glance.api.middleware.version_negotiation [None req-082dd154-884b-4270-9721-39b3fab87d4c tempest-TestImageHashVerification-451315555 tempest-TestImageHashVerification-451315555-project-member] Using url versioning {{(pid=99800) process_request /opt/stack/glance/glance/api/middleware/version_negotiation.py:57}}
Aug 17 16:36:20.074715 np0000007553 devstack@g-api.service[99800]: DEBUG glance.api.middleware.version_negotiation [None req-082dd154-884b-4270-9721-39b3fab87d4c tempest-TestImageHashVerification-451315555 tempest-TestImageHashVerification-451315555-project-member] Matched version: v2 {{(pid=99800) process_request /opt/stack/glance/glance/api/middleware/version_negotiation.py:69}}
Aug 17 16:36:20.074832 np0000007553 devstack@g-api.service[99800]: DEBUG glance.api.middleware.version_negotiation [None req-082dd154-884b-4270-9721-39b3fab87d4c tempest-TestImageHashVerification-451315555 tempest-TestImageHashVerification-451315555-project-member] new path /v2/images/8d8e10e2-7f56-478e-9e36-8a259a7613cf {{(pid=99800) process_request /opt/stack/glance/glance/api/middleware/version_negotiation.py:70}}
Aug 17 16:36:20.088060 np0000007553 devstack@g-api.service[99800]: [pid: 99800|app: 0|req: 145/429] 127.0.0.1 () {40 vars in 838 bytes} [Mon Aug 17 16:36:20 2026] GET /v2/images/8d8e10e2-7f56-478e-9e36-8a259a7613cf => generated 649 bytes in 14 msecs (HTTP/1.1 200) 4 headers in 157 bytes (1 switches on core 0)
Aug 17 16:36:21.102924 np0000007553 devstack@g-api.service[99802]: DEBUG glance.api.middleware.version_negotiation [None req-00714786-af00-472f-91cb-f7a700883fdd tempest-TestImageHashVerification-451315555 tempest-TestImageHashVerification-451315555-project-member] Determining version of request: GET /v2/images/8d8e10e2-7f56-478e-9e36-8a259a7613cf Accept: application/json {{(pid=99802) process_request /opt/stack/glance/glance/api/middleware/version_negotiation.py:44}}
Aug 17 16:36:21.103461 np0000007553 devstack@g-api.service[99802]: DEBUG glance.api.middleware.version_negotiation [None req-00714786-af00-472f-91cb-f7a700883fdd tempest-TestImageHashVerification-451315555 tempest-TestImageHashVerification-451315555-project-member] Using url versioning {{(pid=99802) process_request /opt/stack/glance/glance/api/middleware/version_negotiation.py:57}}
Aug 17 16:36:21.103461 np0000007553 devstack@g-api.service[99802]: DEBUG glance.api.middleware.version_negotiation [None req-00714786-af00-472f-91cb-f7a700883fdd tempest-TestImageHashVerification-451315555 tempest-TestImageHashVerification-451315555-project-member] Matched version: v2 {{(pid=99802) process_request /opt/stack/glance/glance/api/middleware/version_negotiation.py:69}}
Aug 17 16:36:21.103461 np0000007553 devstack@g-api.service[99802]: DEBUG glance.api.middleware.version_negotiation [None req-00714786-af00-472f-91cb-f7a700883fdd tempest-TestImageHashVerification-451315555 tempest-TestImageHashVerification-451315555-project-member] new path /v2/images/8d8e10e2-7f56-478e-9e36-8a259a7613cf {{(pid=99802) process_request /opt/stack/glance/glance/api/middleware/version_negotiation.py:70}}
Aug 17 16:36:21.122233 np0000007553 devstack@g-api.service[99802]: [pid: 99802|app: 0|req: 143/430] 127.0.0.1 () {40 vars in 838 bytes} [Mon Aug 17 16:36:21 2026] GET /v2/images/8d8e10e2-7f56-478e-9e36-8a259a7613cf => generated 649 bytes in 19 msecs (HTTP/1.1 200) 4 headers in 157 bytes (1 switches on core 0)
Aug 17 16:36:22.012657 np0000007553 devstack@g-api.service[99801]: DEBUG swiftclient [None req-fdd5bdd5-56da-4680-9617-d483719e3ecb tempest-TestImageHashVerification-451315555 tempest-TestImageHashVerification-451315555-project-member] REQ: curl -i https://10.4.3.138:8080/v1/AUTH_33937bf237264a77ad171c560225d1dc/glance/8d8e10e2-7f56-478e-9e36-8a259a7613cf-00002 -X PUT -H "X-Auth-Token: gAAAAABqgziA2m_C..." {{(pid=99801) http_log /opt/stack/data/venv/lib/python3.12/site-packages/swiftclient/client.py:160}}
Aug 17 16:36:22.013008 np0000007553 devstack@g-api.service[99801]: DEBUG swiftclient [None req-fdd5bdd5-56da-4680-9617-d483719e3ecb tempest-TestImageHashVerification-451315555 tempest-TestImageHashVerification-451315555-project-member] RESP STATUS: 201 Created {{(pid=99801) http_log /opt/stack/data/venv/lib/python3.12/site-packages/swiftclient/client.py:161}}
Aug 17 16:36:22.013008 np0000007553 devstack@g-api.service[99801]: DEBUG swiftclient [None req-fdd5bdd5-56da-4680-9617-d483719e3ecb tempest-TestImageHashVerification-451315555 tempest-TestImageHashVerification-451315555-project-member] RESP HEADERS: {'Date': 'Mon, 17 Aug 2026 16:36:22 GMT', 'Server': 'Apache/2.4.58 (Ubuntu)', 'Content-Type': 'text/html; charset=UTF-8', 'Content-Length': '0', 'Etag': 'eda9a9889837ac4bc81d6387d92c1bec', 'Last-Modified': 'Mon, 17 Aug 2026 16:36:20 GMT', 'X-Trans-Id': 'txbc2486372050418cb8f2d-006a833883', 'X-Openstack-Request-Id': 'txbc2486372050418cb8f2d-006a833883', 'Connection': 'close'} {{(pid=99801) http_log /opt/stack/data/venv/lib/python3.12/site-packages/swiftclient/client.py:162}}
Aug 17 16:36:22.013008 np0000007553 devstack@g-api.service[99801]: DEBUG glance_store._drivers.swift.store [None req-fdd5bdd5-56da-4680-9617-d483719e3ecb tempest-TestImageHashVerification-451315555 tempest-TestImageHashVerification-451315555-project-member] Wrote chunk 8d8e10e2-7f56-478e-9e36-8a259a7613cf-00002 (2/?) of length 204800000 to Swift returning MD5 of content: eda9a9889837ac4bc81d6387d92c1bec {{(pid=99801) add /opt/stack/data/venv/lib/python3.12/site-packages/glance_store/_drivers/swift/store.py:1059}}
Aug 17 16:36:22.131622 np0000007553 devstack@g-api.service[99800]: DEBUG glance.api.middleware.version_negotiation [None req-f9c0eff5-ff0a-444d-9cfd-35e2f74e663c tempest-TestImageHashVerification-451315555 tempest-TestImageHashVerification-451315555-project-member] Determining version of request: GET /v2/images/8d8e10e2-7f56-478e-9e36-8a259a7613cf Accept: application/json {{(pid=99800) process_request /opt/stack/glance/glance/api/middleware/version_negotiation.py:44}}
Aug 17 16:36:22.132081 np0000007553 devstack@g-api.service[99800]: DEBUG glance.api.middleware.version_negotiation [None req-f9c0eff5-ff0a-444d-9cfd-35e2f74e663c tempest-TestImageHashVerification-451315555 tempest-TestImageHashVerification-451315555-project-member] Using url versioning {{(pid=99800) process_request /opt/stack/glance/glance/api/middleware/version_negotiation.py:57}}
Aug 17 16:36:22.132081 np0000007553 devstack@g-api.service[99800]: DEBUG glance.api.middleware.version_negotiation [None req-f9c0eff5-ff0a-444d-9cfd-35e2f74e663c tempest-TestImageHashVerification-451315555 tempest-TestImageHashVerification-451315555-project-member] Matched version: v2 {{(pid=99800) process_request /opt/stack/glance/glance/api/middleware/version_negotiation.py:69}}
Aug 17 16:36:22.132597 np0000007553 devstack@g-api.service[99800]: DEBUG glance.api.middleware.version_negotiation [None req-f9c0eff5-ff0a-444d-9cfd-35e2f74e663c tempest-TestImageHashVerification-451315555 tempest-TestImageHashVerification-451315555-project-member] new path /v2/images/8d8e10e2-7f56-478e-9e36-8a259a7613cf {{(pid=99800) process_request /opt/stack/glance/glance/api/middleware/version_negotiation.py:70}}
Aug 17 16:36:22.152010 np0000007553 devstack@g-api.service[99800]: [pid: 99800|app: 0|req: 146/431] 127.0.0.1 () {40 vars in 838 bytes} [Mon Aug 17 16:36:22 2026] GET /v2/images/8d8e10e2-7f56-478e-9e36-8a259a7613cf => generated 649 bytes in 21 msecs (HTTP/1.1 200) 4 headers in 157 bytes (1 switches on core 0)
Aug 17 16:36:23.171780 np0000007553 devstack@g-api.service[99802]: DEBUG glance.api.middleware.version_negotiation [None req-57837ed7-bef6-4fa6-91c0-cfcaf8f6f804 tempest-TestImageHashVerification-451315555 tempest-TestImageHashVerification-451315555-project-member] Determining version of request: GET /v2/images/8d8e10e2-7f56-478e-9e36-8a259a7613cf Accept: application/json {{(pid=99802) process_request /opt/stack/glance/glance/api/middleware/version_negotiation.py:44}}
Aug 17 16:36:23.172322 np0000007553 devstack@g-api.service[99802]: DEBUG glance.api.middleware.version_negotiation [None req-57837ed7-bef6-4fa6-91c0-cfcaf8f6f804 tempest-TestImageHashVerification-451315555 tempest-TestImageHashVerification-451315555-project-member] Using url versioning {{(pid=99802) process_request /opt/stack/glance/glance/api/middleware/version_negotiation.py:57}}
Aug 17 16:36:23.172322 np0000007553 devstack@g-api.service[99802]: DEBUG glance.api.middleware.version_negotiation [None req-57837ed7-bef6-4fa6-91c0-cfcaf8f6f804 tempest-TestImageHashVerification-451315555 tempest-TestImageHashVerification-451315555-project-member] Matched version: v2 {{(pid=99802) process_request /opt/stack/glance/glance/api/middleware/version_negotiation.py:69}}
Aug 17 16:36:23.172739 np0000007553 devstack@g-api.service[99802]: DEBUG glance.api.middleware.version_negotiation [None req-57837ed7-bef6-4fa6-91c0-cfcaf8f6f804 tempest-TestImageHashVerification-451315555 tempest-TestImageHashVerification-451315555-project-member] new path /v2/images/8d8e10e2-7f56-478e-9e36-8a259a7613cf {{(pid=99802) process_request /opt/stack/glance/glance/api/middleware/version_negotiation.py:70}}
Aug 17 16:36:23.205159 np0000007553 devstack@g-api.service[99802]: [pid: 99802|app: 0|req: 144/432] 127.0.0.1 () {40 vars in 838 bytes} [Mon Aug 17 16:36:23 2026] GET /v2/images/8d8e10e2-7f56-478e-9e36-8a259a7613cf => generated 649 bytes in 33 msecs (HTTP/1.1 200) 4 headers in 157 bytes (1 switches on core 0)
Aug 17 16:36:24.222706 np0000007553 devstack@g-api.service[99800]: DEBUG glance.api.middleware.version_negotiation [None req-8cbe2c77-7ed7-4f09-8ad8-1d30754b4504 tempest-TestImageHashVerification-451315555 tempest-TestImageHashVerification-451315555-project-member] Determining version of request: GET /v2/images/8d8e10e2-7f56-478e-9e36-8a259a7613cf Accept: application/json {{(pid=99800) process_request /opt/stack/glance/glance/api/middleware/version_negotiation.py:44}}
Aug 17 16:36:24.223230 np0000007553 devstack@g-api.service[99800]: DEBUG glance.api.middleware.version_negotiation [None req-8cbe2c77-7ed7-4f09-8ad8-1d30754b4504 tempest-TestImageHashVerification-451315555 tempest-TestImageHashVerification-451315555-project-member] Using url versioning {{(pid=99800) process_request /opt/stack/glance/glance/api/middleware/version_negotiation.py:57}}
Aug 17 16:36:24.223230 np0000007553 devstack@g-api.service[99800]: DEBUG glance.api.middleware.version_negotiation [None req-8cbe2c77-7ed7-4f09-8ad8-1d30754b4504 tempest-TestImageHashVerification-451315555 tempest-TestImageHashVerification-451315555-project-member] Matched version: v2 {{(pid=99800) process_request /opt/stack/glance/glance/api/middleware/version_negotiation.py:69}}
Aug 17 16:36:24.223230 np0000007553 devstack@g-api.service[99800]: DEBUG glance.api.middleware.version_negotiation [None req-8cbe2c77-7ed7-4f09-8ad8-1d30754b4504 tempest-TestImageHashVerification-451315555 tempest-TestImageHashVerification-451315555-project-member] new path /v2/images/8d8e10e2-7f56-478e-9e36-8a259a7613cf {{(pid=99800) process_request /opt/stack/glance/glance/api/middleware/version_negotiation.py:70}}
Aug 17 16:36:24.240919 np0000007553 devstack@g-api.service[99800]: [pid: 99800|app: 0|req: 147/433] 127.0.0.1 () {40 vars in 838 bytes} [Mon Aug 17 16:36:24 2026] GET /v2/images/8d8e10e2-7f56-478e-9e36-8a259a7613cf => generated 649 bytes in 19 msecs (HTTP/1.1 200) 4 headers in 157 bytes (1 switches on core 0)
Aug 17 16:36:24.610103 np0000007553 devstack@g-api.service[99801]: DEBUG swiftclient [None req-fdd5bdd5-56da-4680-9617-d483719e3ecb tempest-TestImageHashVerification-451315555 tempest-TestImageHashVerification-451315555-project-member] REQ: curl -i https://10.4.3.138:8080/v1/AUTH_33937bf237264a77ad171c560225d1dc/glance/8d8e10e2-7f56-478e-9e36-8a259a7613cf-00003 -X PUT -H "X-Auth-Token: gAAAAABqgziA2m_C..." {{(pid=99801) http_log /opt/stack/data/venv/lib/python3.12/site-packages/swiftclient/client.py:160}}
Aug 17 16:36:24.610415 np0000007553 devstack@g-api.service[99801]: DEBUG swiftclient [None req-fdd5bdd5-56da-4680-9617-d483719e3ecb tempest-TestImageHashVerification-451315555 tempest-TestImageHashVerification-451315555-project-member] RESP STATUS: 201 Created {{(pid=99801) http_log /opt/stack/data/venv/lib/python3.12/site-packages/swiftclient/client.py:161}}
Aug 17 16:36:24.610636 np0000007553 devstack@g-api.service[99801]: DEBUG swiftclient [None req-fdd5bdd5-56da-4680-9617-d483719e3ecb tempest-TestImageHashVerification-451315555 tempest-TestImageHashVerification-451315555-project-member] RESP HEADERS: {'Date': 'Mon, 17 Aug 2026 16:36:24 GMT', 'Server': 'Apache/2.4.58 (Ubuntu)', 'Content-Type': 'text/html; charset=UTF-8', 'Content-Length': '0', 'Etag': 'eda9a9889837ac4bc81d6387d92c1bec', 'Last-Modified': 'Mon, 17 Aug 2026 16:36:23 GMT', 'X-Trans-Id': 'txbcfdbf5ed4fa4edb9ac5f-006a833886', 'X-Openstack-Request-Id': 'txbcfdbf5ed4fa4edb9ac5f-006a833886', 'Connection': 'close'} {{(pid=99801) http_log /opt/stack/data/venv/lib/python3.12/site-packages/swiftclient/client.py:162}}
Aug 17 16:36:24.610768 np0000007553 devstack@g-api.service[99801]: DEBUG glance_store._drivers.swift.store [None req-fdd5bdd5-56da-4680-9617-d483719e3ecb tempest-TestImageHashVerification-451315555 tempest-TestImageHashVerification-451315555-project-member] Wrote chunk 8d8e10e2-7f56-478e-9e36-8a259a7613cf-00003 (3/?) of length 204800000 to Swift returning MD5 of content: eda9a9889837ac4bc81d6387d92c1bec {{(pid=99801) add /opt/stack/data/venv/lib/python3.12/site-packages/glance_store/_drivers/swift/store.py:1059}}
Aug 17 16:36:25.258323 np0000007553 devstack@g-api.service[99802]: DEBUG glance.api.middleware.version_negotiation [None req-eb60b056-9d5a-4019-b31d-bce47cde33f6 tempest-TestImageHashVerification-451315555 tempest-TestImageHashVerification-451315555-project-member] Determining version of request: GET /v2/images/8d8e10e2-7f56-478e-9e36-8a259a7613cf Accept: application/json {{(pid=99802) process_request /opt/stack/glance/glance/api/middleware/version_negotiation.py:44}}
Aug 17 16:36:25.258859 np0000007553 devstack@g-api.service[99802]: DEBUG glance.api.middleware.version_negotiation [None req-eb60b056-9d5a-4019-b31d-bce47cde33f6 tempest-TestImageHashVerification-451315555 tempest-TestImageHashVerification-451315555-project-member] Using url versioning {{(pid=99802) process_request /opt/stack/glance/glance/api/middleware/version_negotiation.py:57}}
Aug 17 16:36:25.260145 np0000007553 devstack@g-api.service[99802]: DEBUG glance.api.middleware.version_negotiation [None req-eb60b056-9d5a-4019-b31d-bce47cde33f6 tempest-TestImageHashVerification-451315555 tempest-TestImageHashVerification-451315555-project-member] Matched version: v2 {{(pid=99802) process_request /opt/stack/glance/glance/api/middleware/version_negotiation.py:69}}
Aug 17 16:36:25.260429 np0000007553 devstack@g-api.service[99802]: DEBUG glance.api.middleware.version_negotiation [None req-eb60b056-9d5a-4019-b31d-bce47cde33f6 tempest-TestImageHashVerification-451315555 tempest-TestImageHashVerification-451315555-project-member] new path /v2/images/8d8e10e2-7f56-478e-9e36-8a259a7613cf {{(pid=99802) process_request /opt/stack/glance/glance/api/middleware/version_negotiation.py:70}}
Aug 17 16:36:25.277832 np0000007553 devstack@g-api.service[99802]: [pid: 99802|app: 0|req: 145/434] 127.0.0.1 () {40 vars in 838 bytes} [Mon Aug 17 16:36:25 2026] GET /v2/images/8d8e10e2-7f56-478e-9e36-8a259a7613cf => generated 649 bytes in 20 msecs (HTTP/1.1 200) 4 headers in 157 bytes (1 switches on core 0)
Aug 17 16:36:26.303766 np0000007553 devstack@g-api.service[99800]: DEBUG glance.api.middleware.version_negotiation [None req-a92a1145-3bee-4b85-a121-e0bf2bc702fb tempest-TestImageHashVerification-451315555 tempest-TestImageHashVerification-451315555-project-member] Determining version of request: GET /v2/images/8d8e10e2-7f56-478e-9e36-8a259a7613cf Accept: application/json {{(pid=99800) process_request /opt/stack/glance/glance/api/middleware/version_negotiation.py:44}}
Aug 17 16:36:26.304637 np0000007553 devstack@g-api.service[99800]: DEBUG glance.api.middleware.version_negotiation [None req-a92a1145-3bee-4b85-a121-e0bf2bc702fb tempest-TestImageHashVerification-451315555 tempest-TestImageHashVerification-451315555-project-member] Using url versioning {{(pid=99800) process_request /opt/stack/glance/glance/api/middleware/version_negotiation.py:57}}
Aug 17 16:36:26.304637 np0000007553 devstack@g-api.service[99800]: DEBUG glance.api.middleware.version_negotiation [None req-a92a1145-3bee-4b85-a121-e0bf2bc702fb tempest-TestImageHashVerification-451315555 tempest-TestImageHashVerification-451315555-project-member] Matched version: v2 {{(pid=99800) process_request /opt/stack/glance/glance/api/middleware/version_negotiation.py:69}}
Aug 17 16:36:26.304799 np0000007553 devstack@g-api.service[99800]: DEBUG glance.api.middleware.version_negotiation [None req-a92a1145-3bee-4b85-a121-e0bf2bc702fb tempest-TestImageHashVerification-451315555 tempest-TestImageHashVerification-451315555-project-member] new path /v2/images/8d8e10e2-7f56-478e-9e36-8a259a7613cf {{(pid=99800) process_request /opt/stack/glance/glance/api/middleware/version_negotiation.py:70}}
Aug 17 16:36:26.320219 np0000007553 devstack@g-api.service[99800]: [pid: 99800|app: 0|req: 148/435] 127.0.0.1 () {40 vars in 838 bytes} [Mon Aug 17 16:36:26 2026] GET /v2/images/8d8e10e2-7f56-478e-9e36-8a259a7613cf => generated 649 bytes in 16 msecs (HTTP/1.1 200) 4 headers in 157 bytes (1 switches on core 0)
Aug 17 16:36:26.768623 np0000007553 devstack@g-api.service[99801]: DEBUG dbcounter [-] [99801] Writing DB stats glance:SELECT=14,glance:INSERT=1,glance:UPDATE=1 {{(pid=99801) stat_writer /opt/stack/data/venv/lib/python3.12/site-packages/dbcounter.py:115}}
Aug 17 16:36:27.338120 np0000007553 devstack@g-api.service[99802]: DEBUG glance.api.middleware.version_negotiation [None req-c10b2da8-ebeb-4927-8323-247a359b0b9c tempest-TestImageHashVerification-451315555 tempest-TestImageHashVerification-451315555-project-member] Determining version of request: GET /v2/images/8d8e10e2-7f56-478e-9e36-8a259a7613cf Accept: application/json {{(pid=99802) process_request /opt/stack/glance/glance/api/middleware/version_negotiation.py:44}}
Aug 17 16:36:27.339720 np0000007553 devstack@g-api.service[99802]: DEBUG glance.api.middleware.version_negotiation [None req-c10b2da8-ebeb-4927-8323-247a359b0b9c tempest-TestImageHashVerification-451315555 tempest-TestImageHashVerification-451315555-project-member] Using url versioning {{(pid=99802) process_request /opt/stack/glance/glance/api/middleware/version_negotiation.py:57}}
Aug 17 16:36:27.339720 np0000007553 devstack@g-api.service[99802]: DEBUG glance.api.middleware.version_negotiation [None req-c10b2da8-ebeb-4927-8323-247a359b0b9c tempest-TestImageHashVerification-451315555 tempest-TestImageHashVerification-451315555-project-member] Matched version: v2 {{(pid=99802) process_request /opt/stack/glance/glance/api/middleware/version_negotiation.py:69}}
Aug 17 16:36:27.339720 np0000007553 devstack@g-api.service[99802]: DEBUG glance.api.middleware.version_negotiation [None req-c10b2da8-ebeb-4927-8323-247a359b0b9c tempest-TestImageHashVerification-451315555 tempest-TestImageHashVerification-451315555-project-member] new path /v2/images/8d8e10e2-7f56-478e-9e36-8a259a7613cf {{(pid=99802) process_request /opt/stack/glance/glance/api/middleware/version_negotiation.py:70}}
Aug 17 16:36:27.351827 np0000007553 devstack@g-api.service[99802]: [pid: 99802|app: 0|req: 146/436] 127.0.0.1 () {40 vars in 838 bytes} [Mon Aug 17 16:36:27 2026] GET /v2/images/8d8e10e2-7f56-478e-9e36-8a259a7613cf => generated 649 bytes in 16 msecs (HTTP/1.1 200) 4 headers in 157 bytes (1 switches on core 0)
Aug 17 16:36:27.459918 np0000007553 devstack@g-api.service[99801]: DEBUG swiftclient [None req-fdd5bdd5-56da-4680-9617-d483719e3ecb tempest-TestImageHashVerification-451315555 tempest-TestImageHashVerification-451315555-project-member] REQ: curl -i https://10.4.3.138:8080/v1/AUTH_33937bf237264a77ad171c560225d1dc/glance/8d8e10e2-7f56-478e-9e36-8a259a7613cf-00004 -X PUT -H "X-Auth-Token: gAAAAABqgziA2m_C..." {{(pid=99801) http_log /opt/stack/data/venv/lib/python3.12/site-packages/swiftclient/client.py:160}}
Aug 17 16:36:27.460567 np0000007553 devstack@g-api.service[99801]: DEBUG swiftclient [None req-fdd5bdd5-56da-4680-9617-d483719e3ecb tempest-TestImageHashVerification-451315555 tempest-TestImageHashVerification-451315555-project-member] RESP STATUS: 201 Created {{(pid=99801) http_log /opt/stack/data/venv/lib/python3.12/site-packages/swiftclient/client.py:161}}
Aug 17 16:36:27.460567 np0000007553 devstack@g-api.service[99801]: DEBUG swiftclient [None req-fdd5bdd5-56da-4680-9617-d483719e3ecb tempest-TestImageHashVerification-451315555 tempest-TestImageHashVerification-451315555-project-member] RESP HEADERS: {'Date': 'Mon, 17 Aug 2026 16:36:27 GMT', 'Server': 'Apache/2.4.58 (Ubuntu)', 'Content-Type': 'text/html; charset=UTF-8', 'Content-Length': '0', 'Etag': 'eda9a9889837ac4bc81d6387d92c1bec', 'Last-Modified': 'Mon, 17 Aug 2026 16:36:25 GMT', 'X-Trans-Id': 'tx54625bb58e234227a4d66-006a833888', 'X-Openstack-Request-Id': 'tx54625bb58e234227a4d66-006a833888', 'Connection': 'close'} {{(pid=99801) http_log /opt/stack/data/venv/lib/python3.12/site-packages/swiftclient/client.py:162}}
Aug 17 16:36:27.460567 np0000007553 devstack@g-api.service[99801]: DEBUG glance_store._drivers.swift.store [None req-fdd5bdd5-56da-4680-9617-d483719e3ecb tempest-TestImageHashVerification-451315555 tempest-TestImageHashVerification-451315555-project-member] Wrote chunk 8d8e10e2-7f56-478e-9e36-8a259a7613cf-00004 (4/?) of length 204800000 to Swift returning MD5 of content: eda9a9889837ac4bc81d6387d92c1bec {{(pid=99801) add /opt/stack/data/venv/lib/python3.12/site-packages/glance_store/_drivers/swift/store.py:1059}}
Aug 17 16:36:28.368509 np0000007553 devstack@g-api.service[99800]: DEBUG glance.api.middleware.version_negotiation [None req-1a2fe3c6-113c-48cd-b6cf-17d1729649d4 tempest-TestImageHashVerification-451315555 tempest-TestImageHashVerification-451315555-project-member] Determining version of request: GET /v2/images/8d8e10e2-7f56-478e-9e36-8a259a7613cf Accept: application/json {{(pid=99800) process_request /opt/stack/glance/glance/api/middleware/version_negotiation.py:44}}
Aug 17 16:36:28.369291 np0000007553 devstack@g-api.service[99800]: DEBUG glance.api.middleware.version_negotiation [None req-1a2fe3c6-113c-48cd-b6cf-17d1729649d4 tempest-TestImageHashVerification-451315555 tempest-TestImageHashVerification-451315555-project-member] Using url versioning {{(pid=99800) process_request /opt/stack/glance/glance/api/middleware/version_negotiation.py:57}}
Aug 17 16:36:28.369291 np0000007553 devstack@g-api.service[99800]: DEBUG glance.api.middleware.version_negotiation [None req-1a2fe3c6-113c-48cd-b6cf-17d1729649d4 tempest-TestImageHashVerification-451315555 tempest-TestImageHashVerification-451315555-project-member] Matched version: v2 {{(pid=99800) process_request /opt/stack/glance/glance/api/middleware/version_negotiation.py:69}}
Aug 17 16:36:28.369291 np0000007553 devstack@g-api.service[99800]: DEBUG glance.api.middleware.version_negotiation [None req-1a2fe3c6-113c-48cd-b6cf-17d1729649d4 tempest-TestImageHashVerification-451315555 tempest-TestImageHashVerification-451315555-project-member] new path /v2/images/8d8e10e2-7f56-478e-9e36-8a259a7613cf {{(pid=99800) process_request /opt/stack/glance/glance/api/middleware/version_negotiation.py:70}}
Aug 17 16:36:28.384982 np0000007553 devstack@g-api.service[99800]: [pid: 99800|app: 0|req: 149/437] 127.0.0.1 () {40 vars in 838 bytes} [Mon Aug 17 16:36:28 2026] GET /v2/images/8d8e10e2-7f56-478e-9e36-8a259a7613cf => generated 649 bytes in 16 msecs (HTTP/1.1 200) 4 headers in 157 bytes (1 switches on core 0)
Aug 17 16:36:29.397899 np0000007553 devstack@g-api.service[99802]: DEBUG glance.api.middleware.version_negotiation [None req-5f6aab96-c0ad-484e-8843-d9e34b1aad7f tempest-TestImageHashVerification-451315555 tempest-TestImageHashVerification-451315555-project-member] Determining version of request: GET /v2/images/8d8e10e2-7f56-478e-9e36-8a259a7613cf Accept: application/json {{(pid=99802) process_request /opt/stack/glance/glance/api/middleware/version_negotiation.py:44}}
Aug 17 16:36:29.397899 np0000007553 devstack@g-api.service[99802]: DEBUG glance.api.middleware.version_negotiation [None req-5f6aab96-c0ad-484e-8843-d9e34b1aad7f tempest-TestImageHashVerification-451315555 tempest-TestImageHashVerification-451315555-project-member] Using url versioning {{(pid=99802) process_request /opt/stack/glance/glance/api/middleware/version_negotiation.py:57}}
Aug 17 16:36:29.397899 np0000007553 devstack@g-api.service[99802]: DEBUG glance.api.middleware.version_negotiation [None req-5f6aab96-c0ad-484e-8843-d9e34b1aad7f tempest-TestImageHashVerification-451315555 tempest-TestImageHashVerification-451315555-project-member] Matched version: v2 {{(pid=99802) process_request /opt/stack/glance/glance/api/middleware/version_negotiation.py:69}}
Aug 17 16:36:29.399334 np0000007553 devstack@g-api.service[99802]: DEBUG glance.api.middleware.version_negotiation [None req-5f6aab96-c0ad-484e-8843-d9e34b1aad7f tempest-TestImageHashVerification-451315555 tempest-TestImageHashVerification-451315555-project-member] new path /v2/images/8d8e10e2-7f56-478e-9e36-8a259a7613cf {{(pid=99802) process_request /opt/stack/glance/glance/api/middleware/version_negotiation.py:70}}
Aug 17 16:36:29.418396 np0000007553 devstack@g-api.service[99802]: [pid: 99802|app: 0|req: 147/438] 127.0.0.1 () {40 vars in 838 bytes} [Mon Aug 17 16:36:29 2026] GET /v2/images/8d8e10e2-7f56-478e-9e36-8a259a7613cf => generated 649 bytes in 21 msecs (HTTP/1.1 200) 4 headers in 157 bytes (1 switches on core 0)
Aug 17 16:36:30.182200 np0000007553 devstack@g-api.service[99801]: DEBUG swiftclient [None req-fdd5bdd5-56da-4680-9617-d483719e3ecb tempest-TestImageHashVerification-451315555 tempest-TestImageHashVerification-451315555-project-member] REQ: curl -i https://10.4.3.138:8080/v1/AUTH_33937bf237264a77ad171c560225d1dc/glance/8d8e10e2-7f56-478e-9e36-8a259a7613cf-00005 -X PUT -H "X-Auth-Token: gAAAAABqgziA2m_C..." {{(pid=99801) http_log /opt/stack/data/venv/lib/python3.12/site-packages/swiftclient/client.py:160}}
Aug 17 16:36:30.182200 np0000007553 devstack@g-api.service[99801]: DEBUG swiftclient [None req-fdd5bdd5-56da-4680-9617-d483719e3ecb tempest-TestImageHashVerification-451315555 tempest-TestImageHashVerification-451315555-project-member] RESP STATUS: 201 Created {{(pid=99801) http_log /opt/stack/data/venv/lib/python3.12/site-packages/swiftclient/client.py:161}}
Aug 17 16:36:30.182200 np0000007553 devstack@g-api.service[99801]: DEBUG swiftclient [None req-fdd5bdd5-56da-4680-9617-d483719e3ecb tempest-TestImageHashVerification-451315555 tempest-TestImageHashVerification-451315555-project-member] RESP HEADERS: {'Date': 'Mon, 17 Aug 2026 16:36:30 GMT', 'Server': 'Apache/2.4.58 (Ubuntu)', 'Content-Type': 'text/html; charset=UTF-8', 'Content-Length': '0', 'Etag': 'eda9a9889837ac4bc81d6387d92c1bec', 'Last-Modified': 'Mon, 17 Aug 2026 16:36:28 GMT', 'X-Trans-Id': 'tx2e9e723db5ef44bb9af92-006a83388b', 'X-Openstack-Request-Id': 'tx2e9e723db5ef44bb9af92-006a83388b', 'Connection': 'close'} {{(pid=99801) http_log /opt/stack/data/venv/lib/python3.12/site-packages/swiftclient/client.py:162}}
Aug 17 16:36:30.182200 np0000007553 devstack@g-api.service[99801]: DEBUG glance_store._drivers.swift.store [None req-fdd5bdd5-56da-4680-9617-d483719e3ecb tempest-TestImageHashVerification-451315555 tempest-TestImageHashVerification-451315555-project-member] Wrote chunk 8d8e10e2-7f56-478e-9e36-8a259a7613cf-00005 (5/?) of length 204800000 to Swift returning MD5 of content: eda9a9889837ac4bc81d6387d92c1bec {{(pid=99801) add /opt/stack/data/venv/lib/python3.12/site-packages/glance_store/_drivers/swift/store.py:1059}}
Aug 17 16:36:30.282675 np0000007553 devstack@g-api.service[99800]: DEBUG glance.api.middleware.version_negotiation [None req-41050e12-a66b-41f3-b747-25e527c30493 tempest-TestImageHashVerification-451315555 tempest-TestImageHashVerification-451315555-project-member] Determining version of request: GET /v2/images/360b59b0-4af4-4214-810e-115dca7885a2 Accept: */* {{(pid=99800) process_request /opt/stack/glance/glance/api/middleware/version_negotiation.py:44}}
Aug 17 16:36:30.284288 np0000007553 devstack@g-api.service[99800]: DEBUG glance.api.middleware.version_negotiation [None req-41050e12-a66b-41f3-b747-25e527c30493 tempest-TestImageHashVerification-451315555 tempest-TestImageHashVerification-451315555-project-member] Using url versioning {{(pid=99800) process_request /opt/stack/glance/glance/api/middleware/version_negotiation.py:57}}
Aug 17 16:36:30.284288 np0000007553 devstack@g-api.service[99800]: DEBUG glance.api.middleware.version_negotiation [None req-41050e12-a66b-41f3-b747-25e527c30493 tempest-TestImageHashVerification-451315555 tempest-TestImageHashVerification-451315555-project-member] Matched version: v2 {{(pid=99800) process_request /opt/stack/glance/glance/api/middleware/version_negotiation.py:69}}
Aug 17 16:36:30.284288 np0000007553 devstack@g-api.service[99800]: DEBUG glance.api.middleware.version_negotiation [None req-41050e12-a66b-41f3-b747-25e527c30493 tempest-TestImageHashVerification-451315555 tempest-TestImageHashVerification-451315555-project-member] new path /v2/images/360b59b0-4af4-4214-810e-115dca7885a2 {{(pid=99800) process_request /opt/stack/glance/glance/api/middleware/version_negotiation.py:70}}
