Jul 22 06:06:53.229335 np0000005627 devstack@g-api.service[99763]: DEBUG glance_store.location [-] Registering scheme swift+http with {'store': , 'location_class': , 'store_entry': 'swift'} {{(pid=99763) register_scheme_map /opt/stack/data/venv/lib/python3.12/site-packages/glance_store/location.py:146}}
Jul 22 06:06:53.229412 np0000005627 devstack@g-api.service[99764]: DEBUG glance_store.location [-] Registering scheme swift with {'store': , 'location_class': , 'store_entry': 'swift'} {{(pid=99764) register_scheme_map /opt/stack/data/venv/lib/python3.12/site-packages/glance_store/location.py:146}}
Jul 22 06:06:53.229454 np0000005627 devstack@g-api.service[99763]: DEBUG glance_store.location [-] Registering scheme swift+config with {'store': , 'location_class': , 'store_entry': 'swift'} {{(pid=99763) register_scheme_map /opt/stack/data/venv/lib/python3.12/site-packages/glance_store/location.py:146}}
Jul 22 06:06:53.229494 np0000005627 devstack@g-api.service[99764]: DEBUG glance_store.location [-] Registering scheme swift+https with {'store': , 'location_class': , 'store_entry': 'swift'} {{(pid=99764) register_scheme_map /opt/stack/data/venv/lib/python3.12/site-packages/glance_store/location.py:146}}
Jul 22 06:06:53.229534 np0000005627 devstack@g-api.service[99765]: DEBUG glance_store.capabilities [-] Store glance_store._drivers.swift.store.SingleTenantStore doesn't support updating dynamic storage capabilities. Please overwrite 'update_capabilities' method of the store to implement updating logics if needed. {{(pid=99765) update_capabilities /opt/stack/data/venv/lib/python3.12/site-packages/glance_store/capabilities.py:91}}
Jul 22 06:06:53.229571 np0000005627 devstack@g-api.service[99764]: DEBUG glance_store.location [-] Registering scheme swift with {'store': , 'location_class': , 'store_entry': 'swift'} {{(pid=99764) register_scheme_map /opt/stack/data/venv/lib/python3.12/site-packages/glance_store/location.py:146}}
Jul 22 06:06:53.229571 np0000005627 devstack@g-api.service[99764]: DEBUG glance_store.location [-] Registering scheme swift+http with {'store': , 'location_class': , 'store_entry': 'swift'} {{(pid=99764) register_scheme_map /opt/stack/data/venv/lib/python3.12/site-packages/glance_store/location.py:146}}
Jul 22 06:06:53.229655 np0000005627 devstack@g-api.service[99765]: DEBUG glance_store.driver [-] Late loading location class glance_store._drivers.swift.store.StoreLocation {{(pid=99765) get_store_location_class /opt/stack/data/venv/lib/python3.12/site-packages/glance_store/driver.py:134}}
Jul 22 06:06:53.229696 np0000005627 devstack@g-api.service[99764]: DEBUG glance_store.location [-] Registering scheme swift+https with {'store': , 'location_class': , 'store_entry': 'swift'} {{(pid=99764) register_scheme_map /opt/stack/data/venv/lib/python3.12/site-packages/glance_store/location.py:146}}
Jul 22 06:06:53.229735 np0000005627 devstack@g-api.service[99765]: DEBUG glance_store.location [-] Registering scheme swift+https with {'store': , 'location_class': , 'store_entry': 'swift'} {{(pid=99765) register_scheme_map /opt/stack/data/venv/lib/python3.12/site-packages/glance_store/location.py:146}}
Jul 22 06:06:53.229772 np0000005627 devstack@g-api.service[99764]: DEBUG glance_store.location [-] Registering scheme swift with {'store': , 'location_class': , 'store_entry': 'swift'} {{(pid=99764) register_scheme_map /opt/stack/data/venv/lib/python3.12/site-packages/glance_store/location.py:146}}
Jul 22 06:06:53.229807 np0000005627 devstack@g-api.service[99765]: DEBUG glance_store.location [-] Registering scheme swift+https with {'store': , 'location_class': , 'store_entry': 'swift'} {{(pid=99765) register_scheme_map /opt/stack/data/venv/lib/python3.12/site-packages/glance_store/location.py:146}}
Jul 22 06:06:53.229842 np0000005627 devstack@g-api.service[99764]: DEBUG glance_store.location [-] Registering scheme swift+http with {'store': , 'location_class': , 'store_entry': 'swift'} {{(pid=99764) register_scheme_map /opt/stack/data/venv/lib/python3.12/site-packages/glance_store/location.py:146}}
Jul 22 06:06:53.229881 np0000005627 devstack@g-api.service[99763]: DEBUG glance.sqlite_migration [-] SQLite caching database not located, skipping migration {{(pid=99763) get_db_path /opt/stack/glance/glance/sqlite_migration.py:68}}
Jul 22 06:06:53.229922 np0000005627 devstack@g-api.service[99765]: DEBUG glance_store.location [-] Registering scheme swift with {'store': , 'location_class': , 'store_entry': 'swift'} {{(pid=99765) register_scheme_map /opt/stack/data/venv/lib/python3.12/site-packages/glance_store/location.py:146}}
Jul 22 06:06:53.229961 np0000005627 devstack@g-api.service[99764]: DEBUG glance_store.location [-] Registering scheme swift+config with {'store': , 'location_class': , 'store_entry': 'swift'} {{(pid=99764) register_scheme_map /opt/stack/data/venv/lib/python3.12/site-packages/glance_store/location.py:146}}
Jul 22 06:06:53.230008 np0000005627 devstack@g-api.service[99765]: DEBUG glance_store.location [-] Registering scheme swift+https with {'store': , 'location_class': , 'store_entry': 'swift'} {{(pid=99765) register_scheme_map /opt/stack/data/venv/lib/python3.12/site-packages/glance_store/location.py:146}}
Jul 22 06:06:53.230008 np0000005627 devstack@g-api.service[99765]: DEBUG glance_store.location [-] Registering scheme swift with {'store': , 'location_class': , 'store_entry': 'swift'} {{(pid=99765) register_scheme_map /opt/stack/data/venv/lib/python3.12/site-packages/glance_store/location.py:146}}
Jul 22 06:06:53.230008 np0000005627 devstack@g-api.service[99765]: DEBUG glance_store.location [-] Registering scheme swift+http with {'store': , 'location_class': , 'store_entry': 'swift'} {{(pid=99765) register_scheme_map /opt/stack/data/venv/lib/python3.12/site-packages/glance_store/location.py:146}}
Jul 22 06:06:53.230119 np0000005627 devstack@g-api.service[99763]: WARNING glance.common.wsgi_app [-] Import methods are enabled but staging directory /tmp/staging/ does not exist; Imports will fail!
Jul 22 06:06:53.230170 np0000005627 devstack@g-api.service[99765]: DEBUG glance_store.location [-] Registering scheme swift+https with {'store': , 'location_class': , 'store_entry': 'swift'} {{(pid=99765) register_scheme_map /opt/stack/data/venv/lib/python3.12/site-packages/glance_store/location.py:146}}
Jul 22 06:06:53.230170 np0000005627 devstack@g-api.service[99765]: DEBUG glance_store.location [-] Registering scheme swift with {'store': , 'location_class': , 'store_entry': 'swift'} {{(pid=99765) register_scheme_map /opt/stack/data/venv/lib/python3.12/site-packages/glance_store/location.py:146}}
Jul 22 06:06:53.230256 np0000005627 devstack@g-api.service[99764]: DEBUG glance.sqlite_migration [-] SQLite caching database not located, skipping migration {{(pid=99764) get_db_path /opt/stack/glance/glance/sqlite_migration.py:68}}
Jul 22 06:06:53.230313 np0000005627 devstack@g-api.service[99765]: DEBUG glance_store.location [-] Registering scheme swift+http with {'store': , 'location_class': , 'store_entry': 'swift'} {{(pid=99765) register_scheme_map /opt/stack/data/venv/lib/python3.12/site-packages/glance_store/location.py:146}}
Jul 22 06:06:53.230313 np0000005627 devstack@g-api.service[99765]: DEBUG glance_store.location [-] Registering scheme swift+config with {'store': , 'location_class': , 'store_entry': 'swift'} {{(pid=99765) register_scheme_map /opt/stack/data/venv/lib/python3.12/site-packages/glance_store/location.py:146}}
Jul 22 06:06:53.230387 np0000005627 devstack@g-api.service[99764]: WARNING glance.common.wsgi_app [-] Import methods are enabled but staging directory /tmp/staging/ does not exist; Imports will fail!
Jul 22 06:06:53.230427 np0000005627 devstack@g-api.service[99765]: DEBUG glance.sqlite_migration [-] SQLite caching database not located, skipping migration {{(pid=99765) get_db_path /opt/stack/glance/glance/sqlite_migration.py:68}}
Jul 22 06:06:53.230427 np0000005627 devstack@g-api.service[99765]: WARNING glance.common.wsgi_app [-] Import methods are enabled but staging directory /tmp/staging/ does not exist; Imports will fail!
Jul 22 06:06:53.363176 np0000005627 devstack@g-api.service[99764]: DEBUG glance.common.config [None req-f500ea1c-24c1-4bb5-9cae-e2855fcce4f3 None None] Loading glance-api-keystone+cachemanagement from /etc/glance/glance-api-paste.ini {{(pid=99764) load_paste_app /opt/stack/glance/glance/common/config.py:765}}
Jul 22 06:06:53.364933 np0000005627 devstack@g-api.service[99763]: DEBUG glance.common.config [None req-4030deac-deb9-44d5-98f7-928891236840 None None] Loading glance-api-keystone+cachemanagement from /etc/glance/glance-api-paste.ini {{(pid=99763) load_paste_app /opt/stack/glance/glance/common/config.py:765}}
Jul 22 06:06:53.365894 np0000005627 devstack@g-api.service[99765]: DEBUG glance.common.config [None req-c63bd88e-a979-458d-9e6d-7160a16c360c None None] Loading glance-api-keystone+cachemanagement from /etc/glance/glance-api-paste.ini {{(pid=99765) load_paste_app /opt/stack/glance/glance/common/config.py:765}}
Jul 22 06:06:53.956102 np0000005627 devstack@g-api.service[99764]: INFO glance.image_cache [None req-f500ea1c-24c1-4bb5-9cae-e2855fcce4f3 None None] Image cache loaded driver 'centralized_db'.
Jul 22 06:06:53.957828 np0000005627 devstack@g-api.service[99765]: INFO glance.image_cache [None req-c63bd88e-a979-458d-9e6d-7160a16c360c None None] Image cache loaded driver 'centralized_db'.
Jul 22 06:06:53.958585 np0000005627 devstack@g-api.service[99763]: INFO glance.image_cache [None req-4030deac-deb9-44d5-98f7-928891236840 None None] Image cache loaded driver 'centralized_db'.
Jul 22 06:06:54.007435 np0000005627 devstack@g-api.service[99764]: INFO dbcounter [None req-f500ea1c-24c1-4bb5-9cae-e2855fcce4f3 None None] Registered counter for database glance
Jul 22 06:06:54.008049 np0000005627 devstack@g-api.service[99763]: INFO dbcounter [None req-4030deac-deb9-44d5-98f7-928891236840 None None] Registered counter for database glance
Jul 22 06:06:54.012107 np0000005627 devstack@g-api.service[99765]: INFO dbcounter [None req-c63bd88e-a979-458d-9e6d-7160a16c360c None None] Registered counter for database glance
Jul 22 06:06:54.043949 np0000005627 devstack@g-api.service[99764]: DEBUG oslo_db.sqlalchemy.engines [None req-f500ea1c-24c1-4bb5-9cae-e2855fcce4f3 None None] MySQL server mode set to STRICT_TRANS_TABLES,STRICT_ALL_TABLES,NO_ZERO_IN_DATE,NO_ZERO_DATE,ERROR_FOR_DIVISION_BY_ZERO,TRADITIONAL,NO_ENGINE_SUBSTITUTION {{(pid=99764) _check_effective_sql_mode /opt/stack/data/venv/lib/python3.12/site-packages/oslo_db/sqlalchemy/engines.py:325}}
Jul 22 06:06:54.045786 np0000005627 devstack@g-api.service[99763]: DEBUG oslo_db.sqlalchemy.engines [None req-4030deac-deb9-44d5-98f7-928891236840 None None] MySQL server mode set to STRICT_TRANS_TABLES,STRICT_ALL_TABLES,NO_ZERO_IN_DATE,NO_ZERO_DATE,ERROR_FOR_DIVISION_BY_ZERO,TRADITIONAL,NO_ENGINE_SUBSTITUTION {{(pid=99763) _check_effective_sql_mode /opt/stack/data/venv/lib/python3.12/site-packages/oslo_db/sqlalchemy/engines.py:325}}
Jul 22 06:06:54.050241 np0000005627 devstack@g-api.service[99765]: DEBUG oslo_db.sqlalchemy.engines [None req-c63bd88e-a979-458d-9e6d-7160a16c360c None None] MySQL server mode set to STRICT_TRANS_TABLES,STRICT_ALL_TABLES,NO_ZERO_IN_DATE,NO_ZERO_DATE,ERROR_FOR_DIVISION_BY_ZERO,TRADITIONAL,NO_ENGINE_SUBSTITUTION {{(pid=99765) _check_effective_sql_mode /opt/stack/data/venv/lib/python3.12/site-packages/oslo_db/sqlalchemy/engines.py:325}}
Jul 22 06:06:54.064936 np0000005627 devstack@g-api.service[99764]: DEBUG dbcounter [-] [99764] Writer thread running {{(pid=99764) stat_writer /opt/stack/data/venv/lib/python3.12/site-packages/dbcounter.py:102}}
Jul 22 06:06:54.066035 np0000005627 devstack@g-api.service[99763]: DEBUG dbcounter [-] [99763] Writer thread running {{(pid=99763) stat_writer /opt/stack/data/venv/lib/python3.12/site-packages/dbcounter.py:102}}
Jul 22 06:06:54.071369 np0000005627 devstack@g-api.service[99763]: DEBUG glance.image_cache.drivers.centralized_db [None req-4030deac-deb9-44d5-98f7-928891236840 None None] Node reference is already recorded, ignoring it {{(pid=99763) configure /opt/stack/glance/glance/image_cache/drivers/centralized_db.py:71}}
Jul 22 06:06:54.072770 np0000005627 devstack@g-api.service[99765]: DEBUG dbcounter [-] [99765] Writer thread running {{(pid=99765) stat_writer /opt/stack/data/venv/lib/python3.12/site-packages/dbcounter.py:102}}
Jul 22 06:06:54.075584 np0000005627 devstack@g-api.service[99765]: DEBUG glance.image_cache.drivers.centralized_db [None req-c63bd88e-a979-458d-9e6d-7160a16c360c None None] Node reference is already recorded, ignoring it {{(pid=99765) configure /opt/stack/glance/glance/image_cache/drivers/centralized_db.py:71}}
Jul 22 06:06:54.168246 np0000005627 devstack@g-api.service[99764]: INFO glance.image_cache [None req-f500ea1c-24c1-4bb5-9cae-e2855fcce4f3 None None] Image cache loaded driver 'centralized_db'.
Jul 22 06:06:54.175480 np0000005627 devstack@g-api.service[99764]: DEBUG glance.image_cache.drivers.centralized_db [None req-f500ea1c-24c1-4bb5-9cae-e2855fcce4f3 None None] Node reference is already recorded, ignoring it {{(pid=99764) configure /opt/stack/glance/glance/image_cache/drivers/centralized_db.py:71}}
Jul 22 06:06:54.177140 np0000005627 devstack@g-api.service[99765]: INFO glance.image_cache [None req-c63bd88e-a979-458d-9e6d-7160a16c360c None None] Image cache loaded driver 'centralized_db'.
Jul 22 06:06:54.180501 np0000005627 devstack@g-api.service[99764]: DEBUG glance.api.v2.cached_images [None req-f500ea1c-24c1-4bb5-9cae-e2855fcce4f3 None None] Started cache worker thread {{(pid=99764) __init__ /opt/stack/glance/glance/api/v2/cached_images.py:71}}
Jul 22 06:06:54.181269 np0000005627 devstack@g-api.service[99764]: INFO glance.image_cache [None req-f500ea1c-24c1-4bb5-9cae-e2855fcce4f3 None None] Image cache loaded driver 'centralized_db'.
Jul 22 06:06:54.185230 np0000005627 devstack@g-api.service[99765]: DEBUG glance.image_cache.drivers.centralized_db [None req-c63bd88e-a979-458d-9e6d-7160a16c360c None None] Node reference is already recorded, ignoring it {{(pid=99765) configure /opt/stack/glance/glance/image_cache/drivers/centralized_db.py:71}}
Jul 22 06:06:54.187739 np0000005627 devstack@g-api.service[99764]: DEBUG glance.image_cache.drivers.centralized_db [None req-f500ea1c-24c1-4bb5-9cae-e2855fcce4f3 None None] Node reference is already recorded, ignoring it {{(pid=99764) configure /opt/stack/glance/glance/image_cache/drivers/centralized_db.py:71}}
Jul 22 06:06:54.189992 np0000005627 devstack@g-api.service[99765]: DEBUG glance.api.v2.cached_images [None req-c63bd88e-a979-458d-9e6d-7160a16c360c None None] Started cache worker thread {{(pid=99765) __init__ /opt/stack/glance/glance/api/v2/cached_images.py:71}}
Jul 22 06:06:54.190771 np0000005627 devstack@g-api.service[99765]: INFO glance.image_cache [None req-c63bd88e-a979-458d-9e6d-7160a16c360c None None] Image cache loaded driver 'centralized_db'.
Jul 22 06:06:54.191895 np0000005627 devstack@g-api.service[99764]: INFO glance.api.middleware.cache_manage [None req-f500ea1c-24c1-4bb5-9cae-e2855fcce4f3 None None] Initialized image cache management middleware
Jul 22 06:06:54.192020 np0000005627 devstack@g-api.service[99764]: INFO glance.image_cache [None req-f500ea1c-24c1-4bb5-9cae-e2855fcce4f3 None None] Image cache loaded driver 'centralized_db'.
Jul 22 06:06:54.194187 np0000005627 devstack@g-api.service[99763]: INFO glance.image_cache [None req-4030deac-deb9-44d5-98f7-928891236840 None None] Image cache loaded driver 'centralized_db'.
Jul 22 06:06:54.198228 np0000005627 devstack@g-api.service[99764]: DEBUG glance.image_cache.drivers.centralized_db [None req-f500ea1c-24c1-4bb5-9cae-e2855fcce4f3 None None] Node reference is already recorded, ignoring it {{(pid=99764) configure /opt/stack/glance/glance/image_cache/drivers/centralized_db.py:71}}
Jul 22 06:06:54.198388 np0000005627 devstack@g-api.service[99765]: DEBUG glance.image_cache.drivers.centralized_db [None req-c63bd88e-a979-458d-9e6d-7160a16c360c None None] Node reference is already recorded, ignoring it {{(pid=99765) configure /opt/stack/glance/glance/image_cache/drivers/centralized_db.py:71}}
Jul 22 06:06:54.201377 np0000005627 devstack@g-api.service[99763]: DEBUG glance.image_cache.drivers.centralized_db [None req-4030deac-deb9-44d5-98f7-928891236840 None None] Node reference is already recorded, ignoring it {{(pid=99763) configure /opt/stack/glance/glance/image_cache/drivers/centralized_db.py:71}}
Jul 22 06:06:54.202435 np0000005627 devstack@g-api.service[99764]: INFO glance.api.middleware.cache [None req-f500ea1c-24c1-4bb5-9cae-e2855fcce4f3 None None] Initialized image cache middleware
Jul 22 06:06:54.202817 np0000005627 devstack@g-api.service[99765]: INFO glance.api.middleware.cache_manage [None req-c63bd88e-a979-458d-9e6d-7160a16c360c None None] Initialized image cache management middleware
Jul 22 06:06:54.202989 np0000005627 devstack@g-api.service[99765]: INFO glance.image_cache [None req-c63bd88e-a979-458d-9e6d-7160a16c360c None None] Image cache loaded driver 'centralized_db'.
Jul 22 06:06:54.205929 np0000005627 devstack@g-api.service[99763]: DEBUG glance.api.v2.cached_images [None req-4030deac-deb9-44d5-98f7-928891236840 None None] Started cache worker thread {{(pid=99763) __init__ /opt/stack/glance/glance/api/v2/cached_images.py:71}}
Jul 22 06:06:54.206728 np0000005627 devstack@g-api.service[99763]: INFO glance.image_cache [None req-4030deac-deb9-44d5-98f7-928891236840 None None] Image cache loaded driver 'centralized_db'.
Jul 22 06:06:54.209539 np0000005627 devstack@g-api.service[99765]: DEBUG glance.image_cache.drivers.centralized_db [None req-c63bd88e-a979-458d-9e6d-7160a16c360c None None] Node reference is already recorded, ignoring it {{(pid=99765) configure /opt/stack/glance/glance/image_cache/drivers/centralized_db.py:71}}
Jul 22 06:06:54.212616 np0000005627 devstack@g-api.service[99763]: DEBUG glance.image_cache.drivers.centralized_db [None req-4030deac-deb9-44d5-98f7-928891236840 None None] Node reference is already recorded, ignoring it {{(pid=99763) configure /opt/stack/glance/glance/image_cache/drivers/centralized_db.py:71}}
Jul 22 06:06:54.212703 np0000005627 devstack@g-api.service[99764]: DEBUG glance.common.config [None req-f500ea1c-24c1-4bb5-9cae-e2855fcce4f3 None None] ******************************************************************************** {{(pid=99764) log_opt_values /opt/stack/data/venv/lib/python3.12/site-packages/oslo_config/cfg.py:3226}}
Jul 22 06:06:54.212789 np0000005627 devstack@g-api.service[99764]: DEBUG glance.common.config [None req-f500ea1c-24c1-4bb5-9cae-e2855fcce4f3 None None] Configuration options gathered from: {{(pid=99764) log_opt_values /opt/stack/data/venv/lib/python3.12/site-packages/oslo_config/cfg.py:3227}}
Jul 22 06:06:54.213052 np0000005627 devstack@g-api.service[99764]: DEBUG glance.common.config [None req-f500ea1c-24c1-4bb5-9cae-e2855fcce4f3 None None] command line args: [] {{(pid=99764) log_opt_values /opt/stack/data/venv/lib/python3.12/site-packages/oslo_config/cfg.py:3228}}
Jul 22 06:06:54.213170 np0000005627 devstack@g-api.service[99764]: DEBUG glance.common.config [None req-f500ea1c-24c1-4bb5-9cae-e2855fcce4f3 None None] config files: ['/etc/glance/glance-image-import.conf', '/etc/glance/glance-api.conf'] {{(pid=99764) log_opt_values /opt/stack/data/venv/lib/python3.12/site-packages/oslo_config/cfg.py:3229}}
Jul 22 06:06:54.213255 np0000005627 devstack@g-api.service[99764]: DEBUG glance.common.config [None req-f500ea1c-24c1-4bb5-9cae-e2855fcce4f3 None None] ================================================================================ {{(pid=99764) log_opt_values /opt/stack/data/venv/lib/python3.12/site-packages/oslo_config/cfg.py:3234}}
Jul 22 06:06:54.213404 np0000005627 devstack@g-api.service[99764]: DEBUG glance.common.config [None req-f500ea1c-24c1-4bb5-9cae-e2855fcce4f3 None None] allow_anonymous_access = False {{(pid=99764) log_opt_values /opt/stack/data/venv/lib/python3.12/site-packages/oslo_config/cfg.py:3242}}
Jul 22 06:06:54.213510 np0000005627 devstack@g-api.service[99764]: DEBUG glance.common.config [None req-f500ea1c-24c1-4bb5-9cae-e2855fcce4f3 None None] api_limit_max = 1000 {{(pid=99764) log_opt_values /opt/stack/data/venv/lib/python3.12/site-packages/oslo_config/cfg.py:3242}}
Jul 22 06:06:54.213614 np0000005627 devstack@g-api.service[99764]: DEBUG glance.common.config [None req-f500ea1c-24c1-4bb5-9cae-e2855fcce4f3 None None] config_dir = [] {{(pid=99764) log_opt_values /opt/stack/data/venv/lib/python3.12/site-packages/oslo_config/cfg.py:3242}}
Jul 22 06:06:54.213682 np0000005627 devstack@g-api.service[99764]: DEBUG glance.common.config [None req-f500ea1c-24c1-4bb5-9cae-e2855fcce4f3 None None] config_file = ['/etc/glance/glance-image-import.conf', '/etc/glance/glance-api.conf'] {{(pid=99764) log_opt_values /opt/stack/data/venv/lib/python3.12/site-packages/oslo_config/cfg.py:3242}}
Jul 22 06:06:54.213774 np0000005627 devstack@g-api.service[99764]: DEBUG glance.common.config [None req-f500ea1c-24c1-4bb5-9cae-e2855fcce4f3 None None] config_source = [] {{(pid=99764) log_opt_values /opt/stack/data/venv/lib/python3.12/site-packages/oslo_config/cfg.py:3242}}
Jul 22 06:06:54.213874 np0000005627 devstack@g-api.service[99764]: DEBUG glance.common.config [None req-f500ea1c-24c1-4bb5-9cae-e2855fcce4f3 None None] control_exchange = glance {{(pid=99764) log_opt_values /opt/stack/data/venv/lib/python3.12/site-packages/oslo_config/cfg.py:3242}}
Jul 22 06:06:54.213943 np0000005627 devstack@g-api.service[99764]: DEBUG glance.common.config [None req-f500ea1c-24c1-4bb5-9cae-e2855fcce4f3 None None] debug = True {{(pid=99764) log_opt_values /opt/stack/data/venv/lib/python3.12/site-packages/oslo_config/cfg.py:3242}}
Jul 22 06:06:54.213995 np0000005627 devstack@g-api.service[99765]: INFO glance.api.middleware.cache [None req-c63bd88e-a979-458d-9e6d-7160a16c360c None None] Initialized image cache middleware
Jul 22 06:06:54.214096 np0000005627 devstack@g-api.service[99764]: DEBUG glance.common.config [None req-f500ea1c-24c1-4bb5-9cae-e2855fcce4f3 None None] default_log_levels = ['amqp=WARN', 'boto=WARN', 'sqlalchemy=WARN', 'suds=INFO', 'oslo.messaging=INFO', 'oslo_messaging=INFO', 'iso8601=WARN', 'requests.packages.urllib3.connectionpool=WARN', 'urllib3.connectionpool=WARN', 'websocket=WARN', 'requests.packages.urllib3.util.retry=WARN', 'urllib3.util.retry=WARN', 'keystonemiddleware=WARN', 'routes.middleware=WARN', 'stevedore=WARN', 'taskflow=WARN', 'keystoneauth=WARN', 'oslo.cache=INFO', 'oslo_policy=INFO', 'dogpile.core.dogpile=INFO'] {{(pid=99764) log_opt_values /opt/stack/data/venv/lib/python3.12/site-packages/oslo_config/cfg.py:3242}}
Jul 22 06:06:54.214196 np0000005627 devstack@g-api.service[99764]: DEBUG glance.common.config [None req-f500ea1c-24c1-4bb5-9cae-e2855fcce4f3 None None] default_publisher_id = image.localhost {{(pid=99764) log_opt_values /opt/stack/data/venv/lib/python3.12/site-packages/oslo_config/cfg.py:3242}}
Jul 22 06:06:54.214321 np0000005627 devstack@g-api.service[99764]: DEBUG glance.common.config [None req-f500ea1c-24c1-4bb5-9cae-e2855fcce4f3 None None] delayed_delete = False {{(pid=99764) log_opt_values /opt/stack/data/venv/lib/python3.12/site-packages/oslo_config/cfg.py:3242}}
Jul 22 06:06:54.214421 np0000005627 devstack@g-api.service[99764]: DEBUG glance.common.config [None req-f500ea1c-24c1-4bb5-9cae-e2855fcce4f3 None None] digest_algorithm = sha256 {{(pid=99764) log_opt_values /opt/stack/data/venv/lib/python3.12/site-packages/oslo_config/cfg.py:3242}}
Jul 22 06:06:54.214515 np0000005627 devstack@g-api.service[99764]: DEBUG glance.common.config [None req-f500ea1c-24c1-4bb5-9cae-e2855fcce4f3 None None] disabled_notifications = [] {{(pid=99764) log_opt_values /opt/stack/data/venv/lib/python3.12/site-packages/oslo_config/cfg.py:3242}}
Jul 22 06:06:54.214602 np0000005627 devstack@g-api.service[99764]: DEBUG glance.common.config [None req-f500ea1c-24c1-4bb5-9cae-e2855fcce4f3 None None] do_secure_hash = True {{(pid=99764) log_opt_values /opt/stack/data/venv/lib/python3.12/site-packages/oslo_config/cfg.py:3242}}
Jul 22 06:06:54.214691 np0000005627 devstack@g-api.service[99764]: DEBUG glance.common.config [None req-f500ea1c-24c1-4bb5-9cae-e2855fcce4f3 None None] enabled_backends = None {{(pid=99764) log_opt_values /opt/stack/data/venv/lib/python3.12/site-packages/oslo_config/cfg.py:3242}}
Jul 22 06:06:54.214798 np0000005627 devstack@g-api.service[99764]: DEBUG glance.common.config [None req-f500ea1c-24c1-4bb5-9cae-e2855fcce4f3 None None] enabled_import_methods = ['glance-direct', 'web-download', 'copy-image'] {{(pid=99764) log_opt_values /opt/stack/data/venv/lib/python3.12/site-packages/oslo_config/cfg.py:3242}}
Jul 22 06:06:54.214889 np0000005627 devstack@g-api.service[99764]: DEBUG glance.common.config [None req-f500ea1c-24c1-4bb5-9cae-e2855fcce4f3 None None] fatal_deprecations = False {{(pid=99764) log_opt_values /opt/stack/data/venv/lib/python3.12/site-packages/oslo_config/cfg.py:3242}}
Jul 22 06:06:54.214985 np0000005627 devstack@g-api.service[99764]: DEBUG glance.common.config [None req-f500ea1c-24c1-4bb5-9cae-e2855fcce4f3 None None] hashing_algorithm = sha512 {{(pid=99764) log_opt_values /opt/stack/data/venv/lib/python3.12/site-packages/oslo_config/cfg.py:3242}}
Jul 22 06:06:54.215075 np0000005627 devstack@g-api.service[99764]: DEBUG glance.common.config [None req-f500ea1c-24c1-4bb5-9cae-e2855fcce4f3 None None] http_retries = 3 {{(pid=99764) log_opt_values /opt/stack/data/venv/lib/python3.12/site-packages/oslo_config/cfg.py:3242}}
Jul 22 06:06:54.215170 np0000005627 devstack@g-api.service[99764]: DEBUG glance.common.config [None req-f500ea1c-24c1-4bb5-9cae-e2855fcce4f3 None None] image_cache_dir = /opt/stack/data/glance/cache/ {{(pid=99764) log_opt_values /opt/stack/data/venv/lib/python3.12/site-packages/oslo_config/cfg.py:3242}}
Jul 22 06:06:54.215304 np0000005627 devstack@g-api.service[99764]: DEBUG glance.common.config [None req-f500ea1c-24c1-4bb5-9cae-e2855fcce4f3 None None] image_cache_driver = centralized_db {{(pid=99764) log_opt_values /opt/stack/data/venv/lib/python3.12/site-packages/oslo_config/cfg.py:3242}}
Jul 22 06:06:54.215401 np0000005627 devstack@g-api.service[99764]: DEBUG glance.common.config [None req-f500ea1c-24c1-4bb5-9cae-e2855fcce4f3 None None] image_cache_max_size = 10737418240 {{(pid=99764) log_opt_values /opt/stack/data/venv/lib/python3.12/site-packages/oslo_config/cfg.py:3242}}
Jul 22 06:06:54.215498 np0000005627 devstack@g-api.service[99764]: DEBUG glance.common.config [None req-f500ea1c-24c1-4bb5-9cae-e2855fcce4f3 None None] image_cache_sqlite_db = cache.db {{(pid=99764) log_opt_values /opt/stack/data/venv/lib/python3.12/site-packages/oslo_config/cfg.py:3242}}
Jul 22 06:06:54.215590 np0000005627 devstack@g-api.service[99764]: DEBUG glance.common.config [None req-f500ea1c-24c1-4bb5-9cae-e2855fcce4f3 None None] image_cache_stall_time = 86400 {{(pid=99764) log_opt_values /opt/stack/data/venv/lib/python3.12/site-packages/oslo_config/cfg.py:3242}}
Jul 22 06:06:54.215679 np0000005627 devstack@g-api.service[99764]: DEBUG glance.common.config [None req-f500ea1c-24c1-4bb5-9cae-e2855fcce4f3 None None] image_location_quota = 10 {{(pid=99764) log_opt_values /opt/stack/data/venv/lib/python3.12/site-packages/oslo_config/cfg.py:3242}}
Jul 22 06:06:54.215771 np0000005627 devstack@g-api.service[99764]: DEBUG glance.common.config [None req-f500ea1c-24c1-4bb5-9cae-e2855fcce4f3 None None] image_member_quota = 128 {{(pid=99764) log_opt_values /opt/stack/data/venv/lib/python3.12/site-packages/oslo_config/cfg.py:3242}}
Jul 22 06:06:54.215859 np0000005627 devstack@g-api.service[99764]: DEBUG glance.common.config [None req-f500ea1c-24c1-4bb5-9cae-e2855fcce4f3 None None] image_property_quota = 128 {{(pid=99764) log_opt_values /opt/stack/data/venv/lib/python3.12/site-packages/oslo_config/cfg.py:3242}}
Jul 22 06:06:54.215954 np0000005627 devstack@g-api.service[99764]: DEBUG glance.common.config [None req-f500ea1c-24c1-4bb5-9cae-e2855fcce4f3 None None] image_size_cap = 1099511627776 {{(pid=99764) log_opt_values /opt/stack/data/venv/lib/python3.12/site-packages/oslo_config/cfg.py:3242}}
Jul 22 06:06:54.216043 np0000005627 devstack@g-api.service[99764]: DEBUG glance.common.config [None req-f500ea1c-24c1-4bb5-9cae-e2855fcce4f3 None None] image_tag_quota = 128 {{(pid=99764) log_opt_values /opt/stack/data/venv/lib/python3.12/site-packages/oslo_config/cfg.py:3242}}
Jul 22 06:06:54.216137 np0000005627 devstack@g-api.service[99764]: DEBUG glance.common.config [None req-f500ea1c-24c1-4bb5-9cae-e2855fcce4f3 None None] instance_format = [instance: %(uuid)s] {{(pid=99764) log_opt_values /opt/stack/data/venv/lib/python3.12/site-packages/oslo_config/cfg.py:3242}}
Jul 22 06:06:54.216240 np0000005627 devstack@g-api.service[99764]: DEBUG glance.common.config [None req-f500ea1c-24c1-4bb5-9cae-e2855fcce4f3 None None] instance_uuid_format = [instance: %(uuid)s] {{(pid=99764) log_opt_values /opt/stack/data/venv/lib/python3.12/site-packages/oslo_config/cfg.py:3242}}
Jul 22 06:06:54.216349 np0000005627 devstack@g-api.service[99764]: DEBUG glance.common.config [None req-f500ea1c-24c1-4bb5-9cae-e2855fcce4f3 None None] limit_param_default = 25 {{(pid=99764) log_opt_values /opt/stack/data/venv/lib/python3.12/site-packages/oslo_config/cfg.py:3242}}
Jul 22 06:06:54.216449 np0000005627 devstack@g-api.service[99764]: DEBUG glance.common.config [None req-f500ea1c-24c1-4bb5-9cae-e2855fcce4f3 None None] log_color = False {{(pid=99764) log_opt_values /opt/stack/data/venv/lib/python3.12/site-packages/oslo_config/cfg.py:3242}}
Jul 22 06:06:54.216542 np0000005627 devstack@g-api.service[99764]: DEBUG glance.common.config [None req-f500ea1c-24c1-4bb5-9cae-e2855fcce4f3 None None] log_config_append = None {{(pid=99764) log_opt_values /opt/stack/data/venv/lib/python3.12/site-packages/oslo_config/cfg.py:3242}}
Jul 22 06:06:54.216639 np0000005627 devstack@g-api.service[99764]: DEBUG glance.common.config [None req-f500ea1c-24c1-4bb5-9cae-e2855fcce4f3 None None] log_date_format = %Y-%m-%d %H:%M:%S {{(pid=99764) log_opt_values /opt/stack/data/venv/lib/python3.12/site-packages/oslo_config/cfg.py:3242}}
Jul 22 06:06:54.216728 np0000005627 devstack@g-api.service[99764]: DEBUG glance.common.config [None req-f500ea1c-24c1-4bb5-9cae-e2855fcce4f3 None None] log_dir = None {{(pid=99764) log_opt_values /opt/stack/data/venv/lib/python3.12/site-packages/oslo_config/cfg.py:3242}}
Jul 22 06:06:54.216816 np0000005627 devstack@g-api.service[99764]: DEBUG glance.common.config [None req-f500ea1c-24c1-4bb5-9cae-e2855fcce4f3 None None] log_file = None {{(pid=99764) log_opt_values /opt/stack/data/venv/lib/python3.12/site-packages/oslo_config/cfg.py:3242}}
Jul 22 06:06:54.216905 np0000005627 devstack@g-api.service[99764]: DEBUG glance.common.config [None req-f500ea1c-24c1-4bb5-9cae-e2855fcce4f3 None None] log_rotate_interval = 1 {{(pid=99764) log_opt_values /opt/stack/data/venv/lib/python3.12/site-packages/oslo_config/cfg.py:3242}}
Jul 22 06:06:54.217001 np0000005627 devstack@g-api.service[99764]: DEBUG glance.common.config [None req-f500ea1c-24c1-4bb5-9cae-e2855fcce4f3 None None] log_rotate_interval_type = days {{(pid=99764) log_opt_values /opt/stack/data/venv/lib/python3.12/site-packages/oslo_config/cfg.py:3242}}
Jul 22 06:06:54.217096 np0000005627 devstack@g-api.service[99764]: DEBUG glance.common.config [None req-f500ea1c-24c1-4bb5-9cae-e2855fcce4f3 None None] log_rotation_type = none {{(pid=99764) log_opt_values /opt/stack/data/venv/lib/python3.12/site-packages/oslo_config/cfg.py:3242}}
Jul 22 06:06:54.217172 np0000005627 devstack@g-api.service[99764]: DEBUG glance.common.config [None req-f500ea1c-24c1-4bb5-9cae-e2855fcce4f3 None None] logging_context_format_string = %(color)s%(levelname)s %(name)s [%(global_request_id)s %(request_id)s %(project_name)s %(user_name)s%(color)s] %(instance)s%(color)s%(message)s {{(pid=99764) log_opt_values /opt/stack/data/venv/lib/python3.12/site-packages/oslo_config/cfg.py:3242}}
Jul 22 06:06:54.217253 np0000005627 devstack@g-api.service[99764]: DEBUG glance.common.config [None req-f500ea1c-24c1-4bb5-9cae-e2855fcce4f3 None None] logging_debug_format_suffix = {{(pid=%(process)d) %(funcName)s %(pathname)s:%(lineno)d}} {{(pid=99764) log_opt_values /opt/stack/data/venv/lib/python3.12/site-packages/oslo_config/cfg.py:3242}}
Jul 22 06:06:54.217369 np0000005627 devstack@g-api.service[99764]: DEBUG glance.common.config [None req-f500ea1c-24c1-4bb5-9cae-e2855fcce4f3 None None] logging_default_format_string = %(color)s%(levelname)s %(name)s [-%(color)s] %(instance)s%(color)s%(message)s {{(pid=99764) log_opt_values /opt/stack/data/venv/lib/python3.12/site-packages/oslo_config/cfg.py:3242}}
Jul 22 06:06:54.217465 np0000005627 devstack@g-api.service[99764]: DEBUG glance.common.config [None req-f500ea1c-24c1-4bb5-9cae-e2855fcce4f3 None None] logging_exception_prefix = ERROR %(name)s %(instance)s {{(pid=99764) log_opt_values /opt/stack/data/venv/lib/python3.12/site-packages/oslo_config/cfg.py:3242}}
Jul 22 06:06:54.217533 np0000005627 devstack@g-api.service[99764]: DEBUG glance.common.config [None req-f500ea1c-24c1-4bb5-9cae-e2855fcce4f3 None None] logging_user_identity_format = %(user)s %(project)s %(domain)s %(system_scope)s %(user_domain)s %(project_domain)s {{(pid=99764) log_opt_values /opt/stack/data/venv/lib/python3.12/site-packages/oslo_config/cfg.py:3242}}
Jul 22 06:06:54.217624 np0000005627 devstack@g-api.service[99764]: DEBUG glance.common.config [None req-f500ea1c-24c1-4bb5-9cae-e2855fcce4f3 None None] max_logfile_count = 30 {{(pid=99764) log_opt_values /opt/stack/data/venv/lib/python3.12/site-packages/oslo_config/cfg.py:3242}}
Jul 22 06:06:54.217713 np0000005627 devstack@g-api.service[99764]: DEBUG glance.common.config [None req-f500ea1c-24c1-4bb5-9cae-e2855fcce4f3 None None] max_logfile_size_mb = 200 {{(pid=99764) log_opt_values /opt/stack/data/venv/lib/python3.12/site-packages/oslo_config/cfg.py:3242}}
Jul 22 06:06:54.217801 np0000005627 devstack@g-api.service[99764]: DEBUG glance.common.config [None req-f500ea1c-24c1-4bb5-9cae-e2855fcce4f3 None None] max_request_id_length = 64 {{(pid=99764) log_opt_values /opt/stack/data/venv/lib/python3.12/site-packages/oslo_config/cfg.py:3242}}
Jul 22 06:06:54.217888 np0000005627 devstack@g-api.service[99764]: DEBUG glance.common.config [None req-f500ea1c-24c1-4bb5-9cae-e2855fcce4f3 None None] metadata_encryption_key = **** {{(pid=99764) log_opt_values /opt/stack/data/venv/lib/python3.12/site-packages/oslo_config/cfg.py:3242}}
Jul 22 06:06:54.217980 np0000005627 devstack@g-api.service[99764]: DEBUG glance.common.config [None req-f500ea1c-24c1-4bb5-9cae-e2855fcce4f3 None None] node_staging_uri = file:///tmp/staging/ {{(pid=99764) log_opt_values /opt/stack/data/venv/lib/python3.12/site-packages/oslo_config/cfg.py:3242}}
Jul 22 06:06:54.218068 np0000005627 devstack@g-api.service[99764]: DEBUG glance.common.config [None req-f500ea1c-24c1-4bb5-9cae-e2855fcce4f3 None None] property_protection_file = None {{(pid=99764) log_opt_values /opt/stack/data/venv/lib/python3.12/site-packages/oslo_config/cfg.py:3242}}
Jul 22 06:06:54.218161 np0000005627 devstack@g-api.service[99764]: DEBUG glance.common.config [None req-f500ea1c-24c1-4bb5-9cae-e2855fcce4f3 None None] property_protection_rule_format = roles {{(pid=99764) log_opt_values /opt/stack/data/venv/lib/python3.12/site-packages/oslo_config/cfg.py:3242}}
Jul 22 06:06:54.218270 np0000005627 devstack@g-api.service[99764]: DEBUG glance.common.config [None req-f500ea1c-24c1-4bb5-9cae-e2855fcce4f3 None None] public_endpoint = https://10.4.3.112/image {{(pid=99764) log_opt_values /opt/stack/data/venv/lib/python3.12/site-packages/oslo_config/cfg.py:3242}}
Jul 22 06:06:54.218378 np0000005627 devstack@g-api.service[99764]: DEBUG glance.common.config [None req-f500ea1c-24c1-4bb5-9cae-e2855fcce4f3 None None] publish_errors = False {{(pid=99764) log_opt_values /opt/stack/data/venv/lib/python3.12/site-packages/oslo_config/cfg.py:3242}}
Jul 22 06:06:54.218469 np0000005627 devstack@g-api.service[99764]: DEBUG glance.common.config [None req-f500ea1c-24c1-4bb5-9cae-e2855fcce4f3 None None] pydev_worker_debug_host = None {{(pid=99764) log_opt_values /opt/stack/data/venv/lib/python3.12/site-packages/oslo_config/cfg.py:3242}}
Jul 22 06:06:54.218564 np0000005627 devstack@g-api.service[99764]: DEBUG glance.common.config [None req-f500ea1c-24c1-4bb5-9cae-e2855fcce4f3 None None] pydev_worker_debug_port = 5678 {{(pid=99764) log_opt_values /opt/stack/data/venv/lib/python3.12/site-packages/oslo_config/cfg.py:3242}}
Jul 22 06:06:54.218653 np0000005627 devstack@g-api.service[99764]: DEBUG glance.common.config [None req-f500ea1c-24c1-4bb5-9cae-e2855fcce4f3 None None] rate_limit_burst = 0 {{(pid=99764) log_opt_values /opt/stack/data/venv/lib/python3.12/site-packages/oslo_config/cfg.py:3242}}
Jul 22 06:06:54.218747 np0000005627 devstack@g-api.service[99764]: DEBUG glance.common.config [None req-f500ea1c-24c1-4bb5-9cae-e2855fcce4f3 None None] rate_limit_except_level = CRITICAL {{(pid=99764) log_opt_values /opt/stack/data/venv/lib/python3.12/site-packages/oslo_config/cfg.py:3242}}
Jul 22 06:06:54.218784 np0000005627 devstack@g-api.service[99763]: INFO glance.api.middleware.cache_manage [None req-4030deac-deb9-44d5-98f7-928891236840 None None] Initialized image cache management middleware
Jul 22 06:06:54.218838 np0000005627 devstack@g-api.service[99764]: DEBUG glance.common.config [None req-f500ea1c-24c1-4bb5-9cae-e2855fcce4f3 None None] rate_limit_interval = 0 {{(pid=99764) log_opt_values /opt/stack/data/venv/lib/python3.12/site-packages/oslo_config/cfg.py:3242}}
Jul 22 06:06:54.218927 np0000005627 devstack@g-api.service[99764]: DEBUG glance.common.config [None req-f500ea1c-24c1-4bb5-9cae-e2855fcce4f3 None None] scrub_pool_size = 1 {{(pid=99764) log_opt_values /opt/stack/data/venv/lib/python3.12/site-packages/oslo_config/cfg.py:3242}}
Jul 22 06:06:54.218965 np0000005627 devstack@g-api.service[99763]: INFO glance.image_cache [None req-4030deac-deb9-44d5-98f7-928891236840 None None] Image cache loaded driver 'centralized_db'.
Jul 22 06:06:54.219016 np0000005627 devstack@g-api.service[99764]: DEBUG glance.common.config [None req-f500ea1c-24c1-4bb5-9cae-e2855fcce4f3 None None] scrub_time = 0 {{(pid=99764) log_opt_values /opt/stack/data/venv/lib/python3.12/site-packages/oslo_config/cfg.py:3242}}
Jul 22 06:06:54.219102 np0000005627 devstack@g-api.service[99764]: DEBUG glance.common.config [None req-f500ea1c-24c1-4bb5-9cae-e2855fcce4f3 None None] shell_completion = None {{(pid=99764) log_opt_values /opt/stack/data/venv/lib/python3.12/site-packages/oslo_config/cfg.py:3242}}
Jul 22 06:06:54.219198 np0000005627 devstack@g-api.service[99764]: DEBUG glance.common.config [None req-f500ea1c-24c1-4bb5-9cae-e2855fcce4f3 None None] show_image_direct_url = False {{(pid=99764) log_opt_values /opt/stack/data/venv/lib/python3.12/site-packages/oslo_config/cfg.py:3242}}
Jul 22 06:06:54.219433 np0000005627 devstack@g-api.service[99764]: WARNING oslo_config.cfg [None req-f500ea1c-24c1-4bb5-9cae-e2855fcce4f3 None None] Deprecated: Option "show_multiple_locations" from group "DEFAULT" is deprecated for removal (Use of this option, deprecated since Newton, is a security risk and will be removed once we figure out a way to satisfy those use cases that currently require it. An earlier announcement that the same functionality can be achieved with greater granularity by using policies is incorrect. You cannot work around this option via policy configuration at the present time, though that is the direction we believe the fix will take. Please keep an eye on the Glance release notes to stay up to date on progress in addressing this issue.). Its value may be silently ignored in the future.
Jul 22 06:06:54.219528 np0000005627 devstack@g-api.service[99764]: DEBUG glance.common.config [None req-f500ea1c-24c1-4bb5-9cae-e2855fcce4f3 None None] show_multiple_locations = False {{(pid=99764) log_opt_values /opt/stack/data/venv/lib/python3.12/site-packages/oslo_config/cfg.py:3242}}
Jul 22 06:06:54.219624 np0000005627 devstack@g-api.service[99764]: DEBUG glance.common.config [None req-f500ea1c-24c1-4bb5-9cae-e2855fcce4f3 None None] syslog_log_facility = LOG_USER {{(pid=99764) log_opt_values /opt/stack/data/venv/lib/python3.12/site-packages/oslo_config/cfg.py:3242}}
Jul 22 06:06:54.219719 np0000005627 devstack@g-api.service[99764]: DEBUG glance.common.config [None req-f500ea1c-24c1-4bb5-9cae-e2855fcce4f3 None None] transport_url = **** {{(pid=99764) log_opt_values /opt/stack/data/venv/lib/python3.12/site-packages/oslo_config/cfg.py:3242}}
Jul 22 06:06:54.219809 np0000005627 devstack@g-api.service[99764]: DEBUG glance.common.config [None req-f500ea1c-24c1-4bb5-9cae-e2855fcce4f3 None None] use_journal = False {{(pid=99764) log_opt_values /opt/stack/data/venv/lib/python3.12/site-packages/oslo_config/cfg.py:3242}}
Jul 22 06:06:54.219898 np0000005627 devstack@g-api.service[99764]: DEBUG glance.common.config [None req-f500ea1c-24c1-4bb5-9cae-e2855fcce4f3 None None] use_json = False {{(pid=99764) log_opt_values /opt/stack/data/venv/lib/python3.12/site-packages/oslo_config/cfg.py:3242}}
Jul 22 06:06:54.219991 np0000005627 devstack@g-api.service[99764]: DEBUG glance.common.config [None req-f500ea1c-24c1-4bb5-9cae-e2855fcce4f3 None None] use_keystone_limits = True {{(pid=99764) log_opt_values /opt/stack/data/venv/lib/python3.12/site-packages/oslo_config/cfg.py:3242}}
Jul 22 06:06:54.220082 np0000005627 devstack@g-api.service[99764]: DEBUG glance.common.config [None req-f500ea1c-24c1-4bb5-9cae-e2855fcce4f3 None None] use_stderr = False {{(pid=99764) log_opt_values /opt/stack/data/venv/lib/python3.12/site-packages/oslo_config/cfg.py:3242}}
Jul 22 06:06:54.220191 np0000005627 devstack@g-api.service[99764]: DEBUG glance.common.config [None req-f500ea1c-24c1-4bb5-9cae-e2855fcce4f3 None None] use_syslog = False {{(pid=99764) log_opt_values /opt/stack/data/venv/lib/python3.12/site-packages/oslo_config/cfg.py:3242}}
Jul 22 06:06:54.220294 np0000005627 devstack@g-api.service[99764]: DEBUG glance.common.config [None req-f500ea1c-24c1-4bb5-9cae-e2855fcce4f3 None None] user_storage_quota = 0 {{(pid=99764) log_opt_values /opt/stack/data/venv/lib/python3.12/site-packages/oslo_config/cfg.py:3242}}
Jul 22 06:06:54.220401 np0000005627 devstack@g-api.service[99764]: DEBUG glance.common.config [None req-f500ea1c-24c1-4bb5-9cae-e2855fcce4f3 None None] worker_self_reference_url = http://127.0.0.1:60999 {{(pid=99764) log_opt_values /opt/stack/data/venv/lib/python3.12/site-packages/oslo_config/cfg.py:3242}}
Jul 22 06:06:54.220655 np0000005627 devstack@g-api.service[99764]: DEBUG glance.common.config [None req-f500ea1c-24c1-4bb5-9cae-e2855fcce4f3 None None] oslo_concurrency.disable_process_locking = False {{(pid=99764) log_opt_values /opt/stack/data/venv/lib/python3.12/site-packages/oslo_config/cfg.py:3253}}
Jul 22 06:06:54.220763 np0000005627 devstack@g-api.service[99764]: DEBUG glance.common.config [None req-f500ea1c-24c1-4bb5-9cae-e2855fcce4f3 None None] oslo_concurrency.lock_path = /opt/stack/data/glance/locks {{(pid=99764) log_opt_values /opt/stack/data/venv/lib/python3.12/site-packages/oslo_config/cfg.py:3253}}
Jul 22 06:06:54.220862 np0000005627 devstack@g-api.service[99764]: DEBUG glance.common.config [None req-f500ea1c-24c1-4bb5-9cae-e2855fcce4f3 None None] oslo_middleware.enable_proxy_headers_parsing = False {{(pid=99764) log_opt_values /opt/stack/data/venv/lib/python3.12/site-packages/oslo_config/cfg.py:3253}}
Jul 22 06:06:54.220999 np0000005627 devstack@g-api.service[99764]: DEBUG glance.common.config [None req-f500ea1c-24c1-4bb5-9cae-e2855fcce4f3 None None] oslo_middleware.http_basic_auth_user_file = /etc/htpasswd {{(pid=99764) log_opt_values /opt/stack/data/venv/lib/python3.12/site-packages/oslo_config/cfg.py:3253}}
Jul 22 06:06:54.221106 np0000005627 devstack@g-api.service[99764]: DEBUG glance.common.config [None req-f500ea1c-24c1-4bb5-9cae-e2855fcce4f3 None None] paste_deploy.config_file = None {{(pid=99764) log_opt_values /opt/stack/data/venv/lib/python3.12/site-packages/oslo_config/cfg.py:3253}}
Jul 22 06:06:54.221214 np0000005627 devstack@g-api.service[99764]: DEBUG glance.common.config [None req-f500ea1c-24c1-4bb5-9cae-e2855fcce4f3 None None] paste_deploy.flavor = keystone+cachemanagement {{(pid=99764) log_opt_values /opt/stack/data/venv/lib/python3.12/site-packages/oslo_config/cfg.py:3253}}
Jul 22 06:06:54.221412 np0000005627 devstack@g-api.service[99764]: DEBUG glance.common.config [None req-f500ea1c-24c1-4bb5-9cae-e2855fcce4f3 None None] image_format.container_formats = ['ami', 'ari', 'aki', 'bare', 'ovf', 'ova', 'docker', 'compressed'] {{(pid=99764) log_opt_values /opt/stack/data/venv/lib/python3.12/site-packages/oslo_config/cfg.py:3253}}
Jul 22 06:06:54.221648 np0000005627 devstack@g-api.service[99764]: DEBUG glance.common.config [None req-f500ea1c-24c1-4bb5-9cae-e2855fcce4f3 None None] image_format.disk_formats = ['ami', 'ari', 'aki', 'vhd', 'vhdx', 'vmdk', 'raw', 'qcow2', 'vdi', 'iso', 'ploop'] {{(pid=99764) log_opt_values /opt/stack/data/venv/lib/python3.12/site-packages/oslo_config/cfg.py:3253}}
Jul 22 06:06:54.221735 np0000005627 devstack@g-api.service[99764]: DEBUG glance.common.config [None req-f500ea1c-24c1-4bb5-9cae-e2855fcce4f3 None None] image_format.gpt_safety_checks_nonfatal = [] {{(pid=99764) log_opt_values /opt/stack/data/venv/lib/python3.12/site-packages/oslo_config/cfg.py:3253}}
Jul 22 06:06:54.221834 np0000005627 devstack@g-api.service[99764]: DEBUG glance.common.config [None req-f500ea1c-24c1-4bb5-9cae-e2855fcce4f3 None None] image_format.require_image_format_match = True {{(pid=99764) log_opt_values /opt/stack/data/venv/lib/python3.12/site-packages/oslo_config/cfg.py:3253}}
Jul 22 06:06:54.221937 np0000005627 devstack@g-api.service[99764]: DEBUG glance.common.config [None req-f500ea1c-24c1-4bb5-9cae-e2855fcce4f3 None None] image_format.vmdk_allowed_types = ['streamOptimized', 'monolithicSparse'] {{(pid=99764) log_opt_values /opt/stack/data/venv/lib/python3.12/site-packages/oslo_config/cfg.py:3253}}
Jul 22 06:06:54.222041 np0000005627 devstack@g-api.service[99764]: DEBUG glance.common.config [None req-f500ea1c-24c1-4bb5-9cae-e2855fcce4f3 None None] task.task_executor = taskflow {{(pid=99764) log_opt_values /opt/stack/data/venv/lib/python3.12/site-packages/oslo_config/cfg.py:3253}}
Jul 22 06:06:54.222138 np0000005627 devstack@g-api.service[99764]: DEBUG glance.common.config [None req-f500ea1c-24c1-4bb5-9cae-e2855fcce4f3 None None] task.task_time_to_live = 48 {{(pid=99764) log_opt_values /opt/stack/data/venv/lib/python3.12/site-packages/oslo_config/cfg.py:3253}}
Jul 22 06:06:54.222245 np0000005627 devstack@g-api.service[99764]: DEBUG glance.common.config [None req-f500ea1c-24c1-4bb5-9cae-e2855fcce4f3 None None] task.work_dir = None {{(pid=99764) log_opt_values /opt/stack/data/venv/lib/python3.12/site-packages/oslo_config/cfg.py:3253}}
Jul 22 06:06:54.222369 np0000005627 devstack@g-api.service[99764]: DEBUG glance.common.config [None req-f500ea1c-24c1-4bb5-9cae-e2855fcce4f3 None None] wsgi.python_interpreter = /opt/stack/data/venv/bin/python3 {{(pid=99764) log_opt_values /opt/stack/data/venv/lib/python3.12/site-packages/oslo_config/cfg.py:3253}}
Jul 22 06:06:54.222464 np0000005627 devstack@g-api.service[99764]: DEBUG glance.common.config [None req-f500ea1c-24c1-4bb5-9cae-e2855fcce4f3 None None] wsgi.task_pool_threads = 16 {{(pid=99764) log_opt_values /opt/stack/data/venv/lib/python3.12/site-packages/oslo_config/cfg.py:3253}}
Jul 22 06:06:54.222561 np0000005627 devstack@g-api.service[99764]: DEBUG glance.common.config [None req-f500ea1c-24c1-4bb5-9cae-e2855fcce4f3 None None] import_filtering_opts.allowed_hosts = [] {{(pid=99764) log_opt_values /opt/stack/data/venv/lib/python3.12/site-packages/oslo_config/cfg.py:3253}}
Jul 22 06:06:54.222657 np0000005627 devstack@g-api.service[99764]: DEBUG glance.common.config [None req-f500ea1c-24c1-4bb5-9cae-e2855fcce4f3 None None] import_filtering_opts.allowed_ports = [80, 443] {{(pid=99764) log_opt_values /opt/stack/data/venv/lib/python3.12/site-packages/oslo_config/cfg.py:3253}}
Jul 22 06:06:54.222762 np0000005627 devstack@g-api.service[99764]: DEBUG glance.common.config [None req-f500ea1c-24c1-4bb5-9cae-e2855fcce4f3 None None] import_filtering_opts.allowed_schemes = ['http', 'https'] {{(pid=99764) log_opt_values /opt/stack/data/venv/lib/python3.12/site-packages/oslo_config/cfg.py:3253}}
Jul 22 06:06:54.222853 np0000005627 devstack@g-api.service[99764]: DEBUG glance.common.config [None req-f500ea1c-24c1-4bb5-9cae-e2855fcce4f3 None None] import_filtering_opts.disallowed_hosts = [] {{(pid=99764) log_opt_values /opt/stack/data/venv/lib/python3.12/site-packages/oslo_config/cfg.py:3253}}
Jul 22 06:06:54.222943 np0000005627 devstack@g-api.service[99764]: DEBUG glance.common.config [None req-f500ea1c-24c1-4bb5-9cae-e2855fcce4f3 None None] import_filtering_opts.disallowed_ports = [] {{(pid=99764) log_opt_values /opt/stack/data/venv/lib/python3.12/site-packages/oslo_config/cfg.py:3253}}
Jul 22 06:06:54.223033 np0000005627 devstack@g-api.service[99764]: DEBUG glance.common.config [None req-f500ea1c-24c1-4bb5-9cae-e2855fcce4f3 None None] import_filtering_opts.disallowed_schemes = [] {{(pid=99764) log_opt_values /opt/stack/data/venv/lib/python3.12/site-packages/oslo_config/cfg.py:3253}}
Jul 22 06:06:54.223136 np0000005627 devstack@g-api.service[99764]: DEBUG glance.common.config [None req-f500ea1c-24c1-4bb5-9cae-e2855fcce4f3 None None] oslo_messaging_metrics.metrics_buffer_size = 1000 {{(pid=99764) log_opt_values /opt/stack/data/venv/lib/python3.12/site-packages/oslo_config/cfg.py:3253}}
