May 27 05:56:29.960435 np0000001490 devstack@c-api.service[96277]: /opt/stack/data/venv/lib/python3.12/site-packages/oslo_context/context.py:102: DeprecationWarning: Policy enforcement is depending on the value of is_admin. This key is deprecated. Please update your policy file to use the standard policy values.
May 27 05:56:29.960435 np0000001490 devstack@c-api.service[96277]: warnings.warn(
May 27 05:56:29.964825 np0000001490 devstack@c-api.service[96276]: DEBUG cinder.quota [None req-078dfa92-1892-47b6-98eb-c49fe7f44620 tempest-GroupSnapshotsTest-183308220 tempest-GroupSnapshotsTest-183308220-project-member] Created reservations ['bbeea7f3-ca18-4250-bd1f-c6f515b87cd7', 'af72445a-33b0-44ce-a70e-04fb04b89207'] {{(pid=96276) reserve /opt/stack/cinder/cinder/quota.py:752}}
May 27 05:56:29.965395 np0000001490 devstack@c-api.service[96276]: DEBUG cinder.volume.api [None req-078dfa92-1892-47b6-98eb-c49fe7f44620 tempest-GroupSnapshotsTest-183308220 tempest-GroupSnapshotsTest-183308220-project-member] Task 'cinder.volume.flows.api.create_volume.QuotaReserveTask;volume:create' (bb6ffcba-0e3c-48ce-b3c7-c430c7222e59) transitioned into state 'SUCCESS' from state 'RUNNING' with result '{'reservations': ['bbeea7f3-ca18-4250-bd1f-c6f515b87cd7', 'af72445a-33b0-44ce-a70e-04fb04b89207']}' {{(pid=96276) _task_receiver /opt/stack/data/venv/lib/python3.12/site-packages/taskflow/listeners/logging.py:218}}
May 27 05:56:29.965532 np0000001490 devstack@c-api.service[96277]: INFO cinder.volume.api [None req-d16db41d-7f09-4b36-9ed5-6e983108b6b3 tempest-TestStampPattern-1742902800 tempest-TestStampPattern-1742902800-project-member] Volume info retrieved successfully.
May 27 05:56:29.966098 np0000001490 devstack@c-api.service[96276]: DEBUG cinder.volume.api [None req-078dfa92-1892-47b6-98eb-c49fe7f44620 tempest-GroupSnapshotsTest-183308220 tempest-GroupSnapshotsTest-183308220-project-member] Task 'cinder.volume.flows.api.create_volume.EntryCreateTask;volume:create' (4ffe0f27-2f30-4aec-ad5d-d0a218c7e0d9) transitioned into state 'RUNNING' from state 'PENDING' {{(pid=96276) _task_receiver /opt/stack/data/venv/lib/python3.12/site-packages/taskflow/listeners/logging.py:242}}
May 27 05:56:29.971808 np0000001490 devstack@c-api.service[96277]: INFO cinder.api.openstack.wsgi [None req-d16db41d-7f09-4b36-9ed5-6e983108b6b3 tempest-TestStampPattern-1742902800 tempest-TestStampPattern-1742902800-project-member] https://10.4.3.30/volume/v3/volumes/6d269172-da64-4893-9c8e-55aa88c24ce5 returned with HTTP 200
May 27 05:56:29.972478 np0000001490 devstack@c-api.service[96277]: [pid: 96277|app: 0|req: 214/425] 10.4.3.30 () {66 vars in 1341 bytes} [Wed May 27 05:56:29 2026] GET /volume/v3/volumes/6d269172-da64-4893-9c8e-55aa88c24ce5 => generated 838 bytes in 31 msecs (HTTP/1.1 200) 7 headers in 285 bytes (1 switches on core 0)
May 27 05:56:29.995879 np0000001490 devstack@c-api.service[96276]: DEBUG cinder.volume.api [None req-078dfa92-1892-47b6-98eb-c49fe7f44620 tempest-GroupSnapshotsTest-183308220 tempest-GroupSnapshotsTest-183308220-project-member] Task 'cinder.volume.flows.api.create_volume.EntryCreateTask;volume:create' (4ffe0f27-2f30-4aec-ad5d-d0a218c7e0d9) transitioned into state 'SUCCESS' from state 'RUNNING' with result '{'volume_id': '03baaf61-5f3c-4b0f-82a3-a5c9b2d35d67', 'volume_properties': VolumeProperties(attach_status='detached',availability_zone='nova',cgsnapshot_id=None,consistencygroup_id=None,display_description=None,display_name=None,encryption_key_id=None,group_id=16ba473f-1679-4ed0-9280-53f5a3c008cd,group_type_id=,metadata={},multiattach=False,project_id='cf973ee17b924096a8bf9a0fbeea1c31',qos_specs=None,replication_status=,reservations=['bbeea7f3-ca18-4250-bd1f-c6f515b87cd7','af72445a-33b0-44ce-a70e-04fb04b89207'],size=1,snapshot_id=5f30a104-031d-4945-904f-0d0c78e18f70,source_replicaid=,source_volid=None,status='creating',user_id='2684cdc6aa14457e98aba76f60c4f709',volume_type_id=340e8dbf-2992-4ce1-8607-f502a5df02f9), 'volume': Volume(_name_id=None,admin_metadata=,attach_status='detached',availability_zone='nova',bootable=False,cluster=,cluster_name=None,consistencygroup=,consistencygroup_id=None,created_at=2026-05-27T05:56:29Z,deleted=False,deleted_at=None,display_description=None,display_name=None,ec2_id=None,encryption_key_id=None,glance_metadata=,group=,group_id=16ba473f-1679-4ed0-9280-53f5a3c008cd,host=None,id=03baaf61-5f3c-4b0f-82a3-a5c9b2d35d67,launched_at=None,metadata={},migration_status=None,multiattach=False,previous_status=None,project_id='cf973ee17b924096a8bf9a0fbeea1c31',provider_auth=None,provider_geometry=None,provider_id=None,provider_location=None,replication_driver_data=None,replication_extended_status=None,replication_status=None,scheduled_at=None,service_uuid=None,shared_targets=True,size=1,snapshot_id=5f30a104-031d-4945-904f-0d0c78e18f70,snapshots=,source_volid=None,status='creating',terminated_at=None,updated_at=None,use_quota=True,user_id='2684cdc6aa14457e98aba76f60c4f709',volume_attachment=VolumeAttachmentList,volume_type=VolumeType(340e8dbf-2992-4ce1-8607-f502a5df02f9),volume_type_id=340e8dbf-2992-4ce1-8607-f502a5df02f9)}' {{(pid=96276) _task_receiver /opt/stack/data/venv/lib/python3.12/site-packages/taskflow/listeners/logging.py:218}}
May 27 05:56:29.996677 np0000001490 devstack@c-api.service[96276]: DEBUG cinder.volume.api [None req-078dfa92-1892-47b6-98eb-c49fe7f44620 tempest-GroupSnapshotsTest-183308220 tempest-GroupSnapshotsTest-183308220-project-member] Task 'cinder.volume.flows.api.create_volume.QuotaCommitTask;volume:create' (a451e15d-f764-4e77-bb3e-57a722290d14) transitioned into state 'RUNNING' from state 'PENDING' {{(pid=96276) _task_receiver /opt/stack/data/venv/lib/python3.12/site-packages/taskflow/listeners/logging.py:242}}
May 27 05:56:30.013291 np0000001490 devstack@c-api.service[96277]: DEBUG cinder.api.middleware.request_id [None req-1d16e723-0247-408f-8f14-7c2577904d30 None None] RequestId filter calling following filter/app {{(pid=96277) _context_setter /opt/stack/cinder/cinder/api/middleware/request_id.py:62}}
May 27 05:56:30.013850 np0000001490 devstack@c-api.service[96277]: INFO cinder.api.openstack.wsgi [None req-1d16e723-0247-408f-8f14-7c2577904d30 None None] GET https://10.4.3.30/volume//
May 27 05:56:30.014209 np0000001490 devstack@c-api.service[96277]: DEBUG cinder.api.openstack.wsgi [None req-1d16e723-0247-408f-8f14-7c2577904d30 None None] Empty body provided in request {{(pid=96277) get_body /opt/stack/cinder/cinder/api/openstack/wsgi.py:725}}
May 27 05:56:30.014461 np0000001490 devstack@c-api.service[96277]: DEBUG cinder.api.openstack.wsgi [None req-1d16e723-0247-408f-8f14-7c2577904d30 None None] Calling method 'all' {{(pid=96277) _process_stack /opt/stack/cinder/cinder/api/openstack/wsgi.py:878}}
May 27 05:56:30.015052 np0000001490 devstack@c-api.service[96277]: INFO cinder.api.openstack.wsgi [None req-1d16e723-0247-408f-8f14-7c2577904d30 None None] https://10.4.3.30/volume// returned with HTTP 300
May 27 05:56:30.015414 np0000001490 devstack@c-api.service[96277]: [pid: 96277|app: 0|req: 215/426] 10.4.3.30 () {66 vars in 1421 bytes} [Wed May 27 05:56:30 2026] GET /volume/ => generated 385 bytes in 3 msecs (HTTP/1.1 300) 7 headers in 299 bytes (1 switches on core 0)
May 27 05:56:30.016166 np0000001490 devstack@c-api.service[96276]: DEBUG cinder.volume.api [None req-078dfa92-1892-47b6-98eb-c49fe7f44620 tempest-GroupSnapshotsTest-183308220 tempest-GroupSnapshotsTest-183308220-project-member] Task 'cinder.volume.flows.api.create_volume.QuotaCommitTask;volume:create' (a451e15d-f764-4e77-bb3e-57a722290d14) transitioned into state 'SUCCESS' from state 'RUNNING' with result '{'volume_properties': VolumeProperties(attach_status='detached',availability_zone='nova',cgsnapshot_id=None,consistencygroup_id=None,display_description=None,display_name=None,encryption_key_id=None,group_id=16ba473f-1679-4ed0-9280-53f5a3c008cd,group_type_id=,metadata={},multiattach=False,project_id='cf973ee17b924096a8bf9a0fbeea1c31',qos_specs=None,replication_status=,reservations=['bbeea7f3-ca18-4250-bd1f-c6f515b87cd7','af72445a-33b0-44ce-a70e-04fb04b89207'],size=1,snapshot_id=5f30a104-031d-4945-904f-0d0c78e18f70,source_replicaid=,source_volid=None,status='creating',user_id='2684cdc6aa14457e98aba76f60c4f709',volume_type_id=340e8dbf-2992-4ce1-8607-f502a5df02f9)}' {{(pid=96276) _task_receiver /opt/stack/data/venv/lib/python3.12/site-packages/taskflow/listeners/logging.py:218}}
May 27 05:56:30.017120 np0000001490 devstack@c-api.service[96276]: DEBUG cinder.volume.api [None req-078dfa92-1892-47b6-98eb-c49fe7f44620 tempest-GroupSnapshotsTest-183308220 tempest-GroupSnapshotsTest-183308220-project-member] Flow 'volume_create_api' (b1b59607-6487-4104-864b-d297be121280) transitioned into state 'SUCCESS' from state 'RUNNING' {{(pid=96276) _flow_receiver /opt/stack/data/venv/lib/python3.12/site-packages/taskflow/listeners/logging.py:160}}
May 27 05:56:30.017483 np0000001490 devstack@c-api.service[96276]: INFO cinder.volume.api [None req-078dfa92-1892-47b6-98eb-c49fe7f44620 tempest-GroupSnapshotsTest-183308220 tempest-GroupSnapshotsTest-183308220-project-member] Create volume request issued successfully.
May 27 05:56:30.022981 np0000001490 devstack@c-api.service[96277]: DEBUG cinder.api.middleware.request_id [req-fab9dda3-52cd-4cd5-9f25-074f53842aa7 req-e0cfcbb6-4c61-43fe-b4fb-f4f38ee849d2 None None] RequestId filter calling following filter/app {{(pid=96277) _context_setter /opt/stack/cinder/cinder/api/middleware/request_id.py:62}}
May 27 05:56:30.025511 np0000001490 devstack@c-api.service[96277]: INFO cinder.api.openstack.wsgi [req-fab9dda3-52cd-4cd5-9f25-074f53842aa7 req-e0cfcbb6-4c61-43fe-b4fb-f4f38ee849d2 tempest-TaggedAttachmentsTest-1684122008 tempest-TaggedAttachmentsTest-1684122008-project-member] POST https://10.4.3.30/volume/v3/attachments
May 27 05:56:30.026025 np0000001490 devstack@c-api.service[96277]: DEBUG cinder.api.openstack.wsgi [req-fab9dda3-52cd-4cd5-9f25-074f53842aa7 req-e0cfcbb6-4c61-43fe-b4fb-f4f38ee849d2 tempest-TaggedAttachmentsTest-1684122008 tempest-TaggedAttachmentsTest-1684122008-project-member] Action: 'create', calling method: version_select, body: {"attachment": {"volume_uuid": "78d82812-3693-4db1-be57-f0055a1d9ec2", "connector": null, "instance_uuid": "dcdfc400-c2c7-4843-b2f6-9834f7c22d47"}} {{(pid=96277) _process_stack /opt/stack/cinder/cinder/api/openstack/wsgi.py:876}}
May 27 05:56:30.031178 np0000001490 devstack@c-api.service[96276]: INFO cinder.api.openstack.wsgi [None req-078dfa92-1892-47b6-98eb-c49fe7f44620 tempest-GroupSnapshotsTest-183308220 tempest-GroupSnapshotsTest-183308220-project-member] https://10.4.3.30/volume/v3/groups/action returned with HTTP 202
May 27 05:56:30.031904 np0000001490 devstack@c-api.service[96276]: [pid: 96276|app: 0|req: 212/427] 10.4.3.30 () {70 vars in 1311 bytes} [Wed May 27 05:56:29 2026] POST /volume/v3/groups/action => generated 103 bytes in 798 msecs (HTTP/1.1 202) 7 headers in 292 bytes (1 switches on core 0)
May 27 05:56:30.037328 np0000001490 devstack@c-api.service[96277]: /opt/stack/data/venv/lib/python3.12/site-packages/oslo_context/context.py:102: DeprecationWarning: Policy enforcement is depending on the value of is_admin. This key is deprecated. Please update your policy file to use the standard policy values.
May 27 05:56:30.037328 np0000001490 devstack@c-api.service[96277]: warnings.warn(
May 27 05:56:30.044890 np0000001490 devstack@c-api.service[96276]: DEBUG cinder.api.middleware.request_id [None req-1f9be122-8e48-4968-8ec0-0dc33799eb5e None None] RequestId filter calling following filter/app {{(pid=96276) _context_setter /opt/stack/cinder/cinder/api/middleware/request_id.py:62}}
May 27 05:56:30.047041 np0000001490 devstack@c-api.service[96276]: INFO cinder.api.openstack.wsgi [None req-1f9be122-8e48-4968-8ec0-0dc33799eb5e tempest-GroupSnapshotsTest-183308220 tempest-GroupSnapshotsTest-183308220-project-member] GET https://10.4.3.30/volume/v3/volumes/detail
May 27 05:56:30.047176 np0000001490 devstack@c-api.service[96276]: DEBUG cinder.api.openstack.wsgi [None req-1f9be122-8e48-4968-8ec0-0dc33799eb5e tempest-GroupSnapshotsTest-183308220 tempest-GroupSnapshotsTest-183308220-project-member] Empty body provided in request {{(pid=96276) get_body /opt/stack/cinder/cinder/api/openstack/wsgi.py:725}}
May 27 05:56:30.048389 np0000001490 devstack@c-api.service[96276]: DEBUG cinder.api.openstack.wsgi [None req-1f9be122-8e48-4968-8ec0-0dc33799eb5e tempest-GroupSnapshotsTest-183308220 tempest-GroupSnapshotsTest-183308220-project-member] Calling method 'detail' {{(pid=96276) _process_stack /opt/stack/cinder/cinder/api/openstack/wsgi.py:878}}
May 27 05:56:30.048389 np0000001490 devstack@c-api.service[96276]: DEBUG cinder.api.api_utils [None req-1f9be122-8e48-4968-8ec0-0dc33799eb5e tempest-GroupSnapshotsTest-183308220 tempest-GroupSnapshotsTest-183308220-project-member] Removing options '' from query. {{(pid=96276) remove_invalid_filter_options /opt/stack/cinder/cinder/api/api_utils.py:82}}
May 27 05:56:30.048389 np0000001490 devstack@c-api.service[96276]: /opt/stack/data/venv/lib/python3.12/site-packages/oslo_context/context.py:102: DeprecationWarning: Policy enforcement is depending on the value of is_admin. This key is deprecated. Please update your policy file to use the standard policy values.
May 27 05:56:30.048389 np0000001490 devstack@c-api.service[96276]: warnings.warn(
May 27 05:56:30.048959 np0000001490 devstack@c-api.service[96276]: DEBUG cinder.volume.api [None req-1f9be122-8e48-4968-8ec0-0dc33799eb5e tempest-GroupSnapshotsTest-183308220 tempest-GroupSnapshotsTest-183308220-project-member] Searching by: MultiDict([('no_migration_targets', True)]). {{(pid=96276) get_all /opt/stack/cinder/cinder/volume/api.py:663}}
May 27 05:56:30.057635 np0000001490 devstack@c-api.service[96276]: INFO cinder.volume.api [None req-1f9be122-8e48-4968-8ec0-0dc33799eb5e tempest-GroupSnapshotsTest-183308220 tempest-GroupSnapshotsTest-183308220-project-member] Get all volumes completed successfully.
May 27 05:56:30.058239 np0000001490 devstack@c-api.service[96276]: WARNING stevedore.named [None req-1f9be122-8e48-4968-8ec0-0dc33799eb5e tempest-GroupSnapshotsTest-183308220 tempest-GroupSnapshotsTest-183308220-project-member] Could not load cinder.keymgr.conf_key_mgr.ConfKeyManager
May 27 05:56:30.058425 np0000001490 devstack@c-api.service[96276]: WARNING castellan.key_manager [None req-1f9be122-8e48-4968-8ec0-0dc33799eb5e tempest-GroupSnapshotsTest-183308220 tempest-GroupSnapshotsTest-183308220-project-member] Deprecation Warning : cinder.keymgr.conf_key_mgr.ConfKeyManager is not a stevedore based driver, trying to load it as a class: stevedore.exception.NoMatches: No 'castellan.drivers' driver found, looking for 'cinder.keymgr.conf_key_mgr.ConfKeyManager'
May 27 05:56:30.074414 np0000001490 devstack@c-api.service[96277]: INFO cinder.api.openstack.wsgi [req-fab9dda3-52cd-4cd5-9f25-074f53842aa7 req-e0cfcbb6-4c61-43fe-b4fb-f4f38ee849d2 tempest-TaggedAttachmentsTest-1684122008 tempest-TaggedAttachmentsTest-1684122008-project-member] https://10.4.3.30/volume/v3/attachments returned with HTTP 200
May 27 05:56:30.075107 np0000001490 devstack@c-api.service[96277]: [pid: 96277|app: 0|req: 216/428] 10.4.3.30 () {74 vars in 1587 bytes} [Wed May 27 05:56:30 2026] POST /volume/v3/attachments => generated 273 bytes in 52 msecs (HTTP/1.1 200) 7 headers in 286 bytes (1 switches on core 0)
May 27 05:56:30.108824 np0000001490 devstack@c-api.service[96276]: DEBUG oslo_db.sqlalchemy.engines [None req-1f9be122-8e48-4968-8ec0-0dc33799eb5e tempest-GroupSnapshotsTest-183308220 tempest-GroupSnapshotsTest-183308220-project-member] MySQL server mode set to STRICT_TRANS_TABLES,STRICT_ALL_TABLES,NO_ZERO_IN_DATE,NO_ZERO_DATE,ERROR_FOR_DIVISION_BY_ZERO,TRADITIONAL,NO_ENGINE_SUBSTITUTION {{(pid=96276) _check_effective_sql_mode /opt/stack/data/venv/lib/python3.12/site-packages/oslo_db/sqlalchemy/engines.py:325}}
May 27 05:56:30.111299 np0000001490 devstack@c-api.service[96276]: /opt/stack/data/venv/lib/python3.12/site-packages/oslo_context/context.py:102: DeprecationWarning: Policy enforcement is depending on the value of is_admin. This key is deprecated. Please update your policy file to use the standard policy values.
May 27 05:56:30.111299 np0000001490 devstack@c-api.service[96276]: warnings.warn(
May 27 05:56:30.115800 np0000001490 devstack@c-api.service[96276]: WARNING stevedore.named [None req-1f9be122-8e48-4968-8ec0-0dc33799eb5e tempest-GroupSnapshotsTest-183308220 tempest-GroupSnapshotsTest-183308220-project-member] Could not load cinder.keymgr.conf_key_mgr.ConfKeyManager
May 27 05:56:30.115940 np0000001490 devstack@c-api.service[96276]: WARNING castellan.key_manager [None req-1f9be122-8e48-4968-8ec0-0dc33799eb5e tempest-GroupSnapshotsTest-183308220 tempest-GroupSnapshotsTest-183308220-project-member] Deprecation Warning : cinder.keymgr.conf_key_mgr.ConfKeyManager is not a stevedore based driver, trying to load it as a class: stevedore.exception.NoMatches: No 'castellan.drivers' driver found, looking for 'cinder.keymgr.conf_key_mgr.ConfKeyManager'
May 27 05:56:30.151608 np0000001490 devstack@c-api.service[96276]: DEBUG oslo_db.sqlalchemy.engines [None req-1f9be122-8e48-4968-8ec0-0dc33799eb5e tempest-GroupSnapshotsTest-183308220 tempest-GroupSnapshotsTest-183308220-project-member] MySQL server mode set to STRICT_TRANS_TABLES,STRICT_ALL_TABLES,NO_ZERO_IN_DATE,NO_ZERO_DATE,ERROR_FOR_DIVISION_BY_ZERO,TRADITIONAL,NO_ENGINE_SUBSTITUTION {{(pid=96276) _check_effective_sql_mode /opt/stack/data/venv/lib/python3.12/site-packages/oslo_db/sqlalchemy/engines.py:325}}
May 27 05:56:30.154435 np0000001490 devstack@c-api.service[96276]: /opt/stack/data/venv/lib/python3.12/site-packages/oslo_context/context.py:102: DeprecationWarning: Policy enforcement is depending on the value of is_admin. This key is deprecated. Please update your policy file to use the standard policy values.
May 27 05:56:30.154435 np0000001490 devstack@c-api.service[96276]: warnings.warn(
May 27 05:56:30.160913 np0000001490 devstack@c-api.service[96276]: INFO cinder.api.openstack.wsgi [None req-1f9be122-8e48-4968-8ec0-0dc33799eb5e tempest-GroupSnapshotsTest-183308220 tempest-GroupSnapshotsTest-183308220-project-member] https://10.4.3.30/volume/v3/volumes/detail returned with HTTP 200
May 27 05:56:30.161272 np0000001490 devstack@c-api.service[96276]: [pid: 96276|app: 0|req: 213/429] 10.4.3.30 () {68 vars in 1292 bytes} [Wed May 27 05:56:30 2026] GET /volume/v3/volumes/detail => generated 1829 bytes in 117 msecs (HTTP/1.1 200) 7 headers in 287 bytes (1 switches on core 0)
May 27 05:56:30.178492 np0000001490 devstack@c-api.service[96277]: DEBUG cinder.api.middleware.request_id [None req-000f1fdf-e065-44d0-a510-f7ade0d2eb7a None None] RequestId filter calling following filter/app {{(pid=96277) _context_setter /opt/stack/cinder/cinder/api/middleware/request_id.py:62}}
May 27 05:56:30.180180 np0000001490 devstack@c-api.service[96277]: INFO cinder.api.openstack.wsgi [None req-000f1fdf-e065-44d0-a510-f7ade0d2eb7a tempest-GroupSnapshotsTest-183308220 tempest-GroupSnapshotsTest-183308220-project-member] GET https://10.4.3.30/volume/v3/volumes/03baaf61-5f3c-4b0f-82a3-a5c9b2d35d67
May 27 05:56:30.180386 np0000001490 devstack@c-api.service[96277]: DEBUG cinder.api.openstack.wsgi [None req-000f1fdf-e065-44d0-a510-f7ade0d2eb7a tempest-GroupSnapshotsTest-183308220 tempest-GroupSnapshotsTest-183308220-project-member] Empty body provided in request {{(pid=96277) get_body /opt/stack/cinder/cinder/api/openstack/wsgi.py:725}}
May 27 05:56:30.180674 np0000001490 devstack@c-api.service[96277]: DEBUG cinder.api.openstack.wsgi [None req-000f1fdf-e065-44d0-a510-f7ade0d2eb7a tempest-GroupSnapshotsTest-183308220 tempest-GroupSnapshotsTest-183308220-project-member] Calling method 'show' {{(pid=96277) _process_stack /opt/stack/cinder/cinder/api/openstack/wsgi.py:878}}
May 27 05:56:30.189932 np0000001490 devstack@c-api.service[96277]: /opt/stack/data/venv/lib/python3.12/site-packages/oslo_context/context.py:102: DeprecationWarning: Policy enforcement is depending on the value of is_admin. This key is deprecated. Please update your policy file to use the standard policy values.
May 27 05:56:30.189932 np0000001490 devstack@c-api.service[96277]: warnings.warn(
May 27 05:56:30.196231 np0000001490 devstack@c-api.service[96277]: INFO cinder.volume.api [None req-000f1fdf-e065-44d0-a510-f7ade0d2eb7a tempest-GroupSnapshotsTest-183308220 tempest-GroupSnapshotsTest-183308220-project-member] Volume info retrieved successfully.
May 27 05:56:30.197233 np0000001490 devstack@c-api.service[96277]: WARNING stevedore.named [None req-000f1fdf-e065-44d0-a510-f7ade0d2eb7a tempest-GroupSnapshotsTest-183308220 tempest-GroupSnapshotsTest-183308220-project-member] Could not load cinder.keymgr.conf_key_mgr.ConfKeyManager
May 27 05:56:30.197233 np0000001490 devstack@c-api.service[96277]: WARNING castellan.key_manager [None req-000f1fdf-e065-44d0-a510-f7ade0d2eb7a tempest-GroupSnapshotsTest-183308220 tempest-GroupSnapshotsTest-183308220-project-member] Deprecation Warning : cinder.keymgr.conf_key_mgr.ConfKeyManager is not a stevedore based driver, trying to load it as a class: stevedore.exception.NoMatches: No 'castellan.drivers' driver found, looking for 'cinder.keymgr.conf_key_mgr.ConfKeyManager'
May 27 05:56:30.249245 np0000001490 devstack@c-api.service[96277]: DEBUG oslo_db.sqlalchemy.engines [None req-000f1fdf-e065-44d0-a510-f7ade0d2eb7a tempest-GroupSnapshotsTest-183308220 tempest-GroupSnapshotsTest-183308220-project-member] MySQL server mode set to STRICT_TRANS_TABLES,STRICT_ALL_TABLES,NO_ZERO_IN_DATE,NO_ZERO_DATE,ERROR_FOR_DIVISION_BY_ZERO,TRADITIONAL,NO_ENGINE_SUBSTITUTION {{(pid=96277) _check_effective_sql_mode /opt/stack/data/venv/lib/python3.12/site-packages/oslo_db/sqlalchemy/engines.py:325}}
May 27 05:56:30.252980 np0000001490 devstack@c-api.service[96277]: /opt/stack/data/venv/lib/python3.12/site-packages/oslo_context/context.py:102: DeprecationWarning: Policy enforcement is depending on the value of is_admin. This key is deprecated. Please update your policy file to use the standard policy values.
May 27 05:56:30.252980 np0000001490 devstack@c-api.service[96277]: warnings.warn(
May 27 05:56:30.263894 np0000001490 devstack@c-api.service[96277]: INFO cinder.api.openstack.wsgi [None req-000f1fdf-e065-44d0-a510-f7ade0d2eb7a tempest-GroupSnapshotsTest-183308220 tempest-GroupSnapshotsTest-183308220-project-member] https://10.4.3.30/volume/v3/volumes/03baaf61-5f3c-4b0f-82a3-a5c9b2d35d67 returned with HTTP 200
May 27 05:56:30.263894 np0000001490 devstack@c-api.service[96277]: [pid: 96277|app: 0|req: 217/430] 10.4.3.30 () {68 vars in 1382 bytes} [Wed May 27 05:56:30 2026] GET /volume/v3/volumes/03baaf61-5f3c-4b0f-82a3-a5c9b2d35d67 => generated 924 bytes in 86 msecs (HTTP/1.1 200) 7 headers in 286 bytes (1 switches on core 0)
May 27 05:56:30.278288 np0000001490 devstack@c-api.service[96276]: DEBUG cinder.api.middleware.request_id [None req-b558d239-fe63-44a3-867f-12662f104784 None None] RequestId filter calling following filter/app {{(pid=96276) _context_setter /opt/stack/cinder/cinder/api/middleware/request_id.py:62}}
May 27 05:56:30.280152 np0000001490 devstack@c-api.service[96276]: INFO cinder.api.openstack.wsgi [None req-b558d239-fe63-44a3-867f-12662f104784 tempest-GroupSnapshotsTest-183308220 tempest-GroupSnapshotsTest-183308220-project-member] GET https://10.4.3.30/volume/v3/groups/16ba473f-1679-4ed0-9280-53f5a3c008cd
May 27 05:56:30.280347 np0000001490 devstack@c-api.service[96276]: DEBUG cinder.api.openstack.wsgi [None req-b558d239-fe63-44a3-867f-12662f104784 tempest-GroupSnapshotsTest-183308220 tempest-GroupSnapshotsTest-183308220-project-member] Empty body provided in request {{(pid=96276) get_body /opt/stack/cinder/cinder/api/openstack/wsgi.py:725}}
May 27 05:56:30.280547 np0000001490 devstack@c-api.service[96276]: DEBUG cinder.api.openstack.wsgi [None req-b558d239-fe63-44a3-867f-12662f104784 tempest-GroupSnapshotsTest-183308220 tempest-GroupSnapshotsTest-183308220-project-member] Calling method 'version_select' {{(pid=96276) _process_stack /opt/stack/cinder/cinder/api/openstack/wsgi.py:878}}
May 27 05:56:30.280935 np0000001490 devstack@c-api.service[96276]: DEBUG cinder.api.v3.groups [None req-b558d239-fe63-44a3-867f-12662f104784 tempest-GroupSnapshotsTest-183308220 tempest-GroupSnapshotsTest-183308220-project-member] show called for member 16ba473f-1679-4ed0-9280-53f5a3c008cd {{(pid=96276) show /opt/stack/cinder/cinder/api/v3/groups.py:58}}
May 27 05:56:30.284130 np0000001490 devstack@c-api.service[96276]: /opt/stack/data/venv/lib/python3.12/site-packages/oslo_context/context.py:102: DeprecationWarning: Policy enforcement is depending on the value of is_admin. This key is deprecated. Please update your policy file to use the standard policy values.
May 27 05:56:30.284130 np0000001490 devstack@c-api.service[96276]: warnings.warn(
May 27 05:56:30.290642 np0000001490 devstack@c-api.service[96276]: INFO cinder.api.openstack.wsgi [None req-b558d239-fe63-44a3-867f-12662f104784 tempest-GroupSnapshotsTest-183308220 tempest-GroupSnapshotsTest-183308220-project-member] https://10.4.3.30/volume/v3/groups/16ba473f-1679-4ed0-9280-53f5a3c008cd returned with HTTP 200
May 27 05:56:30.291009 np0000001490 devstack@c-api.service[96276]: [pid: 96276|app: 0|req: 214/431] 10.4.3.30 () {68 vars in 1379 bytes} [Wed May 27 05:56:30 2026] GET /volume/v3/groups/16ba473f-1679-4ed0-9280-53f5a3c008cd => generated 418 bytes in 13 msecs (HTTP/1.1 200) 7 headers in 286 bytes (1 switches on core 0)
May 27 05:56:30.300416 np0000001490 devstack@c-api.service[96277]: DEBUG cinder.api.middleware.request_id [None req-654e3196-e680-48cd-b80c-33f6d1f1d503 None None] RequestId filter calling following filter/app {{(pid=96277) _context_setter /opt/stack/cinder/cinder/api/middleware/request_id.py:62}}
May 27 05:56:30.302837 np0000001490 devstack@c-api.service[96277]: INFO cinder.api.openstack.wsgi [None req-654e3196-e680-48cd-b80c-33f6d1f1d503 tempest-GroupSnapshotsTest-183308220 tempest-GroupSnapshotsTest-183308220-project-member] GET https://10.4.3.30/volume/v3/volumes/detail
May 27 05:56:30.303046 np0000001490 devstack@c-api.service[96277]: DEBUG cinder.api.openstack.wsgi [None req-654e3196-e680-48cd-b80c-33f6d1f1d503 tempest-GroupSnapshotsTest-183308220 tempest-GroupSnapshotsTest-183308220-project-member] Empty body provided in request {{(pid=96277) get_body /opt/stack/cinder/cinder/api/openstack/wsgi.py:725}}
May 27 05:56:30.303223 np0000001490 devstack@c-api.service[96277]: DEBUG cinder.api.openstack.wsgi [None req-654e3196-e680-48cd-b80c-33f6d1f1d503 tempest-GroupSnapshotsTest-183308220 tempest-GroupSnapshotsTest-183308220-project-member] Calling method 'detail' {{(pid=96277) _process_stack /opt/stack/cinder/cinder/api/openstack/wsgi.py:878}}
May 27 05:56:30.303503 np0000001490 devstack@c-api.service[96277]: DEBUG cinder.api.api_utils [None req-654e3196-e680-48cd-b80c-33f6d1f1d503 tempest-GroupSnapshotsTest-183308220 tempest-GroupSnapshotsTest-183308220-project-member] Removing options '' from query. {{(pid=96277) remove_invalid_filter_options /opt/stack/cinder/cinder/api/api_utils.py:82}}
May 27 05:56:30.304194 np0000001490 devstack@c-api.service[96277]: DEBUG cinder.volume.api [None req-654e3196-e680-48cd-b80c-33f6d1f1d503 tempest-GroupSnapshotsTest-183308220 tempest-GroupSnapshotsTest-183308220-project-member] Searching by: MultiDict([('no_migration_targets', True)]). {{(pid=96277) get_all /opt/stack/cinder/cinder/volume/api.py:663}}
May 27 05:56:30.312319 np0000001490 devstack@c-api.service[96277]: INFO cinder.volume.api [None req-654e3196-e680-48cd-b80c-33f6d1f1d503 tempest-GroupSnapshotsTest-183308220 tempest-GroupSnapshotsTest-183308220-project-member] Get all volumes completed successfully.
May 27 05:56:30.313129 np0000001490 devstack@c-api.service[96277]: WARNING stevedore.named [None req-654e3196-e680-48cd-b80c-33f6d1f1d503 tempest-GroupSnapshotsTest-183308220 tempest-GroupSnapshotsTest-183308220-project-member] Could not load cinder.keymgr.conf_key_mgr.ConfKeyManager
May 27 05:56:30.313389 np0000001490 devstack@c-api.service[96277]: WARNING castellan.key_manager [None req-654e3196-e680-48cd-b80c-33f6d1f1d503 tempest-GroupSnapshotsTest-183308220 tempest-GroupSnapshotsTest-183308220-project-member] Deprecation Warning : cinder.keymgr.conf_key_mgr.ConfKeyManager is not a stevedore based driver, trying to load it as a class: stevedore.exception.NoMatches: No 'castellan.drivers' driver found, looking for 'cinder.keymgr.conf_key_mgr.ConfKeyManager'
May 27 05:56:30.368020 np0000001490 devstack@c-api.service[96277]: DEBUG oslo_db.sqlalchemy.engines [None req-654e3196-e680-48cd-b80c-33f6d1f1d503 tempest-GroupSnapshotsTest-183308220 tempest-GroupSnapshotsTest-183308220-project-member] MySQL server mode set to STRICT_TRANS_TABLES,STRICT_ALL_TABLES,NO_ZERO_IN_DATE,NO_ZERO_DATE,ERROR_FOR_DIVISION_BY_ZERO,TRADITIONAL,NO_ENGINE_SUBSTITUTION {{(pid=96277) _check_effective_sql_mode /opt/stack/data/venv/lib/python3.12/site-packages/oslo_db/sqlalchemy/engines.py:325}}
May 27 05:56:30.371942 np0000001490 devstack@c-api.service[96277]: /opt/stack/data/venv/lib/python3.12/site-packages/oslo_context/context.py:102: DeprecationWarning: Policy enforcement is depending on the value of is_admin. This key is deprecated. Please update your policy file to use the standard policy values.
May 27 05:56:30.371942 np0000001490 devstack@c-api.service[96277]: warnings.warn(
May 27 05:56:30.376331 np0000001490 devstack@c-api.service[96277]: WARNING stevedore.named [None req-654e3196-e680-48cd-b80c-33f6d1f1d503 tempest-GroupSnapshotsTest-183308220 tempest-GroupSnapshotsTest-183308220-project-member] Could not load cinder.keymgr.conf_key_mgr.ConfKeyManager
May 27 05:56:30.376489 np0000001490 devstack@c-api.service[96277]: WARNING castellan.key_manager [None req-654e3196-e680-48cd-b80c-33f6d1f1d503 tempest-GroupSnapshotsTest-183308220 tempest-GroupSnapshotsTest-183308220-project-member] Deprecation Warning : cinder.keymgr.conf_key_mgr.ConfKeyManager is not a stevedore based driver, trying to load it as a class: stevedore.exception.NoMatches: No 'castellan.drivers' driver found, looking for 'cinder.keymgr.conf_key_mgr.ConfKeyManager'
May 27 05:56:30.425537 np0000001490 devstack@c-api.service[96277]: DEBUG oslo_db.sqlalchemy.engines [None req-654e3196-e680-48cd-b80c-33f6d1f1d503 tempest-GroupSnapshotsTest-183308220 tempest-GroupSnapshotsTest-183308220-project-member] MySQL server mode set to STRICT_TRANS_TABLES,STRICT_ALL_TABLES,NO_ZERO_IN_DATE,NO_ZERO_DATE,ERROR_FOR_DIVISION_BY_ZERO,TRADITIONAL,NO_ENGINE_SUBSTITUTION {{(pid=96277) _check_effective_sql_mode /opt/stack/data/venv/lib/python3.12/site-packages/oslo_db/sqlalchemy/engines.py:325}}
May 27 05:56:30.429765 np0000001490 devstack@c-api.service[96277]: /opt/stack/data/venv/lib/python3.12/site-packages/oslo_context/context.py:102: DeprecationWarning: Policy enforcement is depending on the value of is_admin. This key is deprecated. Please update your policy file to use the standard policy values.
May 27 05:56:30.429765 np0000001490 devstack@c-api.service[96277]: warnings.warn(
May 27 05:56:30.439927 np0000001490 devstack@c-api.service[96277]: INFO cinder.api.openstack.wsgi [None req-654e3196-e680-48cd-b80c-33f6d1f1d503 tempest-GroupSnapshotsTest-183308220 tempest-GroupSnapshotsTest-183308220-project-member] https://10.4.3.30/volume/v3/volumes/detail returned with HTTP 200
May 27 05:56:30.440408 np0000001490 devstack@c-api.service[96277]: [pid: 96277|app: 0|req: 218/432] 10.4.3.30 () {68 vars in 1292 bytes} [Wed May 27 05:56:30 2026] GET /volume/v3/volumes/detail => generated 1830 bytes in 140 msecs (HTTP/1.1 200) 7 headers in 287 bytes (1 switches on core 0)
May 27 05:56:30.453861 np0000001490 devstack@c-api.service[96276]: DEBUG cinder.api.middleware.request_id [None req-bf4d8f93-9a66-48b4-bdf1-8a24a4d1c2a4 None None] RequestId filter calling following filter/app {{(pid=96276) _context_setter /opt/stack/cinder/cinder/api/middleware/request_id.py:62}}
May 27 05:56:30.455643 np0000001490 devstack@c-api.service[96276]: INFO cinder.api.openstack.wsgi [None req-bf4d8f93-9a66-48b4-bdf1-8a24a4d1c2a4 tempest-GroupSnapshotsTest-183308220 tempest-GroupSnapshotsTest-183308220-project-member] POST https://10.4.3.30/volume/v3/groups/16ba473f-1679-4ed0-9280-53f5a3c008cd/action
May 27 05:56:30.456023 np0000001490 devstack@c-api.service[96276]: DEBUG cinder.api.openstack.wsgi [None req-bf4d8f93-9a66-48b4-bdf1-8a24a4d1c2a4 tempest-GroupSnapshotsTest-183308220 tempest-GroupSnapshotsTest-183308220-project-member] Action body: b'{"delete": {"delete-volumes": true}}' {{(pid=96276) get_method /opt/stack/cinder/cinder/api/openstack/wsgi.py:993}}
May 27 05:56:30.456139 np0000001490 devstack@c-api.service[96276]: DEBUG cinder.api.openstack.wsgi [None req-bf4d8f93-9a66-48b4-bdf1-8a24a4d1c2a4 tempest-GroupSnapshotsTest-183308220 tempest-GroupSnapshotsTest-183308220-project-member] Action: 'action', calling method: delete_group, body: {"delete": {"delete-volumes": true}} {{(pid=96276) _process_stack /opt/stack/cinder/cinder/api/openstack/wsgi.py:876}}
May 27 05:56:30.457676 np0000001490 devstack@c-api.service[96276]: DEBUG cinder.api.v3.groups [None req-bf4d8f93-9a66-48b4-bdf1-8a24a4d1c2a4 tempest-GroupSnapshotsTest-183308220 tempest-GroupSnapshotsTest-183308220-project-member] delete called for group 16ba473f-1679-4ed0-9280-53f5a3c008cd {{(pid=96276) _delete /opt/stack/cinder/cinder/api/v3/groups.py:117}}
May 27 05:56:30.457837 np0000001490 devstack@c-api.service[96276]: INFO cinder.api.v3.groups [None req-bf4d8f93-9a66-48b4-bdf1-8a24a4d1c2a4 tempest-GroupSnapshotsTest-183308220 tempest-GroupSnapshotsTest-183308220-project-member] Delete group with id: 16ba473f-1679-4ed0-9280-53f5a3c008cd
May 27 05:56:30.461561 np0000001490 devstack@c-api.service[96276]: /opt/stack/data/venv/lib/python3.12/site-packages/oslo_context/context.py:102: DeprecationWarning: Policy enforcement is depending on the value of is_admin. This key is deprecated. Please update your policy file to use the standard policy values.
May 27 05:56:30.461561 np0000001490 devstack@c-api.service[96276]: warnings.warn(
May 27 05:56:30.494617 np0000001490 devstack@c-api.service[96276]: INFO cinder.api.openstack.wsgi [None req-bf4d8f93-9a66-48b4-bdf1-8a24a4d1c2a4 tempest-GroupSnapshotsTest-183308220 tempest-GroupSnapshotsTest-183308220-project-member] https://10.4.3.30/volume/v3/groups/16ba473f-1679-4ed0-9280-53f5a3c008cd/action returned with HTTP 202
May 27 05:56:30.495244 np0000001490 devstack@c-api.service[96276]: [pid: 96276|app: 0|req: 215/433] 10.4.3.30 () {70 vars in 1421 bytes} [Wed May 27 05:56:30 2026] POST /volume/v3/groups/16ba473f-1679-4ed0-9280-53f5a3c008cd/action => generated 0 bytes in 42 msecs (HTTP/1.1 202) 6 headers in 234 bytes (1 switches on core 0)
May 27 05:56:30.503430 np0000001490 devstack@c-api.service[96277]: DEBUG cinder.api.middleware.request_id [None req-800d1097-9909-4358-b9e6-8a186870e499 None None] RequestId filter calling following filter/app {{(pid=96277) _context_setter /opt/stack/cinder/cinder/api/middleware/request_id.py:62}}
May 27 05:56:30.503920 np0000001490 devstack@c-api.service[96276]: DEBUG cinder.api.middleware.request_id [None req-973281e6-f288-4b99-8418-1cb9d9772bc2 None None] RequestId filter calling following filter/app {{(pid=96276) _context_setter /opt/stack/cinder/cinder/api/middleware/request_id.py:62}}
May 27 05:56:30.505771 np0000001490 devstack@c-api.service[96276]: INFO cinder.api.openstack.wsgi [None req-973281e6-f288-4b99-8418-1cb9d9772bc2 tempest-GroupSnapshotsTest-183308220 tempest-GroupSnapshotsTest-183308220-project-member] GET https://10.4.3.30/volume/v3/volumes/03baaf61-5f3c-4b0f-82a3-a5c9b2d35d67
May 27 05:56:30.506017 np0000001490 devstack@c-api.service[96276]: DEBUG cinder.api.openstack.wsgi [None req-973281e6-f288-4b99-8418-1cb9d9772bc2 tempest-GroupSnapshotsTest-183308220 tempest-GroupSnapshotsTest-183308220-project-member] Empty body provided in request {{(pid=96276) get_body /opt/stack/cinder/cinder/api/openstack/wsgi.py:725}}
May 27 05:56:30.506215 np0000001490 devstack@c-api.service[96276]: DEBUG cinder.api.openstack.wsgi [None req-973281e6-f288-4b99-8418-1cb9d9772bc2 tempest-GroupSnapshotsTest-183308220 tempest-GroupSnapshotsTest-183308220-project-member] Calling method 'show' {{(pid=96276) _process_stack /opt/stack/cinder/cinder/api/openstack/wsgi.py:878}}
May 27 05:56:30.506521 np0000001490 devstack@c-api.service[96277]: INFO cinder.api.openstack.wsgi [None req-800d1097-9909-4358-b9e6-8a186870e499 tempest-TaggedAttachmentsTest-1684122008 tempest-TaggedAttachmentsTest-1684122008-project-member] GET https://10.4.3.30/volume/v3/volumes/78d82812-3693-4db1-be57-f0055a1d9ec2
May 27 05:56:30.506852 np0000001490 devstack@c-api.service[96277]: DEBUG cinder.api.openstack.wsgi [None req-800d1097-9909-4358-b9e6-8a186870e499 tempest-TaggedAttachmentsTest-1684122008 tempest-TaggedAttachmentsTest-1684122008-project-member] Empty body provided in request {{(pid=96277) get_body /opt/stack/cinder/cinder/api/openstack/wsgi.py:725}}
May 27 05:56:30.507161 np0000001490 devstack@c-api.service[96277]: DEBUG cinder.api.openstack.wsgi [None req-800d1097-9909-4358-b9e6-8a186870e499 tempest-TaggedAttachmentsTest-1684122008 tempest-TaggedAttachmentsTest-1684122008-project-member] Calling method 'show' {{(pid=96277) _process_stack /opt/stack/cinder/cinder/api/openstack/wsgi.py:878}}
May 27 05:56:30.519174 np0000001490 devstack@c-api.service[96276]: /opt/stack/data/venv/lib/python3.12/site-packages/oslo_context/context.py:102: DeprecationWarning: Policy enforcement is depending on the value of is_admin. This key is deprecated. Please update your policy file to use the standard policy values.
May 27 05:56:30.519174 np0000001490 devstack@c-api.service[96276]: warnings.warn(
May 27 05:56:30.523630 np0000001490 devstack@c-api.service[96277]: /opt/stack/data/venv/lib/python3.12/site-packages/oslo_context/context.py:102: DeprecationWarning: Policy enforcement is depending on the value of is_admin. This key is deprecated. Please update your policy file to use the standard policy values.
May 27 05:56:30.523630 np0000001490 devstack@c-api.service[96277]: warnings.warn(
May 27 05:56:30.528741 np0000001490 devstack@c-api.service[96276]: INFO cinder.volume.api [None req-973281e6-f288-4b99-8418-1cb9d9772bc2 tempest-GroupSnapshotsTest-183308220 tempest-GroupSnapshotsTest-183308220-project-member] Volume info retrieved successfully.
May 27 05:56:30.529317 np0000001490 devstack@c-api.service[96276]: WARNING stevedore.named [None req-973281e6-f288-4b99-8418-1cb9d9772bc2 tempest-GroupSnapshotsTest-183308220 tempest-GroupSnapshotsTest-183308220-project-member] Could not load cinder.keymgr.conf_key_mgr.ConfKeyManager
May 27 05:56:30.530030 np0000001490 devstack@c-api.service[96276]: WARNING castellan.key_manager [None req-973281e6-f288-4b99-8418-1cb9d9772bc2 tempest-GroupSnapshotsTest-183308220 tempest-GroupSnapshotsTest-183308220-project-member] Deprecation Warning : cinder.keymgr.conf_key_mgr.ConfKeyManager is not a stevedore based driver, trying to load it as a class: stevedore.exception.NoMatches: No 'castellan.drivers' driver found, looking for 'cinder.keymgr.conf_key_mgr.ConfKeyManager'
May 27 05:56:30.531556 np0000001490 devstack@c-api.service[96277]: INFO cinder.volume.api [None req-800d1097-9909-4358-b9e6-8a186870e499 tempest-TaggedAttachmentsTest-1684122008 tempest-TaggedAttachmentsTest-1684122008-project-member] Volume info retrieved successfully.
May 27 05:56:30.536734 np0000001490 devstack@c-api.service[96277]: INFO cinder.api.openstack.wsgi [None req-800d1097-9909-4358-b9e6-8a186870e499 tempest-TaggedAttachmentsTest-1684122008 tempest-TaggedAttachmentsTest-1684122008-project-member] https://10.4.3.30/volume/v3/volumes/78d82812-3693-4db1-be57-f0055a1d9ec2 returned with HTTP 200
May 27 05:56:30.537125 np0000001490 devstack@c-api.service[96277]: [pid: 96277|app: 0|req: 219/434] 10.4.3.30 () {66 vars in 1341 bytes} [Wed May 27 05:56:30 2026] GET /volume/v3/volumes/78d82812-3693-4db1-be57-f0055a1d9ec2 => generated 842 bytes in 34 msecs (HTTP/1.1 200) 7 headers in 285 bytes (1 switches on core 0)
May 27 05:56:30.584163 np0000001490 devstack@c-api.service[96276]: DEBUG oslo_db.sqlalchemy.engines [None req-973281e6-f288-4b99-8418-1cb9d9772bc2 tempest-GroupSnapshotsTest-183308220 tempest-GroupSnapshotsTest-183308220-project-member] MySQL server mode set to STRICT_TRANS_TABLES,STRICT_ALL_TABLES,NO_ZERO_IN_DATE,NO_ZERO_DATE,ERROR_FOR_DIVISION_BY_ZERO,TRADITIONAL,NO_ENGINE_SUBSTITUTION {{(pid=96276) _check_effective_sql_mode /opt/stack/data/venv/lib/python3.12/site-packages/oslo_db/sqlalchemy/engines.py:325}}
May 27 05:56:30.591643 np0000001490 devstack@c-api.service[96276]: /opt/stack/data/venv/lib/python3.12/site-packages/oslo_context/context.py:102: DeprecationWarning: Policy enforcement is depending on the value of is_admin. This key is deprecated. Please update your policy file to use the standard policy values.
May 27 05:56:30.591643 np0000001490 devstack@c-api.service[96276]: warnings.warn(
May 27 05:56:30.607039 np0000001490 devstack@c-api.service[96277]: DEBUG cinder.api.middleware.request_id [None req-60918426-30d7-49c0-a440-a06b234d6222 None None] RequestId filter calling following filter/app {{(pid=96277) _context_setter /opt/stack/cinder/cinder/api/middleware/request_id.py:62}}
May 27 05:56:30.607897 np0000001490 devstack@c-api.service[96277]: INFO cinder.api.openstack.wsgi [None req-60918426-30d7-49c0-a440-a06b234d6222 None None] GET https://10.4.3.30/volume//
May 27 05:56:30.607897 np0000001490 devstack@c-api.service[96277]: DEBUG cinder.api.openstack.wsgi [None req-60918426-30d7-49c0-a440-a06b234d6222 None None] Empty body provided in request {{(pid=96277) get_body /opt/stack/cinder/cinder/api/openstack/wsgi.py:725}}
May 27 05:56:30.607897 np0000001490 devstack@c-api.service[96277]: DEBUG cinder.api.openstack.wsgi [None req-60918426-30d7-49c0-a440-a06b234d6222 None None] Calling method 'all' {{(pid=96277) _process_stack /opt/stack/cinder/cinder/api/openstack/wsgi.py:878}}
May 27 05:56:30.608283 np0000001490 devstack@c-api.service[96277]: INFO cinder.api.openstack.wsgi [None req-60918426-30d7-49c0-a440-a06b234d6222 None None] https://10.4.3.30/volume// returned with HTTP 300
May 27 05:56:30.608912 np0000001490 devstack@c-api.service[96277]: [pid: 96277|app: 0|req: 220/435] 10.4.3.30 () {66 vars in 1419 bytes} [Wed May 27 05:56:30 2026] GET /volume/ => generated 385 bytes in 2 msecs (HTTP/1.1 300) 7 headers in 299 bytes (1 switches on core 0)
May 27 05:56:30.610093 np0000001490 devstack@c-api.service[96276]: INFO cinder.api.openstack.wsgi [None req-973281e6-f288-4b99-8418-1cb9d9772bc2 tempest-GroupSnapshotsTest-183308220 tempest-GroupSnapshotsTest-183308220-project-member] https://10.4.3.30/volume/v3/volumes/03baaf61-5f3c-4b0f-82a3-a5c9b2d35d67 returned with HTTP 200
May 27 05:56:30.610612 np0000001490 devstack@c-api.service[96276]: [pid: 96276|app: 0|req: 216/436] 10.4.3.30 () {68 vars in 1382 bytes} [Wed May 27 05:56:30 2026] GET /volume/v3/volumes/03baaf61-5f3c-4b0f-82a3-a5c9b2d35d67 => generated 923 bytes in 107 msecs (HTTP/1.1 200) 7 headers in 286 bytes (1 switches on core 0)
May 27 05:56:30.621331 np0000001490 devstack@c-api.service[96277]: DEBUG cinder.api.middleware.request_id [req-fab9dda3-52cd-4cd5-9f25-074f53842aa7 req-d7714894-dd4e-439c-9431-b77f6550bb10 None None] RequestId filter calling following filter/app {{(pid=96277) _context_setter /opt/stack/cinder/cinder/api/middleware/request_id.py:62}}
May 27 05:56:30.626230 np0000001490 devstack@c-api.service[96277]: INFO cinder.api.openstack.wsgi [req-fab9dda3-52cd-4cd5-9f25-074f53842aa7 req-d7714894-dd4e-439c-9431-b77f6550bb10 tempest-TaggedAttachmentsTest-1684122008 tempest-TaggedAttachmentsTest-1684122008-project-member] GET https://10.4.3.30/volume/v3/volumes/78d82812-3693-4db1-be57-f0055a1d9ec2
May 27 05:56:30.626957 np0000001490 devstack@c-api.service[96277]: DEBUG cinder.api.openstack.wsgi [req-fab9dda3-52cd-4cd5-9f25-074f53842aa7 req-d7714894-dd4e-439c-9431-b77f6550bb10 tempest-TaggedAttachmentsTest-1684122008 tempest-TaggedAttachmentsTest-1684122008-project-member] Empty body provided in request {{(pid=96277) get_body /opt/stack/cinder/cinder/api/openstack/wsgi.py:725}}
May 27 05:56:30.627259 np0000001490 devstack@c-api.service[96277]: DEBUG cinder.api.openstack.wsgi [req-fab9dda3-52cd-4cd5-9f25-074f53842aa7 req-d7714894-dd4e-439c-9431-b77f6550bb10 tempest-TaggedAttachmentsTest-1684122008 tempest-TaggedAttachmentsTest-1684122008-project-member] Calling method 'show' {{(pid=96277) _process_stack /opt/stack/cinder/cinder/api/openstack/wsgi.py:878}}
May 27 05:56:30.638722 np0000001490 devstack@c-api.service[96277]: /opt/stack/data/venv/lib/python3.12/site-packages/oslo_context/context.py:102: DeprecationWarning: Policy enforcement is depending on the value of is_admin. This key is deprecated. Please update your policy file to use the standard policy values.
May 27 05:56:30.638722 np0000001490 devstack@c-api.service[96277]: warnings.warn(
May 27 05:56:30.643483 np0000001490 devstack@c-api.service[96277]: INFO cinder.volume.api [req-fab9dda3-52cd-4cd5-9f25-074f53842aa7 req-d7714894-dd4e-439c-9431-b77f6550bb10 tempest-TaggedAttachmentsTest-1684122008 tempest-TaggedAttachmentsTest-1684122008-project-member] Volume info retrieved successfully.
May 27 05:56:30.649306 np0000001490 devstack@c-api.service[96277]: INFO cinder.api.openstack.wsgi [req-fab9dda3-52cd-4cd5-9f25-074f53842aa7 req-d7714894-dd4e-439c-9431-b77f6550bb10 tempest-TaggedAttachmentsTest-1684122008 tempest-TaggedAttachmentsTest-1684122008-project-member] https://10.4.3.30/volume/v3/volumes/78d82812-3693-4db1-be57-f0055a1d9ec2 returned with HTTP 200
May 27 05:56:30.649860 np0000001490 devstack@c-api.service[96277]: [pid: 96277|app: 0|req: 221/437] 10.4.3.30 () {70 vars in 1632 bytes} [Wed May 27 05:56:30 2026] GET /volume/v3/volumes/78d82812-3693-4db1-be57-f0055a1d9ec2 => generated 1023 bytes in 29 msecs (HTTP/1.1 200) 7 headers in 287 bytes (1 switches on core 0)
May 27 05:56:30.741045 np0000001490 devstack@c-api.service[96276]: DEBUG cinder.api.middleware.request_id [req-fab9dda3-52cd-4cd5-9f25-074f53842aa7 req-e290df2e-d403-4835-96ce-8509da1b2ccf None None] RequestId filter calling following filter/app {{(pid=96276) _context_setter /opt/stack/cinder/cinder/api/middleware/request_id.py:62}}
May 27 05:56:30.744387 np0000001490 devstack@c-api.service[96276]: INFO cinder.api.openstack.wsgi [req-fab9dda3-52cd-4cd5-9f25-074f53842aa7 req-e290df2e-d403-4835-96ce-8509da1b2ccf tempest-TaggedAttachmentsTest-1684122008 tempest-TaggedAttachmentsTest-1684122008-project-member] PUT https://10.4.3.30/volume/v3/attachments/68e2db67-b203-4225-88c5-62ec76e62dc5
May 27 05:56:30.744837 np0000001490 devstack@c-api.service[96276]: DEBUG cinder.api.openstack.wsgi [req-fab9dda3-52cd-4cd5-9f25-074f53842aa7 req-e290df2e-d403-4835-96ce-8509da1b2ccf tempest-TaggedAttachmentsTest-1684122008 tempest-TaggedAttachmentsTest-1684122008-project-member] Action: 'update', calling method: version_select, body: {"attachment": {"connector": {"platform": "x86_64", "os_type": "linux", "ip": "10.4.3.30", "host": "np0000001490", "multipath": false, "enforce_multipath": true, "initiator": "iqn.2016-04.com.open-iscsi:c09227a618bf", "do_local_attach": false, "nvme_hostid": "56548f34-5f18-4e02-a317-672fcbbb5ca3", "uuid": "8515de1c-ba7e-467b-adde-6d9f8a8dbc1f", "system uuid": "0f69482c-919a-40a6-862b-17ab6cad1580", "nqn": "nqn.2014-08.org.nvmexpress:uuid:0f69482c-919a-40a6-862b-17ab6cad1580", "nvme_native_multipath": true, "found_dsc": "", "host_ips": ["10.4.3.30", "fe80::f816:3eff:fe09:f54c", "192.168.10.6", "fe80::f816:3eff:fe80:6dfa", "192.168.20.6", "fe80::f816:3eff:fe70:235d", "192.168.30.6", "fe80::f816:3eff:fedf:4caa", "192.168.122.1", "172.24.5.1", "2001:db8::2", "fe80::485f:9fff:fe02:f143", "fe80::fc16:3eff:fe0d:f30b", "fe80::1ce4:55ff:fe64:25d3", "fe80::fc16:3eff:fe42:827d", "fe80::bcf2:cfff:fee4:e13d", "fe80::fc16:3eff:fea3:840f", "fe80::6c32:4ff:feb1:fb60", "fe80::fc16:3eff:fed4:5f42", "fe80::80d6:ff:fe7f:a61d", "fe80::fc16:3eff:febd:2d64"], "mountpoint": "/dev/vdb"}}} {{(pid=96276) _process_stack /opt/stack/cinder/cinder/api/openstack/wsgi.py:876}}
May 27 05:56:30.755041 np0000001490 devstack@c-api.service[96276]: DEBUG cinder.coordination [req-fab9dda3-52cd-4cd5-9f25-074f53842aa7 req-e290df2e-d403-4835-96ce-8509da1b2ccf tempest-TaggedAttachmentsTest-1684122008 tempest-TaggedAttachmentsTest-1684122008-project-member] Acquiring lock "cinder-attachment_update-78d82812-3693-4db1-be57-f0055a1d9ec2-np0000001490" by "attachment_update" {{(pid=96276) __acquire /opt/stack/cinder/cinder/coordination.py:138}}
May 27 05:56:30.760049 np0000001490 devstack@c-api.service[96276]: DEBUG cinder.coordination [req-fab9dda3-52cd-4cd5-9f25-074f53842aa7 req-e290df2e-d403-4835-96ce-8509da1b2ccf tempest-TaggedAttachmentsTest-1684122008 tempest-TaggedAttachmentsTest-1684122008-project-member] Lock "cinder-attachment_update-78d82812-3693-4db1-be57-f0055a1d9ec2-np0000001490" acquired by "attachment_update" :: waited 0.005s {{(pid=96276) __acquire /opt/stack/cinder/cinder/coordination.py:141}}
May 27 05:56:30.761436 np0000001490 devstack@c-api.service[96276]: /opt/stack/data/venv/lib/python3.12/site-packages/oslo_context/context.py:102: DeprecationWarning: Policy enforcement is depending on the value of is_admin. This key is deprecated. Please update your policy file to use the standard policy values.
May 27 05:56:30.761436 np0000001490 devstack@c-api.service[96276]: warnings.warn(
