Jun 05 14:36:04.972733 np0000002222 nova-scheduler[95663]: DEBUG cotyledon.oslo_config_glue [-] oslo_limit.connect_retry_delay = None {{(pid=95663) log_opt_values /opt/stack/data/venv/lib/python3.12/site-packages/oslo_config/cfg.py:3256}}
Jun 05 14:36:04.972775 np0000002222 nova-scheduler[95663]: DEBUG cotyledon.oslo_config_glue [-] oslo_limit.endpoint_id = None {{(pid=95663) log_opt_values /opt/stack/data/venv/lib/python3.12/site-packages/oslo_config/cfg.py:3256}}
Jun 05 14:36:04.972816 np0000002222 nova-scheduler[95663]: DEBUG cotyledon.oslo_config_glue [-] oslo_limit.endpoint_interface = public {{(pid=95663) log_opt_values /opt/stack/data/venv/lib/python3.12/site-packages/oslo_config/cfg.py:3256}}
Jun 05 14:36:04.972867 np0000002222 nova-scheduler[95663]: DEBUG cotyledon.oslo_config_glue [-] oslo_limit.endpoint_override = None {{(pid=95663) log_opt_values /opt/stack/data/venv/lib/python3.12/site-packages/oslo_config/cfg.py:3256}}
Jun 05 14:36:04.972929 np0000002222 nova-scheduler[95663]: DEBUG cotyledon.oslo_config_glue [-] oslo_limit.endpoint_region_name = None {{(pid=95663) log_opt_values /opt/stack/data/venv/lib/python3.12/site-packages/oslo_config/cfg.py:3256}}
Jun 05 14:36:04.972996 np0000002222 nova-scheduler[95663]: DEBUG cotyledon.oslo_config_glue [-] oslo_limit.endpoint_service_name = None {{(pid=95663) log_opt_values /opt/stack/data/venv/lib/python3.12/site-packages/oslo_config/cfg.py:3256}}
Jun 05 14:36:04.973052 np0000002222 nova-scheduler[95663]: DEBUG cotyledon.oslo_config_glue [-] oslo_limit.endpoint_service_type = None {{(pid=95663) log_opt_values /opt/stack/data/venv/lib/python3.12/site-packages/oslo_config/cfg.py:3256}}
Jun 05 14:36:04.973114 np0000002222 nova-scheduler[95663]: DEBUG cotyledon.oslo_config_glue [-] oslo_limit.insecure = False {{(pid=95663) log_opt_values /opt/stack/data/venv/lib/python3.12/site-packages/oslo_config/cfg.py:3256}}
Jun 05 14:36:04.973168 np0000002222 nova-scheduler[95663]: DEBUG cotyledon.oslo_config_glue [-] oslo_limit.keyfile = None {{(pid=95663) log_opt_values /opt/stack/data/venv/lib/python3.12/site-packages/oslo_config/cfg.py:3256}}
Jun 05 14:36:04.973237 np0000002222 nova-scheduler[95663]: DEBUG cotyledon.oslo_config_glue [-] oslo_limit.max_version = None {{(pid=95663) log_opt_values /opt/stack/data/venv/lib/python3.12/site-packages/oslo_config/cfg.py:3256}}
Jun 05 14:36:04.973293 np0000002222 nova-scheduler[95663]: DEBUG cotyledon.oslo_config_glue [-] oslo_limit.min_version = None {{(pid=95663) log_opt_values /opt/stack/data/venv/lib/python3.12/site-packages/oslo_config/cfg.py:3256}}
Jun 05 14:36:04.973356 np0000002222 nova-scheduler[95663]: DEBUG cotyledon.oslo_config_glue [-] oslo_limit.region_name = None {{(pid=95663) log_opt_values /opt/stack/data/venv/lib/python3.12/site-packages/oslo_config/cfg.py:3256}}
Jun 05 14:36:04.973411 np0000002222 nova-scheduler[95663]: DEBUG cotyledon.oslo_config_glue [-] oslo_limit.retriable_status_codes = None {{(pid=95663) log_opt_values /opt/stack/data/venv/lib/python3.12/site-packages/oslo_config/cfg.py:3256}}
Jun 05 14:36:04.973473 np0000002222 nova-scheduler[95663]: DEBUG cotyledon.oslo_config_glue [-] oslo_limit.service_name = None {{(pid=95663) log_opt_values /opt/stack/data/venv/lib/python3.12/site-packages/oslo_config/cfg.py:3256}}
Jun 05 14:36:04.973564 np0000002222 nova-scheduler[95663]: DEBUG cotyledon.oslo_config_glue [-] oslo_limit.service_type = None {{(pid=95663) log_opt_values /opt/stack/data/venv/lib/python3.12/site-packages/oslo_config/cfg.py:3256}}
Jun 05 14:36:04.973607 np0000002222 nova-scheduler[95663]: DEBUG cotyledon.oslo_config_glue [-] oslo_limit.split_loggers = False {{(pid=95663) log_opt_values /opt/stack/data/venv/lib/python3.12/site-packages/oslo_config/cfg.py:3256}}
Jun 05 14:36:04.973722 np0000002222 nova-scheduler[95663]: DEBUG cotyledon.oslo_config_glue [-] oslo_limit.status_code_retries = None {{(pid=95663) log_opt_values /opt/stack/data/venv/lib/python3.12/site-packages/oslo_config/cfg.py:3256}}
Jun 05 14:36:04.973722 np0000002222 nova-scheduler[95663]: DEBUG cotyledon.oslo_config_glue [-] oslo_limit.status_code_retry_delay = None {{(pid=95663) log_opt_values /opt/stack/data/venv/lib/python3.12/site-packages/oslo_config/cfg.py:3256}}
Jun 05 14:36:04.973770 np0000002222 nova-scheduler[95663]: DEBUG cotyledon.oslo_config_glue [-] oslo_limit.timeout = None {{(pid=95663) log_opt_values /opt/stack/data/venv/lib/python3.12/site-packages/oslo_config/cfg.py:3256}}
Jun 05 14:36:04.973807 np0000002222 nova-scheduler[95663]: DEBUG cotyledon.oslo_config_glue [-] oslo_limit.valid_interfaces = None {{(pid=95663) log_opt_values /opt/stack/data/venv/lib/python3.12/site-packages/oslo_config/cfg.py:3256}}
Jun 05 14:36:04.973858 np0000002222 nova-scheduler[95663]: DEBUG cotyledon.oslo_config_glue [-] oslo_limit.version = None {{(pid=95663) log_opt_values /opt/stack/data/venv/lib/python3.12/site-packages/oslo_config/cfg.py:3256}}
Jun 05 14:36:04.973945 np0000002222 nova-scheduler[95663]: DEBUG cotyledon.oslo_config_glue [-] oslo_reports.file_event_handler = None {{(pid=95663) log_opt_values /opt/stack/data/venv/lib/python3.12/site-packages/oslo_config/cfg.py:3256}}
Jun 05 14:36:04.974013 np0000002222 nova-scheduler[95663]: DEBUG cotyledon.oslo_config_glue [-] oslo_reports.file_event_handler_interval = 1 {{(pid=95663) log_opt_values /opt/stack/data/venv/lib/python3.12/site-packages/oslo_config/cfg.py:3256}}
Jun 05 14:36:04.974067 np0000002222 nova-scheduler[95663]: DEBUG cotyledon.oslo_config_glue [-] oslo_reports.log_dir = None {{(pid=95663) log_opt_values /opt/stack/data/venv/lib/python3.12/site-packages/oslo_config/cfg.py:3256}}
Jun 05 14:36:04.974120 np0000002222 nova-scheduler[95663]: DEBUG cotyledon.oslo_config_glue [-] ******************************************************************************** {{(pid=95663) log_opt_values /opt/stack/data/venv/lib/python3.12/site-packages/oslo_config/cfg.py:3263}}
Jun 05 14:36:04.974334 np0000002222 nova-scheduler[95663]: DEBUG cotyledon._service_worker [-] Run service ServiceWrapper(1) [95663] {{(pid=95663) wait_forever /opt/stack/data/venv/lib/python3.12/site-packages/cotyledon/_service_worker.py:218}}
Jun 05 14:36:04.975540 np0000002222 nova-scheduler[95663]: INFO nova.service [-] Starting scheduler node (version 33.1.0)
Jun 05 14:36:04.975865 np0000002222 nova-scheduler[95668]: INFO dbcounter [None req-c959ccaf-ff91-410f-8324-3af0f968b468 None None] Registered counter for database nova_cell0
Jun 05 14:36:04.979452 np0000002222 nova-scheduler[95663]: INFO dbcounter [None req-d54dd1d8-bf78-42f8-8535-df0c4707d000 None None] Registered counter for database nova_cell0
Jun 05 14:36:04.994602 np0000002222 nova-scheduler[95661]: DEBUG oslo_db.sqlalchemy.engines [None req-8d09633d-8bf4-43df-975c-27eba273e21f None None] MySQL server mode set to STRICT_TRANS_TABLES,STRICT_ALL_TABLES,NO_ZERO_IN_DATE,NO_ZERO_DATE,ERROR_FOR_DIVISION_BY_ZERO,TRADITIONAL,NO_ENGINE_SUBSTITUTION {{(pid=95661) _check_effective_sql_mode /opt/stack/data/venv/lib/python3.12/site-packages/oslo_db/sqlalchemy/engines.py:325}}
Jun 05 14:36:05.007664 np0000002222 nova-scheduler[95661]: DEBUG dbcounter [-] [95661] Writer thread running {{(pid=95661) stat_writer /opt/stack/data/venv/lib/python3.12/site-packages/dbcounter.py:102}}
Jun 05 14:36:05.024269 np0000002222 nova-scheduler[95668]: DEBUG oslo_db.sqlalchemy.engines [None req-c959ccaf-ff91-410f-8324-3af0f968b468 None None] MySQL server mode set to STRICT_TRANS_TABLES,STRICT_ALL_TABLES,NO_ZERO_IN_DATE,NO_ZERO_DATE,ERROR_FOR_DIVISION_BY_ZERO,TRADITIONAL,NO_ENGINE_SUBSTITUTION {{(pid=95668) _check_effective_sql_mode /opt/stack/data/venv/lib/python3.12/site-packages/oslo_db/sqlalchemy/engines.py:325}}
Jun 05 14:36:05.025339 np0000002222 nova-scheduler[95661]: DEBUG nova.service [None req-8d09633d-8bf4-43df-975c-27eba273e21f None None] Creating RPC server for service: nova-scheduler on topic: scheduler {{(pid=95661) start /opt/stack/nova/nova/service.py:195}}
Jun 05 14:36:05.027156 np0000002222 nova-scheduler[95663]: DEBUG oslo_db.sqlalchemy.engines [None req-d54dd1d8-bf78-42f8-8535-df0c4707d000 None None] MySQL server mode set to STRICT_TRANS_TABLES,STRICT_ALL_TABLES,NO_ZERO_IN_DATE,NO_ZERO_DATE,ERROR_FOR_DIVISION_BY_ZERO,TRADITIONAL,NO_ENGINE_SUBSTITUTION {{(pid=95663) _check_effective_sql_mode /opt/stack/data/venv/lib/python3.12/site-packages/oslo_db/sqlalchemy/engines.py:325}}
Jun 05 14:36:05.036952 np0000002222 nova-scheduler[95668]: DEBUG dbcounter [-] [95668] Writer thread running {{(pid=95668) stat_writer /opt/stack/data/venv/lib/python3.12/site-packages/dbcounter.py:102}}
Jun 05 14:36:05.037957 np0000002222 nova-scheduler[95663]: DEBUG dbcounter [-] [95663] Writer thread running {{(pid=95663) stat_writer /opt/stack/data/venv/lib/python3.12/site-packages/dbcounter.py:102}}
Jun 05 14:36:05.040280 np0000002222 nova-scheduler[95668]: DEBUG nova.service [None req-c959ccaf-ff91-410f-8324-3af0f968b468 None None] Creating RPC server for service: nova-scheduler on topic: scheduler {{(pid=95668) start /opt/stack/nova/nova/service.py:195}}
Jun 05 14:36:05.041380 np0000002222 nova-scheduler[95663]: DEBUG nova.service [None req-d54dd1d8-bf78-42f8-8535-df0c4707d000 None None] Creating RPC server for service: nova-scheduler on topic: scheduler {{(pid=95663) start /opt/stack/nova/nova/service.py:195}}
Jun 05 14:36:05.060091 np0000002222 nova-scheduler[95661]: DEBUG nova.service [None req-8d09633d-8bf4-43df-975c-27eba273e21f None None] Join ServiceGroup membership for this service scheduler {{(pid=95661) start /opt/stack/nova/nova/service.py:221}}
Jun 05 14:36:05.061070 np0000002222 nova-scheduler[95661]: DEBUG nova.servicegroup.drivers.db [None req-8d09633d-8bf4-43df-975c-27eba273e21f None None] DB_Driver: join new ServiceGroup member np0000002222 to the scheduler group, service = {{(pid=95661) join /opt/stack/nova/nova/servicegroup/drivers/db.py:44}}
Jun 05 14:36:05.063172 np0000002222 nova-scheduler[95663]: DEBUG nova.service [None req-d54dd1d8-bf78-42f8-8535-df0c4707d000 None None] Join ServiceGroup membership for this service scheduler {{(pid=95663) start /opt/stack/nova/nova/service.py:221}}
Jun 05 14:36:05.063336 np0000002222 nova-scheduler[95663]: DEBUG nova.servicegroup.drivers.db [None req-d54dd1d8-bf78-42f8-8535-df0c4707d000 None None] DB_Driver: join new ServiceGroup member np0000002222 to the scheduler group, service = {{(pid=95663) join /opt/stack/nova/nova/servicegroup/drivers/db.py:44}}
Jun 05 14:36:05.064581 np0000002222 nova-scheduler[95668]: DEBUG nova.service [None req-c959ccaf-ff91-410f-8324-3af0f968b468 None None] Join ServiceGroup membership for this service scheduler {{(pid=95668) start /opt/stack/nova/nova/service.py:221}}
Jun 05 14:36:05.064862 np0000002222 nova-scheduler[95668]: DEBUG nova.servicegroup.drivers.db [None req-c959ccaf-ff91-410f-8324-3af0f968b468 None None] DB_Driver: join new ServiceGroup member np0000002222 to the scheduler group, service = {{(pid=95668) join /opt/stack/nova/nova/servicegroup/drivers/db.py:44}}
Jun 05 14:36:10.073699 np0000002222 nova-scheduler[95661]: DEBUG oslo.service.backend._threading.loopingcall [-] Fixed interval looping call 'nova.servicegroup.drivers.db.DbDriver._report_state' sleeping for 119.99 seconds {{(pid=95661) _run_loop /opt/stack/data/venv/lib/python3.12/site-packages/oslo_service/backend/_threading/loopingcall.py:125}}
Jun 05 14:36:10.083914 np0000002222 nova-scheduler[95668]: DEBUG oslo.service.backend._threading.loopingcall [-] Fixed interval looping call 'nova.servicegroup.drivers.db.DbDriver._report_state' sleeping for 119.99 seconds {{(pid=95668) _run_loop /opt/stack/data/venv/lib/python3.12/site-packages/oslo_service/backend/_threading/loopingcall.py:125}}
Jun 05 14:36:10.084319 np0000002222 nova-scheduler[95663]: DEBUG oslo.service.backend._threading.loopingcall [-] Fixed interval looping call 'nova.servicegroup.drivers.db.DbDriver._report_state' sleeping for 119.98 seconds {{(pid=95663) _run_loop /opt/stack/data/venv/lib/python3.12/site-packages/oslo_service/backend/_threading/loopingcall.py:125}}
Jun 05 14:36:13.544908 np0000002222 nova-scheduler[94461]: DEBUG dbcounter [-] [94461] Writing DB stats nova_api:SELECT=3 {{(pid=94461) stat_writer /opt/stack/data/venv/lib/python3.12/site-packages/dbcounter.py:115}}
Jun 05 14:36:13.679289 np0000002222 nova-scheduler[94461]: DEBUG dbcounter [-] [94461] Writing DB stats nova_cell0:SELECT=1 {{(pid=94461) stat_writer /opt/stack/data/venv/lib/python3.12/site-packages/dbcounter.py:115}}
Jun 05 14:36:13.715812 np0000002222 nova-scheduler[94461]: DEBUG dbcounter [-] [94461] Writing DB stats nova_cell1:SELECT=1 {{(pid=94461) stat_writer /opt/stack/data/venv/lib/python3.12/site-packages/dbcounter.py:115}}
Jun 05 14:36:20.070757 np0000002222 nova-scheduler[95668]: DEBUG oslo.service.backend._threading.loopingcall [None req-a276744d-6807-4aa5-a13c-0fbc24389c16 None None] Dynamic interval looping call 'nova.service.Service.periodic_tasks' sleeping for 60.00 seconds {{(pid=95668) _run_loop /opt/stack/data/venv/lib/python3.12/site-packages/oslo_service/backend/_threading/loopingcall.py:125}}
Jun 05 14:36:20.071290 np0000002222 nova-scheduler[95661]: DEBUG dbcounter [-] [95661] Writing DB stats nova_cell0:SELECT=4,nova_cell0:INSERT=1,nova_cell0:UPDATE=1 {{(pid=95661) stat_writer /opt/stack/data/venv/lib/python3.12/site-packages/dbcounter.py:115}}
Jun 05 14:36:20.080644 np0000002222 nova-scheduler[95663]: DEBUG dbcounter [-] [95663] Writing DB stats nova_cell0:SELECT=3 {{(pid=95663) stat_writer /opt/stack/data/venv/lib/python3.12/site-packages/dbcounter.py:115}}
Jun 05 14:36:20.083445 np0000002222 nova-scheduler[95668]: DEBUG dbcounter [-] [95668] Writing DB stats nova_cell0:SELECT=3 {{(pid=95668) stat_writer /opt/stack/data/venv/lib/python3.12/site-packages/dbcounter.py:115}}
Jun 05 14:36:30.068259 np0000002222 nova-scheduler[95663]: DEBUG oslo.service.backend._threading.loopingcall [None req-e0bbdb24-b534-4f8d-a449-abcaf702fc3c None None] Dynamic interval looping call 'nova.service.Service.periodic_tasks' sleeping for 60.00 seconds {{(pid=95663) _run_loop /opt/stack/data/venv/lib/python3.12/site-packages/oslo_service/backend/_threading/loopingcall.py:125}}
Jun 05 14:36:36.062522 np0000002222 nova-scheduler[95661]: DEBUG oslo.service.backend._threading.loopingcall [None req-71f59d79-68c4-41df-bedd-26c8ee913edf None None] Dynamic interval looping call 'nova.service.Service.periodic_tasks' sleeping for 60.00 seconds {{(pid=95661) _run_loop /opt/stack/data/venv/lib/python3.12/site-packages/oslo_service/backend/_threading/loopingcall.py:125}}
Jun 05 14:37:20.071337 np0000002222 nova-scheduler[95668]: DEBUG oslo.service.backend._threading.loopingcall [None req-a276744d-6807-4aa5-a13c-0fbc24389c16 None None] Dynamic interval looping call 'nova.service.Service.periodic_tasks' sleeping for 60.00 seconds {{(pid=95668) _run_loop /opt/stack/data/venv/lib/python3.12/site-packages/oslo_service/backend/_threading/loopingcall.py:125}}
Jun 05 14:37:30.068823 np0000002222 nova-scheduler[95663]: DEBUG oslo.service.backend._threading.loopingcall [None req-e0bbdb24-b534-4f8d-a449-abcaf702fc3c None None] Dynamic interval looping call 'nova.service.Service.periodic_tasks' sleeping for 60.00 seconds {{(pid=95663) _run_loop /opt/stack/data/venv/lib/python3.12/site-packages/oslo_service/backend/_threading/loopingcall.py:125}}
Jun 05 14:37:36.063165 np0000002222 nova-scheduler[95661]: DEBUG oslo.service.backend._threading.loopingcall [None req-71f59d79-68c4-41df-bedd-26c8ee913edf None None] Dynamic interval looping call 'nova.service.Service.periodic_tasks' sleeping for 60.00 seconds {{(pid=95661) _run_loop /opt/stack/data/venv/lib/python3.12/site-packages/oslo_service/backend/_threading/loopingcall.py:125}}
Jun 05 14:38:10.071761 np0000002222 nova-scheduler[95661]: DEBUG oslo.service.backend._threading.loopingcall [-] Fixed interval looping call 'nova.servicegroup.drivers.db.DbDriver._report_state' sleeping for 119.99 seconds {{(pid=95661) _run_loop /opt/stack/data/venv/lib/python3.12/site-packages/oslo_service/backend/_threading/loopingcall.py:125}}
Jun 05 14:38:10.072217 np0000002222 nova-scheduler[95663]: DEBUG oslo.service.backend._threading.loopingcall [-] Fixed interval looping call 'nova.servicegroup.drivers.db.DbDriver._report_state' sleeping for 119.99 seconds {{(pid=95663) _run_loop /opt/stack/data/venv/lib/python3.12/site-packages/oslo_service/backend/_threading/loopingcall.py:125}}
Jun 05 14:38:10.077538 np0000002222 nova-scheduler[95668]: DEBUG oslo.service.backend._threading.loopingcall [-] Fixed interval looping call 'nova.servicegroup.drivers.db.DbDriver._report_state' sleeping for 120.00 seconds {{(pid=95668) _run_loop /opt/stack/data/venv/lib/python3.12/site-packages/oslo_service/backend/_threading/loopingcall.py:125}}
Jun 05 14:38:20.067369 np0000002222 nova-scheduler[95661]: DEBUG dbcounter [-] [95661] Writing DB stats nova_cell0:SELECT=1,nova_cell0:UPDATE=1 {{(pid=95661) stat_writer /opt/stack/data/venv/lib/python3.12/site-packages/dbcounter.py:115}}
Jun 05 14:38:20.069782 np0000002222 nova-scheduler[95663]: DEBUG dbcounter [-] [95663] Writing DB stats nova_cell0:SELECT=1,nova_cell0:UPDATE=1 {{(pid=95663) stat_writer /opt/stack/data/venv/lib/python3.12/site-packages/dbcounter.py:115}}
Jun 05 14:38:20.071726 np0000002222 nova-scheduler[95668]: DEBUG oslo.service.backend._threading.loopingcall [None req-a276744d-6807-4aa5-a13c-0fbc24389c16 None None] Dynamic interval looping call 'nova.service.Service.periodic_tasks' sleeping for 60.00 seconds {{(pid=95668) _run_loop /opt/stack/data/venv/lib/python3.12/site-packages/oslo_service/backend/_threading/loopingcall.py:125}}
Jun 05 14:38:20.075794 np0000002222 nova-scheduler[95668]: DEBUG dbcounter [-] [95668] Writing DB stats nova_cell0:SELECT=1 {{(pid=95668) stat_writer /opt/stack/data/venv/lib/python3.12/site-packages/dbcounter.py:115}}
Jun 05 14:38:30.069394 np0000002222 nova-scheduler[95663]: DEBUG oslo.service.backend._threading.loopingcall [None req-e0bbdb24-b534-4f8d-a449-abcaf702fc3c None None] Dynamic interval looping call 'nova.service.Service.periodic_tasks' sleeping for 60.00 seconds {{(pid=95663) _run_loop /opt/stack/data/venv/lib/python3.12/site-packages/oslo_service/backend/_threading/loopingcall.py:125}}
Jun 05 14:38:36.064775 np0000002222 nova-scheduler[95661]: DEBUG oslo.service.backend._threading.loopingcall [None req-71f59d79-68c4-41df-bedd-26c8ee913edf None None] Dynamic interval looping call 'nova.service.Service.periodic_tasks' sleeping for 60.00 seconds {{(pid=95661) _run_loop /opt/stack/data/venv/lib/python3.12/site-packages/oslo_service/backend/_threading/loopingcall.py:125}}
Jun 05 14:38:49.936564 np0000002222 nova-scheduler[95661]: DEBUG nova.scheduler.manager [None req-c62e8c8c-cdf5-4db5-8457-350fc946f328 tempest-AttachVolumeTestJSON-962316849 tempest-AttachVolumeTestJSON-962316849-project-member] Starting to schedule for instances: ['66c23099-67a8-45c5-8900-a296efc707c2'] {{(pid=95661) select_destinations /opt/stack/nova/nova/scheduler/manager.py:210}}
Jun 05 14:38:49.937053 np0000002222 nova-scheduler[95661]: DEBUG nova.scheduler.request_filter [None req-c62e8c8c-cdf5-4db5-8457-350fc946f328 tempest-AttachVolumeTestJSON-962316849 tempest-AttachVolumeTestJSON-962316849-project-member] compute_status_filter request filter added forbidden trait COMPUTE_STATUS_DISABLED {{(pid=95661) compute_status_filter /opt/stack/nova/nova/scheduler/request_filter.py:253}}
Jun 05 14:38:49.938352 np0000002222 nova-scheduler[95661]: DEBUG nova.scheduler.request_filter [None req-c62e8c8c-cdf5-4db5-8457-350fc946f328 tempest-AttachVolumeTestJSON-962316849 tempest-AttachVolumeTestJSON-962316849-project-member] Request filter 'compute_status_filter' took 0.0 seconds {{(pid=95661) wrapper /opt/stack/nova/nova/scheduler/request_filter.py:46}}
Jun 05 14:38:49.938352 np0000002222 nova-scheduler[95661]: DEBUG nova.scheduler.request_filter [None req-c62e8c8c-cdf5-4db5-8457-350fc946f328 tempest-AttachVolumeTestJSON-962316849 tempest-AttachVolumeTestJSON-962316849-project-member] Request filter 'accelerators_filter' took 0.0 seconds {{(pid=95661) wrapper /opt/stack/nova/nova/scheduler/request_filter.py:46}}
Jun 05 14:38:49.938484 np0000002222 nova-scheduler[95661]: DEBUG nova.scheduler.request_filter [None req-c62e8c8c-cdf5-4db5-8457-350fc946f328 tempest-AttachVolumeTestJSON-962316849 tempest-AttachVolumeTestJSON-962316849-project-member] Request filter 'packed_virtqueue_filter' took 0.0 seconds {{(pid=95661) wrapper /opt/stack/nova/nova/scheduler/request_filter.py:46}}
Jun 05 14:38:49.938713 np0000002222 nova-scheduler[95661]: DEBUG nova.scheduler.request_filter [None req-c62e8c8c-cdf5-4db5-8457-350fc946f328 tempest-AttachVolumeTestJSON-962316849 tempest-AttachVolumeTestJSON-962316849-project-member] Request filter 'remote_managed_ports_filter' took 0.0 seconds {{(pid=95661) wrapper /opt/stack/nova/nova/scheduler/request_filter.py:46}}
Jun 05 14:38:49.938856 np0000002222 nova-scheduler[95661]: DEBUG nova.scheduler.request_filter [None req-c62e8c8c-cdf5-4db5-8457-350fc946f328 tempest-AttachVolumeTestJSON-962316849 tempest-AttachVolumeTestJSON-962316849-project-member] ephemeral_encryption_filter skipped {{(pid=95661) ephemeral_encryption_filter /opt/stack/nova/nova/scheduler/request_filter.py:426}}
Jun 05 14:38:49.938986 np0000002222 nova-scheduler[95661]: DEBUG nova.scheduler.request_filter [None req-c62e8c8c-cdf5-4db5-8457-350fc946f328 tempest-AttachVolumeTestJSON-962316849 tempest-AttachVolumeTestJSON-962316849-project-member] virtio_sound_filter skipped {{(pid=95661) virtio_sound_filter /opt/stack/nova/nova/scheduler/request_filter.py:460}}
Jun 05 14:38:49.939105 np0000002222 nova-scheduler[95661]: DEBUG nova.scheduler.request_filter [None req-c62e8c8c-cdf5-4db5-8457-350fc946f328 tempest-AttachVolumeTestJSON-962316849 tempest-AttachVolumeTestJSON-962316849-project-member] tpm_secret_security_filter skipped {{(pid=95661) tpm_secret_security_filter /opt/stack/nova/nova/scheduler/request_filter.py:477}}
Jun 05 14:38:50.483253 np0000002222 nova-scheduler[95661]: INFO nova.utils [None req-c62e8c8c-cdf5-4db5-8457-350fc946f328 tempest-AttachVolumeTestJSON-962316849 tempest-AttachVolumeTestJSON-962316849-project-member] The cell worker thread pool ForkProcess-1.cell_worker is initialized
Jun 05 14:38:50.483491 np0000002222 nova-scheduler[95661]: DEBUG oslo_concurrency.lockutils [None req-c62e8c8c-cdf5-4db5-8457-350fc946f328 tempest-AttachVolumeTestJSON-962316849 tempest-AttachVolumeTestJSON-962316849-project-member] Acquiring lock "002b5707-3fbd-4903-9a48-a23481900f10" by "nova.context.set_target_cell..get_or_set_cached_cell_and_set_connections" {{(pid=95661) inner /opt/stack/data/venv/lib/python3.12/site-packages/oslo_concurrency/lockutils.py:511}}
Jun 05 14:38:50.484102 np0000002222 nova-scheduler[95661]: DEBUG oslo_concurrency.lockutils [None req-c62e8c8c-cdf5-4db5-8457-350fc946f328 tempest-AttachVolumeTestJSON-962316849 tempest-AttachVolumeTestJSON-962316849-project-member] Lock "002b5707-3fbd-4903-9a48-a23481900f10" acquired by "nova.context.set_target_cell..get_or_set_cached_cell_and_set_connections" :: waited 0.000s {{(pid=95661) inner /opt/stack/data/venv/lib/python3.12/site-packages/oslo_concurrency/lockutils.py:524}}
Jun 05 14:38:50.485230 np0000002222 nova-scheduler[95661]: DEBUG oslo_concurrency.lockutils [None req-c62e8c8c-cdf5-4db5-8457-350fc946f328 tempest-AttachVolumeTestJSON-962316849 tempest-AttachVolumeTestJSON-962316849-project-member] Lock "002b5707-3fbd-4903-9a48-a23481900f10" "released" by "nova.context.set_target_cell..get_or_set_cached_cell_and_set_connections" :: held 0.001s {{(pid=95661) inner /opt/stack/data/venv/lib/python3.12/site-packages/oslo_concurrency/lockutils.py:543}}
Jun 05 14:38:50.487081 np0000002222 nova-scheduler[95661]: INFO dbcounter [None req-c62e8c8c-cdf5-4db5-8457-350fc946f328 tempest-AttachVolumeTestJSON-962316849 tempest-AttachVolumeTestJSON-962316849-project-member] Registered counter for database nova_cell1
Jun 05 14:38:50.526494 np0000002222 nova-scheduler[95661]: DEBUG oslo_db.sqlalchemy.engines [None req-c62e8c8c-cdf5-4db5-8457-350fc946f328 tempest-AttachVolumeTestJSON-962316849 tempest-AttachVolumeTestJSON-962316849-project-member] MySQL server mode set to STRICT_TRANS_TABLES,STRICT_ALL_TABLES,NO_ZERO_IN_DATE,NO_ZERO_DATE,ERROR_FOR_DIVISION_BY_ZERO,TRADITIONAL,NO_ENGINE_SUBSTITUTION {{(pid=95661) _check_effective_sql_mode /opt/stack/data/venv/lib/python3.12/site-packages/oslo_db/sqlalchemy/engines.py:325}}
Jun 05 14:38:50.530811 np0000002222 nova-scheduler[95661]: DEBUG dbcounter [-] [95661] Writer thread running {{(pid=95661) stat_writer /opt/stack/data/venv/lib/python3.12/site-packages/dbcounter.py:102}}
Jun 05 14:38:50.543678 np0000002222 nova-scheduler[95661]: DEBUG oslo_db.sqlalchemy.engines [None req-c62e8c8c-cdf5-4db5-8457-350fc946f328 tempest-AttachVolumeTestJSON-962316849 tempest-AttachVolumeTestJSON-962316849-project-member] Parent process 94461 forked (95661) with an open database connection, which is being discarded and recreated. {{(pid=95661) checkout /opt/stack/data/venv/lib/python3.12/site-packages/oslo_db/sqlalchemy/engines.py:402}}
Jun 05 14:38:50.586096 np0000002222 nova-scheduler[95661]: DEBUG dbcounter [-] [95661] Writer thread running {{(pid=95661) stat_writer /opt/stack/data/venv/lib/python3.12/site-packages/dbcounter.py:102}}
Jun 05 14:38:50.589591 np0000002222 nova-scheduler[95661]: DEBUG oslo_concurrency.lockutils [None req-c62e8c8c-cdf5-4db5-8457-350fc946f328 tempest-AttachVolumeTestJSON-962316849 tempest-AttachVolumeTestJSON-962316849-project-member] Acquiring lock "002b5707-3fbd-4903-9a48-a23481900f10" by "nova.context.set_target_cell..get_or_set_cached_cell_and_set_connections" {{(pid=95661) inner /opt/stack/data/venv/lib/python3.12/site-packages/oslo_concurrency/lockutils.py:511}}
Jun 05 14:38:50.589833 np0000002222 nova-scheduler[95661]: DEBUG oslo_concurrency.lockutils [None req-c62e8c8c-cdf5-4db5-8457-350fc946f328 tempest-AttachVolumeTestJSON-962316849 tempest-AttachVolumeTestJSON-962316849-project-member] Lock "002b5707-3fbd-4903-9a48-a23481900f10" acquired by "nova.context.set_target_cell..get_or_set_cached_cell_and_set_connections" :: waited 0.000s {{(pid=95661) inner /opt/stack/data/venv/lib/python3.12/site-packages/oslo_concurrency/lockutils.py:524}}
Jun 05 14:38:50.589990 np0000002222 nova-scheduler[95661]: DEBUG oslo_concurrency.lockutils [None req-c62e8c8c-cdf5-4db5-8457-350fc946f328 tempest-AttachVolumeTestJSON-962316849 tempest-AttachVolumeTestJSON-962316849-project-member] Lock "002b5707-3fbd-4903-9a48-a23481900f10" "released" by "nova.context.set_target_cell..get_or_set_cached_cell_and_set_connections" :: held 0.000s {{(pid=95661) inner /opt/stack/data/venv/lib/python3.12/site-packages/oslo_concurrency/lockutils.py:543}}
Jun 05 14:38:50.593000 np0000002222 nova-scheduler[95661]: DEBUG oslo_concurrency.lockutils [None req-c62e8c8c-cdf5-4db5-8457-350fc946f328 tempest-AttachVolumeTestJSON-962316849 tempest-AttachVolumeTestJSON-962316849-project-member] Acquiring lock "('np0000002222', 'np0000002222')" by "nova.scheduler.host_manager.HostState.update.._locked_update" {{(pid=95661) inner /opt/stack/data/venv/lib/python3.12/site-packages/oslo_concurrency/lockutils.py:511}}
Jun 05 14:38:50.593168 np0000002222 nova-scheduler[95661]: DEBUG oslo_concurrency.lockutils [None req-c62e8c8c-cdf5-4db5-8457-350fc946f328 tempest-AttachVolumeTestJSON-962316849 tempest-AttachVolumeTestJSON-962316849-project-member] Lock "('np0000002222', 'np0000002222')" acquired by "nova.scheduler.host_manager.HostState.update.._locked_update" :: waited 0.000s {{(pid=95661) inner /opt/stack/data/venv/lib/python3.12/site-packages/oslo_concurrency/lockutils.py:524}}
Jun 05 14:38:50.594861 np0000002222 nova-scheduler[95661]: DEBUG nova.scheduler.host_manager [None req-c62e8c8c-cdf5-4db5-8457-350fc946f328 tempest-AttachVolumeTestJSON-962316849 tempest-AttachVolumeTestJSON-962316849-project-member] Update host state from compute node: ComputeNode(cpu_allocation_ratio=4.0,cpu_info='{"arch": "x86_64", "model": "EPYC-Milan", "vendor": "AMD", "topology": {"cells": 1, "sockets": 12, "cores": 1, "threads": 1}, "maxphysaddr": {"mode": "emulate", "bits": 40}, "features": ["xsave", "fpu", "rdpid", "vaes", "msr", "xsaveerptr", "arch-capabilities", "movbe", "svm", "vme", "smap", "pni", "aes", "ibpb", "pdpe1gb", "adx", "npt", "smep", "cmp_legacy", "syscall", "erms", "amd-ssbd", "perfctr_core", "fxsr_opt", "pse36", "mmx", "pse", "avx2", "topoext", "3dnowprefetch", "stibp", "tsc-scale", "hypervisor", "pschange-mc-no", "lfence-always-serializing", "gds-no", "v-vmsave-vmload", "mds-no", "fsgsbase", "xgetbv1", "lahf_lm", "pcid", "clflush", "sha-ni", "flushbyasid", "de", "tsc_adjust", "mce", "x2apic", "svme-addr-chk", "clzero", "invpcid", "cr8legacy", "pae", "popcnt", "null-sel-clr-base", "cmov", "wbnoinvd", "vmcb-clean", "cx8", "pfthreshold", "tsc-deadline", "skip-l1dfl-vmentry", "bmi1", "nrip-save", "abm", "spec-ctrl", "apic", "ibrs", "rdctl-no", "avx", "sse4.2", "mmxext", "vpclmulqdq", "virt-ssbd", "xsaves", "amd-stibp", "sep", "fxsr", "tsc", "rdrand", "bmi2", "cx16", "no-nested-data-bp", "pause-filter", "rdtscp", "clwb", "pge", "pat", "xsaveopt", "lbrv", "pclmuldq", "ssbd", "umip", "sse2", "arat", "nx", "sse4.1", "osvw", "xsavec", "mtrr", "lm", "misalignsse", "clflushopt", "f16c", "pku", "fma", "mca", "fsrm", "amd-psfd", "sse", "vgif", "sse4a", "stibp-always-on", "ssse3", "rdseed"]}',created_at=2026-06-05T14:36:30Z,current_workload=0,deleted=False,deleted_at=None,disk_allocation_ratio=1.0,disk_available_least=74,free_disk_gb=95,free_ram_mb=23518,host='np0000002222',host_ip=10.4.3.32,hypervisor_hostname='np0000002222',hypervisor_type='QEMU',hypervisor_version=8002002,id=1,local_gb=95,local_gb_used=0,mapped=1,memory_mb=24030,memory_mb_used=512,metrics='[]',numa_topology='{"nova_object.name": "NUMATopology", "nova_object.namespace": "nova", "nova_object.version": "1.2", "nova_object.data": {"cells": [{"nova_object.name": "NUMACell", "nova_object.namespace": "nova", "nova_object.version": "1.5", "nova_object.data": {"id": 0, "cpuset": [0, 1, 2, 3, 4, 5, 6, 7, 8, 9, 10, 11], "pcpuset": [0, 1, 2, 3, 4, 5, 6, 7, 8, 9, 10, 11], "memory": 24030, "cpu_usage": 0, "memory_usage": 0, "pinned_cpus": [], "siblings": [[6], [2], [5], [11], [8], [4], [1], [7], [10], [0], [3], [9]], "mempages": [{"nova_object.name": "NUMAPagesTopology", "nova_object.namespace": "nova", "nova_object.version": "1.1", "nova_object.data": {"size_kb": 4, "total": 6151798, "used": 0, "reserved": 0}, "nova_object.changes": ["size_kb", "total", "used", "reserved"]}, {"nova_object.name": "NUMAPagesTopology", "nova_object.namespace": "nova", "nova_object.version": "1.1", "nova_object.data": {"size_kb": 2048, "total": 0, "used": 0, "reserved": 0}, "nova_object.changes": ["size_kb", "total", "used", "reserved"]}, {"nova_object.name": "NUMAPagesTopology", "nova_object.namespace": "nova", "nova_object.version": "1.1", "nova_object.data": {"size_kb": 1048576, "total": 0, "used": 0, "reserved": 0}, "nova_object.changes": ["size_kb", "total", "used", "reserved"]}], "network_metadata": {"nova_object.name": "NetworkMetadata", "nova_object.namespace": "nova", "nova_object.version": "1.0", "nova_object.data": {"physnets": [], "tunneled": false}, "nova_object.changes": ["physnets", "tunneled"]}, "socket": null}, "nova_object.changes": ["cpuset", "siblings", "mempages", "memory", "pcpuset", "id", "network_metadata", "cpu_usage", "pinned_cpus", "memory_usage", "socket"]}]}, "nova_object.changes": ["cells"]}',pci_device_pools=PciDevicePoolList,ram_allocation_ratio=1.0,running_vms=0,service_id=2,stats={failed_builds='0',uptime=' 14:38:15 up 28 min, 2 users, load average: 1.41, 1.51, 0.86
Jun 05 14:38:50.594861 np0000002222 nova-scheduler[95661]: '},supported_hv_specs=[HVSpec,HVSpec,HVSpec,HVSpec,HVSpec,HVSpec,HVSpec,HVSpec,HVSpec,HVSpec,HVSpec,HVSpec,HVSpec,HVSpec,HVSpec,HVSpec,HVSpec,HVSpec,HVSpec,HVSpec,HVSpec,HVSpec,HVSpec,HVSpec,HVSpec],updated_at=2026-06-05T14:38:17Z,uuid=e1cbd090-f421-47ae-a467-cc6db822fd15,vcpus=12,vcpus_used=0) {{(pid=95661) _locked_update /opt/stack/nova/nova/scheduler/host_manager.py:168}}
Jun 05 14:38:50.595291 np0000002222 nova-scheduler[95661]: DEBUG nova.scheduler.host_manager [None req-c62e8c8c-cdf5-4db5-8457-350fc946f328 tempest-AttachVolumeTestJSON-962316849 tempest-AttachVolumeTestJSON-962316849-project-member] Update host state with aggregates: [] {{(pid=95661) _locked_update /opt/stack/nova/nova/scheduler/host_manager.py:171}}
Jun 05 14:38:50.595442 np0000002222 nova-scheduler[95661]: DEBUG nova.scheduler.host_manager [None req-c62e8c8c-cdf5-4db5-8457-350fc946f328 tempest-AttachVolumeTestJSON-962316849 tempest-AttachVolumeTestJSON-962316849-project-member] Update host state with service dict: {'id': 2, 'uuid': '5fcf06bd-5a8d-432d-835a-e9e243851dd9', 'host': 'np0000002222', 'binary': 'nova-compute', 'topic': 'compute', 'report_count': 2, 'disabled': False, 'disabled_reason': None, 'last_seen_up': datetime.datetime(2026, 6, 5, 14, 38, 39, tzinfo=datetime.timezone.utc), 'forced_down': False, 'version': 72, 'created_at': datetime.datetime(2026, 6, 5, 14, 36, 29, tzinfo=datetime.timezone.utc), 'updated_at': datetime.datetime(2026, 6, 5, 14, 38, 39, tzinfo=datetime.timezone.utc), 'deleted_at': None, 'deleted': False} {{(pid=95661) _locked_update /opt/stack/nova/nova/scheduler/host_manager.py:174}}
Jun 05 14:38:50.595669 np0000002222 nova-scheduler[95661]: DEBUG nova.scheduler.host_manager [None req-c62e8c8c-cdf5-4db5-8457-350fc946f328 tempest-AttachVolumeTestJSON-962316849 tempest-AttachVolumeTestJSON-962316849-project-member] Update host state with instances: [] {{(pid=95661) _locked_update /opt/stack/nova/nova/scheduler/host_manager.py:177}}
Jun 05 14:38:50.595801 np0000002222 nova-scheduler[95661]: DEBUG oslo_concurrency.lockutils [None req-c62e8c8c-cdf5-4db5-8457-350fc946f328 tempest-AttachVolumeTestJSON-962316849 tempest-AttachVolumeTestJSON-962316849-project-member] Lock "('np0000002222', 'np0000002222')" "released" by "nova.scheduler.host_manager.HostState.update.._locked_update" :: held 0.003s {{(pid=95661) inner /opt/stack/data/venv/lib/python3.12/site-packages/oslo_concurrency/lockutils.py:543}}
Jun 05 14:38:50.596211 np0000002222 nova-scheduler[95661]: DEBUG nova.filters [None req-c62e8c8c-cdf5-4db5-8457-350fc946f328 tempest-AttachVolumeTestJSON-962316849 tempest-AttachVolumeTestJSON-962316849-project-member] Starting with 1 host(s) {{(pid=95661) get_filtered_objects /opt/stack/nova/nova/filters.py:70}}
Jun 05 14:38:50.596478 np0000002222 nova-scheduler[95661]: DEBUG nova.filters [None req-c62e8c8c-cdf5-4db5-8457-350fc946f328 tempest-AttachVolumeTestJSON-962316849 tempest-AttachVolumeTestJSON-962316849-project-member] Filter ComputeFilter returned 1 host(s) {{(pid=95661) get_filtered_objects /opt/stack/nova/nova/filters.py:102}}
Jun 05 14:38:50.596639 np0000002222 nova-scheduler[95661]: DEBUG nova.filters [None req-c62e8c8c-cdf5-4db5-8457-350fc946f328 tempest-AttachVolumeTestJSON-962316849 tempest-AttachVolumeTestJSON-962316849-project-member] Filter ComputeCapabilitiesFilter returned 1 host(s) {{(pid=95661) get_filtered_objects /opt/stack/nova/nova/filters.py:102}}
Jun 05 14:38:50.597236 np0000002222 nova-scheduler[95661]: DEBUG nova.filters [None req-c62e8c8c-cdf5-4db5-8457-350fc946f328 tempest-AttachVolumeTestJSON-962316849 tempest-AttachVolumeTestJSON-962316849-project-member] Filter ImagePropertiesFilter returned 1 host(s) {{(pid=95661) get_filtered_objects /opt/stack/nova/nova/filters.py:102}}
Jun 05 14:38:50.597236 np0000002222 nova-scheduler[95661]: DEBUG nova.filters [None req-c62e8c8c-cdf5-4db5-8457-350fc946f328 tempest-AttachVolumeTestJSON-962316849 tempest-AttachVolumeTestJSON-962316849-project-member] Filter ServerGroupAntiAffinityFilter returned 1 host(s) {{(pid=95661) get_filtered_objects /opt/stack/nova/nova/filters.py:102}}
Jun 05 14:38:50.597236 np0000002222 nova-scheduler[95661]: DEBUG nova.filters [None req-c62e8c8c-cdf5-4db5-8457-350fc946f328 tempest-AttachVolumeTestJSON-962316849 tempest-AttachVolumeTestJSON-962316849-project-member] Filter ServerGroupAffinityFilter returned 1 host(s) {{(pid=95661) get_filtered_objects /opt/stack/nova/nova/filters.py:102}}
Jun 05 14:38:50.597317 np0000002222 nova-scheduler[95661]: DEBUG nova.filters [None req-c62e8c8c-cdf5-4db5-8457-350fc946f328 tempest-AttachVolumeTestJSON-962316849 tempest-AttachVolumeTestJSON-962316849-project-member] Filter SameHostFilter returned 1 host(s) {{(pid=95661) get_filtered_objects /opt/stack/nova/nova/filters.py:102}}
Jun 05 14:38:50.597371 np0000002222 nova-scheduler[95661]: DEBUG nova.filters [None req-c62e8c8c-cdf5-4db5-8457-350fc946f328 tempest-AttachVolumeTestJSON-962316849 tempest-AttachVolumeTestJSON-962316849-project-member] Filter DifferentHostFilter returned 1 host(s) {{(pid=95661) get_filtered_objects /opt/stack/nova/nova/filters.py:102}}
Jun 05 14:38:50.597506 np0000002222 nova-scheduler[95661]: DEBUG nova.scheduler.manager [None req-c62e8c8c-cdf5-4db5-8457-350fc946f328 tempest-AttachVolumeTestJSON-962316849 tempest-AttachVolumeTestJSON-962316849-project-member] Filtered [(np0000002222, np0000002222) ram: 23518MB disk: 75776MB io_ops: 0 instances: 0, allocation_candidates: 1] {{(pid=95661) _get_sorted_hosts /opt/stack/nova/nova/scheduler/manager.py:743}}
Jun 05 14:38:50.597695 np0000002222 nova-scheduler[95661]: DEBUG nova.scheduler.manager [None req-c62e8c8c-cdf5-4db5-8457-350fc946f328 tempest-AttachVolumeTestJSON-962316849 tempest-AttachVolumeTestJSON-962316849-project-member] Weighed [WeighedHost [host: (np0000002222, np0000002222) ram: 23518MB disk: 75776MB io_ops: 0 instances: 0, allocation_candidates: 1, weight: 0.0]] {{(pid=95661) _get_sorted_hosts /opt/stack/nova/nova/scheduler/manager.py:765}}
Jun 05 14:38:50.598814 np0000002222 nova-scheduler[95661]: DEBUG nova.scheduler.utils [None req-c62e8c8c-cdf5-4db5-8457-350fc946f328 tempest-AttachVolumeTestJSON-962316849 tempest-AttachVolumeTestJSON-962316849-project-member] Attempting to claim resources in the placement API for instance 66c23099-67a8-45c5-8900-a296efc707c2 {{(pid=95661) claim_resources /opt/stack/nova/nova/scheduler/utils.py:1345}}
Jun 05 14:38:50.742269 np0000002222 nova-scheduler[95661]: DEBUG nova.scheduler.manager [None req-c62e8c8c-cdf5-4db5-8457-350fc946f328 tempest-AttachVolumeTestJSON-962316849 tempest-AttachVolumeTestJSON-962316849-project-member] [instance: 66c23099-67a8-45c5-8900-a296efc707c2] Selected host: (np0000002222, np0000002222) ram: 23518MB disk: 75776MB io_ops: 0 instances: 0, allocation_candidates: 1 {{(pid=95661) _consume_selected_host /opt/stack/nova/nova/scheduler/manager.py:625}}
Jun 05 14:38:50.743249 np0000002222 nova-scheduler[95661]: DEBUG oslo_concurrency.lockutils [None req-c62e8c8c-cdf5-4db5-8457-350fc946f328 tempest-AttachVolumeTestJSON-962316849 tempest-AttachVolumeTestJSON-962316849-project-member] Acquiring lock "('np0000002222', 'np0000002222')" by "nova.scheduler.host_manager.HostState.consume_from_request.._locked" {{(pid=95661) inner /opt/stack/data/venv/lib/python3.12/site-packages/oslo_concurrency/lockutils.py:511}}
Jun 05 14:38:50.743249 np0000002222 nova-scheduler[95661]: DEBUG oslo_concurrency.lockutils [None req-c62e8c8c-cdf5-4db5-8457-350fc946f328 tempest-AttachVolumeTestJSON-962316849 tempest-AttachVolumeTestJSON-962316849-project-member] Lock "('np0000002222', 'np0000002222')" acquired by "nova.scheduler.host_manager.HostState.consume_from_request.._locked" :: waited 0.000s {{(pid=95661) inner /opt/stack/data/venv/lib/python3.12/site-packages/oslo_concurrency/lockutils.py:524}}
Jun 05 14:38:50.743249 np0000002222 nova-scheduler[95661]: DEBUG oslo_concurrency.lockutils [None req-c62e8c8c-cdf5-4db5-8457-350fc946f328 tempest-AttachVolumeTestJSON-962316849 tempest-AttachVolumeTestJSON-962316849-project-member] Lock "('np0000002222', 'np0000002222')" "released" by "nova.scheduler.host_manager.HostState.consume_from_request.._locked" :: held 0.000s {{(pid=95661) inner /opt/stack/data/venv/lib/python3.12/site-packages/oslo_concurrency/lockutils.py:543}}
Jun 05 14:38:58.821823 np0000002222 nova-scheduler[95663]: DEBUG nova.scheduler.manager [None req-e658b98d-196c-4975-93d8-c08f966a93b1 tempest-TaggedAttachmentsTest-1428842318 tempest-TaggedAttachmentsTest-1428842318-project-member] Starting to schedule for instances: ['ec8be60b-d66e-4db8-9b70-2bca19d55766'] {{(pid=95663) select_destinations /opt/stack/nova/nova/scheduler/manager.py:210}}
Jun 05 14:38:58.822126 np0000002222 nova-scheduler[95663]: DEBUG nova.scheduler.request_filter [None req-e658b98d-196c-4975-93d8-c08f966a93b1 tempest-TaggedAttachmentsTest-1428842318 tempest-TaggedAttachmentsTest-1428842318-project-member] compute_status_filter request filter added forbidden trait COMPUTE_STATUS_DISABLED {{(pid=95663) compute_status_filter /opt/stack/nova/nova/scheduler/request_filter.py:253}}
Jun 05 14:38:58.822849 np0000002222 nova-scheduler[95663]: DEBUG nova.scheduler.request_filter [None req-e658b98d-196c-4975-93d8-c08f966a93b1 tempest-TaggedAttachmentsTest-1428842318 tempest-TaggedAttachmentsTest-1428842318-project-member] Request filter 'compute_status_filter' took 0.0 seconds {{(pid=95663) wrapper /opt/stack/nova/nova/scheduler/request_filter.py:46}}
Jun 05 14:38:58.822849 np0000002222 nova-scheduler[95663]: DEBUG nova.scheduler.request_filter [None req-e658b98d-196c-4975-93d8-c08f966a93b1 tempest-TaggedAttachmentsTest-1428842318 tempest-TaggedAttachmentsTest-1428842318-project-member] Request filter 'accelerators_filter' took 0.0 seconds {{(pid=95663) wrapper /opt/stack/nova/nova/scheduler/request_filter.py:46}}
Jun 05 14:38:58.822849 np0000002222 nova-scheduler[95663]: DEBUG nova.scheduler.request_filter [None req-e658b98d-196c-4975-93d8-c08f966a93b1 tempest-TaggedAttachmentsTest-1428842318 tempest-TaggedAttachmentsTest-1428842318-project-member] Request filter 'packed_virtqueue_filter' took 0.0 seconds {{(pid=95663) wrapper /opt/stack/nova/nova/scheduler/request_filter.py:46}}
Jun 05 14:38:58.823208 np0000002222 nova-scheduler[95663]: DEBUG nova.scheduler.request_filter [None req-e658b98d-196c-4975-93d8-c08f966a93b1 tempest-TaggedAttachmentsTest-1428842318 tempest-TaggedAttachmentsTest-1428842318-project-member] Request filter 'remote_managed_ports_filter' took 0.0 seconds {{(pid=95663) wrapper /opt/stack/nova/nova/scheduler/request_filter.py:46}}
Jun 05 14:38:58.823390 np0000002222 nova-scheduler[95663]: DEBUG nova.scheduler.request_filter [None req-e658b98d-196c-4975-93d8-c08f966a93b1 tempest-TaggedAttachmentsTest-1428842318 tempest-TaggedAttachmentsTest-1428842318-project-member] ephemeral_encryption_filter skipped {{(pid=95663) ephemeral_encryption_filter /opt/stack/nova/nova/scheduler/request_filter.py:426}}
Jun 05 14:38:58.823510 np0000002222 nova-scheduler[95663]: DEBUG nova.scheduler.request_filter [None req-e658b98d-196c-4975-93d8-c08f966a93b1 tempest-TaggedAttachmentsTest-1428842318 tempest-TaggedAttachmentsTest-1428842318-project-member] virtio_sound_filter skipped {{(pid=95663) virtio_sound_filter /opt/stack/nova/nova/scheduler/request_filter.py:460}}
Jun 05 14:38:58.823636 np0000002222 nova-scheduler[95663]: DEBUG nova.scheduler.request_filter [None req-e658b98d-196c-4975-93d8-c08f966a93b1 tempest-TaggedAttachmentsTest-1428842318 tempest-TaggedAttachmentsTest-1428842318-project-member] tpm_secret_security_filter skipped {{(pid=95663) tpm_secret_security_filter /opt/stack/nova/nova/scheduler/request_filter.py:477}}
Jun 05 14:38:58.885988 np0000002222 nova-scheduler[95668]: DEBUG nova.scheduler.manager [None req-5fd80b02-4fcc-4a35-9464-f9d32447cb9b tempest-AttachSCSIVolumeTestJSON-516931216 tempest-AttachSCSIVolumeTestJSON-516931216-project-member] Starting to schedule for instances: ['f6d5aa24-a0d3-45ec-a480-e91a162ab4d9'] {{(pid=95668) select_destinations /opt/stack/nova/nova/scheduler/manager.py:210}}
Jun 05 14:38:58.887080 np0000002222 nova-scheduler[95668]: DEBUG nova.scheduler.request_filter [None req-5fd80b02-4fcc-4a35-9464-f9d32447cb9b tempest-AttachSCSIVolumeTestJSON-516931216 tempest-AttachSCSIVolumeTestJSON-516931216-project-member] compute_status_filter request filter added forbidden trait COMPUTE_STATUS_DISABLED {{(pid=95668) compute_status_filter /opt/stack/nova/nova/scheduler/request_filter.py:253}}
Jun 05 14:38:58.887180 np0000002222 nova-scheduler[95668]: DEBUG nova.scheduler.request_filter [None req-5fd80b02-4fcc-4a35-9464-f9d32447cb9b tempest-AttachSCSIVolumeTestJSON-516931216 tempest-AttachSCSIVolumeTestJSON-516931216-project-member] Request filter 'compute_status_filter' took 0.0 seconds {{(pid=95668) wrapper /opt/stack/nova/nova/scheduler/request_filter.py:46}}
Jun 05 14:38:58.887494 np0000002222 nova-scheduler[95668]: DEBUG nova.scheduler.request_filter [None req-5fd80b02-4fcc-4a35-9464-f9d32447cb9b tempest-AttachSCSIVolumeTestJSON-516931216 tempest-AttachSCSIVolumeTestJSON-516931216-project-member] Request filter 'accelerators_filter' took 0.0 seconds {{(pid=95668) wrapper /opt/stack/nova/nova/scheduler/request_filter.py:46}}
Jun 05 14:38:58.887776 np0000002222 nova-scheduler[95668]: DEBUG nova.scheduler.request_filter [None req-5fd80b02-4fcc-4a35-9464-f9d32447cb9b tempest-AttachSCSIVolumeTestJSON-516931216 tempest-AttachSCSIVolumeTestJSON-516931216-project-member] Request filter 'packed_virtqueue_filter' took 0.0 seconds {{(pid=95668) wrapper /opt/stack/nova/nova/scheduler/request_filter.py:46}}
Jun 05 14:38:58.888117 np0000002222 nova-scheduler[95668]: DEBUG nova.scheduler.request_filter [None req-5fd80b02-4fcc-4a35-9464-f9d32447cb9b tempest-AttachSCSIVolumeTestJSON-516931216 tempest-AttachSCSIVolumeTestJSON-516931216-project-member] Request filter 'remote_managed_ports_filter' took 0.0 seconds {{(pid=95668) wrapper /opt/stack/nova/nova/scheduler/request_filter.py:46}}
Jun 05 14:38:58.888349 np0000002222 nova-scheduler[95668]: DEBUG nova.scheduler.request_filter [None req-5fd80b02-4fcc-4a35-9464-f9d32447cb9b tempest-AttachSCSIVolumeTestJSON-516931216 tempest-AttachSCSIVolumeTestJSON-516931216-project-member] ephemeral_encryption_filter skipped {{(pid=95668) ephemeral_encryption_filter /opt/stack/nova/nova/scheduler/request_filter.py:426}}
Jun 05 14:38:58.888546 np0000002222 nova-scheduler[95668]: DEBUG nova.scheduler.request_filter [None req-5fd80b02-4fcc-4a35-9464-f9d32447cb9b tempest-AttachSCSIVolumeTestJSON-516931216 tempest-AttachSCSIVolumeTestJSON-516931216-project-member] virtio_sound_filter skipped {{(pid=95668) virtio_sound_filter /opt/stack/nova/nova/scheduler/request_filter.py:460}}
Jun 05 14:38:58.889050 np0000002222 nova-scheduler[95668]: DEBUG nova.scheduler.request_filter [None req-5fd80b02-4fcc-4a35-9464-f9d32447cb9b tempest-AttachSCSIVolumeTestJSON-516931216 tempest-AttachSCSIVolumeTestJSON-516931216-project-member] tpm_secret_security_filter skipped {{(pid=95668) tpm_secret_security_filter /opt/stack/nova/nova/scheduler/request_filter.py:477}}
Jun 05 14:38:58.931803 np0000002222 nova-scheduler[95663]: INFO nova.utils [None req-e658b98d-196c-4975-93d8-c08f966a93b1 tempest-TaggedAttachmentsTest-1428842318 tempest-TaggedAttachmentsTest-1428842318-project-member] The cell worker thread pool ForkProcess-2.cell_worker is initialized
Jun 05 14:38:58.932201 np0000002222 nova-scheduler[95663]: DEBUG oslo_concurrency.lockutils [None req-e658b98d-196c-4975-93d8-c08f966a93b1 tempest-TaggedAttachmentsTest-1428842318 tempest-TaggedAttachmentsTest-1428842318-project-member] Acquiring lock "002b5707-3fbd-4903-9a48-a23481900f10" by "nova.context.set_target_cell..get_or_set_cached_cell_and_set_connections" {{(pid=95663) inner /opt/stack/data/venv/lib/python3.12/site-packages/oslo_concurrency/lockutils.py:511}}
Jun 05 14:38:58.932482 np0000002222 nova-scheduler[95663]: DEBUG oslo_concurrency.lockutils [None req-e658b98d-196c-4975-93d8-c08f966a93b1 tempest-TaggedAttachmentsTest-1428842318 tempest-TaggedAttachmentsTest-1428842318-project-member] Lock "002b5707-3fbd-4903-9a48-a23481900f10" acquired by "nova.context.set_target_cell..get_or_set_cached_cell_and_set_connections" :: waited 0.000s {{(pid=95663) inner /opt/stack/data/venv/lib/python3.12/site-packages/oslo_concurrency/lockutils.py:524}}
Jun 05 14:38:58.933945 np0000002222 nova-scheduler[95663]: DEBUG oslo_concurrency.lockutils [None req-e658b98d-196c-4975-93d8-c08f966a93b1 tempest-TaggedAttachmentsTest-1428842318 tempest-TaggedAttachmentsTest-1428842318-project-member] Lock "002b5707-3fbd-4903-9a48-a23481900f10" "released" by "nova.context.set_target_cell..get_or_set_cached_cell_and_set_connections" :: held 0.001s {{(pid=95663) inner /opt/stack/data/venv/lib/python3.12/site-packages/oslo_concurrency/lockutils.py:543}}
Jun 05 14:38:58.935312 np0000002222 nova-scheduler[95663]: INFO dbcounter [None req-e658b98d-196c-4975-93d8-c08f966a93b1 tempest-TaggedAttachmentsTest-1428842318 tempest-TaggedAttachmentsTest-1428842318-project-member] Registered counter for database nova_cell1
Jun 05 14:38:58.970453 np0000002222 nova-scheduler[95663]: DEBUG oslo_db.sqlalchemy.engines [None req-e658b98d-196c-4975-93d8-c08f966a93b1 tempest-TaggedAttachmentsTest-1428842318 tempest-TaggedAttachmentsTest-1428842318-project-member] MySQL server mode set to STRICT_TRANS_TABLES,STRICT_ALL_TABLES,NO_ZERO_IN_DATE,NO_ZERO_DATE,ERROR_FOR_DIVISION_BY_ZERO,TRADITIONAL,NO_ENGINE_SUBSTITUTION {{(pid=95663) _check_effective_sql_mode /opt/stack/data/venv/lib/python3.12/site-packages/oslo_db/sqlalchemy/engines.py:325}}
Jun 05 14:38:58.976263 np0000002222 nova-scheduler[95663]: DEBUG dbcounter [-] [95663] Writer thread running {{(pid=95663) stat_writer /opt/stack/data/venv/lib/python3.12/site-packages/dbcounter.py:102}}
