Jun 05 15:47:03.650562 np0000002228 devstack@c-api.service[99278]: DEBUG cinder.volume.flows.api.create_volume [None req-2ad5d40f-237a-40dc-89ff-0880d98a4b59 tempest-VolumesTestJSON-218683165 tempest-VolumesTestJSON-218683165-project-member] Validating volume size '1' using validate_int {{(pid=99278) _extract_size /opt/stack/cinder/cinder/volume/flows/api/create_volume.py:226}}
Jun 05 15:47:03.682668 np0000002228 devstack@c-api.service[99278]: DEBUG cinder.volume.api [None req-2ad5d40f-237a-40dc-89ff-0880d98a4b59 tempest-VolumesTestJSON-218683165 tempest-VolumesTestJSON-218683165-project-member] Task 'cinder.volume.flows.api.create_volume.ExtractVolumeRequestTask;volume:create' (29c69f5d-5d5f-4745-b7a8-d498abb54862) transitioned into state 'SUCCESS' from state 'RUNNING' with result '{'size': 1, 'snapshot_id': None, 'source_volid': None, 'volume_type': VolumeType(created_at=2026-06-05T15:42:48Z,deleted=False,deleted_at=None,description=None,extra_specs={volume_backend_name='storpool'},id=1bbda6c1-ac1c-4749-a97d-f0e747ed2b97,is_public=True,name='storpool',projects=[],qos_specs=,qos_specs_id=None,updated_at=None), 'volume_type_id': '1bbda6c1-ac1c-4749-a97d-f0e747ed2b97', 'encryption_key_id': None, 'qos_specs': None, 'consistencygroup_id': None, 'cgsnapshot_id': None, 'group_id': None, 'replication_status': 'disabled', 'refresh_az': False, 'backup_id': None, 'multiattach': False, 'availability_zones': ['nova']}' {{(pid=99278) _task_receiver /opt/stack/data/venv/lib/python3.12/site-packages/taskflow/listeners/logging.py:218}}
Jun 05 15:47:03.683894 np0000002228 devstack@c-api.service[99278]: DEBUG cinder.volume.api [None req-2ad5d40f-237a-40dc-89ff-0880d98a4b59 tempest-VolumesTestJSON-218683165 tempest-VolumesTestJSON-218683165-project-member] Task 'cinder.volume.flows.api.create_volume.QuotaReserveTask;volume:create' (78bb9179-a620-4584-90cc-80bcad02f604) transitioned into state 'RUNNING' from state 'PENDING' {{(pid=99278) _task_receiver /opt/stack/data/venv/lib/python3.12/site-packages/taskflow/listeners/logging.py:242}}
Jun 05 15:47:03.766285 np0000002228 devstack@c-api.service[99278]: DEBUG cinder.quota [None req-2ad5d40f-237a-40dc-89ff-0880d98a4b59 tempest-VolumesTestJSON-218683165 tempest-VolumesTestJSON-218683165-project-member] Created reservations ['a74c4bd6-953f-454a-9d8a-5437e9bbcf29', '72c9d949-7021-4ef8-90cc-7ee5e45773eb', '8208525c-3e44-4bf2-9827-1bac242294aa', '291b1fab-ac48-451c-808b-1ff0eebd4d14'] {{(pid=99278) reserve /opt/stack/cinder/cinder/quota.py:752}}
Jun 05 15:47:03.768822 np0000002228 devstack@c-api.service[99278]: DEBUG cinder.volume.api [None req-2ad5d40f-237a-40dc-89ff-0880d98a4b59 tempest-VolumesTestJSON-218683165 tempest-VolumesTestJSON-218683165-project-member] Task 'cinder.volume.flows.api.create_volume.QuotaReserveTask;volume:create' (78bb9179-a620-4584-90cc-80bcad02f604) transitioned into state 'SUCCESS' from state 'RUNNING' with result '{'reservations': ['a74c4bd6-953f-454a-9d8a-5437e9bbcf29', '72c9d949-7021-4ef8-90cc-7ee5e45773eb', '8208525c-3e44-4bf2-9827-1bac242294aa', '291b1fab-ac48-451c-808b-1ff0eebd4d14']}' {{(pid=99278) _task_receiver /opt/stack/data/venv/lib/python3.12/site-packages/taskflow/listeners/logging.py:218}}
Jun 05 15:47:03.770363 np0000002228 devstack@c-api.service[99278]: DEBUG cinder.volume.api [None req-2ad5d40f-237a-40dc-89ff-0880d98a4b59 tempest-VolumesTestJSON-218683165 tempest-VolumesTestJSON-218683165-project-member] Task 'cinder.volume.flows.api.create_volume.EntryCreateTask;volume:create' (b5a771c4-c9f3-4cdd-8514-ef502cbc616e) transitioned into state 'RUNNING' from state 'PENDING' {{(pid=99278) _task_receiver /opt/stack/data/venv/lib/python3.12/site-packages/taskflow/listeners/logging.py:242}}
Jun 05 15:47:03.794307 np0000002228 devstack@c-api.service[99278]: DEBUG cinder.volume.api [None req-2ad5d40f-237a-40dc-89ff-0880d98a4b59 tempest-VolumesTestJSON-218683165 tempest-VolumesTestJSON-218683165-project-member] Task 'cinder.volume.flows.api.create_volume.EntryCreateTask;volume:create' (b5a771c4-c9f3-4cdd-8514-ef502cbc616e) transitioned into state 'SUCCESS' from state 'RUNNING' with result '{'volume_id': 'b9c77042-d1f3-42f7-a8e6-3fcfb331ea8e', 'volume_properties': VolumeProperties(attach_status='detached',availability_zone='nova',cgsnapshot_id=None,consistencygroup_id=None,display_description=None,display_name='tempest-VolumesTestJSON-volume-2110522226',encryption_key_id=None,group_id=None,group_type_id=,metadata={Type='work'},multiattach=False,project_id='f96c863f67704962a376da934510ebae',qos_specs=None,replication_status=,reservations=['a74c4bd6-953f-454a-9d8a-5437e9bbcf29','72c9d949-7021-4ef8-90cc-7ee5e45773eb','8208525c-3e44-4bf2-9827-1bac242294aa','291b1fab-ac48-451c-808b-1ff0eebd4d14'],size=1,snapshot_id=None,source_replicaid=,source_volid=None,status='creating',user_id='6099933a9ea9435a92a85e99ae09660f',volume_type_id=1bbda6c1-ac1c-4749-a97d-f0e747ed2b97), 'volume': Volume(_name_id=None,admin_metadata=,attach_status='detached',availability_zone='nova',bootable=False,cluster=,cluster_name=None,consistencygroup=,consistencygroup_id=None,created_at=2026-06-05T15:47:03Z,deleted=False,deleted_at=None,display_description=None,display_name='tempest-VolumesTestJSON-volume-2110522226',ec2_id=None,encryption_key_id=None,glance_metadata=,group=,group_id=None,host=None,id=b9c77042-d1f3-42f7-a8e6-3fcfb331ea8e,launched_at=None,metadata={Type='work'},migration_status=None,multiattach=False,previous_status=None,project_id='f96c863f67704962a376da934510ebae',provider_auth=None,provider_geometry=None,provider_id=None,provider_location=None,replication_driver_data=None,replication_extended_status=None,replication_status=None,scheduled_at=None,service_uuid=None,shared_targets=True,size=1,snapshot_id=None,snapshots=,source_volid=None,status='creating',terminated_at=None,updated_at=None,use_quota=True,user_id='6099933a9ea9435a92a85e99ae09660f',volume_attachment=VolumeAttachmentList,volume_type=VolumeType(1bbda6c1-ac1c-4749-a97d-f0e747ed2b97),volume_type_id=1bbda6c1-ac1c-4749-a97d-f0e747ed2b97)}' {{(pid=99278) _task_receiver /opt/stack/data/venv/lib/python3.12/site-packages/taskflow/listeners/logging.py:218}}
Jun 05 15:47:03.796302 np0000002228 devstack@c-api.service[99278]: DEBUG cinder.volume.api [None req-2ad5d40f-237a-40dc-89ff-0880d98a4b59 tempest-VolumesTestJSON-218683165 tempest-VolumesTestJSON-218683165-project-member] Task 'cinder.volume.flows.api.create_volume.QuotaCommitTask;volume:create' (9c9ca223-dfde-45c0-8523-ab23e2d6627d) transitioned into state 'RUNNING' from state 'PENDING' {{(pid=99278) _task_receiver /opt/stack/data/venv/lib/python3.12/site-packages/taskflow/listeners/logging.py:242}}
Jun 05 15:47:03.823869 np0000002228 devstack@c-api.service[99278]: DEBUG cinder.volume.api [None req-2ad5d40f-237a-40dc-89ff-0880d98a4b59 tempest-VolumesTestJSON-218683165 tempest-VolumesTestJSON-218683165-project-member] Task 'cinder.volume.flows.api.create_volume.QuotaCommitTask;volume:create' (9c9ca223-dfde-45c0-8523-ab23e2d6627d) transitioned into state 'SUCCESS' from state 'RUNNING' with result '{'volume_properties': VolumeProperties(attach_status='detached',availability_zone='nova',cgsnapshot_id=None,consistencygroup_id=None,display_description=None,display_name='tempest-VolumesTestJSON-volume-2110522226',encryption_key_id=None,group_id=None,group_type_id=,metadata={Type='work'},multiattach=False,project_id='f96c863f67704962a376da934510ebae',qos_specs=None,replication_status=,reservations=['a74c4bd6-953f-454a-9d8a-5437e9bbcf29','72c9d949-7021-4ef8-90cc-7ee5e45773eb','8208525c-3e44-4bf2-9827-1bac242294aa','291b1fab-ac48-451c-808b-1ff0eebd4d14'],size=1,snapshot_id=None,source_replicaid=,source_volid=None,status='creating',user_id='6099933a9ea9435a92a85e99ae09660f',volume_type_id=1bbda6c1-ac1c-4749-a97d-f0e747ed2b97)}' {{(pid=99278) _task_receiver /opt/stack/data/venv/lib/python3.12/site-packages/taskflow/listeners/logging.py:218}}
Jun 05 15:47:03.824960 np0000002228 devstack@c-api.service[99278]: DEBUG cinder.volume.api [None req-2ad5d40f-237a-40dc-89ff-0880d98a4b59 tempest-VolumesTestJSON-218683165 tempest-VolumesTestJSON-218683165-project-member] Task 'cinder.volume.flows.api.create_volume.VolumeCastTask;volume:create' (b845ad60-a488-43a2-953d-093a3115bb90) transitioned into state 'RUNNING' from state 'PENDING' {{(pid=99278) _task_receiver /opt/stack/data/venv/lib/python3.12/site-packages/taskflow/listeners/logging.py:242}}
Jun 05 15:47:03.841866 np0000002228 devstack@c-api.service[99278]: DEBUG cinder.volume.api [None req-2ad5d40f-237a-40dc-89ff-0880d98a4b59 tempest-VolumesTestJSON-218683165 tempest-VolumesTestJSON-218683165-project-member] Task 'cinder.volume.flows.api.create_volume.VolumeCastTask;volume:create' (b845ad60-a488-43a2-953d-093a3115bb90) transitioned into state 'SUCCESS' from state 'RUNNING' with result 'None' {{(pid=99278) _task_receiver /opt/stack/data/venv/lib/python3.12/site-packages/taskflow/listeners/logging.py:218}}
Jun 05 15:47:03.843125 np0000002228 devstack@c-api.service[99278]: DEBUG cinder.volume.api [None req-2ad5d40f-237a-40dc-89ff-0880d98a4b59 tempest-VolumesTestJSON-218683165 tempest-VolumesTestJSON-218683165-project-member] Flow 'volume_create_api' (79a7f670-d758-4ba7-91b4-c1b6ee6486a6) transitioned into state 'SUCCESS' from state 'RUNNING' {{(pid=99278) _flow_receiver /opt/stack/data/venv/lib/python3.12/site-packages/taskflow/listeners/logging.py:160}}
Jun 05 15:47:03.843602 np0000002228 devstack@c-api.service[99278]: INFO cinder.volume.api [None req-2ad5d40f-237a-40dc-89ff-0880d98a4b59 tempest-VolumesTestJSON-218683165 tempest-VolumesTestJSON-218683165-project-member] Create volume request issued successfully.
Jun 05 15:47:03.844558 np0000002228 devstack@c-api.service[99278]: INFO cinder.api.openstack.wsgi [None req-2ad5d40f-237a-40dc-89ff-0880d98a4b59 tempest-VolumesTestJSON-218683165 tempest-VolumesTestJSON-218683165-project-member] https://10.4.3.77/volume/v3/volumes returned with HTTP 202
Jun 05 15:47:03.845564 np0000002228 devstack@c-api.service[99278]: [pid: 99278|app: 0|req: 66/200] 10.4.3.77 () {68 vars in 1252 bytes} [Fri Jun 5 15:47:03 2026] POST /volume/v3/volumes => generated 758 bytes in 502 msecs (HTTP/1.1 202) 7 headers in 291 bytes (1 switches on core 0)
Jun 05 15:47:03.864390 np0000002228 devstack@c-api.service[99277]: DEBUG cinder.api.middleware.request_id [None req-e1c95b4d-8087-4cbf-8ad3-6f210ad2dda9 None None] RequestId filter calling following filter/app {{(pid=99277) _context_setter /opt/stack/cinder/cinder/api/middleware/request_id.py:62}}
Jun 05 15:47:03.868081 np0000002228 devstack@c-api.service[99277]: INFO cinder.api.openstack.wsgi [None req-e1c95b4d-8087-4cbf-8ad3-6f210ad2dda9 tempest-VolumesTestJSON-218683165 tempest-VolumesTestJSON-218683165-project-member] GET https://10.4.3.77/volume/v3/volumes/b9c77042-d1f3-42f7-a8e6-3fcfb331ea8e
Jun 05 15:47:03.868081 np0000002228 devstack@c-api.service[99277]: DEBUG cinder.api.openstack.wsgi [None req-e1c95b4d-8087-4cbf-8ad3-6f210ad2dda9 tempest-VolumesTestJSON-218683165 tempest-VolumesTestJSON-218683165-project-member] Empty body provided in request {{(pid=99277) get_body /opt/stack/cinder/cinder/api/openstack/wsgi.py:725}}
Jun 05 15:47:03.868081 np0000002228 devstack@c-api.service[99277]: DEBUG cinder.api.openstack.wsgi [None req-e1c95b4d-8087-4cbf-8ad3-6f210ad2dda9 tempest-VolumesTestJSON-218683165 tempest-VolumesTestJSON-218683165-project-member] Calling method 'show' {{(pid=99277) _process_stack /opt/stack/cinder/cinder/api/openstack/wsgi.py:878}}
Jun 05 15:47:03.882052 np0000002228 devstack@c-api.service[99277]: /opt/stack/data/venv/lib/python3.12/site-packages/oslo_context/context.py:102: DeprecationWarning: Policy enforcement is depending on the value of is_admin. This key is deprecated. Please update your policy file to use the standard policy values.
Jun 05 15:47:03.882052 np0000002228 devstack@c-api.service[99277]: warnings.warn(
Jun 05 15:47:03.886750 np0000002228 devstack@c-api.service[99277]: INFO cinder.volume.api [None req-e1c95b4d-8087-4cbf-8ad3-6f210ad2dda9 tempest-VolumesTestJSON-218683165 tempest-VolumesTestJSON-218683165-project-member] Volume info retrieved successfully.
Jun 05 15:47:03.893673 np0000002228 devstack@c-api.service[99277]: INFO cinder.api.openstack.wsgi [None req-e1c95b4d-8087-4cbf-8ad3-6f210ad2dda9 tempest-VolumesTestJSON-218683165 tempest-VolumesTestJSON-218683165-project-member] https://10.4.3.77/volume/v3/volumes/b9c77042-d1f3-42f7-a8e6-3fcfb331ea8e returned with HTTP 200
Jun 05 15:47:03.893673 np0000002228 devstack@c-api.service[99277]: [pid: 99277|app: 0|req: 65/201] 10.4.3.77 () {66 vars in 1341 bytes} [Fri Jun 5 15:47:03 2026] GET /volume/v3/volumes/b9c77042-d1f3-42f7-a8e6-3fcfb331ea8e => generated 826 bytes in 31 msecs (HTTP/1.1 200) 7 headers in 285 bytes (1 switches on core 0)
Jun 05 15:47:04.162466 np0000002228 devstack@c-api.service[99279]: DEBUG cinder.api.middleware.request_id [None req-5c6acd65-de1c-42df-8e0b-5be3ef2a48ff None None] RequestId filter calling following filter/app {{(pid=99279) _context_setter /opt/stack/cinder/cinder/api/middleware/request_id.py:62}}
Jun 05 15:47:04.162842 np0000002228 devstack@c-api.service[99279]: INFO cinder.api.openstack.wsgi [None req-5c6acd65-de1c-42df-8e0b-5be3ef2a48ff None None] GET https://10.4.3.77/volume//
Jun 05 15:47:04.162842 np0000002228 devstack@c-api.service[99279]: DEBUG cinder.api.openstack.wsgi [None req-5c6acd65-de1c-42df-8e0b-5be3ef2a48ff None None] Empty body provided in request {{(pid=99279) get_body /opt/stack/cinder/cinder/api/openstack/wsgi.py:725}}
Jun 05 15:47:04.163058 np0000002228 devstack@c-api.service[99279]: DEBUG cinder.api.openstack.wsgi [None req-5c6acd65-de1c-42df-8e0b-5be3ef2a48ff None None] Calling method 'all' {{(pid=99279) _process_stack /opt/stack/cinder/cinder/api/openstack/wsgi.py:878}}
Jun 05 15:47:04.163471 np0000002228 devstack@c-api.service[99279]: INFO cinder.api.openstack.wsgi [None req-5c6acd65-de1c-42df-8e0b-5be3ef2a48ff None None] https://10.4.3.77/volume// returned with HTTP 300
Jun 05 15:47:04.163795 np0000002228 devstack@c-api.service[99279]: [pid: 99279|app: 0|req: 71/202] 10.4.3.77 () {66 vars in 1421 bytes} [Fri Jun 5 15:47:04 2026] GET /volume/ => generated 385 bytes in 2 msecs (HTTP/1.1 300) 7 headers in 299 bytes (1 switches on core 0)
Jun 05 15:47:04.179700 np0000002228 devstack@c-api.service[99278]: DEBUG cinder.api.middleware.request_id [req-5a83c930-b05d-4702-91bf-beb6d0efd6db req-17dd690f-6a00-44ed-bed7-7ad0bbddbf62 None None] RequestId filter calling following filter/app {{(pid=99278) _context_setter /opt/stack/cinder/cinder/api/middleware/request_id.py:62}}
Jun 05 15:47:04.373869 np0000002228 devstack@c-api.service[99278]: INFO cinder.api.openstack.wsgi [req-5a83c930-b05d-4702-91bf-beb6d0efd6db req-17dd690f-6a00-44ed-bed7-7ad0bbddbf62 tempest-TestMultiAttachVolumeSwap-1771621609 tempest-TestMultiAttachVolumeSwap-1771621609-project-member] POST https://10.4.3.77/volume/v3/attachments
Jun 05 15:47:04.374315 np0000002228 devstack@c-api.service[99278]: DEBUG cinder.api.openstack.wsgi [req-5a83c930-b05d-4702-91bf-beb6d0efd6db req-17dd690f-6a00-44ed-bed7-7ad0bbddbf62 tempest-TestMultiAttachVolumeSwap-1771621609 tempest-TestMultiAttachVolumeSwap-1771621609-project-member] Action: 'create', calling method: version_select, body: {"attachment": {"volume_uuid": "576dfb59-a187-4a15-9904-20ed48bd0d37", "connector": null, "instance_uuid": "bbecf05d-dcfe-433a-915b-2a8aac35f1b8"}} {{(pid=99278) _process_stack /opt/stack/cinder/cinder/api/openstack/wsgi.py:876}}
Jun 05 15:47:04.389260 np0000002228 devstack@c-api.service[99278]: /opt/stack/data/venv/lib/python3.12/site-packages/oslo_context/context.py:102: DeprecationWarning: Policy enforcement is depending on the value of is_admin. This key is deprecated. Please update your policy file to use the standard policy values.
Jun 05 15:47:04.389260 np0000002228 devstack@c-api.service[99278]: warnings.warn(
Jun 05 15:47:04.422719 np0000002228 devstack@c-api.service[99278]: WARNING cinder.volume.api [req-5a83c930-b05d-4702-91bf-beb6d0efd6db req-17dd690f-6a00-44ed-bed7-7ad0bbddbf62 tempest-TestMultiAttachVolumeSwap-1771621609 tempest-TestMultiAttachVolumeSwap-1771621609-project-member] Using volume_admin_metadata to set Read Only mode is deprecated! Please use the mode argument in attachment-create.
Jun 05 15:47:04.429799 np0000002228 devstack@c-api.service[99278]: INFO cinder.api.openstack.wsgi [req-5a83c930-b05d-4702-91bf-beb6d0efd6db req-17dd690f-6a00-44ed-bed7-7ad0bbddbf62 tempest-TestMultiAttachVolumeSwap-1771621609 tempest-TestMultiAttachVolumeSwap-1771621609-project-member] https://10.4.3.77/volume/v3/attachments returned with HTTP 200
Jun 05 15:47:04.430411 np0000002228 devstack@c-api.service[99278]: [pid: 99278|app: 0|req: 67/203] 10.4.3.77 () {74 vars in 1587 bytes} [Fri Jun 5 15:47:04 2026] POST /volume/v3/attachments => generated 271 bytes in 251 msecs (HTTP/1.1 200) 7 headers in 286 bytes (1 switches on core 0)
Jun 05 15:47:04.660776 np0000002228 devstack@c-api.service[99277]: DEBUG cinder.api.middleware.request_id [None req-b7f04a5e-4cb1-4f39-bfbc-525b8942125e None None] RequestId filter calling following filter/app {{(pid=99277) _context_setter /opt/stack/cinder/cinder/api/middleware/request_id.py:62}}
Jun 05 15:47:04.664433 np0000002228 devstack@c-api.service[99277]: INFO cinder.api.openstack.wsgi [None req-b7f04a5e-4cb1-4f39-bfbc-525b8942125e tempest-AttachSCSIVolumeTestJSON-1405983935 tempest-AttachSCSIVolumeTestJSON-1405983935-project-member] DELETE https://10.4.3.77/volume/v3/volumes/2133eb0b-4a87-461d-9e06-d3f4148ac92b
Jun 05 15:47:04.664433 np0000002228 devstack@c-api.service[99277]: DEBUG cinder.api.openstack.wsgi [None req-b7f04a5e-4cb1-4f39-bfbc-525b8942125e tempest-AttachSCSIVolumeTestJSON-1405983935 tempest-AttachSCSIVolumeTestJSON-1405983935-project-member] Empty body provided in request {{(pid=99277) get_body /opt/stack/cinder/cinder/api/openstack/wsgi.py:725}}
Jun 05 15:47:04.664817 np0000002228 devstack@c-api.service[99277]: DEBUG cinder.api.openstack.wsgi [None req-b7f04a5e-4cb1-4f39-bfbc-525b8942125e tempest-AttachSCSIVolumeTestJSON-1405983935 tempest-AttachSCSIVolumeTestJSON-1405983935-project-member] Calling method 'delete' {{(pid=99277) _process_stack /opt/stack/cinder/cinder/api/openstack/wsgi.py:878}}
Jun 05 15:47:04.664868 np0000002228 devstack@c-api.service[99277]: INFO cinder.api.v3.volumes [None req-b7f04a5e-4cb1-4f39-bfbc-525b8942125e tempest-AttachSCSIVolumeTestJSON-1405983935 tempest-AttachSCSIVolumeTestJSON-1405983935-project-member] Delete volume with id: 2133eb0b-4a87-461d-9e06-d3f4148ac92b
Jun 05 15:47:04.674715 np0000002228 devstack@c-api.service[99277]: /opt/stack/data/venv/lib/python3.12/site-packages/oslo_context/context.py:102: DeprecationWarning: Policy enforcement is depending on the value of is_admin. This key is deprecated. Please update your policy file to use the standard policy values.
Jun 05 15:47:04.674715 np0000002228 devstack@c-api.service[99277]: warnings.warn(
Jun 05 15:47:04.675416 np0000002228 devstack@c-api.service[99277]: INFO cinder.volume.api [None req-b7f04a5e-4cb1-4f39-bfbc-525b8942125e tempest-AttachSCSIVolumeTestJSON-1405983935 tempest-AttachSCSIVolumeTestJSON-1405983935-project-member] Volume info retrieved successfully.
Jun 05 15:47:04.701214 np0000002228 devstack@c-api.service[99277]: INFO cinder.volume.api [None req-b7f04a5e-4cb1-4f39-bfbc-525b8942125e tempest-AttachSCSIVolumeTestJSON-1405983935 tempest-AttachSCSIVolumeTestJSON-1405983935-project-member] Delete volume request issued successfully.
Jun 05 15:47:04.701214 np0000002228 devstack@c-api.service[99277]: INFO cinder.api.openstack.wsgi [None req-b7f04a5e-4cb1-4f39-bfbc-525b8942125e tempest-AttachSCSIVolumeTestJSON-1405983935 tempest-AttachSCSIVolumeTestJSON-1405983935-project-member] https://10.4.3.77/volume/v3/volumes/2133eb0b-4a87-461d-9e06-d3f4148ac92b returned with HTTP 202
Jun 05 15:47:04.701214 np0000002228 devstack@c-api.service[99277]: [pid: 99277|app: 0|req: 66/204] 10.4.3.77 () {66 vars in 1344 bytes} [Fri Jun 5 15:47:04 2026] DELETE /volume/v3/volumes/2133eb0b-4a87-461d-9e06-d3f4148ac92b => generated 0 bytes in 41 msecs (HTTP/1.1 202) 6 headers in 233 bytes (1 switches on core 0)
Jun 05 15:47:04.709346 np0000002228 devstack@c-api.service[99279]: DEBUG cinder.api.middleware.request_id [None req-c8a91c59-bae8-498d-9b04-e41cb5c9ec06 None None] RequestId filter calling following filter/app {{(pid=99279) _context_setter /opt/stack/cinder/cinder/api/middleware/request_id.py:62}}
Jun 05 15:47:04.712269 np0000002228 devstack@c-api.service[99279]: INFO cinder.api.openstack.wsgi [None req-c8a91c59-bae8-498d-9b04-e41cb5c9ec06 tempest-AttachSCSIVolumeTestJSON-1405983935 tempest-AttachSCSIVolumeTestJSON-1405983935-project-member] GET https://10.4.3.77/volume/v3/volumes/2133eb0b-4a87-461d-9e06-d3f4148ac92b
Jun 05 15:47:04.712269 np0000002228 devstack@c-api.service[99279]: DEBUG cinder.api.openstack.wsgi [None req-c8a91c59-bae8-498d-9b04-e41cb5c9ec06 tempest-AttachSCSIVolumeTestJSON-1405983935 tempest-AttachSCSIVolumeTestJSON-1405983935-project-member] Empty body provided in request {{(pid=99279) get_body /opt/stack/cinder/cinder/api/openstack/wsgi.py:725}}
Jun 05 15:47:04.712269 np0000002228 devstack@c-api.service[99279]: DEBUG cinder.api.openstack.wsgi [None req-c8a91c59-bae8-498d-9b04-e41cb5c9ec06 tempest-AttachSCSIVolumeTestJSON-1405983935 tempest-AttachSCSIVolumeTestJSON-1405983935-project-member] Calling method 'show' {{(pid=99279) _process_stack /opt/stack/cinder/cinder/api/openstack/wsgi.py:878}}
Jun 05 15:47:04.721454 np0000002228 devstack@c-api.service[99279]: /opt/stack/data/venv/lib/python3.12/site-packages/oslo_context/context.py:102: DeprecationWarning: Policy enforcement is depending on the value of is_admin. This key is deprecated. Please update your policy file to use the standard policy values.
Jun 05 15:47:04.721454 np0000002228 devstack@c-api.service[99279]: warnings.warn(
Jun 05 15:47:04.725701 np0000002228 devstack@c-api.service[99279]: INFO cinder.volume.api [None req-c8a91c59-bae8-498d-9b04-e41cb5c9ec06 tempest-AttachSCSIVolumeTestJSON-1405983935 tempest-AttachSCSIVolumeTestJSON-1405983935-project-member] Volume info retrieved successfully.
Jun 05 15:47:04.732230 np0000002228 devstack@c-api.service[99279]: INFO cinder.api.openstack.wsgi [None req-c8a91c59-bae8-498d-9b04-e41cb5c9ec06 tempest-AttachSCSIVolumeTestJSON-1405983935 tempest-AttachSCSIVolumeTestJSON-1405983935-project-member] https://10.4.3.77/volume/v3/volumes/2133eb0b-4a87-461d-9e06-d3f4148ac92b returned with HTTP 200
Jun 05 15:47:04.732994 np0000002228 devstack@c-api.service[99279]: [pid: 99279|app: 0|req: 72/205] 10.4.3.77 () {66 vars in 1341 bytes} [Fri Jun 5 15:47:04 2026] GET /volume/v3/volumes/2133eb0b-4a87-461d-9e06-d3f4148ac92b => generated 844 bytes in 24 msecs (HTTP/1.1 200) 7 headers in 285 bytes (1 switches on core 0)
Jun 05 15:47:04.891844 np0000002228 devstack@c-api.service[99278]: DEBUG cinder.api.middleware.request_id [None req-22aa22a8-97cc-4249-99b0-35192dfd5eba None None] RequestId filter calling following filter/app {{(pid=99278) _context_setter /opt/stack/cinder/cinder/api/middleware/request_id.py:62}}
Jun 05 15:47:04.895329 np0000002228 devstack@c-api.service[99278]: INFO cinder.api.openstack.wsgi [None req-22aa22a8-97cc-4249-99b0-35192dfd5eba tempest-TestMultiAttachVolumeSwap-1771621609 tempest-TestMultiAttachVolumeSwap-1771621609-project-member] GET https://10.4.3.77/volume/v3/volumes/576dfb59-a187-4a15-9904-20ed48bd0d37
Jun 05 15:47:04.895329 np0000002228 devstack@c-api.service[99278]: DEBUG cinder.api.openstack.wsgi [None req-22aa22a8-97cc-4249-99b0-35192dfd5eba tempest-TestMultiAttachVolumeSwap-1771621609 tempest-TestMultiAttachVolumeSwap-1771621609-project-member] Empty body provided in request {{(pid=99278) get_body /opt/stack/cinder/cinder/api/openstack/wsgi.py:725}}
Jun 05 15:47:04.895329 np0000002228 devstack@c-api.service[99278]: DEBUG cinder.api.openstack.wsgi [None req-22aa22a8-97cc-4249-99b0-35192dfd5eba tempest-TestMultiAttachVolumeSwap-1771621609 tempest-TestMultiAttachVolumeSwap-1771621609-project-member] Calling method 'show' {{(pid=99278) _process_stack /opt/stack/cinder/cinder/api/openstack/wsgi.py:878}}
Jun 05 15:47:04.906199 np0000002228 devstack@c-api.service[99278]: /opt/stack/data/venv/lib/python3.12/site-packages/oslo_context/context.py:102: DeprecationWarning: Policy enforcement is depending on the value of is_admin. This key is deprecated. Please update your policy file to use the standard policy values.
Jun 05 15:47:04.906199 np0000002228 devstack@c-api.service[99278]: warnings.warn(
Jun 05 15:47:04.908840 np0000002228 devstack@c-api.service[99277]: DEBUG cinder.api.middleware.request_id [None req-4dff5626-f4bd-4b14-aa5a-e8f3cf8a0688 None None] RequestId filter calling following filter/app {{(pid=99277) _context_setter /opt/stack/cinder/cinder/api/middleware/request_id.py:62}}
Jun 05 15:47:04.911979 np0000002228 devstack@c-api.service[99277]: INFO cinder.api.openstack.wsgi [None req-4dff5626-f4bd-4b14-aa5a-e8f3cf8a0688 tempest-VolumesTestJSON-218683165 tempest-VolumesTestJSON-218683165-project-member] GET https://10.4.3.77/volume/v3/volumes/b9c77042-d1f3-42f7-a8e6-3fcfb331ea8e
Jun 05 15:47:04.912325 np0000002228 devstack@c-api.service[99277]: DEBUG cinder.api.openstack.wsgi [None req-4dff5626-f4bd-4b14-aa5a-e8f3cf8a0688 tempest-VolumesTestJSON-218683165 tempest-VolumesTestJSON-218683165-project-member] Empty body provided in request {{(pid=99277) get_body /opt/stack/cinder/cinder/api/openstack/wsgi.py:725}}
Jun 05 15:47:04.916168 np0000002228 devstack@c-api.service[99277]: DEBUG cinder.api.openstack.wsgi [None req-4dff5626-f4bd-4b14-aa5a-e8f3cf8a0688 tempest-VolumesTestJSON-218683165 tempest-VolumesTestJSON-218683165-project-member] Calling method 'show' {{(pid=99277) _process_stack /opt/stack/cinder/cinder/api/openstack/wsgi.py:878}}
Jun 05 15:47:04.916213 np0000002228 devstack@c-api.service[99278]: INFO cinder.volume.api [None req-22aa22a8-97cc-4249-99b0-35192dfd5eba tempest-TestMultiAttachVolumeSwap-1771621609 tempest-TestMultiAttachVolumeSwap-1771621609-project-member] Volume info retrieved successfully.
Jun 05 15:47:04.921899 np0000002228 devstack@c-api.service[99278]: INFO cinder.api.openstack.wsgi [None req-22aa22a8-97cc-4249-99b0-35192dfd5eba tempest-TestMultiAttachVolumeSwap-1771621609 tempest-TestMultiAttachVolumeSwap-1771621609-project-member] https://10.4.3.77/volume/v3/volumes/576dfb59-a187-4a15-9904-20ed48bd0d37 returned with HTTP 200
Jun 05 15:47:04.922205 np0000002228 devstack@c-api.service[99277]: /opt/stack/data/venv/lib/python3.12/site-packages/oslo_context/context.py:102: DeprecationWarning: Policy enforcement is depending on the value of is_admin. This key is deprecated. Please update your policy file to use the standard policy values.
Jun 05 15:47:04.922205 np0000002228 devstack@c-api.service[99277]: warnings.warn(
Jun 05 15:47:04.922770 np0000002228 devstack@c-api.service[99278]: [pid: 99278|app: 0|req: 68/206] 10.4.3.77 () {66 vars in 1341 bytes} [Fri Jun 5 15:47:04 2026] GET /volume/v3/volumes/576dfb59-a187-4a15-9904-20ed48bd0d37 => generated 1160 bytes in 31 msecs (HTTP/1.1 200) 7 headers in 286 bytes (1 switches on core 0)
Jun 05 15:47:04.926922 np0000002228 devstack@c-api.service[99277]: INFO cinder.volume.api [None req-4dff5626-f4bd-4b14-aa5a-e8f3cf8a0688 tempest-VolumesTestJSON-218683165 tempest-VolumesTestJSON-218683165-project-member] Volume info retrieved successfully.
Jun 05 15:47:04.931550 np0000002228 devstack@c-api.service[99277]: INFO cinder.api.openstack.wsgi [None req-4dff5626-f4bd-4b14-aa5a-e8f3cf8a0688 tempest-VolumesTestJSON-218683165 tempest-VolumesTestJSON-218683165-project-member] https://10.4.3.77/volume/v3/volumes/b9c77042-d1f3-42f7-a8e6-3fcfb331ea8e returned with HTTP 200
Jun 05 15:47:04.932224 np0000002228 devstack@c-api.service[99277]: [pid: 99277|app: 0|req: 67/207] 10.4.3.77 () {66 vars in 1341 bytes} [Fri Jun 5 15:47:04 2026] GET /volume/v3/volumes/b9c77042-d1f3-42f7-a8e6-3fcfb331ea8e => generated 851 bytes in 24 msecs (HTTP/1.1 200) 7 headers in 285 bytes (1 switches on core 0)
Jun 05 15:47:04.961402 np0000002228 devstack@c-api.service[99279]: DEBUG cinder.api.middleware.request_id [req-14ed4a4e-5dfc-4e35-9309-e6da75508e45 req-61c665e7-62e7-4d96-8f10-c8dc76d0dc2b None None] RequestId filter calling following filter/app {{(pid=99279) _context_setter /opt/stack/cinder/cinder/api/middleware/request_id.py:62}}
Jun 05 15:47:04.963987 np0000002228 devstack@c-api.service[99279]: INFO cinder.api.openstack.wsgi [req-14ed4a4e-5dfc-4e35-9309-e6da75508e45 req-61c665e7-62e7-4d96-8f10-c8dc76d0dc2b tempest-VolumesTestJSON-218683165 tempest-VolumesTestJSON-218683165-project-member] GET https://10.4.3.77/volume/v3/volumes/b9c77042-d1f3-42f7-a8e6-3fcfb331ea8e
Jun 05 15:47:04.965170 np0000002228 devstack@c-api.service[99279]: DEBUG cinder.api.openstack.wsgi [req-14ed4a4e-5dfc-4e35-9309-e6da75508e45 req-61c665e7-62e7-4d96-8f10-c8dc76d0dc2b tempest-VolumesTestJSON-218683165 tempest-VolumesTestJSON-218683165-project-member] Empty body provided in request {{(pid=99279) get_body /opt/stack/cinder/cinder/api/openstack/wsgi.py:725}}
Jun 05 15:47:04.965170 np0000002228 devstack@c-api.service[99279]: DEBUG cinder.api.openstack.wsgi [req-14ed4a4e-5dfc-4e35-9309-e6da75508e45 req-61c665e7-62e7-4d96-8f10-c8dc76d0dc2b tempest-VolumesTestJSON-218683165 tempest-VolumesTestJSON-218683165-project-member] Calling method 'show' {{(pid=99279) _process_stack /opt/stack/cinder/cinder/api/openstack/wsgi.py:878}}
Jun 05 15:47:04.967555 np0000002228 devstack@c-api.service[99278]: DEBUG cinder.api.middleware.request_id [None req-09d1ad4c-c171-40fc-a9fe-00e7da2bb2ab None None] RequestId filter calling following filter/app {{(pid=99278) _context_setter /opt/stack/cinder/cinder/api/middleware/request_id.py:62}}
Jun 05 15:47:04.968198 np0000002228 devstack@c-api.service[99278]: INFO cinder.api.openstack.wsgi [None req-09d1ad4c-c171-40fc-a9fe-00e7da2bb2ab None None] GET https://10.4.3.77/volume//
Jun 05 15:47:04.969225 np0000002228 devstack@c-api.service[99278]: DEBUG cinder.api.openstack.wsgi [None req-09d1ad4c-c171-40fc-a9fe-00e7da2bb2ab None None] Empty body provided in request {{(pid=99278) get_body /opt/stack/cinder/cinder/api/openstack/wsgi.py:725}}
Jun 05 15:47:04.969225 np0000002228 devstack@c-api.service[99278]: DEBUG cinder.api.openstack.wsgi [None req-09d1ad4c-c171-40fc-a9fe-00e7da2bb2ab None None] Calling method 'all' {{(pid=99278) _process_stack /opt/stack/cinder/cinder/api/openstack/wsgi.py:878}}
Jun 05 15:47:04.969225 np0000002228 devstack@c-api.service[99278]: INFO cinder.api.openstack.wsgi [None req-09d1ad4c-c171-40fc-a9fe-00e7da2bb2ab None None] https://10.4.3.77/volume// returned with HTTP 300
Jun 05 15:47:04.969225 np0000002228 devstack@c-api.service[99278]: [pid: 99278|app: 0|req: 69/208] 10.4.3.77 () {66 vars in 1419 bytes} [Fri Jun 5 15:47:04 2026] GET /volume/ => generated 385 bytes in 2 msecs (HTTP/1.1 300) 7 headers in 299 bytes (2 switches on core 0)
Jun 05 15:47:04.973274 np0000002228 devstack@c-api.service[99279]: /opt/stack/data/venv/lib/python3.12/site-packages/oslo_context/context.py:102: DeprecationWarning: Policy enforcement is depending on the value of is_admin. This key is deprecated. Please update your policy file to use the standard policy values.
Jun 05 15:47:04.973274 np0000002228 devstack@c-api.service[99279]: warnings.warn(
Jun 05 15:47:04.977853 np0000002228 devstack@c-api.service[99279]: INFO cinder.volume.api [req-14ed4a4e-5dfc-4e35-9309-e6da75508e45 req-61c665e7-62e7-4d96-8f10-c8dc76d0dc2b tempest-VolumesTestJSON-218683165 tempest-VolumesTestJSON-218683165-project-member] Volume info retrieved successfully.
Jun 05 15:47:04.978314 np0000002228 devstack@c-api.service[99277]: DEBUG cinder.api.middleware.request_id [req-5a83c930-b05d-4702-91bf-beb6d0efd6db req-3a23b48e-754d-40f9-8957-adec936f273d None None] RequestId filter calling following filter/app {{(pid=99277) _context_setter /opt/stack/cinder/cinder/api/middleware/request_id.py:62}}
Jun 05 15:47:04.980976 np0000002228 devstack@c-api.service[99277]: INFO cinder.api.openstack.wsgi [req-5a83c930-b05d-4702-91bf-beb6d0efd6db req-3a23b48e-754d-40f9-8957-adec936f273d tempest-TestMultiAttachVolumeSwap-1771621609 tempest-TestMultiAttachVolumeSwap-1771621609-project-member] GET https://10.4.3.77/volume/v3/volumes/576dfb59-a187-4a15-9904-20ed48bd0d37
Jun 05 15:47:04.981208 np0000002228 devstack@c-api.service[99277]: DEBUG cinder.api.openstack.wsgi [req-5a83c930-b05d-4702-91bf-beb6d0efd6db req-3a23b48e-754d-40f9-8957-adec936f273d tempest-TestMultiAttachVolumeSwap-1771621609 tempest-TestMultiAttachVolumeSwap-1771621609-project-member] Empty body provided in request {{(pid=99277) get_body /opt/stack/cinder/cinder/api/openstack/wsgi.py:725}}
Jun 05 15:47:04.981383 np0000002228 devstack@c-api.service[99277]: DEBUG cinder.api.openstack.wsgi [req-5a83c930-b05d-4702-91bf-beb6d0efd6db req-3a23b48e-754d-40f9-8957-adec936f273d tempest-TestMultiAttachVolumeSwap-1771621609 tempest-TestMultiAttachVolumeSwap-1771621609-project-member] Calling method 'show' {{(pid=99277) _process_stack /opt/stack/cinder/cinder/api/openstack/wsgi.py:878}}
Jun 05 15:47:04.983177 np0000002228 devstack@c-api.service[99279]: INFO cinder.api.openstack.wsgi [req-14ed4a4e-5dfc-4e35-9309-e6da75508e45 req-61c665e7-62e7-4d96-8f10-c8dc76d0dc2b tempest-VolumesTestJSON-218683165 tempest-VolumesTestJSON-218683165-project-member] https://10.4.3.77/volume/v3/volumes/b9c77042-d1f3-42f7-a8e6-3fcfb331ea8e returned with HTTP 200
Jun 05 15:47:04.983779 np0000002228 devstack@c-api.service[99279]: [pid: 99279|app: 0|req: 73/209] 10.4.3.77 () {68 vars in 1591 bytes} [Fri Jun 5 15:47:04 2026] GET /volume/v3/volumes/b9c77042-d1f3-42f7-a8e6-3fcfb331ea8e => generated 851 bytes in 23 msecs (HTTP/1.1 200) 7 headers in 285 bytes (1 switches on core 0)
Jun 05 15:47:04.992810 np0000002228 devstack@c-api.service[99277]: /opt/stack/data/venv/lib/python3.12/site-packages/oslo_context/context.py:102: DeprecationWarning: Policy enforcement is depending on the value of is_admin. This key is deprecated. Please update your policy file to use the standard policy values.
Jun 05 15:47:04.992810 np0000002228 devstack@c-api.service[99277]: warnings.warn(
Jun 05 15:47:04.996917 np0000002228 devstack@c-api.service[99277]: INFO cinder.volume.api [req-5a83c930-b05d-4702-91bf-beb6d0efd6db req-3a23b48e-754d-40f9-8957-adec936f273d tempest-TestMultiAttachVolumeSwap-1771621609 tempest-TestMultiAttachVolumeSwap-1771621609-project-member] Volume info retrieved successfully.
Jun 05 15:47:04.998502 np0000002228 devstack@c-api.service[99278]: DEBUG cinder.api.middleware.request_id [None req-14a43e53-1648-428a-b3fe-6f889b51393a None None] RequestId filter calling following filter/app {{(pid=99278) _context_setter /opt/stack/cinder/cinder/api/middleware/request_id.py:62}}
Jun 05 15:47:05.004136 np0000002228 devstack@c-api.service[99277]: INFO cinder.api.openstack.wsgi [req-5a83c930-b05d-4702-91bf-beb6d0efd6db req-3a23b48e-754d-40f9-8957-adec936f273d tempest-TestMultiAttachVolumeSwap-1771621609 tempest-TestMultiAttachVolumeSwap-1771621609-project-member] https://10.4.3.77/volume/v3/volumes/576dfb59-a187-4a15-9904-20ed48bd0d37 returned with HTTP 200
Jun 05 15:47:05.004349 np0000002228 devstack@c-api.service[99278]: INFO cinder.api.openstack.wsgi [None req-14a43e53-1648-428a-b3fe-6f889b51393a tempest-VolumesTestJSON-218683165 tempest-VolumesTestJSON-218683165-project-member] POST https://10.4.3.77/volume/v3/volumes
Jun 05 15:47:05.004387 np0000002228 devstack@c-api.service[99277]: [pid: 99277|app: 0|req: 68/210] 10.4.3.77 () {70 vars in 1632 bytes} [Fri Jun 5 15:47:04 2026] GET /volume/v3/volumes/576dfb59-a187-4a15-9904-20ed48bd0d37 => generated 1340 bytes in 24 msecs (HTTP/1.1 200) 7 headers in 287 bytes (1 switches on core 0)
Jun 05 15:47:05.004450 np0000002228 devstack@c-api.service[99278]: DEBUG cinder.api.openstack.wsgi [None req-14a43e53-1648-428a-b3fe-6f889b51393a tempest-VolumesTestJSON-218683165 tempest-VolumesTestJSON-218683165-project-member] Action: 'create', calling method: create, body: {"volume": {"metadata": {"Type": "work"}, "size": 1, "display_name": "tempest-VolumesTestJSON-volume-855842950"}} {{(pid=99278) _process_stack /opt/stack/cinder/cinder/api/openstack/wsgi.py:876}}
Jun 05 15:47:05.004450 np0000002228 devstack@c-api.service[99278]: DEBUG cinder.api.v3.volumes [None req-14a43e53-1648-428a-b3fe-6f889b51393a tempest-VolumesTestJSON-218683165 tempest-VolumesTestJSON-218683165-project-member] Create volume request body: {'volume': {'metadata': {'Type': 'work'}, 'size': 1, 'display_name': 'tempest-VolumesTestJSON-volume-855842950'}} {{(pid=99278) create /opt/stack/cinder/cinder/api/v3/volumes.py:368}}
Jun 05 15:47:05.005613 np0000002228 devstack@c-api.service[99278]: INFO cinder.api.v3.volumes [None req-14a43e53-1648-428a-b3fe-6f889b51393a tempest-VolumesTestJSON-218683165 tempest-VolumesTestJSON-218683165-project-member] Create volume of 1 GB
Jun 05 15:47:05.010316 np0000002228 devstack@c-api.service[99278]: INFO cinder.volume.api [None req-14a43e53-1648-428a-b3fe-6f889b51393a tempest-VolumesTestJSON-218683165 tempest-VolumesTestJSON-218683165-project-member] Availability Zones retrieved successfully.
Jun 05 15:47:05.017125 np0000002228 devstack@c-api.service[99278]: DEBUG cinder.volume.api [None req-14a43e53-1648-428a-b3fe-6f889b51393a tempest-VolumesTestJSON-218683165 tempest-VolumesTestJSON-218683165-project-member] Flow 'volume_create_api' (7303f142-1a7f-4e13-9622-86e23f5a89dd) transitioned into state 'RUNNING' from state 'PENDING' {{(pid=99278) _flow_receiver /opt/stack/data/venv/lib/python3.12/site-packages/taskflow/listeners/logging.py:160}}
Jun 05 15:47:05.018469 np0000002228 devstack@c-api.service[99278]: DEBUG cinder.volume.api [None req-14a43e53-1648-428a-b3fe-6f889b51393a tempest-VolumesTestJSON-218683165 tempest-VolumesTestJSON-218683165-project-member] Task 'cinder.volume.flows.api.create_volume.ExtractVolumeRequestTask;volume:create' (6b1ad3f2-6fb1-4dc5-8040-49117e448028) transitioned into state 'RUNNING' from state 'PENDING' {{(pid=99278) _task_receiver /opt/stack/data/venv/lib/python3.12/site-packages/taskflow/listeners/logging.py:242}}
Jun 05 15:47:05.020095 np0000002228 devstack@c-api.service[99278]: DEBUG cinder.volume.flows.api.create_volume [None req-14a43e53-1648-428a-b3fe-6f889b51393a tempest-VolumesTestJSON-218683165 tempest-VolumesTestJSON-218683165-project-member] Validating volume size '1' using validate_int {{(pid=99278) _extract_size /opt/stack/cinder/cinder/volume/flows/api/create_volume.py:226}}
Jun 05 15:47:05.024370 np0000002228 devstack@c-api.service[99279]: DEBUG cinder.api.middleware.request_id [None req-28c7b84e-7a59-4bdd-a692-5d23b9cec194 None None] RequestId filter calling following filter/app {{(pid=99279) _context_setter /opt/stack/cinder/cinder/api/middleware/request_id.py:62}}
Jun 05 15:47:05.026890 np0000002228 devstack@c-api.service[99279]: INFO cinder.api.openstack.wsgi [None req-28c7b84e-7a59-4bdd-a692-5d23b9cec194 tempest-ImageDependencyTests-276604698 tempest-ImageDependencyTests-276604698-project-member] GET https://10.4.3.77/volume/v3/snapshots/c541febc-fbc2-4548-9ba3-0317fbc67338
Jun 05 15:47:05.027118 np0000002228 devstack@c-api.service[99279]: DEBUG cinder.api.openstack.wsgi [None req-28c7b84e-7a59-4bdd-a692-5d23b9cec194 tempest-ImageDependencyTests-276604698 tempest-ImageDependencyTests-276604698-project-member] Empty body provided in request {{(pid=99279) get_body /opt/stack/cinder/cinder/api/openstack/wsgi.py:725}}
Jun 05 15:47:05.027993 np0000002228 devstack@c-api.service[99279]: DEBUG cinder.api.openstack.wsgi [None req-28c7b84e-7a59-4bdd-a692-5d23b9cec194 tempest-ImageDependencyTests-276604698 tempest-ImageDependencyTests-276604698-project-member] Calling method 'show' {{(pid=99279) _process_stack /opt/stack/cinder/cinder/api/openstack/wsgi.py:878}}
Jun 05 15:47:05.034213 np0000002228 devstack@c-api.service[99279]: /opt/stack/data/venv/lib/python3.12/site-packages/oslo_context/context.py:102: DeprecationWarning: Policy enforcement is depending on the value of is_admin. This key is deprecated. Please update your policy file to use the standard policy values.
Jun 05 15:47:05.034213 np0000002228 devstack@c-api.service[99279]: warnings.warn(
Jun 05 15:47:05.034213 np0000002228 devstack@c-api.service[99279]: INFO cinder.volume.api [None req-28c7b84e-7a59-4bdd-a692-5d23b9cec194 tempest-ImageDependencyTests-276604698 tempest-ImageDependencyTests-276604698-project-member] Snapshot retrieved successfully.
Jun 05 15:47:05.034622 np0000002228 devstack@c-api.service[99279]: INFO cinder.api.openstack.wsgi [None req-28c7b84e-7a59-4bdd-a692-5d23b9cec194 tempest-ImageDependencyTests-276604698 tempest-ImageDependencyTests-276604698-project-member] https://10.4.3.77/volume/v3/snapshots/c541febc-fbc2-4548-9ba3-0317fbc67338 returned with HTTP 200
Jun 05 15:47:05.035090 np0000002228 devstack@c-api.service[99279]: [pid: 99279|app: 0|req: 74/211] 10.4.3.77 () {66 vars in 1347 bytes} [Fri Jun 5 15:47:05 2026] GET /volume/v3/snapshots/c541febc-fbc2-4548-9ba3-0317fbc67338 => generated 477 bytes in 11 msecs (HTTP/1.1 200) 7 headers in 285 bytes (1 switches on core 0)
Jun 05 15:47:05.056803 np0000002228 devstack@c-api.service[99278]: DEBUG cinder.volume.api [None req-14a43e53-1648-428a-b3fe-6f889b51393a tempest-VolumesTestJSON-218683165 tempest-VolumesTestJSON-218683165-project-member] Task 'cinder.volume.flows.api.create_volume.ExtractVolumeRequestTask;volume:create' (6b1ad3f2-6fb1-4dc5-8040-49117e448028) transitioned into state 'SUCCESS' from state 'RUNNING' with result '{'size': 1, 'snapshot_id': None, 'source_volid': None, 'volume_type': VolumeType(created_at=2026-06-05T15:42:48Z,deleted=False,deleted_at=None,description=None,extra_specs={volume_backend_name='storpool'},id=1bbda6c1-ac1c-4749-a97d-f0e747ed2b97,is_public=True,name='storpool',projects=[],qos_specs=,qos_specs_id=None,updated_at=None), 'volume_type_id': '1bbda6c1-ac1c-4749-a97d-f0e747ed2b97', 'encryption_key_id': None, 'qos_specs': None, 'consistencygroup_id': None, 'cgsnapshot_id': None, 'group_id': None, 'replication_status': 'disabled', 'refresh_az': False, 'backup_id': None, 'multiattach': False, 'availability_zones': ['nova']}' {{(pid=99278) _task_receiver /opt/stack/data/venv/lib/python3.12/site-packages/taskflow/listeners/logging.py:218}}
Jun 05 15:47:05.057767 np0000002228 devstack@c-api.service[99278]: DEBUG cinder.volume.api [None req-14a43e53-1648-428a-b3fe-6f889b51393a tempest-VolumesTestJSON-218683165 tempest-VolumesTestJSON-218683165-project-member] Task 'cinder.volume.flows.api.create_volume.QuotaReserveTask;volume:create' (fb232ec6-2ad9-4f97-9ce6-bd98b38b9159) transitioned into state 'RUNNING' from state 'PENDING' {{(pid=99278) _task_receiver /opt/stack/data/venv/lib/python3.12/site-packages/taskflow/listeners/logging.py:242}}
Jun 05 15:47:05.088954 np0000002228 devstack@c-api.service[99277]: DEBUG cinder.api.middleware.request_id [req-5a83c930-b05d-4702-91bf-beb6d0efd6db req-89198f96-87fd-45c7-996a-59a00fa8ed1b None None] RequestId filter calling following filter/app {{(pid=99277) _context_setter /opt/stack/cinder/cinder/api/middleware/request_id.py:62}}
Jun 05 15:47:05.091667 np0000002228 devstack@c-api.service[99277]: INFO cinder.api.openstack.wsgi [req-5a83c930-b05d-4702-91bf-beb6d0efd6db req-89198f96-87fd-45c7-996a-59a00fa8ed1b tempest-TestMultiAttachVolumeSwap-1771621609 tempest-TestMultiAttachVolumeSwap-1771621609-project-member] PUT https://10.4.3.77/volume/v3/attachments/67e27858-348a-4e14-8f29-cb66126f0d85
Jun 05 15:47:05.091984 np0000002228 devstack@c-api.service[99277]: DEBUG cinder.api.openstack.wsgi [req-5a83c930-b05d-4702-91bf-beb6d0efd6db req-89198f96-87fd-45c7-996a-59a00fa8ed1b tempest-TestMultiAttachVolumeSwap-1771621609 tempest-TestMultiAttachVolumeSwap-1771621609-project-member] Action: 'update', calling method: version_select, body: {"attachment": {"connector": {"platform": "x86_64", "os_type": "linux", "ip": "10.4.3.77", "host": "np0000002228", "multipath": true, "enforce_multipath": true, "initiator": "iqn.2016-04.com.open-iscsi:153f4f567c65", "do_local_attach": false, "uuid": "8515de1c-ba7e-467b-adde-6d9f8a8dbc1f", "system uuid": "6aeeb855-943d-457c-abef-e793808584c9", "nvme_native_multipath": false, "mountpoint": "/dev/vdb"}}} {{(pid=99277) _process_stack /opt/stack/cinder/cinder/api/openstack/wsgi.py:876}}
Jun 05 15:47:05.102050 np0000002228 devstack@c-api.service[99277]: DEBUG cinder.coordination [req-5a83c930-b05d-4702-91bf-beb6d0efd6db req-89198f96-87fd-45c7-996a-59a00fa8ed1b tempest-TestMultiAttachVolumeSwap-1771621609 tempest-TestMultiAttachVolumeSwap-1771621609-project-member] Acquiring lock "cinder-attachment_update-576dfb59-a187-4a15-9904-20ed48bd0d37-np0000002228" by "attachment_update" {{(pid=99277) __acquire /opt/stack/cinder/cinder/coordination.py:138}}
Jun 05 15:47:05.107156 np0000002228 devstack@c-api.service[99277]: DEBUG cinder.coordination [req-5a83c930-b05d-4702-91bf-beb6d0efd6db req-89198f96-87fd-45c7-996a-59a00fa8ed1b tempest-TestMultiAttachVolumeSwap-1771621609 tempest-TestMultiAttachVolumeSwap-1771621609-project-member] Lock "cinder-attachment_update-576dfb59-a187-4a15-9904-20ed48bd0d37-np0000002228" acquired by "attachment_update" :: waited 0.005s {{(pid=99277) __acquire /opt/stack/cinder/cinder/coordination.py:141}}
Jun 05 15:47:05.108455 np0000002228 devstack@c-api.service[99277]: /opt/stack/data/venv/lib/python3.12/site-packages/oslo_context/context.py:102: DeprecationWarning: Policy enforcement is depending on the value of is_admin. This key is deprecated. Please update your policy file to use the standard policy values.
Jun 05 15:47:05.108455 np0000002228 devstack@c-api.service[99277]: warnings.warn(
Jun 05 15:47:05.118416 np0000002228 devstack@c-api.service[99278]: DEBUG cinder.quota [None req-14a43e53-1648-428a-b3fe-6f889b51393a tempest-VolumesTestJSON-218683165 tempest-VolumesTestJSON-218683165-project-member] Created reservations ['a1a8ab88-1d36-4e60-a152-8a1f36e7b6c5', '624ec06d-6e53-476f-a7e5-36908f93156b', '18bad6ef-7551-4c80-80e5-b9e0ca6a96bd', 'a518d607-3972-41c8-a60c-b648eb2d346b'] {{(pid=99278) reserve /opt/stack/cinder/cinder/quota.py:752}}
Jun 05 15:47:05.119301 np0000002228 devstack@c-api.service[99278]: DEBUG cinder.volume.api [None req-14a43e53-1648-428a-b3fe-6f889b51393a tempest-VolumesTestJSON-218683165 tempest-VolumesTestJSON-218683165-project-member] Task 'cinder.volume.flows.api.create_volume.QuotaReserveTask;volume:create' (fb232ec6-2ad9-4f97-9ce6-bd98b38b9159) transitioned into state 'SUCCESS' from state 'RUNNING' with result '{'reservations': ['a1a8ab88-1d36-4e60-a152-8a1f36e7b6c5', '624ec06d-6e53-476f-a7e5-36908f93156b', '18bad6ef-7551-4c80-80e5-b9e0ca6a96bd', 'a518d607-3972-41c8-a60c-b648eb2d346b']}' {{(pid=99278) _task_receiver /opt/stack/data/venv/lib/python3.12/site-packages/taskflow/listeners/logging.py:218}}
Jun 05 15:47:05.120077 np0000002228 devstack@c-api.service[99278]: DEBUG cinder.volume.api [None req-14a43e53-1648-428a-b3fe-6f889b51393a tempest-VolumesTestJSON-218683165 tempest-VolumesTestJSON-218683165-project-member] Task 'cinder.volume.flows.api.create_volume.EntryCreateTask;volume:create' (f2fa0719-91e1-44cb-9e4d-494b085a6bf0) transitioned into state 'RUNNING' from state 'PENDING' {{(pid=99278) _task_receiver /opt/stack/data/venv/lib/python3.12/site-packages/taskflow/listeners/logging.py:242}}
Jun 05 15:47:05.142616 np0000002228 devstack@c-api.service[99278]: DEBUG cinder.volume.api [None req-14a43e53-1648-428a-b3fe-6f889b51393a tempest-VolumesTestJSON-218683165 tempest-VolumesTestJSON-218683165-project-member] Task 'cinder.volume.flows.api.create_volume.EntryCreateTask;volume:create' (f2fa0719-91e1-44cb-9e4d-494b085a6bf0) transitioned into state 'SUCCESS' from state 'RUNNING' with result '{'volume_id': 'ccbbf302-91fd-44cd-a406-45361093a40b', 'volume_properties': VolumeProperties(attach_status='detached',availability_zone='nova',cgsnapshot_id=None,consistencygroup_id=None,display_description=None,display_name='tempest-VolumesTestJSON-volume-855842950',encryption_key_id=None,group_id=None,group_type_id=,metadata={Type='work'},multiattach=False,project_id='f96c863f67704962a376da934510ebae',qos_specs=None,replication_status=,reservations=['a1a8ab88-1d36-4e60-a152-8a1f36e7b6c5','624ec06d-6e53-476f-a7e5-36908f93156b','18bad6ef-7551-4c80-80e5-b9e0ca6a96bd','a518d607-3972-41c8-a60c-b648eb2d346b'],size=1,snapshot_id=None,source_replicaid=,source_volid=None,status='creating',user_id='6099933a9ea9435a92a85e99ae09660f',volume_type_id=1bbda6c1-ac1c-4749-a97d-f0e747ed2b97), 'volume': Volume(_name_id=None,admin_metadata=,attach_status='detached',availability_zone='nova',bootable=False,cluster=,cluster_name=None,consistencygroup=,consistencygroup_id=None,created_at=2026-06-05T15:47:05Z,deleted=False,deleted_at=None,display_description=None,display_name='tempest-VolumesTestJSON-volume-855842950',ec2_id=None,encryption_key_id=None,glance_metadata=,group=,group_id=None,host=None,id=ccbbf302-91fd-44cd-a406-45361093a40b,launched_at=None,metadata={Type='work'},migration_status=None,multiattach=False,previous_status=None,project_id='f96c863f67704962a376da934510ebae',provider_auth=None,provider_geometry=None,provider_id=None,provider_location=None,replication_driver_data=None,replication_extended_status=None,replication_status=None,scheduled_at=None,service_uuid=None,shared_targets=True,size=1,snapshot_id=None,snapshots=,source_volid=None,status='creating',terminated_at=None,updated_at=None,use_quota=True,user_id='6099933a9ea9435a92a85e99ae09660f',volume_attachment=VolumeAttachmentList,volume_type=VolumeType(1bbda6c1-ac1c-4749-a97d-f0e747ed2b97),volume_type_id=1bbda6c1-ac1c-4749-a97d-f0e747ed2b97)}' {{(pid=99278) _task_receiver /opt/stack/data/venv/lib/python3.12/site-packages/taskflow/listeners/logging.py:218}}
