Jun 05 15:52:51.977377 np0000002228 devstack@g-api.service[102050]: DEBUG glance.api.middleware.version_negotiation [None req-5985c34e-2656-45c6-a9c3-2a6e362b8491 tempest-VolumesActionsTest-1495818876 tempest-VolumesActionsTest-1495818876-project-member] new path /v2/images/7fd19002-6902-4c4b-8d7c-00f949d42faa {{(pid=102050) process_request /opt/stack/glance/glance/api/middleware/version_negotiation.py:70}}
Jun 05 15:52:51.996272 np0000002228 devstack@g-api.service[102050]: [pid: 102050|app: 0|req: 152/451] 127.0.0.1 () {40 vars in 834 bytes} [Fri Jun 5 15:52:51 2026] GET /v2/images/7fd19002-6902-4c4b-8d7c-00f949d42faa => generated 1358 bytes in 19 msecs (HTTP/1.1 200) 4 headers in 158 bytes (1 switches on core 0)
Jun 05 15:52:52.123008 np0000002228 devstack@g-api.service[102048]: DEBUG glance.api.middleware.version_negotiation [None req-c5405281-bc09-4e71-883c-250a1cb79142 tempest-ServerBootFromVolumeStableRescueTest-184000268 tempest-ServerBootFromVolumeStableRescueTest-184000268-project-member] Determining version of request: GET /v2/images/b5b452b2-fed8-402e-835e-c84c7e9726aa Accept: application/json {{(pid=102048) process_request /opt/stack/glance/glance/api/middleware/version_negotiation.py:44}}
Jun 05 15:52:52.123338 np0000002228 devstack@g-api.service[102048]: DEBUG glance.api.middleware.version_negotiation [None req-c5405281-bc09-4e71-883c-250a1cb79142 tempest-ServerBootFromVolumeStableRescueTest-184000268 tempest-ServerBootFromVolumeStableRescueTest-184000268-project-member] Using url versioning {{(pid=102048) process_request /opt/stack/glance/glance/api/middleware/version_negotiation.py:57}}
Jun 05 15:52:52.124074 np0000002228 devstack@g-api.service[102048]: DEBUG glance.api.middleware.version_negotiation [None req-c5405281-bc09-4e71-883c-250a1cb79142 tempest-ServerBootFromVolumeStableRescueTest-184000268 tempest-ServerBootFromVolumeStableRescueTest-184000268-project-member] Matched version: v2 {{(pid=102048) process_request /opt/stack/glance/glance/api/middleware/version_negotiation.py:69}}
Jun 05 15:52:52.124074 np0000002228 devstack@g-api.service[102048]: DEBUG glance.api.middleware.version_negotiation [None req-c5405281-bc09-4e71-883c-250a1cb79142 tempest-ServerBootFromVolumeStableRescueTest-184000268 tempest-ServerBootFromVolumeStableRescueTest-184000268-project-member] new path /v2/images/b5b452b2-fed8-402e-835e-c84c7e9726aa {{(pid=102048) process_request /opt/stack/glance/glance/api/middleware/version_negotiation.py:70}}
Jun 05 15:52:52.136989 np0000002228 devstack@g-api.service[102048]: [pid: 102048|app: 0|req: 146/452] 127.0.0.1 () {40 vars in 834 bytes} [Fri Jun 5 15:52:52 2026] GET /v2/images/b5b452b2-fed8-402e-835e-c84c7e9726aa => generated 652 bytes in 14 msecs (HTTP/1.1 200) 4 headers in 157 bytes (1 switches on core 0)
Jun 05 15:52:53.000777 np0000002228 devstack@g-api.service[102049]: DEBUG glance.api.middleware.version_negotiation [None req-c5405281-bc09-4e71-883c-250a1cb79142 tempest-ServerBootFromVolumeStableRescueTest-184000268 tempest-ServerBootFromVolumeStableRescueTest-184000268-project-member] Determining version of request: PUT /v2/images/b5b452b2-fed8-402e-835e-c84c7e9726aa/file Accept: */* {{(pid=102049) process_request /opt/stack/glance/glance/api/middleware/version_negotiation.py:44}}
Jun 05 15:52:53.000777 np0000002228 devstack@g-api.service[102049]: DEBUG glance.api.middleware.version_negotiation [None req-c5405281-bc09-4e71-883c-250a1cb79142 tempest-ServerBootFromVolumeStableRescueTest-184000268 tempest-ServerBootFromVolumeStableRescueTest-184000268-project-member] Using url versioning {{(pid=102049) process_request /opt/stack/glance/glance/api/middleware/version_negotiation.py:57}}
Jun 05 15:52:53.000777 np0000002228 devstack@g-api.service[102049]: DEBUG glance.api.middleware.version_negotiation [None req-c5405281-bc09-4e71-883c-250a1cb79142 tempest-ServerBootFromVolumeStableRescueTest-184000268 tempest-ServerBootFromVolumeStableRescueTest-184000268-project-member] Matched version: v2 {{(pid=102049) process_request /opt/stack/glance/glance/api/middleware/version_negotiation.py:69}}
Jun 05 15:52:53.000777 np0000002228 devstack@g-api.service[102049]: DEBUG glance.api.middleware.version_negotiation [None req-c5405281-bc09-4e71-883c-250a1cb79142 tempest-ServerBootFromVolumeStableRescueTest-184000268 tempest-ServerBootFromVolumeStableRescueTest-184000268-project-member] new path /v2/images/b5b452b2-fed8-402e-835e-c84c7e9726aa/file {{(pid=102049) process_request /opt/stack/glance/glance/api/middleware/version_negotiation.py:70}}
Jun 05 15:52:53.012584 np0000002228 devstack@g-api.service[102050]: DEBUG glance.api.middleware.version_negotiation [None req-5a1ac861-91b5-468b-8e80-6e3e5c6d8d24 tempest-ServerBootFromVolumeStableRescueTest-184000268 tempest-ServerBootFromVolumeStableRescueTest-184000268-project-member] Determining version of request: GET /v2/images/7fd19002-6902-4c4b-8d7c-00f949d42faa Accept: application/json {{(pid=102050) process_request /opt/stack/glance/glance/api/middleware/version_negotiation.py:44}}
Jun 05 15:52:53.012988 np0000002228 devstack@g-api.service[102050]: DEBUG glance.api.middleware.version_negotiation [None req-5a1ac861-91b5-468b-8e80-6e3e5c6d8d24 tempest-ServerBootFromVolumeStableRescueTest-184000268 tempest-ServerBootFromVolumeStableRescueTest-184000268-project-member] Using url versioning {{(pid=102050) process_request /opt/stack/glance/glance/api/middleware/version_negotiation.py:57}}
Jun 05 15:52:53.012988 np0000002228 devstack@g-api.service[102050]: DEBUG glance.api.middleware.version_negotiation [None req-5a1ac861-91b5-468b-8e80-6e3e5c6d8d24 tempest-ServerBootFromVolumeStableRescueTest-184000268 tempest-ServerBootFromVolumeStableRescueTest-184000268-project-member] Matched version: v2 {{(pid=102050) process_request /opt/stack/glance/glance/api/middleware/version_negotiation.py:69}}
Jun 05 15:52:53.012988 np0000002228 devstack@g-api.service[102050]: DEBUG glance.api.middleware.version_negotiation [None req-5a1ac861-91b5-468b-8e80-6e3e5c6d8d24 tempest-ServerBootFromVolumeStableRescueTest-184000268 tempest-ServerBootFromVolumeStableRescueTest-184000268-project-member] new path /v2/images/7fd19002-6902-4c4b-8d7c-00f949d42faa {{(pid=102050) process_request /opt/stack/glance/glance/api/middleware/version_negotiation.py:70}}
Jun 05 15:52:53.023775 np0000002228 devstack@g-api.service[102050]: [pid: 102050|app: 0|req: 153/453] 127.0.0.1 () {40 vars in 834 bytes} [Fri Jun 5 15:52:53 2026] GET /v2/images/7fd19002-6902-4c4b-8d7c-00f949d42faa => generated 1358 bytes in 11 msecs (HTTP/1.1 200) 4 headers in 158 bytes (1 switches on core 0)
Jun 05 15:52:53.153595 np0000002228 devstack@g-api.service[102048]: DEBUG glance.api.middleware.version_negotiation [None req-debc13a6-c7e4-4edc-97fc-08b9c3dae49f tempest-VolumesActionsTest-1495818876 tempest-VolumesActionsTest-1495818876-project-member] Determining version of request: GET /v2/images/b5b452b2-fed8-402e-835e-c84c7e9726aa Accept: application/json {{(pid=102048) process_request /opt/stack/glance/glance/api/middleware/version_negotiation.py:44}}
Jun 05 15:52:53.153595 np0000002228 devstack@g-api.service[102048]: DEBUG glance.api.middleware.version_negotiation [None req-debc13a6-c7e4-4edc-97fc-08b9c3dae49f tempest-VolumesActionsTest-1495818876 tempest-VolumesActionsTest-1495818876-project-member] Using url versioning {{(pid=102048) process_request /opt/stack/glance/glance/api/middleware/version_negotiation.py:57}}
Jun 05 15:52:53.153595 np0000002228 devstack@g-api.service[102048]: DEBUG glance.api.middleware.version_negotiation [None req-debc13a6-c7e4-4edc-97fc-08b9c3dae49f tempest-VolumesActionsTest-1495818876 tempest-VolumesActionsTest-1495818876-project-member] Matched version: v2 {{(pid=102048) process_request /opt/stack/glance/glance/api/middleware/version_negotiation.py:69}}
Jun 05 15:52:53.153595 np0000002228 devstack@g-api.service[102048]: DEBUG glance.api.middleware.version_negotiation [None req-debc13a6-c7e4-4edc-97fc-08b9c3dae49f tempest-VolumesActionsTest-1495818876 tempest-VolumesActionsTest-1495818876-project-member] new path /v2/images/b5b452b2-fed8-402e-835e-c84c7e9726aa {{(pid=102048) process_request /opt/stack/glance/glance/api/middleware/version_negotiation.py:70}}
Jun 05 15:52:53.165366 np0000002228 devstack@g-api.service[102048]: [pid: 102048|app: 0|req: 147/454] 127.0.0.1 () {40 vars in 834 bytes} [Fri Jun 5 15:52:53 2026] GET /v2/images/b5b452b2-fed8-402e-835e-c84c7e9726aa => generated 652 bytes in 18 msecs (HTTP/1.1 200) 4 headers in 157 bytes (1 switches on core 0)
Jun 05 15:52:53.527209 np0000002228 devstack@g-api.service[102049]: INFO glance.api.v2.image_data [None req-b78cf29e-8946-42c8-ae65-a4c627a31282 tempest-VolumesActionsTest-1495818876 tempest-VolumesActionsTest-1495818876-project-member] Unable to create trust: no such option collect_timing in group [keystone_authtoken] Use the existing user token.
Jun 05 15:52:54.033189 np0000002228 devstack@g-api.service[102050]: DEBUG glance.api.middleware.version_negotiation [None req-f910a90e-bf80-4cbc-a208-e440a65a71fb tempest-ServerBootFromVolumeStableRescueTest-184000268 tempest-ServerBootFromVolumeStableRescueTest-184000268-project-member] Determining version of request: GET /v2/images/7fd19002-6902-4c4b-8d7c-00f949d42faa Accept: application/json {{(pid=102050) process_request /opt/stack/glance/glance/api/middleware/version_negotiation.py:44}}
Jun 05 15:52:54.033577 np0000002228 devstack@g-api.service[102050]: DEBUG glance.api.middleware.version_negotiation [None req-f910a90e-bf80-4cbc-a208-e440a65a71fb tempest-ServerBootFromVolumeStableRescueTest-184000268 tempest-ServerBootFromVolumeStableRescueTest-184000268-project-member] Using url versioning {{(pid=102050) process_request /opt/stack/glance/glance/api/middleware/version_negotiation.py:57}}
Jun 05 15:52:54.033577 np0000002228 devstack@g-api.service[102050]: DEBUG glance.api.middleware.version_negotiation [None req-f910a90e-bf80-4cbc-a208-e440a65a71fb tempest-ServerBootFromVolumeStableRescueTest-184000268 tempest-ServerBootFromVolumeStableRescueTest-184000268-project-member] Matched version: v2 {{(pid=102050) process_request /opt/stack/glance/glance/api/middleware/version_negotiation.py:69}}
Jun 05 15:52:54.033577 np0000002228 devstack@g-api.service[102050]: DEBUG glance.api.middleware.version_negotiation [None req-f910a90e-bf80-4cbc-a208-e440a65a71fb tempest-ServerBootFromVolumeStableRescueTest-184000268 tempest-ServerBootFromVolumeStableRescueTest-184000268-project-member] new path /v2/images/7fd19002-6902-4c4b-8d7c-00f949d42faa {{(pid=102050) process_request /opt/stack/glance/glance/api/middleware/version_negotiation.py:70}}
Jun 05 15:52:54.044321 np0000002228 devstack@g-api.service[102050]: [pid: 102050|app: 0|req: 154/455] 127.0.0.1 () {40 vars in 834 bytes} [Fri Jun 5 15:52:54 2026] GET /v2/images/7fd19002-6902-4c4b-8d7c-00f949d42faa => generated 1358 bytes in 11 msecs (HTTP/1.1 200) 4 headers in 158 bytes (1 switches on core 0)
Jun 05 15:52:54.052243 np0000002228 devstack@g-api.service[102049]: DEBUG glance.location [None req-b78cf29e-8946-42c8-ae65-a4c627a31282 tempest-VolumesActionsTest-1495818876 tempest-VolumesActionsTest-1495818876-project-member] Enabling in-flight format inspection for qcow2 {{(pid=102049) set_data /opt/stack/glance/glance/location.py:616}}
Jun 05 15:52:54.052709 np0000002228 devstack@g-api.service[102049]: DEBUG glance_store.backend [None req-b78cf29e-8946-42c8-ae65-a4c627a31282 tempest-VolumesActionsTest-1495818876 tempest-VolumesActionsTest-1495818876-project-member] Attempting to import store swift {{(pid=102049) _load_store /opt/stack/data/venv/lib/python3.12/site-packages/glance_store/backend.py:215}}
Jun 05 15:52:54.054830 np0000002228 devstack@g-api.service[102049]: DEBUG glance_store.capabilities [None req-b78cf29e-8946-42c8-ae65-a4c627a31282 tempest-VolumesActionsTest-1495818876 tempest-VolumesActionsTest-1495818876-project-member] Store glance_store._drivers.swift.store.SingleTenantStore doesn't support updating dynamic storage capabilities. Please overwrite 'update_capabilities' method of the store to implement updating logics if needed. {{(pid=102049) update_capabilities /opt/stack/data/venv/lib/python3.12/site-packages/glance_store/capabilities.py:91}}
Jun 05 15:52:54.054965 np0000002228 devstack@g-api.service[102049]: DEBUG glance_store.driver [None req-b78cf29e-8946-42c8-ae65-a4c627a31282 tempest-VolumesActionsTest-1495818876 tempest-VolumesActionsTest-1495818876-project-member] Late loading location class glance_store._drivers.swift.store.StoreLocation {{(pid=102049) get_store_location_class /opt/stack/data/venv/lib/python3.12/site-packages/glance_store/driver.py:134}}
Jun 05 15:52:54.055119 np0000002228 devstack@g-api.service[102049]: DEBUG glance_store.location [None req-b78cf29e-8946-42c8-ae65-a4c627a31282 tempest-VolumesActionsTest-1495818876 tempest-VolumesActionsTest-1495818876-project-member] Registering scheme swift+https with {'store': , 'location_class': , 'store_entry': 'swift'} {{(pid=102049) register_scheme_map /opt/stack/data/venv/lib/python3.12/site-packages/glance_store/location.py:146}}
Jun 05 15:52:54.055286 np0000002228 devstack@g-api.service[102049]: DEBUG glance_store.location [None req-b78cf29e-8946-42c8-ae65-a4c627a31282 tempest-VolumesActionsTest-1495818876 tempest-VolumesActionsTest-1495818876-project-member] Registering scheme swift+https with {'store': , 'location_class': , 'store_entry': 'swift'} {{(pid=102049) register_scheme_map /opt/stack/data/venv/lib/python3.12/site-packages/glance_store/location.py:146}}
Jun 05 15:52:54.055414 np0000002228 devstack@g-api.service[102049]: DEBUG glance_store.location [None req-b78cf29e-8946-42c8-ae65-a4c627a31282 tempest-VolumesActionsTest-1495818876 tempest-VolumesActionsTest-1495818876-project-member] Registering scheme swift with {'store': , 'location_class': , 'store_entry': 'swift'} {{(pid=102049) register_scheme_map /opt/stack/data/venv/lib/python3.12/site-packages/glance_store/location.py:146}}
Jun 05 15:52:54.055529 np0000002228 devstack@g-api.service[102049]: DEBUG glance_store.location [None req-b78cf29e-8946-42c8-ae65-a4c627a31282 tempest-VolumesActionsTest-1495818876 tempest-VolumesActionsTest-1495818876-project-member] Registering scheme swift+https with {'store': , 'location_class': , 'store_entry': 'swift'} {{(pid=102049) register_scheme_map /opt/stack/data/venv/lib/python3.12/site-packages/glance_store/location.py:146}}
Jun 05 15:52:54.055654 np0000002228 devstack@g-api.service[102049]: DEBUG glance_store.location [None req-b78cf29e-8946-42c8-ae65-a4c627a31282 tempest-VolumesActionsTest-1495818876 tempest-VolumesActionsTest-1495818876-project-member] Registering scheme swift with {'store': , 'location_class': , 'store_entry': 'swift'} {{(pid=102049) register_scheme_map /opt/stack/data/venv/lib/python3.12/site-packages/glance_store/location.py:146}}
Jun 05 15:52:54.055781 np0000002228 devstack@g-api.service[102049]: DEBUG glance_store.location [None req-b78cf29e-8946-42c8-ae65-a4c627a31282 tempest-VolumesActionsTest-1495818876 tempest-VolumesActionsTest-1495818876-project-member] Registering scheme swift+http with {'store': , 'location_class': , 'store_entry': 'swift'} {{(pid=102049) register_scheme_map /opt/stack/data/venv/lib/python3.12/site-packages/glance_store/location.py:146}}
Jun 05 15:52:54.055902 np0000002228 devstack@g-api.service[102049]: DEBUG glance_store.location [None req-b78cf29e-8946-42c8-ae65-a4c627a31282 tempest-VolumesActionsTest-1495818876 tempest-VolumesActionsTest-1495818876-project-member] Registering scheme swift+https with {'store': , 'location_class': , 'store_entry': 'swift'} {{(pid=102049) register_scheme_map /opt/stack/data/venv/lib/python3.12/site-packages/glance_store/location.py:146}}
Jun 05 15:52:54.056034 np0000002228 devstack@g-api.service[102049]: DEBUG glance_store.location [None req-b78cf29e-8946-42c8-ae65-a4c627a31282 tempest-VolumesActionsTest-1495818876 tempest-VolumesActionsTest-1495818876-project-member] Registering scheme swift with {'store': , 'location_class': , 'store_entry': 'swift'} {{(pid=102049) register_scheme_map /opt/stack/data/venv/lib/python3.12/site-packages/glance_store/location.py:146}}
Jun 05 15:52:54.056190 np0000002228 devstack@g-api.service[102049]: DEBUG glance_store.location [None req-b78cf29e-8946-42c8-ae65-a4c627a31282 tempest-VolumesActionsTest-1495818876 tempest-VolumesActionsTest-1495818876-project-member] Registering scheme swift+http with {'store': , 'location_class': , 'store_entry': 'swift'} {{(pid=102049) register_scheme_map /opt/stack/data/venv/lib/python3.12/site-packages/glance_store/location.py:146}}
Jun 05 15:52:54.056397 np0000002228 devstack@g-api.service[102049]: DEBUG glance_store.location [None req-b78cf29e-8946-42c8-ae65-a4c627a31282 tempest-VolumesActionsTest-1495818876 tempest-VolumesActionsTest-1495818876-project-member] Registering scheme swift+config with {'store': , 'location_class': , 'store_entry': 'swift'} {{(pid=102049) register_scheme_map /opt/stack/data/venv/lib/python3.12/site-packages/glance_store/location.py:146}}
Jun 05 15:52:54.156853 np0000002228 devstack@g-api.service[102049]: DEBUG swiftclient [None req-b78cf29e-8946-42c8-ae65-a4c627a31282 tempest-VolumesActionsTest-1495818876 tempest-VolumesActionsTest-1495818876-project-member] REQ: curl -i https://10.4.3.77:8080/v1/AUTH_50dcf14f7b294e2181fefc36e57481ab/glance -I -H "X-Auth-Token: gAAAAABqIvDWLT1x..." {{(pid=102049) http_log /opt/stack/data/venv/lib/python3.12/site-packages/swiftclient/client.py:160}}
Jun 05 15:52:54.156971 np0000002228 devstack@g-api.service[102049]: DEBUG swiftclient [None req-b78cf29e-8946-42c8-ae65-a4c627a31282 tempest-VolumesActionsTest-1495818876 tempest-VolumesActionsTest-1495818876-project-member] RESP STATUS: 204 No Content {{(pid=102049) http_log /opt/stack/data/venv/lib/python3.12/site-packages/swiftclient/client.py:161}}
Jun 05 15:52:54.157124 np0000002228 devstack@g-api.service[102049]: DEBUG swiftclient [None req-b78cf29e-8946-42c8-ae65-a4c627a31282 tempest-VolumesActionsTest-1495818876 tempest-VolumesActionsTest-1495818876-project-member] RESP HEADERS: {'Date': 'Fri, 05 Jun 2026 15:52:54 GMT', 'Server': 'Apache/2.4.58 (Ubuntu)', 'Content-Type': 'text/plain; charset=utf-8', 'X-Container-Object-Count': '12', 'X-Container-Bytes-Used': '1161625600', 'X-Timestamp': '1780674180.57341', 'Last-Modified': 'Fri, 05 Jun 2026 15:43:01 GMT', 'Accept-Ranges': 'bytes', 'X-Storage-Policy': 'Policy-0', 'X-Container-Sharding': 'False', 'Vary': 'Accept', 'X-Trans-Id': 'txcb94058c23ac41f2a71c3-006a22f0d6', 'X-Openstack-Request-Id': 'txcb94058c23ac41f2a71c3-006a22f0d6', 'Connection': 'close'} {{(pid=102049) http_log /opt/stack/data/venv/lib/python3.12/site-packages/swiftclient/client.py:162}}
Jun 05 15:52:54.157307 np0000002228 devstack@g-api.service[102049]: DEBUG glance_store._drivers.swift.store [None req-b78cf29e-8946-42c8-ae65-a4c627a31282 tempest-VolumesActionsTest-1495818876 tempest-VolumesActionsTest-1495818876-project-member] Adding image object 'b5b452b2-fed8-402e-835e-c84c7e9726aa' to Swift {{(pid=102049) add /opt/stack/data/venv/lib/python3.12/site-packages/glance_store/_drivers/swift/store.py:970}}
Jun 05 15:52:54.157368 np0000002228 devstack@g-api.service[102049]: DEBUG glance_store._drivers.swift.store [None req-b78cf29e-8946-42c8-ae65-a4c627a31282 tempest-VolumesActionsTest-1495818876 tempest-VolumesActionsTest-1495818876-project-member] Cannot determine image size because it is either not provided in the request or chunked-transfer encoding is used. Adding image as a segmented object to Swift. {{(pid=102049) add /opt/stack/data/venv/lib/python3.12/site-packages/glance_store/_drivers/swift/store.py:994}}
Jun 05 15:52:54.162704 np0000002228 devstack@g-api.service[102049]: DEBUG oslo_utils.imageutils.format_inspector [None req-b78cf29e-8946-42c8-ae65-a4c627a31282 tempest-VolumesActionsTest-1495818876 tempest-VolumesActionsTest-1495818876-project-member] Format inspector for vmdk does not match, excluding from consideration (Signature KDMV not found: b'QFI\xfb') {{(pid=102049) _process_chunk /opt/stack/data/venv/lib/python3.12/site-packages/oslo_utils/imageutils/format_inspector.py:1758}}
Jun 05 15:52:54.179562 np0000002228 devstack@g-api.service[102048]: DEBUG glance.api.middleware.version_negotiation [None req-ccb18677-d157-4a42-b51a-552e745c50a8 tempest-VolumesActionsTest-1495818876 tempest-VolumesActionsTest-1495818876-project-member] Determining version of request: GET /v2/images/b5b452b2-fed8-402e-835e-c84c7e9726aa Accept: application/json {{(pid=102048) process_request /opt/stack/glance/glance/api/middleware/version_negotiation.py:44}}
Jun 05 15:52:54.179562 np0000002228 devstack@g-api.service[102048]: DEBUG glance.api.middleware.version_negotiation [None req-ccb18677-d157-4a42-b51a-552e745c50a8 tempest-VolumesActionsTest-1495818876 tempest-VolumesActionsTest-1495818876-project-member] Using url versioning {{(pid=102048) process_request /opt/stack/glance/glance/api/middleware/version_negotiation.py:57}}
Jun 05 15:52:54.179562 np0000002228 devstack@g-api.service[102048]: DEBUG glance.api.middleware.version_negotiation [None req-ccb18677-d157-4a42-b51a-552e745c50a8 tempest-VolumesActionsTest-1495818876 tempest-VolumesActionsTest-1495818876-project-member] Matched version: v2 {{(pid=102048) process_request /opt/stack/glance/glance/api/middleware/version_negotiation.py:69}}
Jun 05 15:52:54.179562 np0000002228 devstack@g-api.service[102048]: DEBUG glance.api.middleware.version_negotiation [None req-ccb18677-d157-4a42-b51a-552e745c50a8 tempest-VolumesActionsTest-1495818876 tempest-VolumesActionsTest-1495818876-project-member] new path /v2/images/b5b452b2-fed8-402e-835e-c84c7e9726aa {{(pid=102048) process_request /opt/stack/glance/glance/api/middleware/version_negotiation.py:70}}
Jun 05 15:52:54.191389 np0000002228 devstack@g-api.service[102049]: DEBUG swiftclient [None req-b78cf29e-8946-42c8-ae65-a4c627a31282 tempest-VolumesActionsTest-1495818876 tempest-VolumesActionsTest-1495818876-project-member] REQ: curl -i https://10.4.3.77:8080/v1/AUTH_50dcf14f7b294e2181fefc36e57481ab/glance/b5b452b2-fed8-402e-835e-c84c7e9726aa-00001 -X PUT -H "X-Auth-Token: gAAAAABqIvDWLT1x..." {{(pid=102049) http_log /opt/stack/data/venv/lib/python3.12/site-packages/swiftclient/client.py:160}}
Jun 05 15:52:54.191389 np0000002228 devstack@g-api.service[102049]: DEBUG swiftclient [None req-b78cf29e-8946-42c8-ae65-a4c627a31282 tempest-VolumesActionsTest-1495818876 tempest-VolumesActionsTest-1495818876-project-member] RESP STATUS: 201 Created {{(pid=102049) http_log /opt/stack/data/venv/lib/python3.12/site-packages/swiftclient/client.py:161}}
Jun 05 15:52:54.191389 np0000002228 devstack@g-api.service[102049]: DEBUG swiftclient [None req-b78cf29e-8946-42c8-ae65-a4c627a31282 tempest-VolumesActionsTest-1495818876 tempest-VolumesActionsTest-1495818876-project-member] RESP HEADERS: {'Date': 'Fri, 05 Jun 2026 15:52:54 GMT', 'Server': 'Apache/2.4.58 (Ubuntu)', 'Content-Type': 'text/html; charset=UTF-8', 'Content-Length': '0', 'Etag': 'c68439d39a2d449547b4c010d7f01866', 'Last-Modified': 'Fri, 05 Jun 2026 15:52:55 GMT', 'X-Trans-Id': 'txa10f1426fca049399389f-006a22f0d6', 'X-Openstack-Request-Id': 'txa10f1426fca049399389f-006a22f0d6', 'Connection': 'close'} {{(pid=102049) http_log /opt/stack/data/venv/lib/python3.12/site-packages/swiftclient/client.py:162}}
Jun 05 15:52:54.191389 np0000002228 devstack@g-api.service[102049]: DEBUG glance_store._drivers.swift.store [None req-b78cf29e-8946-42c8-ae65-a4c627a31282 tempest-VolumesActionsTest-1495818876 tempest-VolumesActionsTest-1495818876-project-member] Wrote chunk b5b452b2-fed8-402e-835e-c84c7e9726aa-00001 (1/?) of length 197120 to Swift returning MD5 of content: c68439d39a2d449547b4c010d7f01866 {{(pid=102049) add /opt/stack/data/venv/lib/python3.12/site-packages/glance_store/_drivers/swift/store.py:1059}}
Jun 05 15:52:54.191389 np0000002228 devstack@g-api.service[102049]: DEBUG glance_store._drivers.swift.store [None req-b78cf29e-8946-42c8-ae65-a4c627a31282 tempest-VolumesActionsTest-1495818876 tempest-VolumesActionsTest-1495818876-project-member] Not writing zero-length chunk. {{(pid=102049) add /opt/stack/data/venv/lib/python3.12/site-packages/glance_store/_drivers/swift/store.py:1028}}
Jun 05 15:52:54.204258 np0000002228 devstack@g-api.service[102048]: [pid: 102048|app: 0|req: 148/456] 127.0.0.1 () {40 vars in 834 bytes} [Fri Jun 5 15:52:54 2026] GET /v2/images/b5b452b2-fed8-402e-835e-c84c7e9726aa => generated 652 bytes in 26 msecs (HTTP/1.1 200) 4 headers in 157 bytes (1 switches on core 0)
Jun 05 15:52:54.218990 np0000002228 devstack@g-api.service[102049]: DEBUG swiftclient [None req-b78cf29e-8946-42c8-ae65-a4c627a31282 tempest-VolumesActionsTest-1495818876 tempest-VolumesActionsTest-1495818876-project-member] REQ: curl -i https://10.4.3.77:8080/v1/AUTH_50dcf14f7b294e2181fefc36e57481ab/glance/b5b452b2-fed8-402e-835e-c84c7e9726aa -X PUT -H "X-Object-Manifest: glance/b5b452b2-fed8-402e-835e-c84c7e9726aa-" -H "X-Auth-Token: gAAAAABqIvDWLT1x..." -H "Content-Length: 0" {{(pid=102049) http_log /opt/stack/data/venv/lib/python3.12/site-packages/swiftclient/client.py:160}}
Jun 05 15:52:54.219229 np0000002228 devstack@g-api.service[102049]: DEBUG swiftclient [None req-b78cf29e-8946-42c8-ae65-a4c627a31282 tempest-VolumesActionsTest-1495818876 tempest-VolumesActionsTest-1495818876-project-member] RESP STATUS: 201 Created {{(pid=102049) http_log /opt/stack/data/venv/lib/python3.12/site-packages/swiftclient/client.py:161}}
Jun 05 15:52:54.219376 np0000002228 devstack@g-api.service[102049]: DEBUG swiftclient [None req-b78cf29e-8946-42c8-ae65-a4c627a31282 tempest-VolumesActionsTest-1495818876 tempest-VolumesActionsTest-1495818876-project-member] RESP HEADERS: {'Date': 'Fri, 05 Jun 2026 15:52:54 GMT', 'Server': 'Apache/2.4.58 (Ubuntu)', 'Content-Type': 'text/html; charset=UTF-8', 'Content-Length': '0', 'Etag': 'd41d8cd98f00b204e9800998ecf8427e', 'Last-Modified': 'Fri, 05 Jun 2026 15:52:55 GMT', 'X-Trans-Id': 'txb8a1acb3ebe54ba7abae1-006a22f0d6', 'X-Openstack-Request-Id': 'txb8a1acb3ebe54ba7abae1-006a22f0d6', 'Connection': 'close'} {{(pid=102049) http_log /opt/stack/data/venv/lib/python3.12/site-packages/swiftclient/client.py:162}}
Jun 05 15:52:54.219965 np0000002228 devstack@g-api.service[102049]: INFO glance.location [None req-b78cf29e-8946-42c8-ae65-a4c627a31282 tempest-VolumesActionsTest-1495818876 tempest-VolumesActionsTest-1495818876-project-member] Image format matched and virtual size computed: 1073741824
Jun 05 15:52:54.253747 np0000002228 devstack@g-api.service[102049]: DEBUG glance_store.backend [None req-b78cf29e-8946-42c8-ae65-a4c627a31282 tempest-VolumesActionsTest-1495818876 tempest-VolumesActionsTest-1495818876-project-member] Attempting to import store swift {{(pid=102049) _load_store /opt/stack/data/venv/lib/python3.12/site-packages/glance_store/backend.py:215}}
Jun 05 15:52:54.255712 np0000002228 devstack@g-api.service[102049]: DEBUG glance_store.capabilities [None req-b78cf29e-8946-42c8-ae65-a4c627a31282 tempest-VolumesActionsTest-1495818876 tempest-VolumesActionsTest-1495818876-project-member] Store glance_store._drivers.swift.store.SingleTenantStore doesn't support updating dynamic storage capabilities. Please overwrite 'update_capabilities' method of the store to implement updating logics if needed. {{(pid=102049) update_capabilities /opt/stack/data/venv/lib/python3.12/site-packages/glance_store/capabilities.py:91}}
Jun 05 15:52:54.255871 np0000002228 devstack@g-api.service[102049]: DEBUG glance_store.driver [None req-b78cf29e-8946-42c8-ae65-a4c627a31282 tempest-VolumesActionsTest-1495818876 tempest-VolumesActionsTest-1495818876-project-member] Late loading location class glance_store._drivers.swift.store.StoreLocation {{(pid=102049) get_store_location_class /opt/stack/data/venv/lib/python3.12/site-packages/glance_store/driver.py:134}}
Jun 05 15:52:54.256088 np0000002228 devstack@g-api.service[102049]: DEBUG glance_store.location [None req-b78cf29e-8946-42c8-ae65-a4c627a31282 tempest-VolumesActionsTest-1495818876 tempest-VolumesActionsTest-1495818876-project-member] Registering scheme swift+https with {'store': , 'location_class': , 'store_entry': 'swift'} {{(pid=102049) register_scheme_map /opt/stack/data/venv/lib/python3.12/site-packages/glance_store/location.py:146}}
Jun 05 15:52:54.256272 np0000002228 devstack@g-api.service[102049]: DEBUG glance_store.location [None req-b78cf29e-8946-42c8-ae65-a4c627a31282 tempest-VolumesActionsTest-1495818876 tempest-VolumesActionsTest-1495818876-project-member] Registering scheme swift+https with {'store': , 'location_class': , 'store_entry': 'swift'} {{(pid=102049) register_scheme_map /opt/stack/data/venv/lib/python3.12/site-packages/glance_store/location.py:146}}
Jun 05 15:52:54.256272 np0000002228 devstack@g-api.service[102049]: DEBUG glance_store.location [None req-b78cf29e-8946-42c8-ae65-a4c627a31282 tempest-VolumesActionsTest-1495818876 tempest-VolumesActionsTest-1495818876-project-member] Registering scheme swift with {'store': , 'location_class': , 'store_entry': 'swift'} {{(pid=102049) register_scheme_map /opt/stack/data/venv/lib/python3.12/site-packages/glance_store/location.py:146}}
Jun 05 15:52:54.256385 np0000002228 devstack@g-api.service[102049]: DEBUG glance_store.location [None req-b78cf29e-8946-42c8-ae65-a4c627a31282 tempest-VolumesActionsTest-1495818876 tempest-VolumesActionsTest-1495818876-project-member] Registering scheme swift+https with {'store': , 'location_class': , 'store_entry': 'swift'} {{(pid=102049) register_scheme_map /opt/stack/data/venv/lib/python3.12/site-packages/glance_store/location.py:146}}
Jun 05 15:52:54.256478 np0000002228 devstack@g-api.service[102049]: DEBUG glance_store.location [None req-b78cf29e-8946-42c8-ae65-a4c627a31282 tempest-VolumesActionsTest-1495818876 tempest-VolumesActionsTest-1495818876-project-member] Registering scheme swift with {'store': , 'location_class': , 'store_entry': 'swift'} {{(pid=102049) register_scheme_map /opt/stack/data/venv/lib/python3.12/site-packages/glance_store/location.py:146}}
Jun 05 15:52:54.256562 np0000002228 devstack@g-api.service[102049]: DEBUG glance_store.location [None req-b78cf29e-8946-42c8-ae65-a4c627a31282 tempest-VolumesActionsTest-1495818876 tempest-VolumesActionsTest-1495818876-project-member] Registering scheme swift+http with {'store': , 'location_class': , 'store_entry': 'swift'} {{(pid=102049) register_scheme_map /opt/stack/data/venv/lib/python3.12/site-packages/glance_store/location.py:146}}
Jun 05 15:52:54.256646 np0000002228 devstack@g-api.service[102049]: DEBUG glance_store.location [None req-b78cf29e-8946-42c8-ae65-a4c627a31282 tempest-VolumesActionsTest-1495818876 tempest-VolumesActionsTest-1495818876-project-member] Registering scheme swift+https with {'store': , 'location_class': , 'store_entry': 'swift'} {{(pid=102049) register_scheme_map /opt/stack/data/venv/lib/python3.12/site-packages/glance_store/location.py:146}}
Jun 05 15:52:54.256727 np0000002228 devstack@g-api.service[102049]: DEBUG glance_store.location [None req-b78cf29e-8946-42c8-ae65-a4c627a31282 tempest-VolumesActionsTest-1495818876 tempest-VolumesActionsTest-1495818876-project-member] Registering scheme swift with {'store': , 'location_class': , 'store_entry': 'swift'} {{(pid=102049) register_scheme_map /opt/stack/data/venv/lib/python3.12/site-packages/glance_store/location.py:146}}
Jun 05 15:52:54.257441 np0000002228 devstack@g-api.service[102049]: DEBUG glance_store.location [None req-b78cf29e-8946-42c8-ae65-a4c627a31282 tempest-VolumesActionsTest-1495818876 tempest-VolumesActionsTest-1495818876-project-member] Registering scheme swift+http with {'store': , 'location_class': , 'store_entry': 'swift'} {{(pid=102049) register_scheme_map /opt/stack/data/venv/lib/python3.12/site-packages/glance_store/location.py:146}}
Jun 05 15:52:54.257441 np0000002228 devstack@g-api.service[102049]: DEBUG glance_store.location [None req-b78cf29e-8946-42c8-ae65-a4c627a31282 tempest-VolumesActionsTest-1495818876 tempest-VolumesActionsTest-1495818876-project-member] Registering scheme swift+config with {'store': , 'location_class': , 'store_entry': 'swift'} {{(pid=102049) register_scheme_map /opt/stack/data/venv/lib/python3.12/site-packages/glance_store/location.py:146}}
Jun 05 15:52:54.258233 np0000002228 devstack@g-api.service[102049]: DEBUG glance_store.backend [None req-b78cf29e-8946-42c8-ae65-a4c627a31282 tempest-VolumesActionsTest-1495818876 tempest-VolumesActionsTest-1495818876-project-member] Skipping store.set_acls... not implemented. {{(pid=102049) set_acls /opt/stack/data/venv/lib/python3.12/site-packages/glance_store/backend.py:507}}
Jun 05 15:52:54.260506 np0000002228 devstack@g-api.service[102049]: [pid: 102049|app: 0|req: 155/457] 127.0.0.1 () {46 vars in 1154 bytes} [Fri Jun 5 15:52:52 2026] PUT /v2/images/b5b452b2-fed8-402e-835e-c84c7e9726aa/file => generated 0 bytes in 1260 msecs (HTTP/1.1 204) 4 headers in 171 bytes (1 switches on core 0)
Jun 05 15:52:54.271745 np0000002228 devstack@g-api.service[102050]: DEBUG glance.api.middleware.version_negotiation [None req-84da5dd4-f414-421d-9e6f-2be37b8182d9 tempest-ServerBootFromVolumeStableRescueTest-184000268 tempest-ServerBootFromVolumeStableRescueTest-184000268-project-member] Determining version of request: GET /v2/images/b5b452b2-fed8-402e-835e-c84c7e9726aa Accept: */* {{(pid=102050) process_request /opt/stack/glance/glance/api/middleware/version_negotiation.py:44}}
Jun 05 15:52:54.271907 np0000002228 devstack@g-api.service[102050]: DEBUG glance.api.middleware.version_negotiation [None req-84da5dd4-f414-421d-9e6f-2be37b8182d9 tempest-ServerBootFromVolumeStableRescueTest-184000268 tempest-ServerBootFromVolumeStableRescueTest-184000268-project-member] Using url versioning {{(pid=102050) process_request /opt/stack/glance/glance/api/middleware/version_negotiation.py:57}}
Jun 05 15:52:54.272026 np0000002228 devstack@g-api.service[102050]: DEBUG glance.api.middleware.version_negotiation [None req-84da5dd4-f414-421d-9e6f-2be37b8182d9 tempest-ServerBootFromVolumeStableRescueTest-184000268 tempest-ServerBootFromVolumeStableRescueTest-184000268-project-member] Matched version: v2 {{(pid=102050) process_request /opt/stack/glance/glance/api/middleware/version_negotiation.py:69}}
Jun 05 15:52:54.272167 np0000002228 devstack@g-api.service[102050]: DEBUG glance.api.middleware.version_negotiation [None req-84da5dd4-f414-421d-9e6f-2be37b8182d9 tempest-ServerBootFromVolumeStableRescueTest-184000268 tempest-ServerBootFromVolumeStableRescueTest-184000268-project-member] new path /v2/images/b5b452b2-fed8-402e-835e-c84c7e9726aa {{(pid=102050) process_request /opt/stack/glance/glance/api/middleware/version_negotiation.py:70}}
Jun 05 15:52:54.284517 np0000002228 devstack@g-api.service[102050]: [pid: 102050|app: 0|req: 155/458] 127.0.0.1 () {44 vars in 1111 bytes} [Fri Jun 5 15:52:54 2026] GET /v2/images/b5b452b2-fed8-402e-835e-c84c7e9726aa => generated 820 bytes in 13 msecs (HTTP/1.1 200) 4 headers in 157 bytes (1 switches on core 0)
Jun 05 15:52:54.294536 np0000002228 devstack@g-api.service[102048]: DEBUG glance.api.middleware.version_negotiation [None req-09956640-e134-4072-b89a-a3c70895708f tempest-VolumesActionsTest-1495818876 tempest-VolumesActionsTest-1495818876-project-member] Determining version of request: GET /v2/schemas/image Accept: */* {{(pid=102048) process_request /opt/stack/glance/glance/api/middleware/version_negotiation.py:44}}
Jun 05 15:52:54.294536 np0000002228 devstack@g-api.service[102048]: DEBUG glance.api.middleware.version_negotiation [None req-09956640-e134-4072-b89a-a3c70895708f tempest-VolumesActionsTest-1495818876 tempest-VolumesActionsTest-1495818876-project-member] Using url versioning {{(pid=102048) process_request /opt/stack/glance/glance/api/middleware/version_negotiation.py:57}}
Jun 05 15:52:54.294536 np0000002228 devstack@g-api.service[102048]: DEBUG glance.api.middleware.version_negotiation [None req-09956640-e134-4072-b89a-a3c70895708f tempest-VolumesActionsTest-1495818876 tempest-VolumesActionsTest-1495818876-project-member] Matched version: v2 {{(pid=102048) process_request /opt/stack/glance/glance/api/middleware/version_negotiation.py:69}}
Jun 05 15:52:54.294536 np0000002228 devstack@g-api.service[102048]: DEBUG glance.api.middleware.version_negotiation [None req-09956640-e134-4072-b89a-a3c70895708f tempest-VolumesActionsTest-1495818876 tempest-VolumesActionsTest-1495818876-project-member] new path /v2/schemas/image {{(pid=102048) process_request /opt/stack/glance/glance/api/middleware/version_negotiation.py:70}}
Jun 05 15:52:54.297294 np0000002228 devstack@g-api.service[102048]: [pid: 102048|app: 0|req: 149/459] 127.0.0.1 () {44 vars in 1051 bytes} [Fri Jun 5 15:52:54 2026] GET /v2/schemas/image => generated 6083 bytes in 4 msecs (HTTP/1.1 200) 4 headers in 158 bytes (1 switches on core 0)
Jun 05 15:52:54.311163 np0000002228 devstack@g-api.service[102049]: DEBUG glance.api.middleware.version_negotiation [None req-b78cf29e-8946-42c8-ae65-a4c627a31282 tempest-VolumesActionsTest-1495818876 tempest-VolumesActionsTest-1495818876-project-member] Determining version of request: GET /v2/schemas/image Accept: */* {{(pid=102049) process_request /opt/stack/glance/glance/api/middleware/version_negotiation.py:44}}
Jun 05 15:52:54.311163 np0000002228 devstack@g-api.service[102049]: DEBUG glance.api.middleware.version_negotiation [None req-b78cf29e-8946-42c8-ae65-a4c627a31282 tempest-VolumesActionsTest-1495818876 tempest-VolumesActionsTest-1495818876-project-member] Using url versioning {{(pid=102049) process_request /opt/stack/glance/glance/api/middleware/version_negotiation.py:57}}
Jun 05 15:52:54.311163 np0000002228 devstack@g-api.service[102049]: DEBUG glance.api.middleware.version_negotiation [None req-b78cf29e-8946-42c8-ae65-a4c627a31282 tempest-VolumesActionsTest-1495818876 tempest-VolumesActionsTest-1495818876-project-member] Matched version: v2 {{(pid=102049) process_request /opt/stack/glance/glance/api/middleware/version_negotiation.py:69}}
Jun 05 15:52:54.311163 np0000002228 devstack@g-api.service[102049]: DEBUG glance.api.middleware.version_negotiation [None req-b78cf29e-8946-42c8-ae65-a4c627a31282 tempest-VolumesActionsTest-1495818876 tempest-VolumesActionsTest-1495818876-project-member] new path /v2/schemas/image {{(pid=102049) process_request /opt/stack/glance/glance/api/middleware/version_negotiation.py:70}}
Jun 05 15:52:54.313809 np0000002228 devstack@g-api.service[102049]: [pid: 102049|app: 0|req: 156/460] 127.0.0.1 () {44 vars in 1051 bytes} [Fri Jun 5 15:52:54 2026] GET /v2/schemas/image => generated 6083 bytes in 4 msecs (HTTP/1.1 200) 4 headers in 158 bytes (1 switches on core 0)
Jun 05 15:52:54.464978 np0000002228 devstack@g-api.service[102050]: DEBUG glance.api.middleware.version_negotiation [None req-b78cf29e-8946-42c8-ae65-a4c627a31282 tempest-VolumesActionsTest-1495818876 tempest-VolumesActionsTest-1495818876-project-member] Determining version of request: GET /v2/images/7fd19002-6902-4c4b-8d7c-00f949d42faa Accept: */* {{(pid=102050) process_request /opt/stack/glance/glance/api/middleware/version_negotiation.py:44}}
Jun 05 15:52:54.464978 np0000002228 devstack@g-api.service[102050]: DEBUG glance.api.middleware.version_negotiation [None req-b78cf29e-8946-42c8-ae65-a4c627a31282 tempest-VolumesActionsTest-1495818876 tempest-VolumesActionsTest-1495818876-project-member] Using url versioning {{(pid=102050) process_request /opt/stack/glance/glance/api/middleware/version_negotiation.py:57}}
Jun 05 15:52:54.464978 np0000002228 devstack@g-api.service[102050]: DEBUG glance.api.middleware.version_negotiation [None req-b78cf29e-8946-42c8-ae65-a4c627a31282 tempest-VolumesActionsTest-1495818876 tempest-VolumesActionsTest-1495818876-project-member] Matched version: v2 {{(pid=102050) process_request /opt/stack/glance/glance/api/middleware/version_negotiation.py:69}}
Jun 05 15:52:54.464978 np0000002228 devstack@g-api.service[102050]: DEBUG glance.api.middleware.version_negotiation [None req-b78cf29e-8946-42c8-ae65-a4c627a31282 tempest-VolumesActionsTest-1495818876 tempest-VolumesActionsTest-1495818876-project-member] new path /v2/images/7fd19002-6902-4c4b-8d7c-00f949d42faa {{(pid=102050) process_request /opt/stack/glance/glance/api/middleware/version_negotiation.py:70}}
Jun 05 15:52:54.482586 np0000002228 devstack@g-api.service[102050]: [pid: 102050|app: 0|req: 156/461] 127.0.0.1 () {44 vars in 1111 bytes} [Fri Jun 5 15:52:54 2026] GET /v2/images/7fd19002-6902-4c4b-8d7c-00f949d42faa => generated 1358 bytes in 18 msecs (HTTP/1.1 200) 4 headers in 158 bytes (1 switches on core 0)
Jun 05 15:52:54.539876 np0000002228 devstack@g-api.service[102048]: DEBUG glance.api.middleware.version_negotiation [None req-b78cf29e-8946-42c8-ae65-a4c627a31282 tempest-VolumesActionsTest-1495818876 tempest-VolumesActionsTest-1495818876-project-member] Determining version of request: GET /v2/schemas/image Accept: */* {{(pid=102048) process_request /opt/stack/glance/glance/api/middleware/version_negotiation.py:44}}
Jun 05 15:52:54.540247 np0000002228 devstack@g-api.service[102048]: DEBUG glance.api.middleware.version_negotiation [None req-b78cf29e-8946-42c8-ae65-a4c627a31282 tempest-VolumesActionsTest-1495818876 tempest-VolumesActionsTest-1495818876-project-member] Using url versioning {{(pid=102048) process_request /opt/stack/glance/glance/api/middleware/version_negotiation.py:57}}
Jun 05 15:52:54.540412 np0000002228 devstack@g-api.service[102048]: DEBUG glance.api.middleware.version_negotiation [None req-b78cf29e-8946-42c8-ae65-a4c627a31282 tempest-VolumesActionsTest-1495818876 tempest-VolumesActionsTest-1495818876-project-member] Matched version: v2 {{(pid=102048) process_request /opt/stack/glance/glance/api/middleware/version_negotiation.py:69}}
Jun 05 15:52:54.540528 np0000002228 devstack@g-api.service[102048]: DEBUG glance.api.middleware.version_negotiation [None req-b78cf29e-8946-42c8-ae65-a4c627a31282 tempest-VolumesActionsTest-1495818876 tempest-VolumesActionsTest-1495818876-project-member] new path /v2/schemas/image {{(pid=102048) process_request /opt/stack/glance/glance/api/middleware/version_negotiation.py:70}}
Jun 05 15:52:54.543840 np0000002228 devstack@g-api.service[102048]: [pid: 102048|app: 0|req: 150/462] 127.0.0.1 () {44 vars in 1051 bytes} [Fri Jun 5 15:52:54 2026] GET /v2/schemas/image => generated 6083 bytes in 5 msecs (HTTP/1.1 200) 4 headers in 158 bytes (1 switches on core 0)
Jun 05 15:52:54.597510 np0000002228 devstack@g-api.service[102049]: DEBUG glance.api.middleware.version_negotiation [None req-b78cf29e-8946-42c8-ae65-a4c627a31282 tempest-VolumesActionsTest-1495818876 tempest-VolumesActionsTest-1495818876-project-member] Determining version of request: GET /v2/schemas/image Accept: */* {{(pid=102049) process_request /opt/stack/glance/glance/api/middleware/version_negotiation.py:44}}
Jun 05 15:52:54.597510 np0000002228 devstack@g-api.service[102049]: DEBUG glance.api.middleware.version_negotiation [None req-b78cf29e-8946-42c8-ae65-a4c627a31282 tempest-VolumesActionsTest-1495818876 tempest-VolumesActionsTest-1495818876-project-member] Using url versioning {{(pid=102049) process_request /opt/stack/glance/glance/api/middleware/version_negotiation.py:57}}
Jun 05 15:52:54.597510 np0000002228 devstack@g-api.service[102049]: DEBUG glance.api.middleware.version_negotiation [None req-b78cf29e-8946-42c8-ae65-a4c627a31282 tempest-VolumesActionsTest-1495818876 tempest-VolumesActionsTest-1495818876-project-member] Matched version: v2 {{(pid=102049) process_request /opt/stack/glance/glance/api/middleware/version_negotiation.py:69}}
Jun 05 15:52:54.597510 np0000002228 devstack@g-api.service[102049]: DEBUG glance.api.middleware.version_negotiation [None req-b78cf29e-8946-42c8-ae65-a4c627a31282 tempest-VolumesActionsTest-1495818876 tempest-VolumesActionsTest-1495818876-project-member] new path /v2/schemas/image {{(pid=102049) process_request /opt/stack/glance/glance/api/middleware/version_negotiation.py:70}}
Jun 05 15:52:54.599749 np0000002228 devstack@g-api.service[102049]: [pid: 102049|app: 0|req: 157/463] 127.0.0.1 () {44 vars in 1051 bytes} [Fri Jun 5 15:52:54 2026] GET /v2/schemas/image => generated 6083 bytes in 4 msecs (HTTP/1.1 200) 4 headers in 158 bytes (1 switches on core 0)
Jun 05 15:52:54.650984 np0000002228 devstack@g-api.service[102050]: DEBUG glance.api.middleware.version_negotiation [None req-c5405281-bc09-4e71-883c-250a1cb79142 tempest-ServerBootFromVolumeStableRescueTest-184000268 tempest-ServerBootFromVolumeStableRescueTest-184000268-project-member] Determining version of request: PATCH /v2/images/7fd19002-6902-4c4b-8d7c-00f949d42faa Accept: */* {{(pid=102050) process_request /opt/stack/glance/glance/api/middleware/version_negotiation.py:44}}
Jun 05 15:52:54.651150 np0000002228 devstack@g-api.service[102050]: DEBUG glance.api.middleware.version_negotiation [None req-c5405281-bc09-4e71-883c-250a1cb79142 tempest-ServerBootFromVolumeStableRescueTest-184000268 tempest-ServerBootFromVolumeStableRescueTest-184000268-project-member] Using url versioning {{(pid=102050) process_request /opt/stack/glance/glance/api/middleware/version_negotiation.py:57}}
Jun 05 15:52:54.651276 np0000002228 devstack@g-api.service[102050]: DEBUG glance.api.middleware.version_negotiation [None req-c5405281-bc09-4e71-883c-250a1cb79142 tempest-ServerBootFromVolumeStableRescueTest-184000268 tempest-ServerBootFromVolumeStableRescueTest-184000268-project-member] Matched version: v2 {{(pid=102050) process_request /opt/stack/glance/glance/api/middleware/version_negotiation.py:69}}
Jun 05 15:52:54.651441 np0000002228 devstack@g-api.service[102050]: DEBUG glance.api.middleware.version_negotiation [None req-c5405281-bc09-4e71-883c-250a1cb79142 tempest-ServerBootFromVolumeStableRescueTest-184000268 tempest-ServerBootFromVolumeStableRescueTest-184000268-project-member] new path /v2/images/7fd19002-6902-4c4b-8d7c-00f949d42faa {{(pid=102050) process_request /opt/stack/glance/glance/api/middleware/version_negotiation.py:70}}
Jun 05 15:52:54.788093 np0000002228 devstack@g-api.service[102050]: [pid: 102050|app: 0|req: 157/464] 127.0.0.1 () {46 vars in 1154 bytes} [Fri Jun 5 15:52:54 2026] PATCH /v2/images/7fd19002-6902-4c4b-8d7c-00f949d42faa => generated 1469 bytes in 137 msecs (HTTP/1.1 200) 4 headers in 158 bytes (1 switches on core 0)
Jun 05 15:52:54.840094 np0000002228 devstack@g-api.service[102048]: DEBUG glance.api.middleware.version_negotiation [None req-c5405281-bc09-4e71-883c-250a1cb79142 tempest-ServerBootFromVolumeStableRescueTest-184000268 tempest-ServerBootFromVolumeStableRescueTest-184000268-project-member] Determining version of request: GET /v2/images/7fd19002-6902-4c4b-8d7c-00f949d42faa Accept: */* {{(pid=102048) process_request /opt/stack/glance/glance/api/middleware/version_negotiation.py:44}}
Jun 05 15:52:54.840291 np0000002228 devstack@g-api.service[102048]: DEBUG glance.api.middleware.version_negotiation [None req-c5405281-bc09-4e71-883c-250a1cb79142 tempest-ServerBootFromVolumeStableRescueTest-184000268 tempest-ServerBootFromVolumeStableRescueTest-184000268-project-member] Using url versioning {{(pid=102048) process_request /opt/stack/glance/glance/api/middleware/version_negotiation.py:57}}
Jun 05 15:52:54.840425 np0000002228 devstack@g-api.service[102048]: DEBUG glance.api.middleware.version_negotiation [None req-c5405281-bc09-4e71-883c-250a1cb79142 tempest-ServerBootFromVolumeStableRescueTest-184000268 tempest-ServerBootFromVolumeStableRescueTest-184000268-project-member] Matched version: v2 {{(pid=102048) process_request /opt/stack/glance/glance/api/middleware/version_negotiation.py:69}}
Jun 05 15:52:54.840557 np0000002228 devstack@g-api.service[102048]: DEBUG glance.api.middleware.version_negotiation [None req-c5405281-bc09-4e71-883c-250a1cb79142 tempest-ServerBootFromVolumeStableRescueTest-184000268 tempest-ServerBootFromVolumeStableRescueTest-184000268-project-member] new path /v2/images/7fd19002-6902-4c4b-8d7c-00f949d42faa {{(pid=102048) process_request /opt/stack/glance/glance/api/middleware/version_negotiation.py:70}}
Jun 05 15:52:54.849751 np0000002228 devstack@g-api.service[102048]: [pid: 102048|app: 0|req: 151/465] 127.0.0.1 () {44 vars in 1111 bytes} [Fri Jun 5 15:52:54 2026] GET /v2/images/7fd19002-6902-4c4b-8d7c-00f949d42faa => generated 1469 bytes in 10 msecs (HTTP/1.1 200) 4 headers in 158 bytes (1 switches on core 0)
Jun 05 15:52:54.904702 np0000002228 devstack@g-api.service[102049]: DEBUG glance.api.middleware.version_negotiation [None req-c5405281-bc09-4e71-883c-250a1cb79142 tempest-ServerBootFromVolumeStableRescueTest-184000268 tempest-ServerBootFromVolumeStableRescueTest-184000268-project-member] Determining version of request: PUT /v2/images/7fd19002-6902-4c4b-8d7c-00f949d42faa/file Accept: */* {{(pid=102049) process_request /opt/stack/glance/glance/api/middleware/version_negotiation.py:44}}
Jun 05 15:52:54.904702 np0000002228 devstack@g-api.service[102049]: DEBUG glance.api.middleware.version_negotiation [None req-c5405281-bc09-4e71-883c-250a1cb79142 tempest-ServerBootFromVolumeStableRescueTest-184000268 tempest-ServerBootFromVolumeStableRescueTest-184000268-project-member] Using url versioning {{(pid=102049) process_request /opt/stack/glance/glance/api/middleware/version_negotiation.py:57}}
Jun 05 15:52:54.904957 np0000002228 devstack@g-api.service[102049]: DEBUG glance.api.middleware.version_negotiation [None req-c5405281-bc09-4e71-883c-250a1cb79142 tempest-ServerBootFromVolumeStableRescueTest-184000268 tempest-ServerBootFromVolumeStableRescueTest-184000268-project-member] Matched version: v2 {{(pid=102049) process_request /opt/stack/glance/glance/api/middleware/version_negotiation.py:69}}
