May 22 22:59:32.245234 np0000001334 devstack@g-api.service[101869]: DEBUG glance.api.middleware.version_negotiation [None req-7bf80bb4-e95d-41a1-a851-398334820bf3 tempest-ServerBootFromVolumeStableRescueTest-1319091573 tempest-ServerBootFromVolumeStableRescueTest-1319091573-project-member] new path /v2/images/01e4b8a2-96dd-4be3-9085-aa17682f10cb {{(pid=101869) process_request /opt/stack/glance/glance/api/middleware/version_negotiation.py:70}}
May 22 22:59:32.322233 np0000001334 devstack@g-api.service[101869]: [pid: 101869|app: 0|req: 110/305] 127.0.0.1 () {44 vars in 1111 bytes} [Fri May 22 22:59:32 2026] GET /v2/images/01e4b8a2-96dd-4be3-9085-aa17682f10cb => generated 1044 bytes in 24 msecs (HTTP/1.1 200) 4 headers in 158 bytes (1 switches on core 0)
May 22 22:59:32.322568 np0000001334 devstack@g-api.service[101868]: DEBUG glance.api.middleware.version_negotiation [None req-f7597adf-5436-4000-9c46-e74e0070d1df tempest-VolumesActionsTest-985630770 tempest-VolumesActionsTest-985630770-project-member] Determining version of request: GET /v2/schemas/image Accept: */* {{(pid=101868) process_request /opt/stack/glance/glance/api/middleware/version_negotiation.py:44}}
May 22 22:59:32.322568 np0000001334 devstack@g-api.service[101868]: DEBUG glance.api.middleware.version_negotiation [None req-f7597adf-5436-4000-9c46-e74e0070d1df tempest-VolumesActionsTest-985630770 tempest-VolumesActionsTest-985630770-project-member] Using url versioning {{(pid=101868) process_request /opt/stack/glance/glance/api/middleware/version_negotiation.py:57}}
May 22 22:59:32.322568 np0000001334 devstack@g-api.service[101868]: DEBUG glance.api.middleware.version_negotiation [None req-f7597adf-5436-4000-9c46-e74e0070d1df tempest-VolumesActionsTest-985630770 tempest-VolumesActionsTest-985630770-project-member] Matched version: v2 {{(pid=101868) process_request /opt/stack/glance/glance/api/middleware/version_negotiation.py:69}}
May 22 22:59:32.322568 np0000001334 devstack@g-api.service[101868]: DEBUG glance.api.middleware.version_negotiation [None req-f7597adf-5436-4000-9c46-e74e0070d1df tempest-VolumesActionsTest-985630770 tempest-VolumesActionsTest-985630770-project-member] new path /v2/schemas/image {{(pid=101868) process_request /opt/stack/glance/glance/api/middleware/version_negotiation.py:70}}
May 22 22:59:32.322568 np0000001334 devstack@g-api.service[101868]: [pid: 101868|app: 0|req: 105/306] 127.0.0.1 () {44 vars in 1051 bytes} [Fri May 22 22:59:32 2026] GET /v2/schemas/image => generated 6083 bytes in 5 msecs (HTTP/1.1 200) 4 headers in 158 bytes (1 switches on core 0)
May 22 22:59:32.651974 np0000001334 devstack@g-api.service[101867]: DEBUG dbcounter [-] [101867] Writing DB stats glance:SELECT=33,glance:UPDATE=2,glance:INSERT=3 {{(pid=101867) stat_writer /opt/stack/data/venv/lib/python3.12/site-packages/dbcounter.py:115}}
May 22 22:59:32.986454 np0000001334 devstack@g-api.service[101869]: DEBUG glance.api.middleware.version_negotiation [None req-7bf80bb4-e95d-41a1-a851-398334820bf3 tempest-ServerBootFromVolumeStableRescueTest-1319091573 tempest-ServerBootFromVolumeStableRescueTest-1319091573-project-member] Determining version of request: GET /versions Accept: */* {{(pid=101869) process_request /opt/stack/glance/glance/api/middleware/version_negotiation.py:44}}
May 22 22:59:32.988822 np0000001334 devstack@g-api.service[101869]: [pid: 101869|app: 0|req: 111/307] 127.0.0.1 () {44 vars in 1035 bytes} [Fri May 22 22:59:32 2026] GET /versions => generated 1394 bytes in 1 msecs (HTTP/1.1 200) 3 headers in 92 bytes (1 switches on core 0)
May 22 22:59:33.020059 np0000001334 devstack@g-api.service[101868]: DEBUG glance.api.middleware.version_negotiation [None req-7bf80bb4-e95d-41a1-a851-398334820bf3 tempest-ServerBootFromVolumeStableRescueTest-1319091573 tempest-ServerBootFromVolumeStableRescueTest-1319091573-project-member] Determining version of request: GET /v2/images/01e4b8a2-96dd-4be3-9085-aa17682f10cb/locations Accept: */* {{(pid=101868) process_request /opt/stack/glance/glance/api/middleware/version_negotiation.py:44}}
May 22 22:59:33.020059 np0000001334 devstack@g-api.service[101868]: DEBUG glance.api.middleware.version_negotiation [None req-7bf80bb4-e95d-41a1-a851-398334820bf3 tempest-ServerBootFromVolumeStableRescueTest-1319091573 tempest-ServerBootFromVolumeStableRescueTest-1319091573-project-member] Using url versioning {{(pid=101868) process_request /opt/stack/glance/glance/api/middleware/version_negotiation.py:57}}
May 22 22:59:33.020059 np0000001334 devstack@g-api.service[101868]: DEBUG glance.api.middleware.version_negotiation [None req-7bf80bb4-e95d-41a1-a851-398334820bf3 tempest-ServerBootFromVolumeStableRescueTest-1319091573 tempest-ServerBootFromVolumeStableRescueTest-1319091573-project-member] Matched version: v2 {{(pid=101868) process_request /opt/stack/glance/glance/api/middleware/version_negotiation.py:69}}
May 22 22:59:33.020059 np0000001334 devstack@g-api.service[101868]: DEBUG glance.api.middleware.version_negotiation [None req-7bf80bb4-e95d-41a1-a851-398334820bf3 tempest-ServerBootFromVolumeStableRescueTest-1319091573 tempest-ServerBootFromVolumeStableRescueTest-1319091573-project-member] new path /v2/images/01e4b8a2-96dd-4be3-9085-aa17682f10cb/locations {{(pid=101868) process_request /opt/stack/glance/glance/api/middleware/version_negotiation.py:70}}
May 22 22:59:33.166004 np0000001334 devstack@g-api.service[101868]: [pid: 101868|app: 0|req: 106/308] 127.0.0.1 () {44 vars in 1131 bytes} [Fri May 22 22:59:33 2026] GET /v2/images/01e4b8a2-96dd-4be3-9085-aa17682f10cb/locations => generated 92 bytes in 146 msecs (HTTP/1.1 200) 4 headers in 156 bytes (1 switches on core 0)
May 22 22:59:33.238883 np0000001334 devstack@g-api.service[101869]: DEBUG glance.api.middleware.version_negotiation [None req-7bf80bb4-e95d-41a1-a851-398334820bf3 tempest-ServerBootFromVolumeStableRescueTest-1319091573 tempest-ServerBootFromVolumeStableRescueTest-1319091573-project-member] Determining version of request: GET /v2/images/01e4b8a2-96dd-4be3-9085-aa17682f10cb Accept: */* {{(pid=101869) process_request /opt/stack/glance/glance/api/middleware/version_negotiation.py:44}}
May 22 22:59:33.239058 np0000001334 devstack@g-api.service[101869]: DEBUG glance.api.middleware.version_negotiation [None req-7bf80bb4-e95d-41a1-a851-398334820bf3 tempest-ServerBootFromVolumeStableRescueTest-1319091573 tempest-ServerBootFromVolumeStableRescueTest-1319091573-project-member] Using url versioning {{(pid=101869) process_request /opt/stack/glance/glance/api/middleware/version_negotiation.py:57}}
May 22 22:59:33.239218 np0000001334 devstack@g-api.service[101869]: DEBUG glance.api.middleware.version_negotiation [None req-7bf80bb4-e95d-41a1-a851-398334820bf3 tempest-ServerBootFromVolumeStableRescueTest-1319091573 tempest-ServerBootFromVolumeStableRescueTest-1319091573-project-member] Matched version: v2 {{(pid=101869) process_request /opt/stack/glance/glance/api/middleware/version_negotiation.py:69}}
May 22 22:59:33.239347 np0000001334 devstack@g-api.service[101869]: DEBUG glance.api.middleware.version_negotiation [None req-7bf80bb4-e95d-41a1-a851-398334820bf3 tempest-ServerBootFromVolumeStableRescueTest-1319091573 tempest-ServerBootFromVolumeStableRescueTest-1319091573-project-member] new path /v2/images/01e4b8a2-96dd-4be3-9085-aa17682f10cb {{(pid=101869) process_request /opt/stack/glance/glance/api/middleware/version_negotiation.py:70}}
May 22 22:59:33.257201 np0000001334 devstack@g-api.service[101868]: DEBUG glance.api.middleware.version_negotiation [None req-7bf80bb4-e95d-41a1-a851-398334820bf3 service glance] Determining version of request: GET /v2/images/d730a2e3-57b3-4854-8b9a-6e332bb1b3d8 Accept: application/json {{(pid=101868) process_request /opt/stack/glance/glance/api/middleware/version_negotiation.py:44}}
May 22 22:59:33.257201 np0000001334 devstack@g-api.service[101868]: DEBUG glance.api.middleware.version_negotiation [None req-7bf80bb4-e95d-41a1-a851-398334820bf3 service glance] Using url versioning {{(pid=101868) process_request /opt/stack/glance/glance/api/middleware/version_negotiation.py:57}}
May 22 22:59:33.257201 np0000001334 devstack@g-api.service[101868]: DEBUG glance.api.middleware.version_negotiation [None req-7bf80bb4-e95d-41a1-a851-398334820bf3 service glance] Matched version: v2 {{(pid=101868) process_request /opt/stack/glance/glance/api/middleware/version_negotiation.py:69}}
May 22 22:59:33.257721 np0000001334 devstack@g-api.service[101868]: DEBUG glance.api.middleware.version_negotiation [None req-7bf80bb4-e95d-41a1-a851-398334820bf3 service glance] new path /v2/images/d730a2e3-57b3-4854-8b9a-6e332bb1b3d8 {{(pid=101868) process_request /opt/stack/glance/glance/api/middleware/version_negotiation.py:70}}
May 22 22:59:33.263431 np0000001334 devstack@g-api.service[101869]: [pid: 101869|app: 0|req: 112/309] 127.0.0.1 () {44 vars in 1111 bytes} [Fri May 22 22:59:33 2026] GET /v2/images/01e4b8a2-96dd-4be3-9085-aa17682f10cb => generated 1044 bytes in 25 msecs (HTTP/1.1 200) 4 headers in 158 bytes (1 switches on core 0)
May 22 22:59:33.292327 np0000001334 devstack@g-api.service[101868]: [pid: 101868|app: 0|req: 107/310] 127.0.0.1 () {40 vars in 834 bytes} [Fri May 22 22:59:33 2026] GET /v2/images/d730a2e3-57b3-4854-8b9a-6e332bb1b3d8 => generated 650 bytes in 35 msecs (HTTP/1.1 200) 4 headers in 157 bytes (1 switches on core 0)
May 22 22:59:33.292619 np0000001334 devstack@g-api.service[101869]: DEBUG glance.api.middleware.version_negotiation [None req-7bf80bb4-e95d-41a1-a851-398334820bf3 tempest-ServerBootFromVolumeStableRescueTest-1319091573 tempest-ServerBootFromVolumeStableRescueTest-1319091573-project-member] Determining version of request: GET /v2/schemas/image Accept: */* {{(pid=101869) process_request /opt/stack/glance/glance/api/middleware/version_negotiation.py:44}}
May 22 22:59:33.292910 np0000001334 devstack@g-api.service[101869]: DEBUG glance.api.middleware.version_negotiation [None req-7bf80bb4-e95d-41a1-a851-398334820bf3 tempest-ServerBootFromVolumeStableRescueTest-1319091573 tempest-ServerBootFromVolumeStableRescueTest-1319091573-project-member] Using url versioning {{(pid=101869) process_request /opt/stack/glance/glance/api/middleware/version_negotiation.py:57}}
May 22 22:59:33.293254 np0000001334 devstack@g-api.service[101869]: DEBUG glance.api.middleware.version_negotiation [None req-7bf80bb4-e95d-41a1-a851-398334820bf3 tempest-ServerBootFromVolumeStableRescueTest-1319091573 tempest-ServerBootFromVolumeStableRescueTest-1319091573-project-member] Matched version: v2 {{(pid=101869) process_request /opt/stack/glance/glance/api/middleware/version_negotiation.py:69}}
May 22 22:59:33.293254 np0000001334 devstack@g-api.service[101869]: DEBUG glance.api.middleware.version_negotiation [None req-7bf80bb4-e95d-41a1-a851-398334820bf3 tempest-ServerBootFromVolumeStableRescueTest-1319091573 tempest-ServerBootFromVolumeStableRescueTest-1319091573-project-member] new path /v2/schemas/image {{(pid=101869) process_request /opt/stack/glance/glance/api/middleware/version_negotiation.py:70}}
May 22 22:59:33.297573 np0000001334 devstack@g-api.service[101869]: [pid: 101869|app: 0|req: 113/311] 127.0.0.1 () {44 vars in 1051 bytes} [Fri May 22 22:59:33 2026] GET /v2/schemas/image => generated 6083 bytes in 9 msecs (HTTP/1.1 200) 4 headers in 158 bytes (1 switches on core 0)
May 22 22:59:33.321633 np0000001334 devstack@g-api.service[101868]: DEBUG glance.api.middleware.version_negotiation [None req-09b8bf23-a244-4453-8c99-dd0dc12f47ab tempest-VolumesActionsTest-985630770 tempest-VolumesActionsTest-985630770-project-member] Determining version of request: GET /v2/schemas/image Accept: */* {{(pid=101868) process_request /opt/stack/glance/glance/api/middleware/version_negotiation.py:44}}
May 22 22:59:33.321836 np0000001334 devstack@g-api.service[101868]: DEBUG glance.api.middleware.version_negotiation [None req-09b8bf23-a244-4453-8c99-dd0dc12f47ab tempest-VolumesActionsTest-985630770 tempest-VolumesActionsTest-985630770-project-member] Using url versioning {{(pid=101868) process_request /opt/stack/glance/glance/api/middleware/version_negotiation.py:57}}
May 22 22:59:33.322032 np0000001334 devstack@g-api.service[101868]: DEBUG glance.api.middleware.version_negotiation [None req-09b8bf23-a244-4453-8c99-dd0dc12f47ab tempest-VolumesActionsTest-985630770 tempest-VolumesActionsTest-985630770-project-member] Matched version: v2 {{(pid=101868) process_request /opt/stack/glance/glance/api/middleware/version_negotiation.py:69}}
May 22 22:59:33.322151 np0000001334 devstack@g-api.service[101868]: DEBUG glance.api.middleware.version_negotiation [None req-09b8bf23-a244-4453-8c99-dd0dc12f47ab tempest-VolumesActionsTest-985630770 tempest-VolumesActionsTest-985630770-project-member] new path /v2/schemas/image {{(pid=101868) process_request /opt/stack/glance/glance/api/middleware/version_negotiation.py:70}}
May 22 22:59:33.329180 np0000001334 devstack@g-api.service[101868]: [pid: 101868|app: 0|req: 108/312] 127.0.0.1 () {44 vars in 1051 bytes} [Fri May 22 22:59:33 2026] GET /v2/schemas/image => generated 6083 bytes in 7 msecs (HTTP/1.1 200) 4 headers in 158 bytes (1 switches on core 0)
May 22 22:59:33.660046 np0000001334 devstack@g-api.service[101867]: DEBUG swiftclient [None req-09363afa-04a6-4e53-a4e0-15a00df82d6d tempest-VolumesActionsTest-985630770 tempest-VolumesActionsTest-985630770-project-member] REQ: curl -i https://10.4.3.86:8080/v1/AUTH_8036a06d44d145cea74f9d29cc17cb53/glance/d730a2e3-57b3-4854-8b9a-6e332bb1b3d8-00004 -X PUT -H "X-Auth-Token: gAAAAABqEN_KQC0n..." {{(pid=101867) http_log /opt/stack/data/venv/lib/python3.12/site-packages/swiftclient/client.py:160}}
May 22 22:59:33.660481 np0000001334 devstack@g-api.service[101867]: DEBUG swiftclient [None req-09363afa-04a6-4e53-a4e0-15a00df82d6d tempest-VolumesActionsTest-985630770 tempest-VolumesActionsTest-985630770-project-member] RESP STATUS: 201 Created {{(pid=101867) http_log /opt/stack/data/venv/lib/python3.12/site-packages/swiftclient/client.py:161}}
May 22 22:59:33.660481 np0000001334 devstack@g-api.service[101867]: DEBUG swiftclient [None req-09363afa-04a6-4e53-a4e0-15a00df82d6d tempest-VolumesActionsTest-985630770 tempest-VolumesActionsTest-985630770-project-member] RESP HEADERS: {'Date': 'Fri, 22 May 2026 22:59:33 GMT', 'Server': 'Apache/2.4.58 (Ubuntu)', 'Content-Type': 'text/html; charset=UTF-8', 'Content-Length': '0', 'Etag': 'eda9a9889837ac4bc81d6387d92c1bec', 'Last-Modified': 'Fri, 22 May 2026 22:59:31 GMT', 'X-Trans-Id': 'txf7eb97741a8c48cc94365-006a10dfd2', 'X-Openstack-Request-Id': 'txf7eb97741a8c48cc94365-006a10dfd2', 'Connection': 'close'} {{(pid=101867) http_log /opt/stack/data/venv/lib/python3.12/site-packages/swiftclient/client.py:162}}
May 22 22:59:33.660481 np0000001334 devstack@g-api.service[101867]: DEBUG glance_store._drivers.swift.store [None req-09363afa-04a6-4e53-a4e0-15a00df82d6d tempest-VolumesActionsTest-985630770 tempest-VolumesActionsTest-985630770-project-member] Wrote chunk d730a2e3-57b3-4854-8b9a-6e332bb1b3d8-00004 (4/?) of length 204800000 to Swift returning MD5 of content: eda9a9889837ac4bc81d6387d92c1bec {{(pid=101867) add /opt/stack/data/venv/lib/python3.12/site-packages/glance_store/_drivers/swift/store.py:1067}}
May 22 22:59:34.306727 np0000001334 devstack@g-api.service[101869]: DEBUG glance.api.middleware.version_negotiation [None req-7bf80bb4-e95d-41a1-a851-398334820bf3 tempest-ServerBootFromVolumeStableRescueTest-1319091573 tempest-ServerBootFromVolumeStableRescueTest-1319091573-project-member] Determining version of request: GET /v2/images/d730a2e3-57b3-4854-8b9a-6e332bb1b3d8 Accept: application/json {{(pid=101869) process_request /opt/stack/glance/glance/api/middleware/version_negotiation.py:44}}
May 22 22:59:34.306727 np0000001334 devstack@g-api.service[101869]: DEBUG glance.api.middleware.version_negotiation [None req-7bf80bb4-e95d-41a1-a851-398334820bf3 tempest-ServerBootFromVolumeStableRescueTest-1319091573 tempest-ServerBootFromVolumeStableRescueTest-1319091573-project-member] Using url versioning {{(pid=101869) process_request /opt/stack/glance/glance/api/middleware/version_negotiation.py:57}}
May 22 22:59:34.306727 np0000001334 devstack@g-api.service[101869]: DEBUG glance.api.middleware.version_negotiation [None req-7bf80bb4-e95d-41a1-a851-398334820bf3 tempest-ServerBootFromVolumeStableRescueTest-1319091573 tempest-ServerBootFromVolumeStableRescueTest-1319091573-project-member] Matched version: v2 {{(pid=101869) process_request /opt/stack/glance/glance/api/middleware/version_negotiation.py:69}}
May 22 22:59:34.306727 np0000001334 devstack@g-api.service[101869]: DEBUG glance.api.middleware.version_negotiation [None req-7bf80bb4-e95d-41a1-a851-398334820bf3 tempest-ServerBootFromVolumeStableRescueTest-1319091573 tempest-ServerBootFromVolumeStableRescueTest-1319091573-project-member] new path /v2/images/d730a2e3-57b3-4854-8b9a-6e332bb1b3d8 {{(pid=101869) process_request /opt/stack/glance/glance/api/middleware/version_negotiation.py:70}}
May 22 22:59:34.329793 np0000001334 devstack@g-api.service[101869]: [pid: 101869|app: 0|req: 114/313] 127.0.0.1 () {40 vars in 834 bytes} [Fri May 22 22:59:34 2026] GET /v2/images/d730a2e3-57b3-4854-8b9a-6e332bb1b3d8 => generated 650 bytes in 24 msecs (HTTP/1.1 200) 4 headers in 157 bytes (1 switches on core 0)
May 22 22:59:35.341769 np0000001334 devstack@g-api.service[101868]: DEBUG glance.api.middleware.version_negotiation [None req-7bf80bb4-e95d-41a1-a851-398334820bf3 tempest-ServerBootFromVolumeStableRescueTest-1319091573 tempest-ServerBootFromVolumeStableRescueTest-1319091573-project-member] Determining version of request: GET /v2/images/d730a2e3-57b3-4854-8b9a-6e332bb1b3d8 Accept: application/json {{(pid=101868) process_request /opt/stack/glance/glance/api/middleware/version_negotiation.py:44}}
May 22 22:59:35.341769 np0000001334 devstack@g-api.service[101868]: DEBUG glance.api.middleware.version_negotiation [None req-7bf80bb4-e95d-41a1-a851-398334820bf3 tempest-ServerBootFromVolumeStableRescueTest-1319091573 tempest-ServerBootFromVolumeStableRescueTest-1319091573-project-member] Using url versioning {{(pid=101868) process_request /opt/stack/glance/glance/api/middleware/version_negotiation.py:57}}
May 22 22:59:35.341769 np0000001334 devstack@g-api.service[101868]: DEBUG glance.api.middleware.version_negotiation [None req-7bf80bb4-e95d-41a1-a851-398334820bf3 tempest-ServerBootFromVolumeStableRescueTest-1319091573 tempest-ServerBootFromVolumeStableRescueTest-1319091573-project-member] Matched version: v2 {{(pid=101868) process_request /opt/stack/glance/glance/api/middleware/version_negotiation.py:69}}
May 22 22:59:35.341769 np0000001334 devstack@g-api.service[101868]: DEBUG glance.api.middleware.version_negotiation [None req-7bf80bb4-e95d-41a1-a851-398334820bf3 tempest-ServerBootFromVolumeStableRescueTest-1319091573 tempest-ServerBootFromVolumeStableRescueTest-1319091573-project-member] new path /v2/images/d730a2e3-57b3-4854-8b9a-6e332bb1b3d8 {{(pid=101868) process_request /opt/stack/glance/glance/api/middleware/version_negotiation.py:70}}
May 22 22:59:35.356778 np0000001334 devstack@g-api.service[101868]: [pid: 101868|app: 0|req: 109/314] 127.0.0.1 () {40 vars in 834 bytes} [Fri May 22 22:59:35 2026] GET /v2/images/d730a2e3-57b3-4854-8b9a-6e332bb1b3d8 => generated 650 bytes in 16 msecs (HTTP/1.1 200) 4 headers in 157 bytes (1 switches on core 0)
May 22 22:59:36.291308 np0000001334 devstack@g-api.service[101867]: DEBUG swiftclient [None req-09363afa-04a6-4e53-a4e0-15a00df82d6d tempest-VolumesActionsTest-985630770 tempest-VolumesActionsTest-985630770-project-member] REQ: curl -i https://10.4.3.86:8080/v1/AUTH_8036a06d44d145cea74f9d29cc17cb53/glance/d730a2e3-57b3-4854-8b9a-6e332bb1b3d8-00005 -X PUT -H "X-Auth-Token: gAAAAABqEN_KQC0n..." {{(pid=101867) http_log /opt/stack/data/venv/lib/python3.12/site-packages/swiftclient/client.py:160}}
May 22 22:59:36.292852 np0000001334 devstack@g-api.service[101867]: DEBUG swiftclient [None req-09363afa-04a6-4e53-a4e0-15a00df82d6d tempest-VolumesActionsTest-985630770 tempest-VolumesActionsTest-985630770-project-member] RESP STATUS: 201 Created {{(pid=101867) http_log /opt/stack/data/venv/lib/python3.12/site-packages/swiftclient/client.py:161}}
May 22 22:59:36.292852 np0000001334 devstack@g-api.service[101867]: DEBUG swiftclient [None req-09363afa-04a6-4e53-a4e0-15a00df82d6d tempest-VolumesActionsTest-985630770 tempest-VolumesActionsTest-985630770-project-member] RESP HEADERS: {'Date': 'Fri, 22 May 2026 22:59:36 GMT', 'Server': 'Apache/2.4.58 (Ubuntu)', 'Content-Type': 'text/html; charset=UTF-8', 'Content-Length': '0', 'Etag': 'eda9a9889837ac4bc81d6387d92c1bec', 'Last-Modified': 'Fri, 22 May 2026 22:59:34 GMT', 'X-Trans-Id': 'txb751141a35c7499f99bbd-006a10dfd5', 'X-Openstack-Request-Id': 'txb751141a35c7499f99bbd-006a10dfd5', 'Connection': 'close'} {{(pid=101867) http_log /opt/stack/data/venv/lib/python3.12/site-packages/swiftclient/client.py:162}}
May 22 22:59:36.292852 np0000001334 devstack@g-api.service[101867]: DEBUG glance_store._drivers.swift.store [None req-09363afa-04a6-4e53-a4e0-15a00df82d6d tempest-VolumesActionsTest-985630770 tempest-VolumesActionsTest-985630770-project-member] Wrote chunk d730a2e3-57b3-4854-8b9a-6e332bb1b3d8-00005 (5/?) of length 204800000 to Swift returning MD5 of content: eda9a9889837ac4bc81d6387d92c1bec {{(pid=101867) add /opt/stack/data/venv/lib/python3.12/site-packages/glance_store/_drivers/swift/store.py:1067}}
May 22 22:59:36.372953 np0000001334 devstack@g-api.service[101869]: DEBUG glance.api.middleware.version_negotiation [None req-d1c79725-6248-4b92-a06a-96cde7774aaf tempest-VolumesActionsTest-985630770 tempest-VolumesActionsTest-985630770-project-member] Determining version of request: GET /v2/images/d730a2e3-57b3-4854-8b9a-6e332bb1b3d8 Accept: application/json {{(pid=101869) process_request /opt/stack/glance/glance/api/middleware/version_negotiation.py:44}}
May 22 22:59:36.373829 np0000001334 devstack@g-api.service[101869]: DEBUG glance.api.middleware.version_negotiation [None req-d1c79725-6248-4b92-a06a-96cde7774aaf tempest-VolumesActionsTest-985630770 tempest-VolumesActionsTest-985630770-project-member] Using url versioning {{(pid=101869) process_request /opt/stack/glance/glance/api/middleware/version_negotiation.py:57}}
May 22 22:59:36.373829 np0000001334 devstack@g-api.service[101869]: DEBUG glance.api.middleware.version_negotiation [None req-d1c79725-6248-4b92-a06a-96cde7774aaf tempest-VolumesActionsTest-985630770 tempest-VolumesActionsTest-985630770-project-member] Matched version: v2 {{(pid=101869) process_request /opt/stack/glance/glance/api/middleware/version_negotiation.py:69}}
May 22 22:59:36.373829 np0000001334 devstack@g-api.service[101869]: DEBUG glance.api.middleware.version_negotiation [None req-d1c79725-6248-4b92-a06a-96cde7774aaf tempest-VolumesActionsTest-985630770 tempest-VolumesActionsTest-985630770-project-member] new path /v2/images/d730a2e3-57b3-4854-8b9a-6e332bb1b3d8 {{(pid=101869) process_request /opt/stack/glance/glance/api/middleware/version_negotiation.py:70}}
May 22 22:59:36.391608 np0000001334 devstack@g-api.service[101869]: [pid: 101869|app: 0|req: 115/315] 127.0.0.1 () {40 vars in 834 bytes} [Fri May 22 22:59:36 2026] GET /v2/images/d730a2e3-57b3-4854-8b9a-6e332bb1b3d8 => generated 650 bytes in 19 msecs (HTTP/1.1 200) 4 headers in 157 bytes (1 switches on core 0)
May 22 22:59:36.951178 np0000001334 devstack@g-api.service[101867]: DEBUG swiftclient [None req-09363afa-04a6-4e53-a4e0-15a00df82d6d tempest-VolumesActionsTest-985630770 tempest-VolumesActionsTest-985630770-project-member] REQ: curl -i https://10.4.3.86:8080/v1/AUTH_8036a06d44d145cea74f9d29cc17cb53/glance/d730a2e3-57b3-4854-8b9a-6e332bb1b3d8-00006 -X PUT -H "X-Auth-Token: gAAAAABqEN_KQC0n..." {{(pid=101867) http_log /opt/stack/data/venv/lib/python3.12/site-packages/swiftclient/client.py:160}}
May 22 22:59:36.951310 np0000001334 devstack@g-api.service[101867]: DEBUG swiftclient [None req-09363afa-04a6-4e53-a4e0-15a00df82d6d tempest-VolumesActionsTest-985630770 tempest-VolumesActionsTest-985630770-project-member] RESP STATUS: 201 Created {{(pid=101867) http_log /opt/stack/data/venv/lib/python3.12/site-packages/swiftclient/client.py:161}}
May 22 22:59:36.951485 np0000001334 devstack@g-api.service[101867]: DEBUG swiftclient [None req-09363afa-04a6-4e53-a4e0-15a00df82d6d tempest-VolumesActionsTest-985630770 tempest-VolumesActionsTest-985630770-project-member] RESP HEADERS: {'Date': 'Fri, 22 May 2026 22:59:36 GMT', 'Server': 'Apache/2.4.58 (Ubuntu)', 'Content-Type': 'text/html; charset=UTF-8', 'Content-Length': '0', 'Etag': '708761f3b8777ec77058e63da08eeeb6', 'Last-Modified': 'Fri, 22 May 2026 22:59:37 GMT', 'X-Trans-Id': 'txcecc1a974df945b7b54cb-006a10dfd8', 'X-Openstack-Request-Id': 'txcecc1a974df945b7b54cb-006a10dfd8', 'Connection': 'close'} {{(pid=101867) http_log /opt/stack/data/venv/lib/python3.12/site-packages/swiftclient/client.py:162}}
May 22 22:59:36.951592 np0000001334 devstack@g-api.service[101867]: DEBUG glance_store._drivers.swift.store [None req-09363afa-04a6-4e53-a4e0-15a00df82d6d tempest-VolumesActionsTest-985630770 tempest-VolumesActionsTest-985630770-project-member] Wrote chunk d730a2e3-57b3-4854-8b9a-6e332bb1b3d8-00006 (6/?) of length 49741824 to Swift returning MD5 of content: 708761f3b8777ec77058e63da08eeeb6 {{(pid=101867) add /opt/stack/data/venv/lib/python3.12/site-packages/glance_store/_drivers/swift/store.py:1067}}
May 22 22:59:36.952076 np0000001334 devstack@g-api.service[101867]: DEBUG glance_store._drivers.swift.store [None req-09363afa-04a6-4e53-a4e0-15a00df82d6d tempest-VolumesActionsTest-985630770 tempest-VolumesActionsTest-985630770-project-member] Not writing zero-length chunk. {{(pid=101867) add /opt/stack/data/venv/lib/python3.12/site-packages/glance_store/_drivers/swift/store.py:1036}}
May 22 22:59:36.977391 np0000001334 devstack@g-api.service[101867]: DEBUG swiftclient [None req-09363afa-04a6-4e53-a4e0-15a00df82d6d tempest-VolumesActionsTest-985630770 tempest-VolumesActionsTest-985630770-project-member] REQ: curl -i https://10.4.3.86:8080/v1/AUTH_8036a06d44d145cea74f9d29cc17cb53/glance/d730a2e3-57b3-4854-8b9a-6e332bb1b3d8 -X PUT -H "X-Object-Manifest: glance/d730a2e3-57b3-4854-8b9a-6e332bb1b3d8-" -H "X-Auth-Token: gAAAAABqEN_KQC0n..." -H "Content-Length: 0" {{(pid=101867) http_log /opt/stack/data/venv/lib/python3.12/site-packages/swiftclient/client.py:160}}
May 22 22:59:36.977631 np0000001334 devstack@g-api.service[101867]: DEBUG swiftclient [None req-09363afa-04a6-4e53-a4e0-15a00df82d6d tempest-VolumesActionsTest-985630770 tempest-VolumesActionsTest-985630770-project-member] RESP STATUS: 201 Created {{(pid=101867) http_log /opt/stack/data/venv/lib/python3.12/site-packages/swiftclient/client.py:161}}
May 22 22:59:36.977928 np0000001334 devstack@g-api.service[101867]: DEBUG swiftclient [None req-09363afa-04a6-4e53-a4e0-15a00df82d6d tempest-VolumesActionsTest-985630770 tempest-VolumesActionsTest-985630770-project-member] RESP HEADERS: {'Date': 'Fri, 22 May 2026 22:59:36 GMT', 'Server': 'Apache/2.4.58 (Ubuntu)', 'Content-Type': 'text/html; charset=UTF-8', 'Content-Length': '0', 'Etag': 'd41d8cd98f00b204e9800998ecf8427e', 'Last-Modified': 'Fri, 22 May 2026 22:59:37 GMT', 'X-Trans-Id': 'tx8d6b88ea169a473382b64-006a10dfd8', 'X-Openstack-Request-Id': 'tx8d6b88ea169a473382b64-006a10dfd8', 'Connection': 'close'} {{(pid=101867) http_log /opt/stack/data/venv/lib/python3.12/site-packages/swiftclient/client.py:162}}
May 22 22:59:36.978539 np0000001334 devstack@g-api.service[101867]: INFO glance.location [None req-09363afa-04a6-4e53-a4e0-15a00df82d6d tempest-VolumesActionsTest-985630770 tempest-VolumesActionsTest-985630770-project-member] Image format matched and virtual size computed: 1073741824
May 22 22:59:37.015334 np0000001334 devstack@g-api.service[101867]: DEBUG glance_store.backend [None req-09363afa-04a6-4e53-a4e0-15a00df82d6d tempest-VolumesActionsTest-985630770 tempest-VolumesActionsTest-985630770-project-member] Attempting to import store swift {{(pid=101867) _load_store /opt/stack/data/venv/lib/python3.12/site-packages/glance_store/backend.py:215}}
May 22 22:59:37.016956 np0000001334 devstack@g-api.service[101867]: DEBUG glance_store.capabilities [None req-09363afa-04a6-4e53-a4e0-15a00df82d6d tempest-VolumesActionsTest-985630770 tempest-VolumesActionsTest-985630770-project-member] Store glance_store._drivers.swift.store.SingleTenantStore doesn't support updating dynamic storage capabilities. Please overwrite 'update_capabilities' method of the store to implement updating logics if needed. {{(pid=101867) update_capabilities /opt/stack/data/venv/lib/python3.12/site-packages/glance_store/capabilities.py:91}}
May 22 22:59:37.017085 np0000001334 devstack@g-api.service[101867]: DEBUG glance_store.driver [None req-09363afa-04a6-4e53-a4e0-15a00df82d6d tempest-VolumesActionsTest-985630770 tempest-VolumesActionsTest-985630770-project-member] Late loading location class glance_store._drivers.swift.store.StoreLocation {{(pid=101867) get_store_location_class /opt/stack/data/venv/lib/python3.12/site-packages/glance_store/driver.py:134}}
May 22 22:59:37.017227 np0000001334 devstack@g-api.service[101867]: DEBUG glance_store.location [None req-09363afa-04a6-4e53-a4e0-15a00df82d6d tempest-VolumesActionsTest-985630770 tempest-VolumesActionsTest-985630770-project-member] Registering scheme swift+https with {'store': , 'location_class': , 'store_entry': 'swift'} {{(pid=101867) register_scheme_map /opt/stack/data/venv/lib/python3.12/site-packages/glance_store/location.py:146}}
May 22 22:59:37.017331 np0000001334 devstack@g-api.service[101867]: DEBUG glance_store.location [None req-09363afa-04a6-4e53-a4e0-15a00df82d6d tempest-VolumesActionsTest-985630770 tempest-VolumesActionsTest-985630770-project-member] Registering scheme swift+https with {'store': , 'location_class': , 'store_entry': 'swift'} {{(pid=101867) register_scheme_map /opt/stack/data/venv/lib/python3.12/site-packages/glance_store/location.py:146}}
May 22 22:59:37.017434 np0000001334 devstack@g-api.service[101867]: DEBUG glance_store.location [None req-09363afa-04a6-4e53-a4e0-15a00df82d6d tempest-VolumesActionsTest-985630770 tempest-VolumesActionsTest-985630770-project-member] Registering scheme swift with {'store': , 'location_class': , 'store_entry': 'swift'} {{(pid=101867) register_scheme_map /opt/stack/data/venv/lib/python3.12/site-packages/glance_store/location.py:146}}
May 22 22:59:37.017552 np0000001334 devstack@g-api.service[101867]: DEBUG glance_store.location [None req-09363afa-04a6-4e53-a4e0-15a00df82d6d tempest-VolumesActionsTest-985630770 tempest-VolumesActionsTest-985630770-project-member] Registering scheme swift+https with {'store': , 'location_class': , 'store_entry': 'swift'} {{(pid=101867) register_scheme_map /opt/stack/data/venv/lib/python3.12/site-packages/glance_store/location.py:146}}
May 22 22:59:37.017677 np0000001334 devstack@g-api.service[101867]: DEBUG glance_store.location [None req-09363afa-04a6-4e53-a4e0-15a00df82d6d tempest-VolumesActionsTest-985630770 tempest-VolumesActionsTest-985630770-project-member] Registering scheme swift with {'store': , 'location_class': , 'store_entry': 'swift'} {{(pid=101867) register_scheme_map /opt/stack/data/venv/lib/python3.12/site-packages/glance_store/location.py:146}}
May 22 22:59:37.017808 np0000001334 devstack@g-api.service[101867]: DEBUG glance_store.location [None req-09363afa-04a6-4e53-a4e0-15a00df82d6d tempest-VolumesActionsTest-985630770 tempest-VolumesActionsTest-985630770-project-member] Registering scheme swift+http with {'store': , 'location_class': , 'store_entry': 'swift'} {{(pid=101867) register_scheme_map /opt/stack/data/venv/lib/python3.12/site-packages/glance_store/location.py:146}}
May 22 22:59:37.018154 np0000001334 devstack@g-api.service[101867]: DEBUG glance_store.location [None req-09363afa-04a6-4e53-a4e0-15a00df82d6d tempest-VolumesActionsTest-985630770 tempest-VolumesActionsTest-985630770-project-member] Registering scheme swift+https with {'store': , 'location_class': , 'store_entry': 'swift'} {{(pid=101867) register_scheme_map /opt/stack/data/venv/lib/python3.12/site-packages/glance_store/location.py:146}}
May 22 22:59:37.018154 np0000001334 devstack@g-api.service[101867]: DEBUG glance_store.location [None req-09363afa-04a6-4e53-a4e0-15a00df82d6d tempest-VolumesActionsTest-985630770 tempest-VolumesActionsTest-985630770-project-member] Registering scheme swift with {'store': , 'location_class': , 'store_entry': 'swift'} {{(pid=101867) register_scheme_map /opt/stack/data/venv/lib/python3.12/site-packages/glance_store/location.py:146}}
May 22 22:59:37.018154 np0000001334 devstack@g-api.service[101867]: DEBUG glance_store.location [None req-09363afa-04a6-4e53-a4e0-15a00df82d6d tempest-VolumesActionsTest-985630770 tempest-VolumesActionsTest-985630770-project-member] Registering scheme swift+http with {'store': , 'location_class': , 'store_entry': 'swift'} {{(pid=101867) register_scheme_map /opt/stack/data/venv/lib/python3.12/site-packages/glance_store/location.py:146}}
May 22 22:59:37.018313 np0000001334 devstack@g-api.service[101867]: DEBUG glance_store.location [None req-09363afa-04a6-4e53-a4e0-15a00df82d6d tempest-VolumesActionsTest-985630770 tempest-VolumesActionsTest-985630770-project-member] Registering scheme swift+config with {'store': , 'location_class': , 'store_entry': 'swift'} {{(pid=101867) register_scheme_map /opt/stack/data/venv/lib/python3.12/site-packages/glance_store/location.py:146}}
May 22 22:59:37.018393 np0000001334 devstack@g-api.service[101867]: DEBUG glance_store.backend [None req-09363afa-04a6-4e53-a4e0-15a00df82d6d tempest-VolumesActionsTest-985630770 tempest-VolumesActionsTest-985630770-project-member] Skipping store.set_acls... not implemented. {{(pid=101867) set_acls /opt/stack/data/venv/lib/python3.12/site-packages/glance_store/backend.py:507}}
May 22 22:59:37.020531 np0000001334 devstack@g-api.service[101867]: [pid: 101867|app: 0|req: 92/316] 127.0.0.1 () {46 vars in 1154 bytes} [Fri May 22 22:59:21 2026] PUT /v2/images/d730a2e3-57b3-4854-8b9a-6e332bb1b3d8/file => generated 0 bytes in 15576 msecs (HTTP/1.1 204) 4 headers in 171 bytes (1 switches on core 0)
May 22 22:59:37.032245 np0000001334 devstack@g-api.service[101868]: DEBUG glance.api.middleware.version_negotiation [None req-df69d0eb-64bf-4e04-84bc-d113e4fab4c0 tempest-VolumesActionsTest-985630770 tempest-VolumesActionsTest-985630770-project-member] Determining version of request: GET /v2/images/d730a2e3-57b3-4854-8b9a-6e332bb1b3d8 Accept: */* {{(pid=101868) process_request /opt/stack/glance/glance/api/middleware/version_negotiation.py:44}}
May 22 22:59:37.032636 np0000001334 devstack@g-api.service[101868]: DEBUG glance.api.middleware.version_negotiation [None req-df69d0eb-64bf-4e04-84bc-d113e4fab4c0 tempest-VolumesActionsTest-985630770 tempest-VolumesActionsTest-985630770-project-member] Using url versioning {{(pid=101868) process_request /opt/stack/glance/glance/api/middleware/version_negotiation.py:57}}
May 22 22:59:37.032636 np0000001334 devstack@g-api.service[101868]: DEBUG glance.api.middleware.version_negotiation [None req-df69d0eb-64bf-4e04-84bc-d113e4fab4c0 tempest-VolumesActionsTest-985630770 tempest-VolumesActionsTest-985630770-project-member] Matched version: v2 {{(pid=101868) process_request /opt/stack/glance/glance/api/middleware/version_negotiation.py:69}}
May 22 22:59:37.032636 np0000001334 devstack@g-api.service[101868]: DEBUG glance.api.middleware.version_negotiation [None req-df69d0eb-64bf-4e04-84bc-d113e4fab4c0 tempest-VolumesActionsTest-985630770 tempest-VolumesActionsTest-985630770-project-member] new path /v2/images/d730a2e3-57b3-4854-8b9a-6e332bb1b3d8 {{(pid=101868) process_request /opt/stack/glance/glance/api/middleware/version_negotiation.py:70}}
May 22 22:59:37.046888 np0000001334 devstack@g-api.service[101868]: [pid: 101868|app: 0|req: 110/317] 127.0.0.1 () {44 vars in 1111 bytes} [Fri May 22 22:59:37 2026] GET /v2/images/d730a2e3-57b3-4854-8b9a-6e332bb1b3d8 => generated 822 bytes in 15 msecs (HTTP/1.1 200) 4 headers in 157 bytes (1 switches on core 0)
May 22 22:59:37.055400 np0000001334 devstack@g-api.service[101869]: DEBUG glance.api.middleware.version_negotiation [None req-78d62252-740f-468a-b9ea-264925cdd0dd tempest-VolumesActionsTest-985630770 tempest-VolumesActionsTest-985630770-project-member] Determining version of request: GET /v2/schemas/image Accept: */* {{(pid=101869) process_request /opt/stack/glance/glance/api/middleware/version_negotiation.py:44}}
May 22 22:59:37.055400 np0000001334 devstack@g-api.service[101869]: DEBUG glance.api.middleware.version_negotiation [None req-78d62252-740f-468a-b9ea-264925cdd0dd tempest-VolumesActionsTest-985630770 tempest-VolumesActionsTest-985630770-project-member] Using url versioning {{(pid=101869) process_request /opt/stack/glance/glance/api/middleware/version_negotiation.py:57}}
May 22 22:59:37.055580 np0000001334 devstack@g-api.service[101869]: DEBUG glance.api.middleware.version_negotiation [None req-78d62252-740f-468a-b9ea-264925cdd0dd tempest-VolumesActionsTest-985630770 tempest-VolumesActionsTest-985630770-project-member] Matched version: v2 {{(pid=101869) process_request /opt/stack/glance/glance/api/middleware/version_negotiation.py:69}}
May 22 22:59:37.055580 np0000001334 devstack@g-api.service[101869]: DEBUG glance.api.middleware.version_negotiation [None req-78d62252-740f-468a-b9ea-264925cdd0dd tempest-VolumesActionsTest-985630770 tempest-VolumesActionsTest-985630770-project-member] new path /v2/schemas/image {{(pid=101869) process_request /opt/stack/glance/glance/api/middleware/version_negotiation.py:70}}
May 22 22:59:37.057432 np0000001334 devstack@g-api.service[101869]: [pid: 101869|app: 0|req: 116/318] 127.0.0.1 () {44 vars in 1051 bytes} [Fri May 22 22:59:37 2026] GET /v2/schemas/image => generated 6083 bytes in 2 msecs (HTTP/1.1 200) 4 headers in 158 bytes (1 switches on core 0)
May 22 22:59:37.067520 np0000001334 devstack@g-api.service[101867]: DEBUG glance.api.middleware.version_negotiation [None req-09363afa-04a6-4e53-a4e0-15a00df82d6d tempest-VolumesActionsTest-985630770 tempest-VolumesActionsTest-985630770-project-member] Determining version of request: GET /v2/schemas/image Accept: */* {{(pid=101867) process_request /opt/stack/glance/glance/api/middleware/version_negotiation.py:44}}
May 22 22:59:37.067692 np0000001334 devstack@g-api.service[101867]: DEBUG glance.api.middleware.version_negotiation [None req-09363afa-04a6-4e53-a4e0-15a00df82d6d tempest-VolumesActionsTest-985630770 tempest-VolumesActionsTest-985630770-project-member] Using url versioning {{(pid=101867) process_request /opt/stack/glance/glance/api/middleware/version_negotiation.py:57}}
May 22 22:59:37.067887 np0000001334 devstack@g-api.service[101867]: DEBUG glance.api.middleware.version_negotiation [None req-09363afa-04a6-4e53-a4e0-15a00df82d6d tempest-VolumesActionsTest-985630770 tempest-VolumesActionsTest-985630770-project-member] Matched version: v2 {{(pid=101867) process_request /opt/stack/glance/glance/api/middleware/version_negotiation.py:69}}
May 22 22:59:37.068030 np0000001334 devstack@g-api.service[101867]: DEBUG glance.api.middleware.version_negotiation [None req-09363afa-04a6-4e53-a4e0-15a00df82d6d tempest-VolumesActionsTest-985630770 tempest-VolumesActionsTest-985630770-project-member] new path /v2/schemas/image {{(pid=101867) process_request /opt/stack/glance/glance/api/middleware/version_negotiation.py:70}}
May 22 22:59:37.070969 np0000001334 devstack@g-api.service[101867]: [pid: 101867|app: 0|req: 93/319] 127.0.0.1 () {44 vars in 1051 bytes} [Fri May 22 22:59:37 2026] GET /v2/schemas/image => generated 6083 bytes in 3 msecs (HTTP/1.1 200) 4 headers in 158 bytes (1 switches on core 0)
May 22 22:59:37.404820 np0000001334 devstack@g-api.service[101868]: DEBUG glance.api.middleware.version_negotiation [None req-09363afa-04a6-4e53-a4e0-15a00df82d6d tempest-VolumesActionsTest-985630770 tempest-VolumesActionsTest-985630770-project-member] Determining version of request: GET /v2/images/d730a2e3-57b3-4854-8b9a-6e332bb1b3d8 Accept: application/json {{(pid=101868) process_request /opt/stack/glance/glance/api/middleware/version_negotiation.py:44}}
May 22 22:59:37.404820 np0000001334 devstack@g-api.service[101868]: DEBUG glance.api.middleware.version_negotiation [None req-09363afa-04a6-4e53-a4e0-15a00df82d6d tempest-VolumesActionsTest-985630770 tempest-VolumesActionsTest-985630770-project-member] Using url versioning {{(pid=101868) process_request /opt/stack/glance/glance/api/middleware/version_negotiation.py:57}}
May 22 22:59:37.404820 np0000001334 devstack@g-api.service[101868]: DEBUG glance.api.middleware.version_negotiation [None req-09363afa-04a6-4e53-a4e0-15a00df82d6d tempest-VolumesActionsTest-985630770 tempest-VolumesActionsTest-985630770-project-member] Matched version: v2 {{(pid=101868) process_request /opt/stack/glance/glance/api/middleware/version_negotiation.py:69}}
May 22 22:59:37.404820 np0000001334 devstack@g-api.service[101868]: DEBUG glance.api.middleware.version_negotiation [None req-09363afa-04a6-4e53-a4e0-15a00df82d6d tempest-VolumesActionsTest-985630770 tempest-VolumesActionsTest-985630770-project-member] new path /v2/images/d730a2e3-57b3-4854-8b9a-6e332bb1b3d8 {{(pid=101868) process_request /opt/stack/glance/glance/api/middleware/version_negotiation.py:70}}
May 22 22:59:37.422117 np0000001334 devstack@g-api.service[101868]: [pid: 101868|app: 0|req: 111/320] 127.0.0.1 () {40 vars in 834 bytes} [Fri May 22 22:59:37 2026] GET /v2/images/d730a2e3-57b3-4854-8b9a-6e332bb1b3d8 => generated 822 bytes in 18 msecs (HTTP/1.1 200) 4 headers in 157 bytes (1 switches on core 0)
May 22 22:59:38.535789 np0000001334 devstack@g-api.service[101869]: DEBUG glance.api.middleware.version_negotiation [None req-09363afa-04a6-4e53-a4e0-15a00df82d6d tempest-VolumesActionsTest-985630770 tempest-VolumesActionsTest-985630770-project-member] Determining version of request: GET /v2/images/d730a2e3-57b3-4854-8b9a-6e332bb1b3d8 Accept: application/json {{(pid=101869) process_request /opt/stack/glance/glance/api/middleware/version_negotiation.py:44}}
May 22 22:59:38.535789 np0000001334 devstack@g-api.service[101869]: DEBUG glance.api.middleware.version_negotiation [None req-09363afa-04a6-4e53-a4e0-15a00df82d6d tempest-VolumesActionsTest-985630770 tempest-VolumesActionsTest-985630770-project-member] Using url versioning {{(pid=101869) process_request /opt/stack/glance/glance/api/middleware/version_negotiation.py:57}}
May 22 22:59:38.535789 np0000001334 devstack@g-api.service[101869]: DEBUG glance.api.middleware.version_negotiation [None req-09363afa-04a6-4e53-a4e0-15a00df82d6d tempest-VolumesActionsTest-985630770 tempest-VolumesActionsTest-985630770-project-member] Matched version: v2 {{(pid=101869) process_request /opt/stack/glance/glance/api/middleware/version_negotiation.py:69}}
May 22 22:59:38.535789 np0000001334 devstack@g-api.service[101869]: DEBUG glance.api.middleware.version_negotiation [None req-09363afa-04a6-4e53-a4e0-15a00df82d6d tempest-VolumesActionsTest-985630770 tempest-VolumesActionsTest-985630770-project-member] new path /v2/images/d730a2e3-57b3-4854-8b9a-6e332bb1b3d8 {{(pid=101869) process_request /opt/stack/glance/glance/api/middleware/version_negotiation.py:70}}
May 22 22:59:38.553179 np0000001334 devstack@g-api.service[101869]: [pid: 101869|app: 0|req: 117/321] 127.0.0.1 () {40 vars in 834 bytes} [Fri May 22 22:59:38 2026] GET /v2/images/d730a2e3-57b3-4854-8b9a-6e332bb1b3d8 => generated 822 bytes in 18 msecs (HTTP/1.1 200) 4 headers in 157 bytes (1 switches on core 0)
May 22 22:59:38.635457 np0000001334 devstack@g-api.service[101867]: DEBUG glance.api.middleware.version_negotiation [None req-09363afa-04a6-4e53-a4e0-15a00df82d6d tempest-VolumesActionsTest-985630770 tempest-VolumesActionsTest-985630770-project-member] Determining version of request: GET /v2/schemas/image Accept: */* {{(pid=101867) process_request /opt/stack/glance/glance/api/middleware/version_negotiation.py:44}}
May 22 22:59:38.635457 np0000001334 devstack@g-api.service[101867]: DEBUG glance.api.middleware.version_negotiation [None req-09363afa-04a6-4e53-a4e0-15a00df82d6d tempest-VolumesActionsTest-985630770 tempest-VolumesActionsTest-985630770-project-member] Using url versioning {{(pid=101867) process_request /opt/stack/glance/glance/api/middleware/version_negotiation.py:57}}
May 22 22:59:38.635457 np0000001334 devstack@g-api.service[101867]: DEBUG glance.api.middleware.version_negotiation [None req-09363afa-04a6-4e53-a4e0-15a00df82d6d tempest-VolumesActionsTest-985630770 tempest-VolumesActionsTest-985630770-project-member] Matched version: v2 {{(pid=101867) process_request /opt/stack/glance/glance/api/middleware/version_negotiation.py:69}}
May 22 22:59:38.635457 np0000001334 devstack@g-api.service[101867]: DEBUG glance.api.middleware.version_negotiation [None req-09363afa-04a6-4e53-a4e0-15a00df82d6d tempest-VolumesActionsTest-985630770 tempest-VolumesActionsTest-985630770-project-member] new path /v2/schemas/image {{(pid=101867) process_request /opt/stack/glance/glance/api/middleware/version_negotiation.py:70}}
May 22 22:59:38.640649 np0000001334 devstack@g-api.service[101867]: [pid: 101867|app: 0|req: 94/322] 127.0.0.1 () {44 vars in 1051 bytes} [Fri May 22 22:59:38 2026] GET /v2/schemas/image => generated 6083 bytes in 6 msecs (HTTP/1.1 200) 4 headers in 158 bytes (1 switches on core 0)
May 22 22:59:38.652004 np0000001334 devstack@g-api.service[101868]: DEBUG glance.api.middleware.version_negotiation [None req-d4412231-6f65-40b8-a714-7b118b4dca64 tempest-VolumesActionsTest-985630770 tempest-VolumesActionsTest-985630770-project-member] Determining version of request: POST /v2/images Accept: */* {{(pid=101868) process_request /opt/stack/glance/glance/api/middleware/version_negotiation.py:44}}
May 22 22:59:38.652404 np0000001334 devstack@g-api.service[101868]: DEBUG glance.api.middleware.version_negotiation [None req-d4412231-6f65-40b8-a714-7b118b4dca64 tempest-VolumesActionsTest-985630770 tempest-VolumesActionsTest-985630770-project-member] Using url versioning {{(pid=101868) process_request /opt/stack/glance/glance/api/middleware/version_negotiation.py:57}}
May 22 22:59:38.652611 np0000001334 devstack@g-api.service[101868]: DEBUG glance.api.middleware.version_negotiation [None req-d4412231-6f65-40b8-a714-7b118b4dca64 tempest-VolumesActionsTest-985630770 tempest-VolumesActionsTest-985630770-project-member] Matched version: v2 {{(pid=101868) process_request /opt/stack/glance/glance/api/middleware/version_negotiation.py:69}}
May 22 22:59:38.652761 np0000001334 devstack@g-api.service[101868]: DEBUG glance.api.middleware.version_negotiation [None req-d4412231-6f65-40b8-a714-7b118b4dca64 tempest-VolumesActionsTest-985630770 tempest-VolumesActionsTest-985630770-project-member] new path /v2/images {{(pid=101868) process_request /opt/stack/glance/glance/api/middleware/version_negotiation.py:70}}
May 22 22:59:39.256337 np0000001334 devstack@g-api.service[101868]: [pid: 101868|app: 0|req: 112/323] 127.0.0.1 () {46 vars in 1051 bytes} [Fri May 22 22:59:38 2026] POST /v2/images => generated 652 bytes in 604 msecs (HTTP/1.1 201) 6 headers in 315 bytes (1 switches on core 0)
May 22 22:59:39.267028 np0000001334 devstack@g-api.service[101869]: DEBUG glance.api.middleware.version_negotiation [None req-29a04da4-468c-49b6-9a31-040fe14b24e6 tempest-VolumesActionsTest-985630770 tempest-VolumesActionsTest-985630770-project-member] Determining version of request: GET /v2/schemas/image Accept: */* {{(pid=101869) process_request /opt/stack/glance/glance/api/middleware/version_negotiation.py:44}}
May 22 22:59:39.267257 np0000001334 devstack@g-api.service[101869]: DEBUG glance.api.middleware.version_negotiation [None req-29a04da4-468c-49b6-9a31-040fe14b24e6 tempest-VolumesActionsTest-985630770 tempest-VolumesActionsTest-985630770-project-member] Using url versioning {{(pid=101869) process_request /opt/stack/glance/glance/api/middleware/version_negotiation.py:57}}
May 22 22:59:39.267434 np0000001334 devstack@g-api.service[101869]: DEBUG glance.api.middleware.version_negotiation [None req-29a04da4-468c-49b6-9a31-040fe14b24e6 tempest-VolumesActionsTest-985630770 tempest-VolumesActionsTest-985630770-project-member] Matched version: v2 {{(pid=101869) process_request /opt/stack/glance/glance/api/middleware/version_negotiation.py:69}}
May 22 22:59:39.267585 np0000001334 devstack@g-api.service[101869]: DEBUG glance.api.middleware.version_negotiation [None req-29a04da4-468c-49b6-9a31-040fe14b24e6 tempest-VolumesActionsTest-985630770 tempest-VolumesActionsTest-985630770-project-member] new path /v2/schemas/image {{(pid=101869) process_request /opt/stack/glance/glance/api/middleware/version_negotiation.py:70}}
May 22 22:59:39.270644 np0000001334 devstack@g-api.service[101869]: [pid: 101869|app: 0|req: 118/324] 127.0.0.1 () {44 vars in 1051 bytes} [Fri May 22 22:59:39 2026] GET /v2/schemas/image => generated 6083 bytes in 4 msecs (HTTP/1.1 200) 4 headers in 158 bytes (1 switches on core 0)
May 22 22:59:39.285442 np0000001334 devstack@g-api.service[101867]: DEBUG glance.api.middleware.version_negotiation [None req-fd1b07ed-de08-4862-ab70-dbed7157535b tempest-VolumesActionsTest-985630770 tempest-VolumesActionsTest-985630770-project-member] Determining version of request: GET /v2/images/ad3c07dd-88fa-430b-b829-e99db96f54dd Accept: application/json {{(pid=101867) process_request /opt/stack/glance/glance/api/middleware/version_negotiation.py:44}}
May 22 22:59:39.285442 np0000001334 devstack@g-api.service[101867]: DEBUG glance.api.middleware.version_negotiation [None req-fd1b07ed-de08-4862-ab70-dbed7157535b tempest-VolumesActionsTest-985630770 tempest-VolumesActionsTest-985630770-project-member] Using url versioning {{(pid=101867) process_request /opt/stack/glance/glance/api/middleware/version_negotiation.py:57}}
