Jul 10 14:14:32.083166 np0000005015 devstack@g-api.service[99859]: DEBUG glance.api.middleware.version_negotiation [None req-e421c31e-a2c2-45f9-b5b6-73fe2f84938e tempest-AttachSCSIVolumeTestJSON-2146904595 tempest-AttachSCSIVolumeTestJSON-2146904595-project-admin] Determining version of request: GET /v2/schemas/image Accept: */* {{(pid=99859) process_request /opt/stack/glance/glance/api/middleware/version_negotiation.py:44}}
Jul 10 14:14:32.083636 np0000005015 devstack@g-api.service[99859]: DEBUG glance.api.middleware.version_negotiation [None req-e421c31e-a2c2-45f9-b5b6-73fe2f84938e tempest-AttachSCSIVolumeTestJSON-2146904595 tempest-AttachSCSIVolumeTestJSON-2146904595-project-admin] Using url versioning {{(pid=99859) process_request /opt/stack/glance/glance/api/middleware/version_negotiation.py:57}}
Jul 10 14:14:32.083636 np0000005015 devstack@g-api.service[99859]: DEBUG glance.api.middleware.version_negotiation [None req-e421c31e-a2c2-45f9-b5b6-73fe2f84938e tempest-AttachSCSIVolumeTestJSON-2146904595 tempest-AttachSCSIVolumeTestJSON-2146904595-project-admin] Matched version: v2 {{(pid=99859) process_request /opt/stack/glance/glance/api/middleware/version_negotiation.py:69}}
Jul 10 14:14:32.083636 np0000005015 devstack@g-api.service[99859]: DEBUG glance.api.middleware.version_negotiation [None req-e421c31e-a2c2-45f9-b5b6-73fe2f84938e tempest-AttachSCSIVolumeTestJSON-2146904595 tempest-AttachSCSIVolumeTestJSON-2146904595-project-admin] new path /v2/schemas/image {{(pid=99859) process_request /opt/stack/glance/glance/api/middleware/version_negotiation.py:70}}
Jul 10 14:14:32.090940 np0000005015 devstack@g-api.service[99859]: [pid: 99859|app: 0|req: 10/27] 127.0.0.1 () {44 vars in 1055 bytes} [Fri Jul 10 14:14:32 2026] GET /v2/schemas/image => generated 6083 bytes in 8 msecs (HTTP/1.1 200) 4 headers in 158 bytes (1 switches on core 0)
Jul 10 14:14:32.100372 np0000005015 devstack@g-api.service[99860]: DEBUG glance.location [None req-4003cd1a-096a-42f5-86a7-b17bae53cd5e tempest-AttachSCSIVolumeTestJSON-2146904595 tempest-AttachSCSIVolumeTestJSON-2146904595-project-admin] Enabling in-flight format inspection for qcow2 {{(pid=99860) set_data /opt/stack/glance/glance/location.py:596}}
Jul 10 14:14:32.101098 np0000005015 devstack@g-api.service[99860]: DEBUG glance_store.backend [None req-4003cd1a-096a-42f5-86a7-b17bae53cd5e tempest-AttachSCSIVolumeTestJSON-2146904595 tempest-AttachSCSIVolumeTestJSON-2146904595-project-admin] Attempting to import store swift {{(pid=99860) _load_store /opt/stack/data/venv/lib/python3.12/site-packages/glance_store/backend.py:215}}
Jul 10 14:14:32.103040 np0000005015 devstack@g-api.service[99860]: DEBUG glance_store.capabilities [None req-4003cd1a-096a-42f5-86a7-b17bae53cd5e tempest-AttachSCSIVolumeTestJSON-2146904595 tempest-AttachSCSIVolumeTestJSON-2146904595-project-admin] Store glance_store._drivers.swift.store.SingleTenantStore doesn't support updating dynamic storage capabilities. Please overwrite 'update_capabilities' method of the store to implement updating logics if needed. {{(pid=99860) update_capabilities /opt/stack/data/venv/lib/python3.12/site-packages/glance_store/capabilities.py:91}}
Jul 10 14:14:32.103177 np0000005015 devstack@g-api.service[99860]: DEBUG glance_store.driver [None req-4003cd1a-096a-42f5-86a7-b17bae53cd5e tempest-AttachSCSIVolumeTestJSON-2146904595 tempest-AttachSCSIVolumeTestJSON-2146904595-project-admin] Late loading location class glance_store._drivers.swift.store.StoreLocation {{(pid=99860) get_store_location_class /opt/stack/data/venv/lib/python3.12/site-packages/glance_store/driver.py:134}}
Jul 10 14:14:32.103283 np0000005015 devstack@g-api.service[99860]: DEBUG glance_store.location [None req-4003cd1a-096a-42f5-86a7-b17bae53cd5e tempest-AttachSCSIVolumeTestJSON-2146904595 tempest-AttachSCSIVolumeTestJSON-2146904595-project-admin] Registering scheme swift+https with {'store': , 'location_class': , 'store_entry': 'swift'} {{(pid=99860) register_scheme_map /opt/stack/data/venv/lib/python3.12/site-packages/glance_store/location.py:146}}
Jul 10 14:14:32.103479 np0000005015 devstack@g-api.service[99860]: DEBUG glance_store.location [None req-4003cd1a-096a-42f5-86a7-b17bae53cd5e tempest-AttachSCSIVolumeTestJSON-2146904595 tempest-AttachSCSIVolumeTestJSON-2146904595-project-admin] Registering scheme swift+https with {'store': , 'location_class': , 'store_entry': 'swift'} {{(pid=99860) register_scheme_map /opt/stack/data/venv/lib/python3.12/site-packages/glance_store/location.py:146}}
Jul 10 14:14:32.103479 np0000005015 devstack@g-api.service[99860]: DEBUG glance_store.location [None req-4003cd1a-096a-42f5-86a7-b17bae53cd5e tempest-AttachSCSIVolumeTestJSON-2146904595 tempest-AttachSCSIVolumeTestJSON-2146904595-project-admin] Registering scheme swift with {'store': , 'location_class': , 'store_entry': 'swift'} {{(pid=99860) register_scheme_map /opt/stack/data/venv/lib/python3.12/site-packages/glance_store/location.py:146}}
Jul 10 14:14:32.103625 np0000005015 devstack@g-api.service[99860]: DEBUG glance_store.location [None req-4003cd1a-096a-42f5-86a7-b17bae53cd5e tempest-AttachSCSIVolumeTestJSON-2146904595 tempest-AttachSCSIVolumeTestJSON-2146904595-project-admin] Registering scheme swift+https with {'store': , 'location_class': , 'store_entry': 'swift'} {{(pid=99860) register_scheme_map /opt/stack/data/venv/lib/python3.12/site-packages/glance_store/location.py:146}}
Jul 10 14:14:32.103968 np0000005015 devstack@g-api.service[99861]: DEBUG glance.api.middleware.version_negotiation [None req-fb6427cf-57ee-430b-984b-a4c85d006700 tempest-TaggedBootDevicesTest-58312294 tempest-TaggedBootDevicesTest-58312294-project-member] Determining version of request: GET /v2/schemas/image Accept: */* {{(pid=99861) process_request /opt/stack/glance/glance/api/middleware/version_negotiation.py:44}}
Jul 10 14:14:32.104022 np0000005015 devstack@g-api.service[99860]: DEBUG glance_store.location [None req-4003cd1a-096a-42f5-86a7-b17bae53cd5e tempest-AttachSCSIVolumeTestJSON-2146904595 tempest-AttachSCSIVolumeTestJSON-2146904595-project-admin] Registering scheme swift with {'store': , 'location_class': , 'store_entry': 'swift'} {{(pid=99860) register_scheme_map /opt/stack/data/venv/lib/python3.12/site-packages/glance_store/location.py:146}}
Jul 10 14:14:32.104022 np0000005015 devstack@g-api.service[99860]: DEBUG glance_store.location [None req-4003cd1a-096a-42f5-86a7-b17bae53cd5e tempest-AttachSCSIVolumeTestJSON-2146904595 tempest-AttachSCSIVolumeTestJSON-2146904595-project-admin] Registering scheme swift+http with {'store': , 'location_class': , 'store_entry': 'swift'} {{(pid=99860) register_scheme_map /opt/stack/data/venv/lib/python3.12/site-packages/glance_store/location.py:146}}
Jul 10 14:14:32.104131 np0000005015 devstack@g-api.service[99861]: DEBUG glance.api.middleware.version_negotiation [None req-fb6427cf-57ee-430b-984b-a4c85d006700 tempest-TaggedBootDevicesTest-58312294 tempest-TaggedBootDevicesTest-58312294-project-member] Using url versioning {{(pid=99861) process_request /opt/stack/glance/glance/api/middleware/version_negotiation.py:57}}
Jul 10 14:14:32.104175 np0000005015 devstack@g-api.service[99860]: DEBUG glance_store.location [None req-4003cd1a-096a-42f5-86a7-b17bae53cd5e tempest-AttachSCSIVolumeTestJSON-2146904595 tempest-AttachSCSIVolumeTestJSON-2146904595-project-admin] Registering scheme swift+https with {'store': , 'location_class': , 'store_entry': 'swift'} {{(pid=99860) register_scheme_map /opt/stack/data/venv/lib/python3.12/site-packages/glance_store/location.py:146}}
Jul 10 14:14:32.104175 np0000005015 devstack@g-api.service[99860]: DEBUG glance_store.location [None req-4003cd1a-096a-42f5-86a7-b17bae53cd5e tempest-AttachSCSIVolumeTestJSON-2146904595 tempest-AttachSCSIVolumeTestJSON-2146904595-project-admin] Registering scheme swift with {'store': , 'location_class': , 'store_entry': 'swift'} {{(pid=99860) register_scheme_map /opt/stack/data/venv/lib/python3.12/site-packages/glance_store/location.py:146}}
Jul 10 14:14:32.104247 np0000005015 devstack@g-api.service[99861]: DEBUG glance.api.middleware.version_negotiation [None req-fb6427cf-57ee-430b-984b-a4c85d006700 tempest-TaggedBootDevicesTest-58312294 tempest-TaggedBootDevicesTest-58312294-project-member] Matched version: v2 {{(pid=99861) process_request /opt/stack/glance/glance/api/middleware/version_negotiation.py:69}}
Jul 10 14:14:32.104282 np0000005015 devstack@g-api.service[99860]: DEBUG glance_store.location [None req-4003cd1a-096a-42f5-86a7-b17bae53cd5e tempest-AttachSCSIVolumeTestJSON-2146904595 tempest-AttachSCSIVolumeTestJSON-2146904595-project-admin] Registering scheme swift+http with {'store': , 'location_class': , 'store_entry': 'swift'} {{(pid=99860) register_scheme_map /opt/stack/data/venv/lib/python3.12/site-packages/glance_store/location.py:146}}
Jul 10 14:14:32.104314 np0000005015 devstack@g-api.service[99861]: DEBUG glance.api.middleware.version_negotiation [None req-fb6427cf-57ee-430b-984b-a4c85d006700 tempest-TaggedBootDevicesTest-58312294 tempest-TaggedBootDevicesTest-58312294-project-member] new path /v2/schemas/image {{(pid=99861) process_request /opt/stack/glance/glance/api/middleware/version_negotiation.py:70}}
Jul 10 14:14:32.104339 np0000005015 devstack@g-api.service[99860]: DEBUG glance_store.location [None req-4003cd1a-096a-42f5-86a7-b17bae53cd5e tempest-AttachSCSIVolumeTestJSON-2146904595 tempest-AttachSCSIVolumeTestJSON-2146904595-project-admin] Registering scheme swift+config with {'store': , 'location_class': , 'store_entry': 'swift'} {{(pid=99860) register_scheme_map /opt/stack/data/venv/lib/python3.12/site-packages/glance_store/location.py:146}}
Jul 10 14:14:32.109525 np0000005015 devstack@g-api.service[99861]: [pid: 99861|app: 0|req: 11/28] 127.0.0.1 () {44 vars in 1055 bytes} [Fri Jul 10 14:14:32 2026] GET /v2/schemas/image => generated 6083 bytes in 6 msecs (HTTP/1.1 200) 4 headers in 158 bytes (1 switches on core 0)
Jul 10 14:14:32.119709 np0000005015 devstack@g-api.service[99859]: DEBUG glance.api.middleware.version_negotiation [None req-fb6427cf-57ee-430b-984b-a4c85d006700 tempest-TaggedBootDevicesTest-58312294 tempest-TaggedBootDevicesTest-58312294-project-member] Determining version of request: GET /v2/images/8bb1b425-77a9-4906-8c14-ec2f1fc809eb Accept: */* {{(pid=99859) process_request /opt/stack/glance/glance/api/middleware/version_negotiation.py:44}}
Jul 10 14:14:32.119895 np0000005015 devstack@g-api.service[99859]: DEBUG glance.api.middleware.version_negotiation [None req-fb6427cf-57ee-430b-984b-a4c85d006700 tempest-TaggedBootDevicesTest-58312294 tempest-TaggedBootDevicesTest-58312294-project-member] Using url versioning {{(pid=99859) process_request /opt/stack/glance/glance/api/middleware/version_negotiation.py:57}}
Jul 10 14:14:32.120025 np0000005015 devstack@g-api.service[99859]: DEBUG glance.api.middleware.version_negotiation [None req-fb6427cf-57ee-430b-984b-a4c85d006700 tempest-TaggedBootDevicesTest-58312294 tempest-TaggedBootDevicesTest-58312294-project-member] Matched version: v2 {{(pid=99859) process_request /opt/stack/glance/glance/api/middleware/version_negotiation.py:69}}
Jul 10 14:14:32.120427 np0000005015 devstack@g-api.service[99859]: DEBUG glance.api.middleware.version_negotiation [None req-fb6427cf-57ee-430b-984b-a4c85d006700 tempest-TaggedBootDevicesTest-58312294 tempest-TaggedBootDevicesTest-58312294-project-member] new path /v2/images/8bb1b425-77a9-4906-8c14-ec2f1fc809eb {{(pid=99859) process_request /opt/stack/glance/glance/api/middleware/version_negotiation.py:70}}
Jul 10 14:14:32.142725 np0000005015 devstack@g-api.service[99859]: [pid: 99859|app: 0|req: 11/29] 127.0.0.1 () {44 vars in 1115 bytes} [Fri Jul 10 14:14:32 2026] GET /v2/images/8bb1b425-77a9-4906-8c14-ec2f1fc809eb => generated 1044 bytes in 24 msecs (HTTP/1.1 200) 4 headers in 158 bytes (1 switches on core 0)
Jul 10 14:14:32.155210 np0000005015 devstack@g-api.service[99861]: DEBUG glance.api.middleware.version_negotiation [None req-fb6427cf-57ee-430b-984b-a4c85d006700 tempest-TaggedBootDevicesTest-58312294 tempest-TaggedBootDevicesTest-58312294-project-member] Determining version of request: GET /v2/schemas/image Accept: */* {{(pid=99861) process_request /opt/stack/glance/glance/api/middleware/version_negotiation.py:44}}
Jul 10 14:14:32.155481 np0000005015 devstack@g-api.service[99861]: DEBUG glance.api.middleware.version_negotiation [None req-fb6427cf-57ee-430b-984b-a4c85d006700 tempest-TaggedBootDevicesTest-58312294 tempest-TaggedBootDevicesTest-58312294-project-member] Using url versioning {{(pid=99861) process_request /opt/stack/glance/glance/api/middleware/version_negotiation.py:57}}
Jul 10 14:14:32.155591 np0000005015 devstack@g-api.service[99861]: DEBUG glance.api.middleware.version_negotiation [None req-fb6427cf-57ee-430b-984b-a4c85d006700 tempest-TaggedBootDevicesTest-58312294 tempest-TaggedBootDevicesTest-58312294-project-member] Matched version: v2 {{(pid=99861) process_request /opt/stack/glance/glance/api/middleware/version_negotiation.py:69}}
Jul 10 14:14:32.155719 np0000005015 devstack@g-api.service[99861]: DEBUG glance.api.middleware.version_negotiation [None req-fb6427cf-57ee-430b-984b-a4c85d006700 tempest-TaggedBootDevicesTest-58312294 tempest-TaggedBootDevicesTest-58312294-project-member] new path /v2/schemas/image {{(pid=99861) process_request /opt/stack/glance/glance/api/middleware/version_negotiation.py:70}}
Jul 10 14:14:32.159857 np0000005015 devstack@g-api.service[99861]: [pid: 99861|app: 0|req: 12/30] 127.0.0.1 () {44 vars in 1055 bytes} [Fri Jul 10 14:14:32 2026] GET /v2/schemas/image => generated 6083 bytes in 5 msecs (HTTP/1.1 200) 4 headers in 158 bytes (1 switches on core 0)
Jul 10 14:14:32.168695 np0000005015 devstack@g-api.service[99859]: DEBUG glance.api.middleware.version_negotiation [None req-fb6427cf-57ee-430b-984b-a4c85d006700 tempest-TaggedBootDevicesTest-58312294 tempest-TaggedBootDevicesTest-58312294-project-member] Determining version of request: GET /v2/schemas/image Accept: */* {{(pid=99859) process_request /opt/stack/glance/glance/api/middleware/version_negotiation.py:44}}
Jul 10 14:14:32.169007 np0000005015 devstack@g-api.service[99859]: DEBUG glance.api.middleware.version_negotiation [None req-fb6427cf-57ee-430b-984b-a4c85d006700 tempest-TaggedBootDevicesTest-58312294 tempest-TaggedBootDevicesTest-58312294-project-member] Using url versioning {{(pid=99859) process_request /opt/stack/glance/glance/api/middleware/version_negotiation.py:57}}
Jul 10 14:14:32.169216 np0000005015 devstack@g-api.service[99859]: DEBUG glance.api.middleware.version_negotiation [None req-fb6427cf-57ee-430b-984b-a4c85d006700 tempest-TaggedBootDevicesTest-58312294 tempest-TaggedBootDevicesTest-58312294-project-member] Matched version: v2 {{(pid=99859) process_request /opt/stack/glance/glance/api/middleware/version_negotiation.py:69}}
Jul 10 14:14:32.169355 np0000005015 devstack@g-api.service[99859]: DEBUG glance.api.middleware.version_negotiation [None req-fb6427cf-57ee-430b-984b-a4c85d006700 tempest-TaggedBootDevicesTest-58312294 tempest-TaggedBootDevicesTest-58312294-project-member] new path /v2/schemas/image {{(pid=99859) process_request /opt/stack/glance/glance/api/middleware/version_negotiation.py:70}}
Jul 10 14:14:32.172226 np0000005015 devstack@g-api.service[99859]: [pid: 99859|app: 0|req: 12/31] 127.0.0.1 () {44 vars in 1055 bytes} [Fri Jul 10 14:14:32 2026] GET /v2/schemas/image => generated 6083 bytes in 4 msecs (HTTP/1.1 200) 4 headers in 158 bytes (1 switches on core 0)
Jul 10 14:14:32.231640 np0000005015 devstack@g-api.service[99861]: DEBUG glance.api.middleware.version_negotiation [None req-fb6427cf-57ee-430b-984b-a4c85d006700 tempest-TaggedBootDevicesTest-58312294 tempest-TaggedBootDevicesTest-58312294-project-member] Determining version of request: GET /v2/images/8bb1b425-77a9-4906-8c14-ec2f1fc809eb Accept: */* {{(pid=99861) process_request /opt/stack/glance/glance/api/middleware/version_negotiation.py:44}}
Jul 10 14:14:32.231950 np0000005015 devstack@g-api.service[99861]: DEBUG glance.api.middleware.version_negotiation [None req-fb6427cf-57ee-430b-984b-a4c85d006700 tempest-TaggedBootDevicesTest-58312294 tempest-TaggedBootDevicesTest-58312294-project-member] Using url versioning {{(pid=99861) process_request /opt/stack/glance/glance/api/middleware/version_negotiation.py:57}}
Jul 10 14:14:32.231950 np0000005015 devstack@g-api.service[99861]: DEBUG glance.api.middleware.version_negotiation [None req-fb6427cf-57ee-430b-984b-a4c85d006700 tempest-TaggedBootDevicesTest-58312294 tempest-TaggedBootDevicesTest-58312294-project-member] Matched version: v2 {{(pid=99861) process_request /opt/stack/glance/glance/api/middleware/version_negotiation.py:69}}
Jul 10 14:14:32.231950 np0000005015 devstack@g-api.service[99861]: DEBUG glance.api.middleware.version_negotiation [None req-fb6427cf-57ee-430b-984b-a4c85d006700 tempest-TaggedBootDevicesTest-58312294 tempest-TaggedBootDevicesTest-58312294-project-member] new path /v2/images/8bb1b425-77a9-4906-8c14-ec2f1fc809eb {{(pid=99861) process_request /opt/stack/glance/glance/api/middleware/version_negotiation.py:70}}
Jul 10 14:14:32.243033 np0000005015 devstack@g-api.service[99861]: [pid: 99861|app: 0|req: 13/32] 127.0.0.1 () {44 vars in 1115 bytes} [Fri Jul 10 14:14:32 2026] GET /v2/images/8bb1b425-77a9-4906-8c14-ec2f1fc809eb => generated 1044 bytes in 11 msecs (HTTP/1.1 200) 4 headers in 158 bytes (1 switches on core 0)
Jul 10 14:14:32.252315 np0000005015 devstack@g-api.service[99859]: DEBUG glance.api.middleware.version_negotiation [None req-fb6427cf-57ee-430b-984b-a4c85d006700 tempest-TaggedBootDevicesTest-58312294 tempest-TaggedBootDevicesTest-58312294-project-member] Determining version of request: GET /v2/schemas/image Accept: */* {{(pid=99859) process_request /opt/stack/glance/glance/api/middleware/version_negotiation.py:44}}
Jul 10 14:14:32.252622 np0000005015 devstack@g-api.service[99859]: DEBUG glance.api.middleware.version_negotiation [None req-fb6427cf-57ee-430b-984b-a4c85d006700 tempest-TaggedBootDevicesTest-58312294 tempest-TaggedBootDevicesTest-58312294-project-member] Using url versioning {{(pid=99859) process_request /opt/stack/glance/glance/api/middleware/version_negotiation.py:57}}
Jul 10 14:14:32.252741 np0000005015 devstack@g-api.service[99859]: DEBUG glance.api.middleware.version_negotiation [None req-fb6427cf-57ee-430b-984b-a4c85d006700 tempest-TaggedBootDevicesTest-58312294 tempest-TaggedBootDevicesTest-58312294-project-member] Matched version: v2 {{(pid=99859) process_request /opt/stack/glance/glance/api/middleware/version_negotiation.py:69}}
Jul 10 14:14:32.253096 np0000005015 devstack@g-api.service[99859]: DEBUG glance.api.middleware.version_negotiation [None req-fb6427cf-57ee-430b-984b-a4c85d006700 tempest-TaggedBootDevicesTest-58312294 tempest-TaggedBootDevicesTest-58312294-project-member] new path /v2/schemas/image {{(pid=99859) process_request /opt/stack/glance/glance/api/middleware/version_negotiation.py:70}}
Jul 10 14:14:32.258680 np0000005015 devstack@g-api.service[99859]: [pid: 99859|app: 0|req: 13/33] 127.0.0.1 () {44 vars in 1055 bytes} [Fri Jul 10 14:14:32 2026] GET /v2/schemas/image => generated 6083 bytes in 7 msecs (HTTP/1.1 200) 4 headers in 158 bytes (1 switches on core 0)
Jul 10 14:14:32.270104 np0000005015 devstack@g-api.service[99861]: DEBUG glance.api.middleware.version_negotiation [None req-fb6427cf-57ee-430b-984b-a4c85d006700 tempest-TaggedBootDevicesTest-58312294 tempest-TaggedBootDevicesTest-58312294-project-member] Determining version of request: GET /v2/schemas/image Accept: */* {{(pid=99861) process_request /opt/stack/glance/glance/api/middleware/version_negotiation.py:44}}
Jul 10 14:14:32.270104 np0000005015 devstack@g-api.service[99861]: DEBUG glance.api.middleware.version_negotiation [None req-fb6427cf-57ee-430b-984b-a4c85d006700 tempest-TaggedBootDevicesTest-58312294 tempest-TaggedBootDevicesTest-58312294-project-member] Using url versioning {{(pid=99861) process_request /opt/stack/glance/glance/api/middleware/version_negotiation.py:57}}
Jul 10 14:14:32.270104 np0000005015 devstack@g-api.service[99861]: DEBUG glance.api.middleware.version_negotiation [None req-fb6427cf-57ee-430b-984b-a4c85d006700 tempest-TaggedBootDevicesTest-58312294 tempest-TaggedBootDevicesTest-58312294-project-member] Matched version: v2 {{(pid=99861) process_request /opt/stack/glance/glance/api/middleware/version_negotiation.py:69}}
Jul 10 14:14:32.270104 np0000005015 devstack@g-api.service[99861]: DEBUG glance.api.middleware.version_negotiation [None req-fb6427cf-57ee-430b-984b-a4c85d006700 tempest-TaggedBootDevicesTest-58312294 tempest-TaggedBootDevicesTest-58312294-project-member] new path /v2/schemas/image {{(pid=99861) process_request /opt/stack/glance/glance/api/middleware/version_negotiation.py:70}}
Jul 10 14:14:32.272593 np0000005015 devstack@g-api.service[99861]: [pid: 99861|app: 0|req: 14/34] 127.0.0.1 () {44 vars in 1055 bytes} [Fri Jul 10 14:14:32 2026] GET /v2/schemas/image => generated 6083 bytes in 3 msecs (HTTP/1.1 200) 4 headers in 158 bytes (1 switches on core 0)
Jul 10 14:14:32.328124 np0000005015 devstack@g-api.service[99859]: DEBUG glance.api.middleware.version_negotiation [None req-fb6427cf-57ee-430b-984b-a4c85d006700 tempest-TaggedBootDevicesTest-58312294 tempest-TaggedBootDevicesTest-58312294-project-member] Determining version of request: GET /v2/images/8bb1b425-77a9-4906-8c14-ec2f1fc809eb Accept: */* {{(pid=99859) process_request /opt/stack/glance/glance/api/middleware/version_negotiation.py:44}}
Jul 10 14:14:32.328342 np0000005015 devstack@g-api.service[99859]: DEBUG glance.api.middleware.version_negotiation [None req-fb6427cf-57ee-430b-984b-a4c85d006700 tempest-TaggedBootDevicesTest-58312294 tempest-TaggedBootDevicesTest-58312294-project-member] Using url versioning {{(pid=99859) process_request /opt/stack/glance/glance/api/middleware/version_negotiation.py:57}}
Jul 10 14:14:32.328513 np0000005015 devstack@g-api.service[99859]: DEBUG glance.api.middleware.version_negotiation [None req-fb6427cf-57ee-430b-984b-a4c85d006700 tempest-TaggedBootDevicesTest-58312294 tempest-TaggedBootDevicesTest-58312294-project-member] Matched version: v2 {{(pid=99859) process_request /opt/stack/glance/glance/api/middleware/version_negotiation.py:69}}
Jul 10 14:14:32.328651 np0000005015 devstack@g-api.service[99859]: DEBUG glance.api.middleware.version_negotiation [None req-fb6427cf-57ee-430b-984b-a4c85d006700 tempest-TaggedBootDevicesTest-58312294 tempest-TaggedBootDevicesTest-58312294-project-member] new path /v2/images/8bb1b425-77a9-4906-8c14-ec2f1fc809eb {{(pid=99859) process_request /opt/stack/glance/glance/api/middleware/version_negotiation.py:70}}
Jul 10 14:14:32.665981 np0000005015 devstack@g-api.service[99860]: DEBUG swiftclient [None req-4003cd1a-096a-42f5-86a7-b17bae53cd5e tempest-AttachSCSIVolumeTestJSON-2146904595 tempest-AttachSCSIVolumeTestJSON-2146904595-project-admin] REQ: curl -i https://10.4.3.114:8080/v1/AUTH_bb31b5ec891344bf90ded271496411f5/glance -I -H "X-Auth-Token: gAAAAABqUP5Ij19S..." {{(pid=99860) http_log /opt/stack/data/venv/lib/python3.12/site-packages/swiftclient/client.py:160}}
Jul 10 14:14:32.666105 np0000005015 devstack@g-api.service[99860]: DEBUG swiftclient [None req-4003cd1a-096a-42f5-86a7-b17bae53cd5e tempest-AttachSCSIVolumeTestJSON-2146904595 tempest-AttachSCSIVolumeTestJSON-2146904595-project-admin] RESP STATUS: 204 No Content {{(pid=99860) http_log /opt/stack/data/venv/lib/python3.12/site-packages/swiftclient/client.py:161}}
Jul 10 14:14:32.666279 np0000005015 devstack@g-api.service[99860]: DEBUG swiftclient [None req-4003cd1a-096a-42f5-86a7-b17bae53cd5e tempest-AttachSCSIVolumeTestJSON-2146904595 tempest-AttachSCSIVolumeTestJSON-2146904595-project-admin] RESP HEADERS: {'Date': 'Fri, 10 Jul 2026 14:14:32 GMT', 'Server': 'Apache/2.4.58 (Ubuntu)', 'Content-Type': 'text/plain; charset=utf-8', 'X-Container-Object-Count': '3', 'X-Container-Bytes-Used': '64356352', 'X-Timestamp': '1783692731.47981', 'Last-Modified': 'Fri, 10 Jul 2026 14:12:12 GMT', 'Accept-Ranges': 'bytes', 'X-Storage-Policy': 'Policy-0', 'X-Container-Sharding': 'False', 'Vary': 'Accept', 'X-Trans-Id': 'txf59ef6be478b435fb3ea4-006a50fe48', 'X-Openstack-Request-Id': 'txf59ef6be478b435fb3ea4-006a50fe48', 'Connection': 'close'} {{(pid=99860) http_log /opt/stack/data/venv/lib/python3.12/site-packages/swiftclient/client.py:162}}
Jul 10 14:14:32.666967 np0000005015 devstack@g-api.service[99860]: DEBUG glance_store._drivers.swift.store [None req-4003cd1a-096a-42f5-86a7-b17bae53cd5e tempest-AttachSCSIVolumeTestJSON-2146904595 tempest-AttachSCSIVolumeTestJSON-2146904595-project-admin] Adding image object '8e083ea6-5a87-4957-8f9b-98e858b58e0b' to Swift {{(pid=99860) add /opt/stack/data/venv/lib/python3.12/site-packages/glance_store/_drivers/swift/store.py:970}}
Jul 10 14:14:32.667123 np0000005015 devstack@g-api.service[99860]: DEBUG glance_store._drivers.swift.store [None req-4003cd1a-096a-42f5-86a7-b17bae53cd5e tempest-AttachSCSIVolumeTestJSON-2146904595 tempest-AttachSCSIVolumeTestJSON-2146904595-project-admin] Cannot determine image size because it is either not provided in the request or chunked-transfer encoding is used. Adding image as a segmented object to Swift. {{(pid=99860) add /opt/stack/data/venv/lib/python3.12/site-packages/glance_store/_drivers/swift/store.py:994}}
Jul 10 14:14:32.673803 np0000005015 devstack@g-api.service[99860]: DEBUG oslo_utils.imageutils.format_inspector [None req-4003cd1a-096a-42f5-86a7-b17bae53cd5e tempest-AttachSCSIVolumeTestJSON-2146904595 tempest-AttachSCSIVolumeTestJSON-2146904595-project-admin] Format inspector for vmdk does not match, excluding from consideration (Signature KDMV not found: b'QFI\xfb') {{(pid=99860) _process_chunk /opt/stack/data/venv/lib/python3.12/site-packages/oslo_utils/imageutils/format_inspector.py:1758}}
Jul 10 14:14:32.678046 np0000005015 devstack@g-api.service[99860]: DEBUG oslo_utils.imageutils.format_inspector [None req-4003cd1a-096a-42f5-86a7-b17bae53cd5e tempest-AttachSCSIVolumeTestJSON-2146904595 tempest-AttachSCSIVolumeTestJSON-2146904595-project-admin] Format inspector for vhdx does not match, excluding from consideration (Region signature not found at 30000) {{(pid=99860) _process_chunk /opt/stack/data/venv/lib/python3.12/site-packages/oslo_utils/imageutils/format_inspector.py:1758}}
Jul 10 14:14:32.682572 np0000005015 devstack@g-api.service[99859]: [pid: 99859|app: 0|req: 14/35] 127.0.0.1 () {44 vars in 1115 bytes} [Fri Jul 10 14:14:32 2026] GET /v2/images/8bb1b425-77a9-4906-8c14-ec2f1fc809eb => generated 1044 bytes in 355 msecs (HTTP/1.1 200) 4 headers in 158 bytes (1 switches on core 0)
Jul 10 14:14:32.744219 np0000005015 devstack@g-api.service[99861]: DEBUG glance.api.middleware.version_negotiation [None req-fb6427cf-57ee-430b-984b-a4c85d006700 tempest-TaggedBootDevicesTest-58312294 tempest-TaggedBootDevicesTest-58312294-project-member] Determining version of request: GET /v2/schemas/image Accept: */* {{(pid=99861) process_request /opt/stack/glance/glance/api/middleware/version_negotiation.py:44}}
Jul 10 14:14:32.744643 np0000005015 devstack@g-api.service[99861]: DEBUG glance.api.middleware.version_negotiation [None req-fb6427cf-57ee-430b-984b-a4c85d006700 tempest-TaggedBootDevicesTest-58312294 tempest-TaggedBootDevicesTest-58312294-project-member] Using url versioning {{(pid=99861) process_request /opt/stack/glance/glance/api/middleware/version_negotiation.py:57}}
Jul 10 14:14:32.744643 np0000005015 devstack@g-api.service[99861]: DEBUG glance.api.middleware.version_negotiation [None req-fb6427cf-57ee-430b-984b-a4c85d006700 tempest-TaggedBootDevicesTest-58312294 tempest-TaggedBootDevicesTest-58312294-project-member] Matched version: v2 {{(pid=99861) process_request /opt/stack/glance/glance/api/middleware/version_negotiation.py:69}}
Jul 10 14:14:32.744797 np0000005015 devstack@g-api.service[99861]: DEBUG glance.api.middleware.version_negotiation [None req-fb6427cf-57ee-430b-984b-a4c85d006700 tempest-TaggedBootDevicesTest-58312294 tempest-TaggedBootDevicesTest-58312294-project-member] new path /v2/schemas/image {{(pid=99861) process_request /opt/stack/glance/glance/api/middleware/version_negotiation.py:70}}
Jul 10 14:14:32.748627 np0000005015 devstack@g-api.service[99861]: [pid: 99861|app: 0|req: 15/36] 127.0.0.1 () {44 vars in 1055 bytes} [Fri Jul 10 14:14:32 2026] GET /v2/schemas/image => generated 6083 bytes in 4 msecs (HTTP/1.1 200) 4 headers in 158 bytes (1 switches on core 0)
Jul 10 14:14:32.954808 np0000005015 devstack@g-api.service[99860]: DEBUG swiftclient [None req-4003cd1a-096a-42f5-86a7-b17bae53cd5e tempest-AttachSCSIVolumeTestJSON-2146904595 tempest-AttachSCSIVolumeTestJSON-2146904595-project-admin] REQ: curl -i https://10.4.3.114:8080/v1/AUTH_bb31b5ec891344bf90ded271496411f5/glance/8e083ea6-5a87-4957-8f9b-98e858b58e0b-00001 -X PUT -H "X-Auth-Token: gAAAAABqUP5Ij19S..." {{(pid=99860) http_log /opt/stack/data/venv/lib/python3.12/site-packages/swiftclient/client.py:160}}
Jul 10 14:14:32.954957 np0000005015 devstack@g-api.service[99860]: DEBUG swiftclient [None req-4003cd1a-096a-42f5-86a7-b17bae53cd5e tempest-AttachSCSIVolumeTestJSON-2146904595 tempest-AttachSCSIVolumeTestJSON-2146904595-project-admin] RESP STATUS: 201 Created {{(pid=99860) http_log /opt/stack/data/venv/lib/python3.12/site-packages/swiftclient/client.py:161}}
Jul 10 14:14:32.955197 np0000005015 devstack@g-api.service[99860]: DEBUG swiftclient [None req-4003cd1a-096a-42f5-86a7-b17bae53cd5e tempest-AttachSCSIVolumeTestJSON-2146904595 tempest-AttachSCSIVolumeTestJSON-2146904595-project-admin] RESP HEADERS: {'Date': 'Fri, 10 Jul 2026 14:14:32 GMT', 'Server': 'Apache/2.4.58 (Ubuntu)', 'Content-Type': 'text/html; charset=UTF-8', 'Content-Length': '0', 'Etag': '87617e24a5e30cb3b87fda8c0764838f', 'Last-Modified': 'Fri, 10 Jul 2026 14:14:33 GMT', 'X-Trans-Id': 'tx8fde48f690d54e88b556f-006a50fe48', 'X-Openstack-Request-Id': 'tx8fde48f690d54e88b556f-006a50fe48', 'Connection': 'close'} {{(pid=99860) http_log /opt/stack/data/venv/lib/python3.12/site-packages/swiftclient/client.py:162}}
Jul 10 14:14:32.955383 np0000005015 devstack@g-api.service[99860]: DEBUG glance_store._drivers.swift.store [None req-4003cd1a-096a-42f5-86a7-b17bae53cd5e tempest-AttachSCSIVolumeTestJSON-2146904595 tempest-AttachSCSIVolumeTestJSON-2146904595-project-admin] Wrote chunk 8e083ea6-5a87-4957-8f9b-98e858b58e0b-00001 (1/?) of length 21692416 to Swift returning MD5 of content: 87617e24a5e30cb3b87fda8c0764838f {{(pid=99860) add /opt/stack/data/venv/lib/python3.12/site-packages/glance_store/_drivers/swift/store.py:1059}}
Jul 10 14:14:32.955851 np0000005015 devstack@g-api.service[99860]: DEBUG glance_store._drivers.swift.store [None req-4003cd1a-096a-42f5-86a7-b17bae53cd5e tempest-AttachSCSIVolumeTestJSON-2146904595 tempest-AttachSCSIVolumeTestJSON-2146904595-project-admin] Not writing zero-length chunk. {{(pid=99860) add /opt/stack/data/venv/lib/python3.12/site-packages/glance_store/_drivers/swift/store.py:1028}}
Jul 10 14:14:32.997258 np0000005015 devstack@g-api.service[99860]: DEBUG swiftclient [None req-4003cd1a-096a-42f5-86a7-b17bae53cd5e tempest-AttachSCSIVolumeTestJSON-2146904595 tempest-AttachSCSIVolumeTestJSON-2146904595-project-admin] REQ: curl -i https://10.4.3.114:8080/v1/AUTH_bb31b5ec891344bf90ded271496411f5/glance/8e083ea6-5a87-4957-8f9b-98e858b58e0b -X PUT -H "X-Object-Manifest: glance/8e083ea6-5a87-4957-8f9b-98e858b58e0b-" -H "X-Auth-Token: gAAAAABqUP5Ij19S..." -H "Content-Length: 0" {{(pid=99860) http_log /opt/stack/data/venv/lib/python3.12/site-packages/swiftclient/client.py:160}}
Jul 10 14:14:32.997377 np0000005015 devstack@g-api.service[99860]: DEBUG swiftclient [None req-4003cd1a-096a-42f5-86a7-b17bae53cd5e tempest-AttachSCSIVolumeTestJSON-2146904595 tempest-AttachSCSIVolumeTestJSON-2146904595-project-admin] RESP STATUS: 201 Created {{(pid=99860) http_log /opt/stack/data/venv/lib/python3.12/site-packages/swiftclient/client.py:161}}
Jul 10 14:14:32.997580 np0000005015 devstack@g-api.service[99860]: DEBUG swiftclient [None req-4003cd1a-096a-42f5-86a7-b17bae53cd5e tempest-AttachSCSIVolumeTestJSON-2146904595 tempest-AttachSCSIVolumeTestJSON-2146904595-project-admin] RESP HEADERS: {'Date': 'Fri, 10 Jul 2026 14:14:32 GMT', 'Server': 'Apache/2.4.58 (Ubuntu)', 'Content-Type': 'text/html; charset=UTF-8', 'Content-Length': '0', 'Etag': 'd41d8cd98f00b204e9800998ecf8427e', 'Last-Modified': 'Fri, 10 Jul 2026 14:14:33 GMT', 'X-Trans-Id': 'tx176a6252944044d1b4e0e-006a50fe48', 'X-Openstack-Request-Id': 'tx176a6252944044d1b4e0e-006a50fe48', 'Connection': 'close'} {{(pid=99860) http_log /opt/stack/data/venv/lib/python3.12/site-packages/swiftclient/client.py:162}}
Jul 10 14:14:32.998080 np0000005015 devstack@g-api.service[99860]: INFO glance.location [None req-4003cd1a-096a-42f5-86a7-b17bae53cd5e tempest-AttachSCSIVolumeTestJSON-2146904595 tempest-AttachSCSIVolumeTestJSON-2146904595-project-admin] Image format matched and virtual size computed: 117440512
Jul 10 14:14:33.034659 np0000005015 devstack@g-api.service[99860]: DEBUG glance_store.backend [None req-4003cd1a-096a-42f5-86a7-b17bae53cd5e tempest-AttachSCSIVolumeTestJSON-2146904595 tempest-AttachSCSIVolumeTestJSON-2146904595-project-admin] Attempting to import store swift {{(pid=99860) _load_store /opt/stack/data/venv/lib/python3.12/site-packages/glance_store/backend.py:215}}
Jul 10 14:14:33.037149 np0000005015 devstack@g-api.service[99860]: DEBUG glance_store.capabilities [None req-4003cd1a-096a-42f5-86a7-b17bae53cd5e tempest-AttachSCSIVolumeTestJSON-2146904595 tempest-AttachSCSIVolumeTestJSON-2146904595-project-admin] Store glance_store._drivers.swift.store.SingleTenantStore doesn't support updating dynamic storage capabilities. Please overwrite 'update_capabilities' method of the store to implement updating logics if needed. {{(pid=99860) update_capabilities /opt/stack/data/venv/lib/python3.12/site-packages/glance_store/capabilities.py:91}}
Jul 10 14:14:33.037149 np0000005015 devstack@g-api.service[99860]: DEBUG glance_store.driver [None req-4003cd1a-096a-42f5-86a7-b17bae53cd5e tempest-AttachSCSIVolumeTestJSON-2146904595 tempest-AttachSCSIVolumeTestJSON-2146904595-project-admin] Late loading location class glance_store._drivers.swift.store.StoreLocation {{(pid=99860) get_store_location_class /opt/stack/data/venv/lib/python3.12/site-packages/glance_store/driver.py:134}}
Jul 10 14:14:33.037149 np0000005015 devstack@g-api.service[99860]: DEBUG glance_store.location [None req-4003cd1a-096a-42f5-86a7-b17bae53cd5e tempest-AttachSCSIVolumeTestJSON-2146904595 tempest-AttachSCSIVolumeTestJSON-2146904595-project-admin] Registering scheme swift+https with {'store': , 'location_class': , 'store_entry': 'swift'} {{(pid=99860) register_scheme_map /opt/stack/data/venv/lib/python3.12/site-packages/glance_store/location.py:146}}
Jul 10 14:14:33.037369 np0000005015 devstack@g-api.service[99860]: DEBUG glance_store.location [None req-4003cd1a-096a-42f5-86a7-b17bae53cd5e tempest-AttachSCSIVolumeTestJSON-2146904595 tempest-AttachSCSIVolumeTestJSON-2146904595-project-admin] Registering scheme swift+https with {'store': , 'location_class': , 'store_entry': 'swift'} {{(pid=99860) register_scheme_map /opt/stack/data/venv/lib/python3.12/site-packages/glance_store/location.py:146}}
Jul 10 14:14:33.037369 np0000005015 devstack@g-api.service[99860]: DEBUG glance_store.location [None req-4003cd1a-096a-42f5-86a7-b17bae53cd5e tempest-AttachSCSIVolumeTestJSON-2146904595 tempest-AttachSCSIVolumeTestJSON-2146904595-project-admin] Registering scheme swift with {'store': , 'location_class': , 'store_entry': 'swift'} {{(pid=99860) register_scheme_map /opt/stack/data/venv/lib/python3.12/site-packages/glance_store/location.py:146}}
Jul 10 14:14:33.037369 np0000005015 devstack@g-api.service[99860]: DEBUG glance_store.location [None req-4003cd1a-096a-42f5-86a7-b17bae53cd5e tempest-AttachSCSIVolumeTestJSON-2146904595 tempest-AttachSCSIVolumeTestJSON-2146904595-project-admin] Registering scheme swift+https with {'store': , 'location_class': , 'store_entry': 'swift'} {{(pid=99860) register_scheme_map /opt/stack/data/venv/lib/python3.12/site-packages/glance_store/location.py:146}}
Jul 10 14:14:33.037588 np0000005015 devstack@g-api.service[99860]: DEBUG glance_store.location [None req-4003cd1a-096a-42f5-86a7-b17bae53cd5e tempest-AttachSCSIVolumeTestJSON-2146904595 tempest-AttachSCSIVolumeTestJSON-2146904595-project-admin] Registering scheme swift with {'store': , 'location_class': , 'store_entry': 'swift'} {{(pid=99860) register_scheme_map /opt/stack/data/venv/lib/python3.12/site-packages/glance_store/location.py:146}}
Jul 10 14:14:33.037588 np0000005015 devstack@g-api.service[99860]: DEBUG glance_store.location [None req-4003cd1a-096a-42f5-86a7-b17bae53cd5e tempest-AttachSCSIVolumeTestJSON-2146904595 tempest-AttachSCSIVolumeTestJSON-2146904595-project-admin] Registering scheme swift+http with {'store': , 'location_class': , 'store_entry': 'swift'} {{(pid=99860) register_scheme_map /opt/stack/data/venv/lib/python3.12/site-packages/glance_store/location.py:146}}
Jul 10 14:14:33.037588 np0000005015 devstack@g-api.service[99860]: DEBUG glance_store.location [None req-4003cd1a-096a-42f5-86a7-b17bae53cd5e tempest-AttachSCSIVolumeTestJSON-2146904595 tempest-AttachSCSIVolumeTestJSON-2146904595-project-admin] Registering scheme swift+https with {'store': , 'location_class': , 'store_entry': 'swift'} {{(pid=99860) register_scheme_map /opt/stack/data/venv/lib/python3.12/site-packages/glance_store/location.py:146}}
Jul 10 14:14:33.037818 np0000005015 devstack@g-api.service[99860]: DEBUG glance_store.location [None req-4003cd1a-096a-42f5-86a7-b17bae53cd5e tempest-AttachSCSIVolumeTestJSON-2146904595 tempest-AttachSCSIVolumeTestJSON-2146904595-project-admin] Registering scheme swift with {'store': , 'location_class': , 'store_entry': 'swift'} {{(pid=99860) register_scheme_map /opt/stack/data/venv/lib/python3.12/site-packages/glance_store/location.py:146}}
Jul 10 14:14:33.037818 np0000005015 devstack@g-api.service[99860]: DEBUG glance_store.location [None req-4003cd1a-096a-42f5-86a7-b17bae53cd5e tempest-AttachSCSIVolumeTestJSON-2146904595 tempest-AttachSCSIVolumeTestJSON-2146904595-project-admin] Registering scheme swift+http with {'store': , 'location_class': , 'store_entry': 'swift'} {{(pid=99860) register_scheme_map /opt/stack/data/venv/lib/python3.12/site-packages/glance_store/location.py:146}}
Jul 10 14:14:33.037818 np0000005015 devstack@g-api.service[99860]: DEBUG glance_store.location [None req-4003cd1a-096a-42f5-86a7-b17bae53cd5e tempest-AttachSCSIVolumeTestJSON-2146904595 tempest-AttachSCSIVolumeTestJSON-2146904595-project-admin] Registering scheme swift+config with {'store': , 'location_class': , 'store_entry': 'swift'} {{(pid=99860) register_scheme_map /opt/stack/data/venv/lib/python3.12/site-packages/glance_store/location.py:146}}
Jul 10 14:14:33.037818 np0000005015 devstack@g-api.service[99860]: DEBUG glance_store.backend [None req-4003cd1a-096a-42f5-86a7-b17bae53cd5e tempest-AttachSCSIVolumeTestJSON-2146904595 tempest-AttachSCSIVolumeTestJSON-2146904595-project-admin] Skipping store.set_acls... not implemented. {{(pid=99860) set_acls /opt/stack/data/venv/lib/python3.12/site-packages/glance_store/backend.py:507}}
Jul 10 14:14:33.039214 np0000005015 devstack@g-api.service[99860]: [pid: 99860|app: 0|req: 8/37] 127.0.0.1 () {40 vars in 858 bytes} [Fri Jul 10 14:14:29 2026] PUT /v2/images/8e083ea6-5a87-4957-8f9b-98e858b58e0b/file => generated 0 bytes in 3151 msecs (HTTP/1.1 204) 4 headers in 171 bytes (1 switches on core 0)
Jul 10 14:14:33.223754 np0000005015 devstack@g-api.service[99859]: DEBUG glance.api.middleware.version_negotiation [None req-c3a2ac2b-d2ed-4e17-8e41-afcbf1fe91d1 tempest-ServerActionsTestOtherB-744709428 tempest-ServerActionsTestOtherB-744709428-project-member] Determining version of request: GET /versions Accept: */* {{(pid=99859) process_request /opt/stack/glance/glance/api/middleware/version_negotiation.py:44}}
Jul 10 14:14:33.224810 np0000005015 devstack@g-api.service[99859]: [pid: 99859|app: 0|req: 15/38] 127.0.0.1 () {44 vars in 1039 bytes} [Fri Jul 10 14:14:33 2026] GET /versions => generated 1515 bytes in 1 msecs (HTTP/1.1 200) 3 headers in 92 bytes (1 switches on core 0)
Jul 10 14:14:33.234331 np0000005015 devstack@g-api.service[99861]: DEBUG glance.api.middleware.version_negotiation [None req-c3a2ac2b-d2ed-4e17-8e41-afcbf1fe91d1 tempest-ServerActionsTestOtherB-744709428 tempest-ServerActionsTestOtherB-744709428-project-member] Determining version of request: GET /v2/images/8bb1b425-77a9-4906-8c14-ec2f1fc809eb/locations Accept: */* {{(pid=99861) process_request /opt/stack/glance/glance/api/middleware/version_negotiation.py:44}}
Jul 10 14:14:33.234624 np0000005015 devstack@g-api.service[99861]: DEBUG glance.api.middleware.version_negotiation [None req-c3a2ac2b-d2ed-4e17-8e41-afcbf1fe91d1 tempest-ServerActionsTestOtherB-744709428 tempest-ServerActionsTestOtherB-744709428-project-member] Using url versioning {{(pid=99861) process_request /opt/stack/glance/glance/api/middleware/version_negotiation.py:57}}
Jul 10 14:14:33.234836 np0000005015 devstack@g-api.service[99861]: DEBUG glance.api.middleware.version_negotiation [None req-c3a2ac2b-d2ed-4e17-8e41-afcbf1fe91d1 tempest-ServerActionsTestOtherB-744709428 tempest-ServerActionsTestOtherB-744709428-project-member] Matched version: v2 {{(pid=99861) process_request /opt/stack/glance/glance/api/middleware/version_negotiation.py:69}}
Jul 10 14:14:33.234995 np0000005015 devstack@g-api.service[99861]: DEBUG glance.api.middleware.version_negotiation [None req-c3a2ac2b-d2ed-4e17-8e41-afcbf1fe91d1 tempest-ServerActionsTestOtherB-744709428 tempest-ServerActionsTestOtherB-744709428-project-member] new path /v2/images/8bb1b425-77a9-4906-8c14-ec2f1fc809eb/locations {{(pid=99861) process_request /opt/stack/glance/glance/api/middleware/version_negotiation.py:70}}
Jul 10 14:14:33.717285 np0000005015 devstack@g-api.service[99861]: [pid: 99861|app: 0|req: 16/39] 127.0.0.1 () {44 vars in 1135 bytes} [Fri Jul 10 14:14:33 2026] GET /v2/images/8bb1b425-77a9-4906-8c14-ec2f1fc809eb/locations => generated 92 bytes in 483 msecs (HTTP/1.1 200) 4 headers in 156 bytes (1 switches on core 0)
Jul 10 14:14:33.728057 np0000005015 devstack@g-api.service[99860]: DEBUG glance.api.middleware.version_negotiation [None req-4003cd1a-096a-42f5-86a7-b17bae53cd5e tempest-AttachSCSIVolumeTestJSON-2146904595 tempest-AttachSCSIVolumeTestJSON-2146904595-project-admin] Determining version of request: GET /v2/images/8bb1b425-77a9-4906-8c14-ec2f1fc809eb Accept: */* {{(pid=99860) process_request /opt/stack/glance/glance/api/middleware/version_negotiation.py:44}}
Jul 10 14:14:33.728424 np0000005015 devstack@g-api.service[99860]: DEBUG glance.api.middleware.version_negotiation [None req-4003cd1a-096a-42f5-86a7-b17bae53cd5e tempest-AttachSCSIVolumeTestJSON-2146904595 tempest-AttachSCSIVolumeTestJSON-2146904595-project-admin] Using url versioning {{(pid=99860) process_request /opt/stack/glance/glance/api/middleware/version_negotiation.py:57}}
Jul 10 14:14:33.728424 np0000005015 devstack@g-api.service[99860]: DEBUG glance.api.middleware.version_negotiation [None req-4003cd1a-096a-42f5-86a7-b17bae53cd5e tempest-AttachSCSIVolumeTestJSON-2146904595 tempest-AttachSCSIVolumeTestJSON-2146904595-project-admin] Matched version: v2 {{(pid=99860) process_request /opt/stack/glance/glance/api/middleware/version_negotiation.py:69}}
Jul 10 14:14:33.728598 np0000005015 devstack@g-api.service[99860]: DEBUG glance.api.middleware.version_negotiation [None req-4003cd1a-096a-42f5-86a7-b17bae53cd5e tempest-AttachSCSIVolumeTestJSON-2146904595 tempest-AttachSCSIVolumeTestJSON-2146904595-project-admin] new path /v2/images/8bb1b425-77a9-4906-8c14-ec2f1fc809eb {{(pid=99860) process_request /opt/stack/glance/glance/api/middleware/version_negotiation.py:70}}
Jul 10 14:14:33.741441 np0000005015 devstack@g-api.service[99860]: [pid: 99860|app: 0|req: 9/40] 127.0.0.1 () {44 vars in 1115 bytes} [Fri Jul 10 14:14:33 2026] GET /v2/images/8bb1b425-77a9-4906-8c14-ec2f1fc809eb => generated 1044 bytes in 13 msecs (HTTP/1.1 200) 4 headers in 158 bytes (1 switches on core 0)
Jul 10 14:14:33.748356 np0000005015 devstack@g-api.service[99859]: DEBUG glance.api.middleware.version_negotiation [None req-c3a2ac2b-d2ed-4e17-8e41-afcbf1fe91d1 tempest-ServerActionsTestOtherB-744709428 tempest-ServerActionsTestOtherB-744709428-project-member] Determining version of request: GET /v2/schemas/image Accept: */* {{(pid=99859) process_request /opt/stack/glance/glance/api/middleware/version_negotiation.py:44}}
Jul 10 14:14:33.748618 np0000005015 devstack@g-api.service[99859]: DEBUG glance.api.middleware.version_negotiation [None req-c3a2ac2b-d2ed-4e17-8e41-afcbf1fe91d1 tempest-ServerActionsTestOtherB-744709428 tempest-ServerActionsTestOtherB-744709428-project-member] Using url versioning {{(pid=99859) process_request /opt/stack/glance/glance/api/middleware/version_negotiation.py:57}}
Jul 10 14:14:33.751165 np0000005015 devstack@g-api.service[99859]: DEBUG glance.api.middleware.version_negotiation [None req-c3a2ac2b-d2ed-4e17-8e41-afcbf1fe91d1 tempest-ServerActionsTestOtherB-744709428 tempest-ServerActionsTestOtherB-744709428-project-member] Matched version: v2 {{(pid=99859) process_request /opt/stack/glance/glance/api/middleware/version_negotiation.py:69}}
Jul 10 14:14:33.751165 np0000005015 devstack@g-api.service[99859]: DEBUG glance.api.middleware.version_negotiation [None req-c3a2ac2b-d2ed-4e17-8e41-afcbf1fe91d1 tempest-ServerActionsTestOtherB-744709428 tempest-ServerActionsTestOtherB-744709428-project-member] new path /v2/schemas/image {{(pid=99859) process_request /opt/stack/glance/glance/api/middleware/version_negotiation.py:70}}
Jul 10 14:14:33.752380 np0000005015 devstack@g-api.service[99859]: [pid: 99859|app: 0|req: 16/41] 127.0.0.1 () {44 vars in 1055 bytes} [Fri Jul 10 14:14:33 2026] GET /v2/schemas/image => generated 6083 bytes in 4 msecs (HTTP/1.1 200) 4 headers in 158 bytes (1 switches on core 0)
Jul 10 14:14:33.761287 np0000005015 devstack@g-api.service[99861]: DEBUG glance.api.middleware.version_negotiation [None req-fb6427cf-57ee-430b-984b-a4c85d006700 service glance] Determining version of request: GET /v2/schemas/image Accept: */* {{(pid=99861) process_request /opt/stack/glance/glance/api/middleware/version_negotiation.py:44}}
Jul 10 14:14:33.761287 np0000005015 devstack@g-api.service[99861]: DEBUG glance.api.middleware.version_negotiation [None req-fb6427cf-57ee-430b-984b-a4c85d006700 service glance] Using url versioning {{(pid=99861) process_request /opt/stack/glance/glance/api/middleware/version_negotiation.py:57}}
Jul 10 14:14:33.761287 np0000005015 devstack@g-api.service[99861]: DEBUG glance.api.middleware.version_negotiation [None req-fb6427cf-57ee-430b-984b-a4c85d006700 service glance] Matched version: v2 {{(pid=99861) process_request /opt/stack/glance/glance/api/middleware/version_negotiation.py:69}}
Jul 10 14:14:33.761287 np0000005015 devstack@g-api.service[99861]: DEBUG glance.api.middleware.version_negotiation [None req-fb6427cf-57ee-430b-984b-a4c85d006700 service glance] new path /v2/schemas/image {{(pid=99861) process_request /opt/stack/glance/glance/api/middleware/version_negotiation.py:70}}
Jul 10 14:14:33.763715 np0000005015 devstack@g-api.service[99861]: [pid: 99861|app: 0|req: 17/42] 127.0.0.1 () {44 vars in 1055 bytes} [Fri Jul 10 14:14:33 2026] GET /v2/schemas/image => generated 6083 bytes in 3 msecs (HTTP/1.1 200) 4 headers in 158 bytes (1 switches on core 0)
Jul 10 14:14:33.797280 np0000005015 devstack@g-api.service[99860]: DEBUG glance.api.middleware.version_negotiation [None req-fb6427cf-57ee-430b-984b-a4c85d006700 tempest-TaggedBootDevicesTest-58312294 tempest-TaggedBootDevicesTest-58312294-project-member] Determining version of request: GET /v2/images/8bb1b425-77a9-4906-8c14-ec2f1fc809eb Accept: */* {{(pid=99860) process_request /opt/stack/glance/glance/api/middleware/version_negotiation.py:44}}
Jul 10 14:14:33.797432 np0000005015 devstack@g-api.service[99860]: DEBUG glance.api.middleware.version_negotiation [None req-fb6427cf-57ee-430b-984b-a4c85d006700 tempest-TaggedBootDevicesTest-58312294 tempest-TaggedBootDevicesTest-58312294-project-member] Using url versioning {{(pid=99860) process_request /opt/stack/glance/glance/api/middleware/version_negotiation.py:57}}
Jul 10 14:14:33.797584 np0000005015 devstack@g-api.service[99860]: DEBUG glance.api.middleware.version_negotiation [None req-fb6427cf-57ee-430b-984b-a4c85d006700 tempest-TaggedBootDevicesTest-58312294 tempest-TaggedBootDevicesTest-58312294-project-member] Matched version: v2 {{(pid=99860) process_request /opt/stack/glance/glance/api/middleware/version_negotiation.py:69}}
Jul 10 14:14:33.797653 np0000005015 devstack@g-api.service[99860]: DEBUG glance.api.middleware.version_negotiation [None req-fb6427cf-57ee-430b-984b-a4c85d006700 tempest-TaggedBootDevicesTest-58312294 tempest-TaggedBootDevicesTest-58312294-project-member] new path /v2/images/8bb1b425-77a9-4906-8c14-ec2f1fc809eb {{(pid=99860) process_request /opt/stack/glance/glance/api/middleware/version_negotiation.py:70}}
Jul 10 14:14:33.806766 np0000005015 devstack@g-api.service[99860]: [pid: 99860|app: 0|req: 10/43] 127.0.0.1 () {44 vars in 1115 bytes} [Fri Jul 10 14:14:33 2026] GET /v2/images/8bb1b425-77a9-4906-8c14-ec2f1fc809eb => generated 1044 bytes in 9 msecs (HTTP/1.1 200) 4 headers in 158 bytes (1 switches on core 0)
Jul 10 14:14:33.814295 np0000005015 devstack@g-api.service[99859]: DEBUG glance.api.middleware.version_negotiation [None req-fb6427cf-57ee-430b-984b-a4c85d006700 tempest-TaggedBootDevicesTest-58312294 tempest-TaggedBootDevicesTest-58312294-project-member] Determining version of request: GET /v2/images/8bb1b425-77a9-4906-8c14-ec2f1fc809eb/file Accept: */* {{(pid=99859) process_request /opt/stack/glance/glance/api/middleware/version_negotiation.py:44}}
