Jul 10 14:11:36.739244 np0000005015 nova-scheduler[93578]: DEBUG cotyledon.oslo_config_glue [-] oslo_messaging_rabbit.ssl_ca_file = {{(pid=93578) log_opt_values /opt/stack/data/venv/lib/python3.12/site-packages/oslo_config/cfg.py:3253}}
Jul 10 14:11:36.739244 np0000005015 nova-scheduler[93578]: DEBUG cotyledon.oslo_config_glue [-] oslo_messaging_rabbit.ssl_cert_file = {{(pid=93578) log_opt_values /opt/stack/data/venv/lib/python3.12/site-packages/oslo_config/cfg.py:3253}}
Jul 10 14:11:36.739244 np0000005015 nova-scheduler[93578]: DEBUG cotyledon.oslo_config_glue [-] oslo_messaging_rabbit.ssl_enforce_fips_mode = False {{(pid=93578) log_opt_values /opt/stack/data/venv/lib/python3.12/site-packages/oslo_config/cfg.py:3253}}
Jul 10 14:11:36.739244 np0000005015 nova-scheduler[93578]: DEBUG cotyledon.oslo_config_glue [-] oslo_messaging_rabbit.ssl_enforce_hostname_verification = True {{(pid=93578) log_opt_values /opt/stack/data/venv/lib/python3.12/site-packages/oslo_config/cfg.py:3253}}
Jul 10 14:11:36.739244 np0000005015 nova-scheduler[93578]: DEBUG cotyledon.oslo_config_glue [-] oslo_messaging_rabbit.ssl_key_file = {{(pid=93578) log_opt_values /opt/stack/data/venv/lib/python3.12/site-packages/oslo_config/cfg.py:3253}}
Jul 10 14:11:36.739244 np0000005015 nova-scheduler[93578]: DEBUG cotyledon.oslo_config_glue [-] oslo_messaging_rabbit.ssl_version = {{(pid=93578) log_opt_values /opt/stack/data/venv/lib/python3.12/site-packages/oslo_config/cfg.py:3253}}
Jul 10 14:11:36.739244 np0000005015 nova-scheduler[93578]: DEBUG cotyledon.oslo_config_glue [-] oslo_messaging_rabbit.use_queue_manager = False {{(pid=93578) log_opt_values /opt/stack/data/venv/lib/python3.12/site-packages/oslo_config/cfg.py:3253}}
Jul 10 14:11:36.739244 np0000005015 nova-scheduler[93578]: DEBUG cotyledon.oslo_config_glue [-] oslo_messaging_notifications.driver = ['messagingv2'] {{(pid=93578) log_opt_values /opt/stack/data/venv/lib/python3.12/site-packages/oslo_config/cfg.py:3253}}
Jul 10 14:11:36.739244 np0000005015 nova-scheduler[93578]: DEBUG cotyledon.oslo_config_glue [-] oslo_messaging_notifications.retry = -1 {{(pid=93578) log_opt_values /opt/stack/data/venv/lib/python3.12/site-packages/oslo_config/cfg.py:3253}}
Jul 10 14:11:36.739523 np0000005015 nova-scheduler[93578]: DEBUG cotyledon.oslo_config_glue [-] oslo_messaging_notifications.topics = ['notifications'] {{(pid=93578) log_opt_values /opt/stack/data/venv/lib/python3.12/site-packages/oslo_config/cfg.py:3253}}
Jul 10 14:11:36.739523 np0000005015 nova-scheduler[93578]: DEBUG cotyledon.oslo_config_glue [-] oslo_messaging_notifications.transport_url = **** {{(pid=93578) log_opt_values /opt/stack/data/venv/lib/python3.12/site-packages/oslo_config/cfg.py:3253}}
Jul 10 14:11:36.739523 np0000005015 nova-scheduler[93578]: DEBUG cotyledon.oslo_config_glue [-] oslo_limit.auth_section = None {{(pid=93578) log_opt_values /opt/stack/data/venv/lib/python3.12/site-packages/oslo_config/cfg.py:3253}}
Jul 10 14:11:36.739523 np0000005015 nova-scheduler[93578]: DEBUG cotyledon.oslo_config_glue [-] oslo_limit.auth_type = None {{(pid=93578) log_opt_values /opt/stack/data/venv/lib/python3.12/site-packages/oslo_config/cfg.py:3253}}
Jul 10 14:11:36.739523 np0000005015 nova-scheduler[93578]: DEBUG cotyledon.oslo_config_glue [-] oslo_limit.cafile = None {{(pid=93578) log_opt_values /opt/stack/data/venv/lib/python3.12/site-packages/oslo_config/cfg.py:3253}}
Jul 10 14:11:36.739523 np0000005015 nova-scheduler[93578]: DEBUG cotyledon.oslo_config_glue [-] oslo_limit.certfile = None {{(pid=93578) log_opt_values /opt/stack/data/venv/lib/python3.12/site-packages/oslo_config/cfg.py:3253}}
Jul 10 14:11:36.739523 np0000005015 nova-scheduler[93578]: DEBUG cotyledon.oslo_config_glue [-] oslo_limit.collect_timing = False {{(pid=93578) log_opt_values /opt/stack/data/venv/lib/python3.12/site-packages/oslo_config/cfg.py:3253}}
Jul 10 14:11:36.739523 np0000005015 nova-scheduler[93578]: DEBUG cotyledon.oslo_config_glue [-] oslo_limit.connect_retries = None {{(pid=93578) log_opt_values /opt/stack/data/venv/lib/python3.12/site-packages/oslo_config/cfg.py:3253}}
Jul 10 14:11:36.739523 np0000005015 nova-scheduler[93578]: DEBUG cotyledon.oslo_config_glue [-] oslo_limit.connect_retry_delay = None {{(pid=93578) log_opt_values /opt/stack/data/venv/lib/python3.12/site-packages/oslo_config/cfg.py:3253}}
Jul 10 14:11:36.739788 np0000005015 nova-scheduler[93578]: DEBUG cotyledon.oslo_config_glue [-] oslo_limit.endpoint_id = None {{(pid=93578) log_opt_values /opt/stack/data/venv/lib/python3.12/site-packages/oslo_config/cfg.py:3253}}
Jul 10 14:11:36.739788 np0000005015 nova-scheduler[93578]: DEBUG cotyledon.oslo_config_glue [-] oslo_limit.endpoint_interface = public {{(pid=93578) log_opt_values /opt/stack/data/venv/lib/python3.12/site-packages/oslo_config/cfg.py:3253}}
Jul 10 14:11:36.739788 np0000005015 nova-scheduler[93578]: DEBUG cotyledon.oslo_config_glue [-] oslo_limit.endpoint_override = None {{(pid=93578) log_opt_values /opt/stack/data/venv/lib/python3.12/site-packages/oslo_config/cfg.py:3253}}
Jul 10 14:11:36.739788 np0000005015 nova-scheduler[93578]: DEBUG cotyledon.oslo_config_glue [-] oslo_limit.endpoint_region_name = None {{(pid=93578) log_opt_values /opt/stack/data/venv/lib/python3.12/site-packages/oslo_config/cfg.py:3253}}
Jul 10 14:11:36.739788 np0000005015 nova-scheduler[93578]: DEBUG cotyledon.oslo_config_glue [-] oslo_limit.endpoint_service_name = None {{(pid=93578) log_opt_values /opt/stack/data/venv/lib/python3.12/site-packages/oslo_config/cfg.py:3253}}
Jul 10 14:11:36.739788 np0000005015 nova-scheduler[93578]: DEBUG cotyledon.oslo_config_glue [-] oslo_limit.endpoint_service_type = None {{(pid=93578) log_opt_values /opt/stack/data/venv/lib/python3.12/site-packages/oslo_config/cfg.py:3253}}
Jul 10 14:11:36.739788 np0000005015 nova-scheduler[93578]: DEBUG cotyledon.oslo_config_glue [-] oslo_limit.insecure = False {{(pid=93578) log_opt_values /opt/stack/data/venv/lib/python3.12/site-packages/oslo_config/cfg.py:3253}}
Jul 10 14:11:36.739788 np0000005015 nova-scheduler[93578]: DEBUG cotyledon.oslo_config_glue [-] oslo_limit.keyfile = None {{(pid=93578) log_opt_values /opt/stack/data/venv/lib/python3.12/site-packages/oslo_config/cfg.py:3253}}
Jul 10 14:11:36.739788 np0000005015 nova-scheduler[93578]: DEBUG cotyledon.oslo_config_glue [-] oslo_limit.max_version = None {{(pid=93578) log_opt_values /opt/stack/data/venv/lib/python3.12/site-packages/oslo_config/cfg.py:3253}}
Jul 10 14:11:36.740069 np0000005015 nova-scheduler[93578]: DEBUG cotyledon.oslo_config_glue [-] oslo_limit.min_version = None {{(pid=93578) log_opt_values /opt/stack/data/venv/lib/python3.12/site-packages/oslo_config/cfg.py:3253}}
Jul 10 14:11:36.740069 np0000005015 nova-scheduler[93578]: DEBUG cotyledon.oslo_config_glue [-] oslo_limit.region_name = None {{(pid=93578) log_opt_values /opt/stack/data/venv/lib/python3.12/site-packages/oslo_config/cfg.py:3253}}
Jul 10 14:11:36.740069 np0000005015 nova-scheduler[93578]: DEBUG cotyledon.oslo_config_glue [-] oslo_limit.retriable_status_codes = None {{(pid=93578) log_opt_values /opt/stack/data/venv/lib/python3.12/site-packages/oslo_config/cfg.py:3253}}
Jul 10 14:11:36.740069 np0000005015 nova-scheduler[93578]: DEBUG cotyledon.oslo_config_glue [-] oslo_limit.service_name = None {{(pid=93578) log_opt_values /opt/stack/data/venv/lib/python3.12/site-packages/oslo_config/cfg.py:3253}}
Jul 10 14:11:36.740069 np0000005015 nova-scheduler[93578]: DEBUG cotyledon.oslo_config_glue [-] oslo_limit.service_type = None {{(pid=93578) log_opt_values /opt/stack/data/venv/lib/python3.12/site-packages/oslo_config/cfg.py:3253}}
Jul 10 14:11:36.740069 np0000005015 nova-scheduler[93578]: DEBUG cotyledon.oslo_config_glue [-] oslo_limit.split_loggers = False {{(pid=93578) log_opt_values /opt/stack/data/venv/lib/python3.12/site-packages/oslo_config/cfg.py:3253}}
Jul 10 14:11:36.740069 np0000005015 nova-scheduler[93578]: DEBUG cotyledon.oslo_config_glue [-] oslo_limit.status_code_retries = None {{(pid=93578) log_opt_values /opt/stack/data/venv/lib/python3.12/site-packages/oslo_config/cfg.py:3253}}
Jul 10 14:11:36.740069 np0000005015 nova-scheduler[93578]: DEBUG cotyledon.oslo_config_glue [-] oslo_limit.status_code_retry_delay = None {{(pid=93578) log_opt_values /opt/stack/data/venv/lib/python3.12/site-packages/oslo_config/cfg.py:3253}}
Jul 10 14:11:36.740069 np0000005015 nova-scheduler[93578]: DEBUG cotyledon.oslo_config_glue [-] oslo_limit.timeout = None {{(pid=93578) log_opt_values /opt/stack/data/venv/lib/python3.12/site-packages/oslo_config/cfg.py:3253}}
Jul 10 14:11:36.740357 np0000005015 nova-scheduler[93578]: DEBUG cotyledon.oslo_config_glue [-] oslo_limit.valid_interfaces = None {{(pid=93578) log_opt_values /opt/stack/data/venv/lib/python3.12/site-packages/oslo_config/cfg.py:3253}}
Jul 10 14:11:36.740357 np0000005015 nova-scheduler[93578]: DEBUG cotyledon.oslo_config_glue [-] oslo_limit.version = None {{(pid=93578) log_opt_values /opt/stack/data/venv/lib/python3.12/site-packages/oslo_config/cfg.py:3253}}
Jul 10 14:11:36.740357 np0000005015 nova-scheduler[93578]: DEBUG cotyledon.oslo_config_glue [-] oslo_reports.file_event_handler = None {{(pid=93578) log_opt_values /opt/stack/data/venv/lib/python3.12/site-packages/oslo_config/cfg.py:3253}}
Jul 10 14:11:36.740357 np0000005015 nova-scheduler[93578]: DEBUG cotyledon.oslo_config_glue [-] oslo_reports.file_event_handler_interval = 1 {{(pid=93578) log_opt_values /opt/stack/data/venv/lib/python3.12/site-packages/oslo_config/cfg.py:3253}}
Jul 10 14:11:36.740357 np0000005015 nova-scheduler[93578]: DEBUG cotyledon.oslo_config_glue [-] oslo_reports.log_dir = None {{(pid=93578) log_opt_values /opt/stack/data/venv/lib/python3.12/site-packages/oslo_config/cfg.py:3253}}
Jul 10 14:11:36.740357 np0000005015 nova-scheduler[93578]: DEBUG cotyledon.oslo_config_glue [-] ******************************************************************************** {{(pid=93578) log_opt_values /opt/stack/data/venv/lib/python3.12/site-packages/oslo_config/cfg.py:3260}}
Jul 10 14:11:36.740357 np0000005015 nova-scheduler[93578]: DEBUG cotyledon._service_worker [-] Run service ServiceWrapper(2) [93578] {{(pid=93578) wait_forever /opt/stack/data/venv/lib/python3.12/site-packages/cotyledon/_service_worker.py:218}}
Jul 10 14:11:36.740357 np0000005015 nova-scheduler[93578]: INFO nova.service [-] Starting scheduler node (version 33.1.0)
Jul 10 14:11:36.740357 np0000005015 nova-scheduler[93578]: INFO dbcounter [None req-c7c7d1b6-5d48-4a97-b00c-1c935d34e5e8 None None] Registered counter for database nova_cell0
Jul 10 14:11:36.745187 np0000005015 nova-scheduler[93574]: DEBUG oslo_db.sqlalchemy.engines [None req-c5437487-e9ad-41fa-a63d-75a8d0615e5d None None] MySQL server mode set to STRICT_TRANS_TABLES,STRICT_ALL_TABLES,NO_ZERO_IN_DATE,NO_ZERO_DATE,ERROR_FOR_DIVISION_BY_ZERO,TRADITIONAL,NO_ENGINE_SUBSTITUTION {{(pid=93574) _check_effective_sql_mode /opt/stack/data/venv/lib/python3.12/site-packages/oslo_db/sqlalchemy/engines.py:325}}
Jul 10 14:11:36.760648 np0000005015 nova-scheduler[93574]: DEBUG dbcounter [-] [93574] Writer thread running {{(pid=93574) stat_writer /opt/stack/data/venv/lib/python3.12/site-packages/dbcounter.py:102}}
Jul 10 14:11:36.761553 np0000005015 nova-scheduler[93576]: DEBUG oslo_db.sqlalchemy.engines [None req-a921f444-636b-443f-ad09-1c8c7bdebfaa None None] MySQL server mode set to STRICT_TRANS_TABLES,STRICT_ALL_TABLES,NO_ZERO_IN_DATE,NO_ZERO_DATE,ERROR_FOR_DIVISION_BY_ZERO,TRADITIONAL,NO_ENGINE_SUBSTITUTION {{(pid=93576) _check_effective_sql_mode /opt/stack/data/venv/lib/python3.12/site-packages/oslo_db/sqlalchemy/engines.py:325}}
Jul 10 14:11:36.776874 np0000005015 nova-scheduler[93576]: DEBUG dbcounter [-] [93576] Writer thread running {{(pid=93576) stat_writer /opt/stack/data/venv/lib/python3.12/site-packages/dbcounter.py:102}}
Jul 10 14:11:36.786779 np0000005015 nova-scheduler[93578]: DEBUG oslo_db.sqlalchemy.engines [None req-c7c7d1b6-5d48-4a97-b00c-1c935d34e5e8 None None] MySQL server mode set to STRICT_TRANS_TABLES,STRICT_ALL_TABLES,NO_ZERO_IN_DATE,NO_ZERO_DATE,ERROR_FOR_DIVISION_BY_ZERO,TRADITIONAL,NO_ENGINE_SUBSTITUTION {{(pid=93578) _check_effective_sql_mode /opt/stack/data/venv/lib/python3.12/site-packages/oslo_db/sqlalchemy/engines.py:325}}
Jul 10 14:11:36.788322 np0000005015 nova-scheduler[93574]: DEBUG nova.service [None req-c5437487-e9ad-41fa-a63d-75a8d0615e5d None None] Creating RPC server for service: nova-scheduler on topic: scheduler {{(pid=93574) start /opt/stack/nova/nova/service.py:196}}
Jul 10 14:11:36.804339 np0000005015 nova-scheduler[93578]: DEBUG dbcounter [-] [93578] Writer thread running {{(pid=93578) stat_writer /opt/stack/data/venv/lib/python3.12/site-packages/dbcounter.py:102}}
Jul 10 14:11:36.807656 np0000005015 nova-scheduler[93576]: DEBUG nova.service [None req-a921f444-636b-443f-ad09-1c8c7bdebfaa None None] Creating RPC server for service: nova-scheduler on topic: scheduler {{(pid=93576) start /opt/stack/nova/nova/service.py:196}}
Jul 10 14:11:36.809690 np0000005015 nova-scheduler[93578]: DEBUG nova.service [None req-c7c7d1b6-5d48-4a97-b00c-1c935d34e5e8 None None] Creating RPC server for service: nova-scheduler on topic: scheduler {{(pid=93578) start /opt/stack/nova/nova/service.py:196}}
Jul 10 14:11:36.832194 np0000005015 nova-scheduler[93574]: DEBUG nova.service [None req-c5437487-e9ad-41fa-a63d-75a8d0615e5d None None] Join ServiceGroup membership for this service scheduler {{(pid=93574) start /opt/stack/nova/nova/service.py:222}}
Jul 10 14:11:36.832619 np0000005015 nova-scheduler[93574]: DEBUG nova.servicegroup.drivers.db [None req-c5437487-e9ad-41fa-a63d-75a8d0615e5d None None] DB_Driver: join new ServiceGroup member np0000005015 to the scheduler group, service = {{(pid=93574) join /opt/stack/nova/nova/servicegroup/drivers/db.py:44}}
Jul 10 14:11:36.841901 np0000005015 nova-scheduler[93576]: DEBUG nova.service [None req-a921f444-636b-443f-ad09-1c8c7bdebfaa None None] Join ServiceGroup membership for this service scheduler {{(pid=93576) start /opt/stack/nova/nova/service.py:222}}
Jul 10 14:11:36.842265 np0000005015 nova-scheduler[93576]: DEBUG nova.servicegroup.drivers.db [None req-a921f444-636b-443f-ad09-1c8c7bdebfaa None None] DB_Driver: join new ServiceGroup member np0000005015 to the scheduler group, service = {{(pid=93576) join /opt/stack/nova/nova/servicegroup/drivers/db.py:44}}
Jul 10 14:11:36.843457 np0000005015 nova-scheduler[93578]: DEBUG nova.service [None req-c7c7d1b6-5d48-4a97-b00c-1c935d34e5e8 None None] Join ServiceGroup membership for this service scheduler {{(pid=93578) start /opt/stack/nova/nova/service.py:222}}
Jul 10 14:11:36.843457 np0000005015 nova-scheduler[93578]: DEBUG nova.servicegroup.drivers.db [None req-c7c7d1b6-5d48-4a97-b00c-1c935d34e5e8 None None] DB_Driver: join new ServiceGroup member np0000005015 to the scheduler group, service = {{(pid=93578) join /opt/stack/nova/nova/servicegroup/drivers/db.py:44}}
Jul 10 14:11:37.847352 np0000005015 nova-scheduler[93576]: DEBUG oslo.service.backend._threading.loopingcall [None req-ad461044-b9a3-445d-93e1-56508a261250 None None] Dynamic interval looping call 'nova.service.Service.periodic_tasks' sleeping for 60.00 seconds {{(pid=93576) _run_loop /opt/stack/data/venv/lib/python3.12/site-packages/oslo_service/backend/_threading/loopingcall.py:125}}
Jul 10 14:11:41.854145 np0000005015 nova-scheduler[93574]: DEBUG oslo.service.backend._threading.loopingcall [-] Fixed interval looping call 'nova.servicegroup.drivers.db.DbDriver._report_state' sleeping for 119.98 seconds {{(pid=93574) _run_loop /opt/stack/data/venv/lib/python3.12/site-packages/oslo_service/backend/_threading/loopingcall.py:125}}
Jul 10 14:11:41.854583 np0000005015 nova-scheduler[93576]: DEBUG oslo.service.backend._threading.loopingcall [-] Fixed interval looping call 'nova.servicegroup.drivers.db.DbDriver._report_state' sleeping for 119.99 seconds {{(pid=93576) _run_loop /opt/stack/data/venv/lib/python3.12/site-packages/oslo_service/backend/_threading/loopingcall.py:125}}
Jul 10 14:11:41.855601 np0000005015 nova-scheduler[93578]: DEBUG oslo.service.backend._threading.loopingcall [-] Fixed interval looping call 'nova.servicegroup.drivers.db.DbDriver._report_state' sleeping for 119.99 seconds {{(pid=93578) _run_loop /opt/stack/data/venv/lib/python3.12/site-packages/oslo_service/backend/_threading/loopingcall.py:125}}
Jul 10 14:11:45.226194 np0000005015 nova-scheduler[92373]: DEBUG dbcounter [-] [92373] Writing DB stats nova_api:SELECT=3 {{(pid=92373) stat_writer /opt/stack/data/venv/lib/python3.12/site-packages/dbcounter.py:115}}
Jul 10 14:11:45.379292 np0000005015 nova-scheduler[92373]: DEBUG dbcounter [-] [92373] Writing DB stats nova_cell1:SELECT=1 {{(pid=92373) stat_writer /opt/stack/data/venv/lib/python3.12/site-packages/dbcounter.py:115}}
Jul 10 14:11:45.389091 np0000005015 nova-scheduler[92373]: DEBUG dbcounter [-] [92373] Writing DB stats nova_cell0:SELECT=1 {{(pid=92373) stat_writer /opt/stack/data/venv/lib/python3.12/site-packages/dbcounter.py:115}}
Jul 10 14:11:49.835090 np0000005015 nova-scheduler[93574]: DEBUG oslo.service.backend._threading.loopingcall [None req-519010f7-908a-4302-b4d9-682215e62580 None None] Dynamic interval looping call 'nova.service.Service.periodic_tasks' sleeping for 60.00 seconds {{(pid=93574) _run_loop /opt/stack/data/venv/lib/python3.12/site-packages/oslo_service/backend/_threading/loopingcall.py:125}}
Jul 10 14:11:51.846175 np0000005015 nova-scheduler[93574]: DEBUG dbcounter [-] [93574] Writing DB stats nova_cell0:SELECT=4,nova_cell0:INSERT=1,nova_cell0:UPDATE=1 {{(pid=93574) stat_writer /opt/stack/data/venv/lib/python3.12/site-packages/dbcounter.py:115}}
Jul 10 14:11:51.851943 np0000005015 nova-scheduler[93576]: DEBUG dbcounter [-] [93576] Writing DB stats nova_cell0:SELECT=5,nova_cell0:INSERT=1 {{(pid=93576) stat_writer /opt/stack/data/venv/lib/python3.12/site-packages/dbcounter.py:115}}
Jul 10 14:11:51.852778 np0000005015 nova-scheduler[93578]: DEBUG dbcounter [-] [93578] Writing DB stats nova_cell0:SELECT=3 {{(pid=93578) stat_writer /opt/stack/data/venv/lib/python3.12/site-packages/dbcounter.py:115}}
Jul 10 14:12:31.846101 np0000005015 nova-scheduler[93578]: DEBUG oslo.service.backend._threading.loopingcall [None req-cc6e3d34-b0c2-4816-bea4-6e0fa8d2775e None None] Dynamic interval looping call 'nova.service.Service.periodic_tasks' sleeping for 60.00 seconds {{(pid=93578) _run_loop /opt/stack/data/venv/lib/python3.12/site-packages/oslo_service/backend/_threading/loopingcall.py:125}}
Jul 10 14:12:37.848156 np0000005015 nova-scheduler[93576]: DEBUG oslo.service.backend._threading.loopingcall [None req-ad461044-b9a3-445d-93e1-56508a261250 None None] Dynamic interval looping call 'nova.service.Service.periodic_tasks' sleeping for 60.00 seconds {{(pid=93576) _run_loop /opt/stack/data/venv/lib/python3.12/site-packages/oslo_service/backend/_threading/loopingcall.py:125}}
Jul 10 14:12:49.835834 np0000005015 nova-scheduler[93574]: DEBUG oslo.service.backend._threading.loopingcall [None req-519010f7-908a-4302-b4d9-682215e62580 None None] Dynamic interval looping call 'nova.service.Service.periodic_tasks' sleeping for 60.00 seconds {{(pid=93574) _run_loop /opt/stack/data/venv/lib/python3.12/site-packages/oslo_service/backend/_threading/loopingcall.py:125}}
Jul 10 14:13:31.846924 np0000005015 nova-scheduler[93578]: DEBUG oslo.service.backend._threading.loopingcall [None req-cc6e3d34-b0c2-4816-bea4-6e0fa8d2775e None None] Dynamic interval looping call 'nova.service.Service.periodic_tasks' sleeping for 60.00 seconds {{(pid=93578) _run_loop /opt/stack/data/venv/lib/python3.12/site-packages/oslo_service/backend/_threading/loopingcall.py:125}}
Jul 10 14:13:37.848231 np0000005015 nova-scheduler[93576]: DEBUG oslo.service.backend._threading.loopingcall [None req-ad461044-b9a3-445d-93e1-56508a261250 None None] Dynamic interval looping call 'nova.service.Service.periodic_tasks' sleeping for 60.00 seconds {{(pid=93576) _run_loop /opt/stack/data/venv/lib/python3.12/site-packages/oslo_service/backend/_threading/loopingcall.py:125}}
Jul 10 14:13:41.842225 np0000005015 nova-scheduler[93574]: DEBUG oslo.service.backend._threading.loopingcall [-] Fixed interval looping call 'nova.servicegroup.drivers.db.DbDriver._report_state' sleeping for 119.99 seconds {{(pid=93574) _run_loop /opt/stack/data/venv/lib/python3.12/site-packages/oslo_service/backend/_threading/loopingcall.py:125}}
Jul 10 14:13:41.847932 np0000005015 nova-scheduler[93576]: DEBUG oslo.service.backend._threading.loopingcall [-] Fixed interval looping call 'nova.servicegroup.drivers.db.DbDriver._report_state' sleeping for 120.00 seconds {{(pid=93576) _run_loop /opt/stack/data/venv/lib/python3.12/site-packages/oslo_service/backend/_threading/loopingcall.py:125}}
Jul 10 14:13:41.849970 np0000005015 nova-scheduler[93578]: DEBUG oslo.service.backend._threading.loopingcall [-] Fixed interval looping call 'nova.servicegroup.drivers.db.DbDriver._report_state' sleeping for 120.00 seconds {{(pid=93578) _run_loop /opt/stack/data/venv/lib/python3.12/site-packages/oslo_service/backend/_threading/loopingcall.py:125}}
Jul 10 14:13:49.836363 np0000005015 nova-scheduler[93574]: DEBUG oslo.service.backend._threading.loopingcall [None req-519010f7-908a-4302-b4d9-682215e62580 None None] Dynamic interval looping call 'nova.service.Service.periodic_tasks' sleeping for 60.00 seconds {{(pid=93574) _run_loop /opt/stack/data/venv/lib/python3.12/site-packages/oslo_service/backend/_threading/loopingcall.py:125}}
Jul 10 14:13:51.836819 np0000005015 nova-scheduler[93574]: DEBUG dbcounter [-] [93574] Writing DB stats nova_cell0:SELECT=1,nova_cell0:UPDATE=1 {{(pid=93574) stat_writer /opt/stack/data/venv/lib/python3.12/site-packages/dbcounter.py:115}}
Jul 10 14:13:51.845693 np0000005015 nova-scheduler[93576]: DEBUG dbcounter [-] [93576] Writing DB stats nova_cell0:SELECT=1 {{(pid=93576) stat_writer /opt/stack/data/venv/lib/python3.12/site-packages/dbcounter.py:115}}
Jul 10 14:13:51.847984 np0000005015 nova-scheduler[93578]: DEBUG dbcounter [-] [93578] Writing DB stats nova_cell0:SELECT=1 {{(pid=93578) stat_writer /opt/stack/data/venv/lib/python3.12/site-packages/dbcounter.py:115}}
Jul 10 14:14:30.415611 np0000005015 nova-scheduler[93574]: DEBUG nova.scheduler.manager [None req-e6ac0937-ddfe-4a33-84bd-c30c34234706 tempest-DeleteServersTestJSON-728764482 tempest-DeleteServersTestJSON-728764482-project-member] Starting to schedule for instances: ['8c7a3ee8-eb22-49f9-8a86-ffb910fdde0e'] {{(pid=93574) select_destinations /opt/stack/nova/nova/scheduler/manager.py:209}}
Jul 10 14:14:30.415611 np0000005015 nova-scheduler[93574]: DEBUG nova.scheduler.request_filter [None req-e6ac0937-ddfe-4a33-84bd-c30c34234706 tempest-DeleteServersTestJSON-728764482 tempest-DeleteServersTestJSON-728764482-project-member] compute_status_filter request filter added forbidden trait COMPUTE_STATUS_DISABLED {{(pid=93574) compute_status_filter /opt/stack/nova/nova/scheduler/request_filter.py:253}}
Jul 10 14:14:30.415611 np0000005015 nova-scheduler[93574]: DEBUG nova.scheduler.request_filter [None req-e6ac0937-ddfe-4a33-84bd-c30c34234706 tempest-DeleteServersTestJSON-728764482 tempest-DeleteServersTestJSON-728764482-project-member] Request filter 'compute_status_filter' took 0.0 seconds {{(pid=93574) wrapper /opt/stack/nova/nova/scheduler/request_filter.py:46}}
Jul 10 14:14:30.415611 np0000005015 nova-scheduler[93574]: DEBUG nova.scheduler.request_filter [None req-e6ac0937-ddfe-4a33-84bd-c30c34234706 tempest-DeleteServersTestJSON-728764482 tempest-DeleteServersTestJSON-728764482-project-member] Request filter 'accelerators_filter' took 0.0 seconds {{(pid=93574) wrapper /opt/stack/nova/nova/scheduler/request_filter.py:46}}
Jul 10 14:14:30.416681 np0000005015 nova-scheduler[93574]: DEBUG nova.scheduler.request_filter [None req-e6ac0937-ddfe-4a33-84bd-c30c34234706 tempest-DeleteServersTestJSON-728764482 tempest-DeleteServersTestJSON-728764482-project-member] Request filter 'packed_virtqueue_filter' took 0.0 seconds {{(pid=93574) wrapper /opt/stack/nova/nova/scheduler/request_filter.py:46}}
Jul 10 14:14:30.417455 np0000005015 nova-scheduler[93574]: DEBUG nova.scheduler.request_filter [None req-e6ac0937-ddfe-4a33-84bd-c30c34234706 tempest-DeleteServersTestJSON-728764482 tempest-DeleteServersTestJSON-728764482-project-member] Request filter 'remote_managed_ports_filter' took 0.0 seconds {{(pid=93574) wrapper /opt/stack/nova/nova/scheduler/request_filter.py:46}}
Jul 10 14:14:30.417726 np0000005015 nova-scheduler[93574]: DEBUG nova.scheduler.request_filter [None req-e6ac0937-ddfe-4a33-84bd-c30c34234706 tempest-DeleteServersTestJSON-728764482 tempest-DeleteServersTestJSON-728764482-project-member] ephemeral_encryption_filter skipped {{(pid=93574) ephemeral_encryption_filter /opt/stack/nova/nova/scheduler/request_filter.py:426}}
Jul 10 14:14:30.417943 np0000005015 nova-scheduler[93574]: DEBUG nova.scheduler.request_filter [None req-e6ac0937-ddfe-4a33-84bd-c30c34234706 tempest-DeleteServersTestJSON-728764482 tempest-DeleteServersTestJSON-728764482-project-member] virtio_sound_filter skipped {{(pid=93574) virtio_sound_filter /opt/stack/nova/nova/scheduler/request_filter.py:460}}
Jul 10 14:14:30.418908 np0000005015 nova-scheduler[93574]: DEBUG nova.scheduler.request_filter [None req-e6ac0937-ddfe-4a33-84bd-c30c34234706 tempest-DeleteServersTestJSON-728764482 tempest-DeleteServersTestJSON-728764482-project-member] tpm_secret_security_filter skipped {{(pid=93574) tpm_secret_security_filter /opt/stack/nova/nova/scheduler/request_filter.py:477}}
Jul 10 14:14:31.259476 np0000005015 nova-scheduler[93574]: INFO nova.utils [None req-e6ac0937-ddfe-4a33-84bd-c30c34234706 tempest-DeleteServersTestJSON-728764482 tempest-DeleteServersTestJSON-728764482-project-member] The cell worker thread pool ForkProcess-1.cell_worker is initialized
Jul 10 14:14:31.260151 np0000005015 nova-scheduler[93574]: DEBUG oslo_concurrency.lockutils [None req-e6ac0937-ddfe-4a33-84bd-c30c34234706 tempest-DeleteServersTestJSON-728764482 tempest-DeleteServersTestJSON-728764482-project-member] Acquiring lock "0f5765c3-0330-4aae-9805-a938520c051c" by "nova.context.set_target_cell..get_or_set_cached_cell_and_set_connections" {{(pid=93574) inner /opt/stack/data/venv/lib/python3.12/site-packages/oslo_concurrency/lockutils.py:511}}
Jul 10 14:14:31.260831 np0000005015 nova-scheduler[93574]: DEBUG oslo_concurrency.lockutils [None req-e6ac0937-ddfe-4a33-84bd-c30c34234706 tempest-DeleteServersTestJSON-728764482 tempest-DeleteServersTestJSON-728764482-project-member] Lock "0f5765c3-0330-4aae-9805-a938520c051c" acquired by "nova.context.set_target_cell..get_or_set_cached_cell_and_set_connections" :: waited 0.000s {{(pid=93574) inner /opt/stack/data/venv/lib/python3.12/site-packages/oslo_concurrency/lockutils.py:524}}
Jul 10 14:14:31.262335 np0000005015 nova-scheduler[93574]: DEBUG oslo_concurrency.lockutils [None req-e6ac0937-ddfe-4a33-84bd-c30c34234706 tempest-DeleteServersTestJSON-728764482 tempest-DeleteServersTestJSON-728764482-project-member] Lock "0f5765c3-0330-4aae-9805-a938520c051c" "released" by "nova.context.set_target_cell..get_or_set_cached_cell_and_set_connections" :: held 0.002s {{(pid=93574) inner /opt/stack/data/venv/lib/python3.12/site-packages/oslo_concurrency/lockutils.py:543}}
Jul 10 14:14:31.264472 np0000005015 nova-scheduler[93574]: INFO dbcounter [None req-e6ac0937-ddfe-4a33-84bd-c30c34234706 tempest-DeleteServersTestJSON-728764482 tempest-DeleteServersTestJSON-728764482-project-member] Registered counter for database nova_cell1
Jul 10 14:14:31.316313 np0000005015 nova-scheduler[93574]: DEBUG oslo_db.sqlalchemy.engines [None req-e6ac0937-ddfe-4a33-84bd-c30c34234706 tempest-DeleteServersTestJSON-728764482 tempest-DeleteServersTestJSON-728764482-project-member] MySQL server mode set to STRICT_TRANS_TABLES,STRICT_ALL_TABLES,NO_ZERO_IN_DATE,NO_ZERO_DATE,ERROR_FOR_DIVISION_BY_ZERO,TRADITIONAL,NO_ENGINE_SUBSTITUTION {{(pid=93574) _check_effective_sql_mode /opt/stack/data/venv/lib/python3.12/site-packages/oslo_db/sqlalchemy/engines.py:325}}
Jul 10 14:14:31.325090 np0000005015 nova-scheduler[93574]: DEBUG dbcounter [-] [93574] Writer thread running {{(pid=93574) stat_writer /opt/stack/data/venv/lib/python3.12/site-packages/dbcounter.py:102}}
Jul 10 14:14:31.344585 np0000005015 nova-scheduler[93574]: DEBUG oslo_db.sqlalchemy.engines [None req-e6ac0937-ddfe-4a33-84bd-c30c34234706 tempest-DeleteServersTestJSON-728764482 tempest-DeleteServersTestJSON-728764482-project-member] Parent process 92373 forked (93574) with an open database connection, which is being discarded and recreated. {{(pid=93574) checkout /opt/stack/data/venv/lib/python3.12/site-packages/oslo_db/sqlalchemy/engines.py:402}}
Jul 10 14:14:31.386327 np0000005015 nova-scheduler[93574]: DEBUG dbcounter [-] [93574] Writer thread running {{(pid=93574) stat_writer /opt/stack/data/venv/lib/python3.12/site-packages/dbcounter.py:102}}
Jul 10 14:14:31.389751 np0000005015 nova-scheduler[93574]: DEBUG oslo_concurrency.lockutils [None req-e6ac0937-ddfe-4a33-84bd-c30c34234706 tempest-DeleteServersTestJSON-728764482 tempest-DeleteServersTestJSON-728764482-project-member] Acquiring lock "0f5765c3-0330-4aae-9805-a938520c051c" by "nova.context.set_target_cell..get_or_set_cached_cell_and_set_connections" {{(pid=93574) inner /opt/stack/data/venv/lib/python3.12/site-packages/oslo_concurrency/lockutils.py:511}}
Jul 10 14:14:31.389971 np0000005015 nova-scheduler[93574]: DEBUG oslo_concurrency.lockutils [None req-e6ac0937-ddfe-4a33-84bd-c30c34234706 tempest-DeleteServersTestJSON-728764482 tempest-DeleteServersTestJSON-728764482-project-member] Lock "0f5765c3-0330-4aae-9805-a938520c051c" acquired by "nova.context.set_target_cell..get_or_set_cached_cell_and_set_connections" :: waited 0.000s {{(pid=93574) inner /opt/stack/data/venv/lib/python3.12/site-packages/oslo_concurrency/lockutils.py:524}}
Jul 10 14:14:31.390152 np0000005015 nova-scheduler[93574]: DEBUG oslo_concurrency.lockutils [None req-e6ac0937-ddfe-4a33-84bd-c30c34234706 tempest-DeleteServersTestJSON-728764482 tempest-DeleteServersTestJSON-728764482-project-member] Lock "0f5765c3-0330-4aae-9805-a938520c051c" "released" by "nova.context.set_target_cell..get_or_set_cached_cell_and_set_connections" :: held 0.000s {{(pid=93574) inner /opt/stack/data/venv/lib/python3.12/site-packages/oslo_concurrency/lockutils.py:543}}
Jul 10 14:14:31.393967 np0000005015 nova-scheduler[93574]: DEBUG oslo_concurrency.lockutils [None req-e6ac0937-ddfe-4a33-84bd-c30c34234706 tempest-DeleteServersTestJSON-728764482 tempest-DeleteServersTestJSON-728764482-project-member] Acquiring lock "np0000005015-np0000005015" by "nova.scheduler.host_manager.HostState.update.._locked_update" {{(pid=93574) inner /opt/stack/data/venv/lib/python3.12/site-packages/oslo_concurrency/lockutils.py:511}}
Jul 10 14:14:31.394173 np0000005015 nova-scheduler[93574]: DEBUG oslo_concurrency.lockutils [None req-e6ac0937-ddfe-4a33-84bd-c30c34234706 tempest-DeleteServersTestJSON-728764482 tempest-DeleteServersTestJSON-728764482-project-member] Lock "np0000005015-np0000005015" acquired by "nova.scheduler.host_manager.HostState.update.._locked_update" :: waited 0.000s {{(pid=93574) inner /opt/stack/data/venv/lib/python3.12/site-packages/oslo_concurrency/lockutils.py:524}}
Jul 10 14:14:31.396295 np0000005015 nova-scheduler[93574]: DEBUG nova.scheduler.host_manager [None req-e6ac0937-ddfe-4a33-84bd-c30c34234706 tempest-DeleteServersTestJSON-728764482 tempest-DeleteServersTestJSON-728764482-project-member] Update host state from compute node: ComputeNode(cpu_allocation_ratio=4.0,cpu_info='{"arch": "x86_64", "model": "EPYC-Milan", "vendor": "AMD", "topology": {"cells": 1, "sockets": 16, "cores": 1, "threads": 1}, "maxphysaddr": {"mode": "emulate", "bits": 40}, "features": ["pause-filter", "sep", "ssbd", "sse2", "fxsr", "bmi1", "vme", "rdrand", "adx", "wbnoinvd", "lahf_lm", "rdpid", "nrip-save", "mmx", "pclmuldq", "avx2", "invpcid", "sse4a", "spec-ctrl", "v-vmsave-vmload", "pku", "popcnt", "null-sel-clr-base", "rdctl-no", "fpu", "fxsr_opt", "sse4.1", "pcid", "tsc-scale", "sse4.2", "stibp-always-on", "arch-capabilities", "rdseed", "xsaves", "topoext", "pfthreshold", "syscall", "npt", "ibrs", "virt-ssbd", "cmp_legacy", "mce", "clflush", "arat", "mca", "movbe", "vaes", "pse36", "msr", "no-nested-data-bp", "aes", "mds-no", "xsaveopt", "pschange-mc-no", "xgetbv1", "mtrr", "nx", "lfence-always-serializing", "vgif", "hypervisor", "3dnowprefetch", "xsaveerptr", "stibp", "perfctr_core", "abm", "osvw", "lm", "smap", "skip-l1dfl-vmentry", "de", "cx16", "smep", "gds-no", "ssse3", "tsc", "lbrv", "sha-ni", "fsgsbase", "cr8legacy", "x2apic", "misalignsse", "amd-stibp", "pat", "xsavec", "svme-addr-chk", "clwb", "bmi2", "pae", "sse", "svm", "apic", "pse", "umip", "tsc-deadline", "pni", "tsc_adjust", "vmcb-clean", "fsrm", "erms", "clzero", "cx8", "rdtscp", "vpclmulqdq", "mmxext", "pdpe1gb", "clflushopt", "f16c", "amd-ssbd", "cmov", "ibpb", "flushbyasid", "amd-psfd", "avx", "xsave", "fma", "pge"]}',created_at=2026-07-10T14:12:06Z,current_workload=0,deleted=False,deleted_at=None,disk_allocation_ratio=1.0,disk_available_least=73,free_disk_gb=95,free_ram_mb=62765,host='np0000005015',host_ip=10.4.3.114,hypervisor_hostname='np0000005015',hypervisor_type='QEMU',hypervisor_version=8002002,id=1,local_gb=95,local_gb_used=0,mapped=1,memory_mb=63277,memory_mb_used=512,metrics='[]',numa_topology='{"nova_object.name": "NUMATopology", "nova_object.namespace": "nova", "nova_object.version": "1.2", "nova_object.data": {"cells": [{"nova_object.name": "NUMACell", "nova_object.namespace": "nova", "nova_object.version": "1.5", "nova_object.data": {"id": 0, "cpuset": [0, 1, 2, 3, 4, 5, 6, 7, 8, 9, 10, 11, 12, 13, 14, 15], "pcpuset": [0, 1, 2, 3, 4, 5, 6, 7, 8, 9, 10, 11, 12, 13, 14, 15], "memory": 63277, "cpu_usage": 0, "memory_usage": 0, "pinned_cpus": [], "siblings": [[6], [12], [2], [15], [5], [11], [8], [14], [4], [1], [7], [10], [0], [13], [3], [9]], "mempages": [{"nova_object.name": "NUMAPagesTopology", "nova_object.namespace": "nova", "nova_object.version": "1.1", "nova_object.data": {"size_kb": 4, "total": 16177926, "used": 0, "reserved": 0}, "nova_object.changes": ["used", "size_kb", "total", "reserved"]}, {"nova_object.name": "NUMAPagesTopology", "nova_object.namespace": "nova", "nova_object.version": "1.1", "nova_object.data": {"size_kb": 2048, "total": 41, "used": 0, "reserved": 0}, "nova_object.changes": ["used", "size_kb", "total", "reserved"]}, {"nova_object.name": "NUMAPagesTopology", "nova_object.namespace": "nova", "nova_object.version": "1.1", "nova_object.data": {"size_kb": 1048576, "total": 0, "used": 0, "reserved": 0}, "nova_object.changes": ["used", "size_kb", "total", "reserved"]}], "network_metadata": {"nova_object.name": "NetworkMetadata", "nova_object.namespace": "nova", "nova_object.version": "1.0", "nova_object.data": {"physnets": [], "tunneled": false}, "nova_object.changes": ["physnets", "tunneled"]}, "socket": null}, "nova_object.changes": ["siblings", "pcpuset", "memory", "id", "socket", "pinned_cpus", "cpuset", "network_metadata", "memory_usage", "mempages", "cpu_usage"]}]}, "nova_object.changes": ["cells"]}',pci_device_pools=PciDevicePoolList,ram_allocation_ratio=1.0,running_vms=0,service_id=2,stats={failed_builds='0',uptime=' 14:13:49 up 15 min, 2 users, load average: 1.12, 1.33, 0.82
Jul 10 14:14:31.396295 np0000005015 nova-scheduler[93574]: '},supported_hv_specs=[HVSpec,HVSpec,HVSpec,HVSpec,HVSpec,HVSpec,HVSpec,HVSpec,HVSpec,HVSpec,HVSpec,HVSpec,HVSpec,HVSpec,HVSpec,HVSpec,HVSpec,HVSpec,HVSpec,HVSpec,HVSpec,HVSpec,HVSpec,HVSpec,HVSpec],updated_at=2026-07-10T14:13:51Z,uuid=c3130a8e-a874-4b3f-b458-88574e6e3cb3,vcpus=16,vcpus_used=0) {{(pid=93574) _locked_update /opt/stack/nova/nova/scheduler/host_manager.py:168}}
Jul 10 14:14:31.396551 np0000005015 nova-scheduler[93574]: DEBUG nova.scheduler.host_manager [None req-e6ac0937-ddfe-4a33-84bd-c30c34234706 tempest-DeleteServersTestJSON-728764482 tempest-DeleteServersTestJSON-728764482-project-member] Update host state with aggregates: [] {{(pid=93574) _locked_update /opt/stack/nova/nova/scheduler/host_manager.py:171}}
Jul 10 14:14:31.396551 np0000005015 nova-scheduler[93574]: DEBUG nova.scheduler.host_manager [None req-e6ac0937-ddfe-4a33-84bd-c30c34234706 tempest-DeleteServersTestJSON-728764482 tempest-DeleteServersTestJSON-728764482-project-member] Update host state with service dict: {'id': 2, 'uuid': '88ba0632-5bae-405a-af5c-ac434116a9e3', 'host': 'np0000005015', 'binary': 'nova-compute', 'topic': 'compute', 'report_count': 2, 'disabled': False, 'disabled_reason': None, 'last_seen_up': datetime.datetime(2026, 7, 10, 14, 14, 15, tzinfo=datetime.timezone.utc), 'forced_down': False, 'version': 72, 'created_at': datetime.datetime(2026, 7, 10, 14, 12, 4, tzinfo=datetime.timezone.utc), 'updated_at': datetime.datetime(2026, 7, 10, 14, 14, 15, tzinfo=datetime.timezone.utc), 'deleted_at': None, 'deleted': False} {{(pid=93574) _locked_update /opt/stack/nova/nova/scheduler/host_manager.py:174}}
Jul 10 14:14:31.396662 np0000005015 nova-scheduler[93574]: DEBUG nova.scheduler.host_manager [None req-e6ac0937-ddfe-4a33-84bd-c30c34234706 tempest-DeleteServersTestJSON-728764482 tempest-DeleteServersTestJSON-728764482-project-member] Update host state with instances: [] {{(pid=93574) _locked_update /opt/stack/nova/nova/scheduler/host_manager.py:177}}
Jul 10 14:14:31.396771 np0000005015 nova-scheduler[93574]: DEBUG oslo_concurrency.lockutils [None req-e6ac0937-ddfe-4a33-84bd-c30c34234706 tempest-DeleteServersTestJSON-728764482 tempest-DeleteServersTestJSON-728764482-project-member] Lock "np0000005015-np0000005015" "released" by "nova.scheduler.host_manager.HostState.update.._locked_update" :: held 0.003s {{(pid=93574) inner /opt/stack/data/venv/lib/python3.12/site-packages/oslo_concurrency/lockutils.py:543}}
Jul 10 14:14:31.397222 np0000005015 nova-scheduler[93574]: DEBUG nova.filters [None req-e6ac0937-ddfe-4a33-84bd-c30c34234706 tempest-DeleteServersTestJSON-728764482 tempest-DeleteServersTestJSON-728764482-project-member] Starting with 1 host(s) {{(pid=93574) get_filtered_objects /opt/stack/nova/nova/filters.py:70}}
Jul 10 14:14:31.397424 np0000005015 nova-scheduler[93574]: DEBUG nova.filters [None req-e6ac0937-ddfe-4a33-84bd-c30c34234706 tempest-DeleteServersTestJSON-728764482 tempest-DeleteServersTestJSON-728764482-project-member] Filter ComputeFilter returned 1 host(s) {{(pid=93574) get_filtered_objects /opt/stack/nova/nova/filters.py:102}}
Jul 10 14:14:31.397593 np0000005015 nova-scheduler[93574]: DEBUG nova.filters [None req-e6ac0937-ddfe-4a33-84bd-c30c34234706 tempest-DeleteServersTestJSON-728764482 tempest-DeleteServersTestJSON-728764482-project-member] Filter ComputeCapabilitiesFilter returned 1 host(s) {{(pid=93574) get_filtered_objects /opt/stack/nova/nova/filters.py:102}}
Jul 10 14:14:31.397782 np0000005015 nova-scheduler[93574]: DEBUG nova.filters [None req-e6ac0937-ddfe-4a33-84bd-c30c34234706 tempest-DeleteServersTestJSON-728764482 tempest-DeleteServersTestJSON-728764482-project-member] Filter ImagePropertiesFilter returned 1 host(s) {{(pid=93574) get_filtered_objects /opt/stack/nova/nova/filters.py:102}}
Jul 10 14:14:31.397939 np0000005015 nova-scheduler[93574]: DEBUG nova.filters [None req-e6ac0937-ddfe-4a33-84bd-c30c34234706 tempest-DeleteServersTestJSON-728764482 tempest-DeleteServersTestJSON-728764482-project-member] Filter ServerGroupAntiAffinityFilter returned 1 host(s) {{(pid=93574) get_filtered_objects /opt/stack/nova/nova/filters.py:102}}
Jul 10 14:14:31.398033 np0000005015 nova-scheduler[93574]: DEBUG nova.filters [None req-e6ac0937-ddfe-4a33-84bd-c30c34234706 tempest-DeleteServersTestJSON-728764482 tempest-DeleteServersTestJSON-728764482-project-member] Filter ServerGroupAffinityFilter returned 1 host(s) {{(pid=93574) get_filtered_objects /opt/stack/nova/nova/filters.py:102}}
Jul 10 14:14:31.398207 np0000005015 nova-scheduler[93574]: DEBUG nova.filters [None req-e6ac0937-ddfe-4a33-84bd-c30c34234706 tempest-DeleteServersTestJSON-728764482 tempest-DeleteServersTestJSON-728764482-project-member] Filter SameHostFilter returned 1 host(s) {{(pid=93574) get_filtered_objects /opt/stack/nova/nova/filters.py:102}}
Jul 10 14:14:31.398313 np0000005015 nova-scheduler[93574]: DEBUG nova.filters [None req-e6ac0937-ddfe-4a33-84bd-c30c34234706 tempest-DeleteServersTestJSON-728764482 tempest-DeleteServersTestJSON-728764482-project-member] Filter DifferentHostFilter returned 1 host(s) {{(pid=93574) get_filtered_objects /opt/stack/nova/nova/filters.py:102}}
Jul 10 14:14:31.398440 np0000005015 nova-scheduler[93574]: DEBUG nova.scheduler.manager [None req-e6ac0937-ddfe-4a33-84bd-c30c34234706 tempest-DeleteServersTestJSON-728764482 tempest-DeleteServersTestJSON-728764482-project-member] Filtered [(np0000005015, np0000005015) ram: 62765MB disk: 74752MB io_ops: 0 instances: 0, allocation_candidates: 1] {{(pid=93574) _get_sorted_hosts /opt/stack/nova/nova/scheduler/manager.py:742}}
Jul 10 14:14:31.398642 np0000005015 nova-scheduler[93574]: DEBUG nova.scheduler.manager [None req-e6ac0937-ddfe-4a33-84bd-c30c34234706 tempest-DeleteServersTestJSON-728764482 tempest-DeleteServersTestJSON-728764482-project-member] Weighed [WeighedHost [host: (np0000005015, np0000005015) ram: 62765MB disk: 74752MB io_ops: 0 instances: 0, allocation_candidates: 1, weight: 0.0]] {{(pid=93574) _get_sorted_hosts /opt/stack/nova/nova/scheduler/manager.py:764}}
Jul 10 14:14:31.398840 np0000005015 nova-scheduler[93574]: DEBUG nova.scheduler.utils [None req-e6ac0937-ddfe-4a33-84bd-c30c34234706 tempest-DeleteServersTestJSON-728764482 tempest-DeleteServersTestJSON-728764482-project-member] Attempting to claim resources in the placement API for instance 8c7a3ee8-eb22-49f9-8a86-ffb910fdde0e {{(pid=93574) claim_resources /opt/stack/nova/nova/scheduler/utils.py:1345}}
Jul 10 14:14:31.596170 np0000005015 nova-scheduler[93574]: DEBUG nova.scheduler.manager [None req-e6ac0937-ddfe-4a33-84bd-c30c34234706 tempest-DeleteServersTestJSON-728764482 tempest-DeleteServersTestJSON-728764482-project-member] [instance: 8c7a3ee8-eb22-49f9-8a86-ffb910fdde0e] Selected host: (np0000005015, np0000005015) ram: 62765MB disk: 74752MB io_ops: 0 instances: 0, allocation_candidates: 1 {{(pid=93574) _consume_selected_host /opt/stack/nova/nova/scheduler/manager.py:624}}
Jul 10 14:14:31.597238 np0000005015 nova-scheduler[93574]: DEBUG oslo_concurrency.lockutils [None req-e6ac0937-ddfe-4a33-84bd-c30c34234706 tempest-DeleteServersTestJSON-728764482 tempest-DeleteServersTestJSON-728764482-project-member] Acquiring lock "np0000005015-np0000005015" by "nova.scheduler.host_manager.HostState.consume_from_request.._locked" {{(pid=93574) inner /opt/stack/data/venv/lib/python3.12/site-packages/oslo_concurrency/lockutils.py:511}}
Jul 10 14:14:31.597238 np0000005015 nova-scheduler[93574]: DEBUG oslo_concurrency.lockutils [None req-e6ac0937-ddfe-4a33-84bd-c30c34234706 tempest-DeleteServersTestJSON-728764482 tempest-DeleteServersTestJSON-728764482-project-member] Lock "np0000005015-np0000005015" acquired by "nova.scheduler.host_manager.HostState.consume_from_request.._locked" :: waited 0.000s {{(pid=93574) inner /opt/stack/data/venv/lib/python3.12/site-packages/oslo_concurrency/lockutils.py:524}}
Jul 10 14:14:31.597238 np0000005015 nova-scheduler[93574]: DEBUG oslo_concurrency.lockutils [None req-e6ac0937-ddfe-4a33-84bd-c30c34234706 tempest-DeleteServersTestJSON-728764482 tempest-DeleteServersTestJSON-728764482-project-member] Lock "np0000005015-np0000005015" "released" by "nova.scheduler.host_manager.HostState.consume_from_request.._locked" :: held 0.000s {{(pid=93574) inner /opt/stack/data/venv/lib/python3.12/site-packages/oslo_concurrency/lockutils.py:543}}
Jul 10 14:14:31.847386 np0000005015 nova-scheduler[93578]: DEBUG oslo.service.backend._threading.loopingcall [None req-cc6e3d34-b0c2-4816-bea4-6e0fa8d2775e None None] Dynamic interval looping call 'nova.service.Service.periodic_tasks' sleeping for 60.00 seconds {{(pid=93578) _run_loop /opt/stack/data/venv/lib/python3.12/site-packages/oslo_service/backend/_threading/loopingcall.py:125}}
Jul 10 14:14:37.848688 np0000005015 nova-scheduler[93576]: DEBUG oslo.service.backend._threading.loopingcall [None req-ad461044-b9a3-445d-93e1-56508a261250 None None] Dynamic interval looping call 'nova.service.Service.periodic_tasks' sleeping for 60.00 seconds {{(pid=93576) _run_loop /opt/stack/data/venv/lib/python3.12/site-packages/oslo_service/backend/_threading/loopingcall.py:125}}
Jul 10 14:14:39.066883 np0000005015 nova-scheduler[93576]: DEBUG nova.scheduler.manager [None req-c3a2ac2b-d2ed-4e17-8e41-afcbf1fe91d1 tempest-ServerActionsTestOtherB-744709428 tempest-ServerActionsTestOtherB-744709428-project-member] Starting to schedule for instances: ['3bee0af1-2bea-48d4-bd6d-023456a0848d'] {{(pid=93576) select_destinations /opt/stack/nova/nova/scheduler/manager.py:209}}
Jul 10 14:14:39.067651 np0000005015 nova-scheduler[93576]: DEBUG nova.scheduler.request_filter [None req-c3a2ac2b-d2ed-4e17-8e41-afcbf1fe91d1 tempest-ServerActionsTestOtherB-744709428 tempest-ServerActionsTestOtherB-744709428-project-member] compute_status_filter request filter added forbidden trait COMPUTE_STATUS_DISABLED {{(pid=93576) compute_status_filter /opt/stack/nova/nova/scheduler/request_filter.py:253}}
Jul 10 14:14:39.067797 np0000005015 nova-scheduler[93576]: DEBUG nova.scheduler.request_filter [None req-c3a2ac2b-d2ed-4e17-8e41-afcbf1fe91d1 tempest-ServerActionsTestOtherB-744709428 tempest-ServerActionsTestOtherB-744709428-project-member] Request filter 'compute_status_filter' took 0.0 seconds {{(pid=93576) wrapper /opt/stack/nova/nova/scheduler/request_filter.py:46}}
Jul 10 14:14:39.068022 np0000005015 nova-scheduler[93576]: DEBUG nova.scheduler.request_filter [None req-c3a2ac2b-d2ed-4e17-8e41-afcbf1fe91d1 tempest-ServerActionsTestOtherB-744709428 tempest-ServerActionsTestOtherB-744709428-project-member] Request filter 'accelerators_filter' took 0.0 seconds {{(pid=93576) wrapper /opt/stack/nova/nova/scheduler/request_filter.py:46}}
Jul 10 14:14:39.068265 np0000005015 nova-scheduler[93576]: DEBUG nova.scheduler.request_filter [None req-c3a2ac2b-d2ed-4e17-8e41-afcbf1fe91d1 tempest-ServerActionsTestOtherB-744709428 tempest-ServerActionsTestOtherB-744709428-project-member] Request filter 'packed_virtqueue_filter' took 0.0 seconds {{(pid=93576) wrapper /opt/stack/nova/nova/scheduler/request_filter.py:46}}
Jul 10 14:14:39.068523 np0000005015 nova-scheduler[93576]: DEBUG nova.scheduler.request_filter [None req-c3a2ac2b-d2ed-4e17-8e41-afcbf1fe91d1 tempest-ServerActionsTestOtherB-744709428 tempest-ServerActionsTestOtherB-744709428-project-member] Request filter 'remote_managed_ports_filter' took 0.0 seconds {{(pid=93576) wrapper /opt/stack/nova/nova/scheduler/request_filter.py:46}}
Jul 10 14:14:39.068715 np0000005015 nova-scheduler[93576]: DEBUG nova.scheduler.request_filter [None req-c3a2ac2b-d2ed-4e17-8e41-afcbf1fe91d1 tempest-ServerActionsTestOtherB-744709428 tempest-ServerActionsTestOtherB-744709428-project-member] ephemeral_encryption_filter skipped {{(pid=93576) ephemeral_encryption_filter /opt/stack/nova/nova/scheduler/request_filter.py:426}}
Jul 10 14:14:39.068894 np0000005015 nova-scheduler[93576]: DEBUG nova.scheduler.request_filter [None req-c3a2ac2b-d2ed-4e17-8e41-afcbf1fe91d1 tempest-ServerActionsTestOtherB-744709428 tempest-ServerActionsTestOtherB-744709428-project-member] virtio_sound_filter skipped {{(pid=93576) virtio_sound_filter /opt/stack/nova/nova/scheduler/request_filter.py:460}}
Jul 10 14:14:39.069055 np0000005015 nova-scheduler[93576]: DEBUG nova.scheduler.request_filter [None req-c3a2ac2b-d2ed-4e17-8e41-afcbf1fe91d1 tempest-ServerActionsTestOtherB-744709428 tempest-ServerActionsTestOtherB-744709428-project-member] tpm_secret_security_filter skipped {{(pid=93576) tpm_secret_security_filter /opt/stack/nova/nova/scheduler/request_filter.py:477}}
Jul 10 14:14:39.188814 np0000005015 nova-scheduler[93576]: INFO nova.utils [None req-c3a2ac2b-d2ed-4e17-8e41-afcbf1fe91d1 tempest-ServerActionsTestOtherB-744709428 tempest-ServerActionsTestOtherB-744709428-project-member] The cell worker thread pool ForkProcess-2.cell_worker is initialized
Jul 10 14:14:39.189345 np0000005015 nova-scheduler[93576]: DEBUG oslo_concurrency.lockutils [None req-c3a2ac2b-d2ed-4e17-8e41-afcbf1fe91d1 tempest-ServerActionsTestOtherB-744709428 tempest-ServerActionsTestOtherB-744709428-project-member] Acquiring lock "0f5765c3-0330-4aae-9805-a938520c051c" by "nova.context.set_target_cell..get_or_set_cached_cell_and_set_connections" {{(pid=93576) inner /opt/stack/data/venv/lib/python3.12/site-packages/oslo_concurrency/lockutils.py:511}}
Jul 10 14:14:39.189662 np0000005015 nova-scheduler[93576]: DEBUG oslo_concurrency.lockutils [None req-c3a2ac2b-d2ed-4e17-8e41-afcbf1fe91d1 tempest-ServerActionsTestOtherB-744709428 tempest-ServerActionsTestOtherB-744709428-project-member] Lock "0f5765c3-0330-4aae-9805-a938520c051c" acquired by "nova.context.set_target_cell..get_or_set_cached_cell_and_set_connections" :: waited 0.000s {{(pid=93576) inner /opt/stack/data/venv/lib/python3.12/site-packages/oslo_concurrency/lockutils.py:524}}
Jul 10 14:14:39.191945 np0000005015 nova-scheduler[93576]: DEBUG oslo_concurrency.lockutils [None req-c3a2ac2b-d2ed-4e17-8e41-afcbf1fe91d1 tempest-ServerActionsTestOtherB-744709428 tempest-ServerActionsTestOtherB-744709428-project-member] Lock "0f5765c3-0330-4aae-9805-a938520c051c" "released" by "nova.context.set_target_cell..get_or_set_cached_cell_and_set_connections" :: held 0.002s {{(pid=93576) inner /opt/stack/data/venv/lib/python3.12/site-packages/oslo_concurrency/lockutils.py:543}}
