Jul 10 14:11:05.548239 np0000005015 devstack@neutron-api.service[87744]: DEBUG neutron.api.extensions [None req-6da1f2aa-046c-40d7-8ca5-9dc204b3bf68 None None] Extended resource: agents {{(pid=87744) __init__ /opt/stack/neutron/neutron/api/extensions.py:156}}
Jul 10 14:11:05.548740 np0000005015 devstack@neutron-api.service[87745]: DEBUG neutron.api.extensions [None req-cdb4f8aa-37a5-4a8e-9279-5591f7761fe1 None None] Extended resource: flavors {{(pid=87745) __init__ /opt/stack/neutron/neutron/api/extensions.py:156}}
Jul 10 14:11:05.549261 np0000005015 devstack@neutron-api.service[87744]: DEBUG neutron.api.extensions [None req-6da1f2aa-046c-40d7-8ca5-9dc204b3bf68 None None] Extended resource: auto-allocated-topology {{(pid=87744) __init__ /opt/stack/neutron/neutron/api/extensions.py:156}}
Jul 10 14:11:05.549784 np0000005015 devstack@neutron-api.service[87745]: DEBUG neutron.api.extensions [None req-cdb4f8aa-37a5-4a8e-9279-5591f7761fe1 None None] Extended resource: service_profiles {{(pid=87745) __init__ /opt/stack/neutron/neutron/api/extensions.py:156}}
Jul 10 14:11:05.550341 np0000005015 devstack@neutron-api.service[87744]: DEBUG neutron.api.extensions [None req-6da1f2aa-046c-40d7-8ca5-9dc204b3bf68 None None] Extended resource: availability_zones {{(pid=87744) __init__ /opt/stack/neutron/neutron/api/extensions.py:156}}
Jul 10 14:11:05.550341 np0000005015 devstack@neutron-api.service[87744]: DEBUG neutron.api.extensions [None req-6da1f2aa-046c-40d7-8ca5-9dc204b3bf68 None None] Extended resource: dhcp-networks {{(pid=87744) __init__ /opt/stack/neutron/neutron/api/extensions.py:156}}
Jul 10 14:11:05.550617 np0000005015 devstack@neutron-api.service[87745]: DEBUG neutron.api.extensions [None req-cdb4f8aa-37a5-4a8e-9279-5591f7761fe1 None None] Extended resource: next_providers {{(pid=87745) __init__ /opt/stack/neutron/neutron/api/extensions.py:156}}
Jul 10 14:11:05.550788 np0000005015 devstack@neutron-api.service[87744]: DEBUG neutron.api.extensions [None req-6da1f2aa-046c-40d7-8ca5-9dc204b3bf68 None None] Extended resource: dhcp-agents {{(pid=87744) __init__ /opt/stack/neutron/neutron/api/extensions.py:156}}
Jul 10 14:11:05.550908 np0000005015 devstack@neutron-api.service[87745]: DEBUG neutron.api.extensions [None req-cdb4f8aa-37a5-4a8e-9279-5591f7761fe1 None None] Extended resource: service_profiles {{(pid=87745) __init__ /opt/stack/neutron/neutron/api/extensions.py:156}}
Jul 10 14:11:05.551874 np0000005015 devstack@neutron-api.service[87744]: DEBUG neutron.api.extensions [None req-6da1f2aa-046c-40d7-8ca5-9dc204b3bf68 None None] Extended resource: routers {{(pid=87744) __init__ /opt/stack/neutron/neutron/api/extensions.py:156}}
Jul 10 14:11:05.552210 np0000005015 devstack@neutron-api.service[87745]: DEBUG neutron.api.extensions [None req-cdb4f8aa-37a5-4a8e-9279-5591f7761fe1 None None] Extended resource: floatingip-pools {{(pid=87745) __init__ /opt/stack/neutron/neutron/api/extensions.py:156}}
Jul 10 14:11:05.552558 np0000005015 devstack@neutron-api.service[87745]: DEBUG neutron.api.extensions [None req-cdb4f8aa-37a5-4a8e-9279-5591f7761fe1 None None] Extended resource: routers {{(pid=87745) __init__ /opt/stack/neutron/neutron/api/extensions.py:156}}
Jul 10 14:11:05.552758 np0000005015 devstack@neutron-api.service[87744]: DEBUG neutron.api.extensions [None req-6da1f2aa-046c-40d7-8ca5-9dc204b3bf68 None None] Extended resource: flavors {{(pid=87744) __init__ /opt/stack/neutron/neutron/api/extensions.py:156}}
Jul 10 14:11:05.553781 np0000005015 devstack@neutron-api.service[87745]: DEBUG neutron.api.extensions [None req-cdb4f8aa-37a5-4a8e-9279-5591f7761fe1 None None] Extended resource: floatingips {{(pid=87745) __init__ /opt/stack/neutron/neutron/api/extensions.py:156}}
Jul 10 14:11:05.554635 np0000005015 devstack@neutron-api.service[87745]: DEBUG neutron.api.extensions [None req-cdb4f8aa-37a5-4a8e-9279-5591f7761fe1 None None] Extended resource: l3-routers {{(pid=87745) __init__ /opt/stack/neutron/neutron/api/extensions.py:156}}
Jul 10 14:11:05.555074 np0000005015 devstack@neutron-api.service[87744]: DEBUG neutron.api.extensions [None req-6da1f2aa-046c-40d7-8ca5-9dc204b3bf68 None None] Extended resource: service_profiles {{(pid=87744) __init__ /opt/stack/neutron/neutron/api/extensions.py:156}}
Jul 10 14:11:05.555580 np0000005015 devstack@neutron-api.service[87745]: DEBUG neutron.api.extensions [None req-cdb4f8aa-37a5-4a8e-9279-5591f7761fe1 None None] Extended resource: l3-agents {{(pid=87745) __init__ /opt/stack/neutron/neutron/api/extensions.py:156}}
Jul 10 14:11:05.555809 np0000005015 devstack@neutron-api.service[87744]: DEBUG neutron.api.extensions [None req-6da1f2aa-046c-40d7-8ca5-9dc204b3bf68 None None] Extended resource: next_providers {{(pid=87744) __init__ /opt/stack/neutron/neutron/api/extensions.py:156}}
Jul 10 14:11:05.556350 np0000005015 devstack@neutron-api.service[87745]: DEBUG neutron.api.extensions [None req-cdb4f8aa-37a5-4a8e-9279-5591f7761fe1 None None] Extended resource: network-ip-availabilities {{(pid=87745) __init__ /opt/stack/neutron/neutron/api/extensions.py:156}}
Jul 10 14:11:05.556534 np0000005015 devstack@neutron-api.service[87744]: DEBUG neutron.api.extensions [None req-6da1f2aa-046c-40d7-8ca5-9dc204b3bf68 None None] Extended resource: service_profiles {{(pid=87744) __init__ /opt/stack/neutron/neutron/api/extensions.py:156}}
Jul 10 14:11:05.557233 np0000005015 devstack@neutron-api.service[87745]: DEBUG neutron.api.extensions [None req-cdb4f8aa-37a5-4a8e-9279-5591f7761fe1 None None] Extended resource: network-ip-availabilities {{(pid=87745) __init__ /opt/stack/neutron/neutron/api/extensions.py:156}}
Jul 10 14:11:05.557410 np0000005015 devstack@neutron-api.service[87744]: DEBUG neutron.api.extensions [None req-6da1f2aa-046c-40d7-8ca5-9dc204b3bf68 None None] Extended resource: floatingip-pools {{(pid=87744) __init__ /opt/stack/neutron/neutron/api/extensions.py:156}}
Jul 10 14:11:05.558157 np0000005015 devstack@neutron-api.service[87744]: DEBUG neutron.api.extensions [None req-6da1f2aa-046c-40d7-8ca5-9dc204b3bf68 None None] Extended resource: routers {{(pid=87744) __init__ /opt/stack/neutron/neutron/api/extensions.py:156}}
Jul 10 14:11:05.558901 np0000005015 devstack@neutron-api.service[87745]: DEBUG neutron.api.extensions [None req-cdb4f8aa-37a5-4a8e-9279-5591f7761fe1 None None] Extended resource: bindings {{(pid=87745) __init__ /opt/stack/neutron/neutron/api/extensions.py:156}}
Jul 10 14:11:05.559371 np0000005015 devstack@neutron-api.service[87744]: DEBUG neutron.api.extensions [None req-6da1f2aa-046c-40d7-8ca5-9dc204b3bf68 None None] Extended resource: floatingips {{(pid=87744) __init__ /opt/stack/neutron/neutron/api/extensions.py:156}}
Jul 10 14:11:05.559579 np0000005015 devstack@neutron-api.service[87745]: DEBUG neutron.api.extensions [None req-cdb4f8aa-37a5-4a8e-9279-5591f7761fe1 None None] Extended resource: quotas {{(pid=87745) __init__ /opt/stack/neutron/neutron/api/extensions.py:156}}
Jul 10 14:11:05.560095 np0000005015 devstack@neutron-api.service[87745]: DEBUG neutron.api.extensions [None req-cdb4f8aa-37a5-4a8e-9279-5591f7761fe1 None None] Extended resource: quotas {{(pid=87745) __init__ /opt/stack/neutron/neutron/api/extensions.py:156}}
Jul 10 14:11:05.560268 np0000005015 devstack@neutron-api.service[87744]: DEBUG neutron.api.extensions [None req-6da1f2aa-046c-40d7-8ca5-9dc204b3bf68 None None] Extended resource: l3-routers {{(pid=87744) __init__ /opt/stack/neutron/neutron/api/extensions.py:156}}
Jul 10 14:11:05.560732 np0000005015 devstack@neutron-api.service[87745]: DEBUG neutron.api.extensions [None req-cdb4f8aa-37a5-4a8e-9279-5591f7761fe1 None None] Extended resource: rbac-policies {{(pid=87745) __init__ /opt/stack/neutron/neutron/api/extensions.py:156}}
Jul 10 14:11:05.560960 np0000005015 devstack@neutron-api.service[87744]: DEBUG neutron.api.extensions [None req-6da1f2aa-046c-40d7-8ca5-9dc204b3bf68 None None] Extended resource: l3-agents {{(pid=87744) __init__ /opt/stack/neutron/neutron/api/extensions.py:156}}
Jul 10 14:11:05.561391 np0000005015 devstack@neutron-api.service[87745]: DEBUG neutron.api.extensions [None req-cdb4f8aa-37a5-4a8e-9279-5591f7761fe1 None None] Extended resource: default-security-group-rules {{(pid=87745) __init__ /opt/stack/neutron/neutron/api/extensions.py:156}}
Jul 10 14:11:05.561905 np0000005015 devstack@neutron-api.service[87744]: DEBUG neutron.api.extensions [None req-6da1f2aa-046c-40d7-8ca5-9dc204b3bf68 None None] Extended resource: network-ip-availabilities {{(pid=87744) __init__ /opt/stack/neutron/neutron/api/extensions.py:156}}
Jul 10 14:11:05.562093 np0000005015 devstack@neutron-api.service[87745]: DEBUG neutron.api.extensions [None req-cdb4f8aa-37a5-4a8e-9279-5591f7761fe1 None None] Extended resource: security-groups-default-statefulness {{(pid=87745) __init__ /opt/stack/neutron/neutron/api/extensions.py:156}}
Jul 10 14:11:05.562751 np0000005015 devstack@neutron-api.service[87744]: DEBUG neutron.api.extensions [None req-6da1f2aa-046c-40d7-8ca5-9dc204b3bf68 None None] Extended resource: network-ip-availabilities {{(pid=87744) __init__ /opt/stack/neutron/neutron/api/extensions.py:156}}
Jul 10 14:11:05.563114 np0000005015 devstack@neutron-api.service[87745]: DEBUG neutron.api.extensions [None req-cdb4f8aa-37a5-4a8e-9279-5591f7761fe1 None None] Extended resource: security-groups {{(pid=87745) __init__ /opt/stack/neutron/neutron/api/extensions.py:156}}
Jul 10 14:11:05.563436 np0000005015 devstack@neutron-api.service[87744]: DEBUG neutron.api.extensions [None req-6da1f2aa-046c-40d7-8ca5-9dc204b3bf68 None None] Extended resource: bindings {{(pid=87744) __init__ /opt/stack/neutron/neutron/api/extensions.py:156}}
Jul 10 14:11:05.563771 np0000005015 devstack@neutron-api.service[87745]: DEBUG neutron.api.extensions [None req-cdb4f8aa-37a5-4a8e-9279-5591f7761fe1 None None] Extended resource: security-group-rules {{(pid=87745) __init__ /opt/stack/neutron/neutron/api/extensions.py:156}}
Jul 10 14:11:05.564508 np0000005015 devstack@neutron-api.service[87744]: DEBUG neutron.api.extensions [None req-6da1f2aa-046c-40d7-8ca5-9dc204b3bf68 None None] Extended resource: quotas {{(pid=87744) __init__ /opt/stack/neutron/neutron/api/extensions.py:156}}
Jul 10 14:11:05.564722 np0000005015 devstack@neutron-api.service[87745]: DEBUG neutron.api.extensions [None req-cdb4f8aa-37a5-4a8e-9279-5591f7761fe1 None None] Extended resource: service-providers {{(pid=87745) __init__ /opt/stack/neutron/neutron/api/extensions.py:156}}
Jul 10 14:11:05.565254 np0000005015 devstack@neutron-api.service[87745]: DEBUG neutron.api.extensions [None req-cdb4f8aa-37a5-4a8e-9279-5591f7761fe1 None None] Extended resource: subnetpools {{(pid=87745) __init__ /opt/stack/neutron/neutron/api/extensions.py:156}}
Jul 10 14:11:05.565517 np0000005015 devstack@neutron-api.service[87744]: DEBUG neutron.api.extensions [None req-6da1f2aa-046c-40d7-8ca5-9dc204b3bf68 None None] Extended resource: quotas {{(pid=87744) __init__ /opt/stack/neutron/neutron/api/extensions.py:156}}
Jul 10 14:11:05.566390 np0000005015 devstack@neutron-api.service[87745]: DEBUG neutron.api.extensions [None req-cdb4f8aa-37a5-4a8e-9279-5591f7761fe1 None None] Extended resource: subnetpools {{(pid=87745) __init__ /opt/stack/neutron/neutron/api/extensions.py:156}}
Jul 10 14:11:05.566693 np0000005015 devstack@neutron-api.service[87744]: DEBUG neutron.api.extensions [None req-6da1f2aa-046c-40d7-8ca5-9dc204b3bf68 None None] Extended resource: rbac-policies {{(pid=87744) __init__ /opt/stack/neutron/neutron/api/extensions.py:156}}
Jul 10 14:11:05.567381 np0000005015 devstack@neutron-api.service[87744]: DEBUG neutron.api.extensions [None req-6da1f2aa-046c-40d7-8ca5-9dc204b3bf68 None None] Extended resource: default-security-group-rules {{(pid=87744) __init__ /opt/stack/neutron/neutron/api/extensions.py:156}}
Jul 10 14:11:05.567797 np0000005015 devstack@neutron-api.service[87745]: DEBUG neutron.api.extensions [None req-cdb4f8aa-37a5-4a8e-9279-5591f7761fe1 None None] Extended resource: tags {{(pid=87745) __init__ /opt/stack/neutron/neutron/api/extensions.py:156}}
Jul 10 14:11:05.568355 np0000005015 devstack@neutron-api.service[87744]: DEBUG neutron.api.extensions [None req-6da1f2aa-046c-40d7-8ca5-9dc204b3bf68 None None] Extended resource: security-groups-default-statefulness {{(pid=87744) __init__ /opt/stack/neutron/neutron/api/extensions.py:156}}
Jul 10 14:11:05.568742 np0000005015 devstack@neutron-api.service[87745]: DEBUG neutron.api.extensions [None req-cdb4f8aa-37a5-4a8e-9279-5591f7761fe1 None None] Extended resource: tags {{(pid=87745) __init__ /opt/stack/neutron/neutron/api/extensions.py:156}}
Jul 10 14:11:05.568986 np0000005015 devstack@neutron-api.service[87744]: DEBUG neutron.api.extensions [None req-6da1f2aa-046c-40d7-8ca5-9dc204b3bf68 None None] Extended resource: security-groups {{(pid=87744) __init__ /opt/stack/neutron/neutron/api/extensions.py:156}}
Jul 10 14:11:05.569399 np0000005015 devstack@neutron-api.service[87745]: DEBUG neutron.api.extensions [None req-cdb4f8aa-37a5-4a8e-9279-5591f7761fe1 None None] Extended resource: tags {{(pid=87745) __init__ /opt/stack/neutron/neutron/api/extensions.py:156}}
Jul 10 14:11:05.569790 np0000005015 devstack@neutron-api.service[87744]: DEBUG neutron.api.extensions [None req-6da1f2aa-046c-40d7-8ca5-9dc204b3bf68 None None] Extended resource: security-group-rules {{(pid=87744) __init__ /opt/stack/neutron/neutron/api/extensions.py:156}}
Jul 10 14:11:05.570241 np0000005015 devstack@neutron-api.service[87745]: DEBUG neutron.api.extensions [None req-cdb4f8aa-37a5-4a8e-9279-5591f7761fe1 None None] Extended resource: tags {{(pid=87745) __init__ /opt/stack/neutron/neutron/api/extensions.py:156}}
Jul 10 14:11:05.570476 np0000005015 devstack@neutron-api.service[87744]: DEBUG neutron.api.extensions [None req-6da1f2aa-046c-40d7-8ca5-9dc204b3bf68 None None] Extended resource: service-providers {{(pid=87744) __init__ /opt/stack/neutron/neutron/api/extensions.py:156}}
Jul 10 14:11:05.571268 np0000005015 devstack@neutron-api.service[87744]: DEBUG neutron.api.extensions [None req-6da1f2aa-046c-40d7-8ca5-9dc204b3bf68 None None] Extended resource: subnetpools {{(pid=87744) __init__ /opt/stack/neutron/neutron/api/extensions.py:156}}
Jul 10 14:11:05.571658 np0000005015 devstack@neutron-api.service[87745]: DEBUG neutron.api.extensions [None req-cdb4f8aa-37a5-4a8e-9279-5591f7761fe1 None None] Extended resource: tags {{(pid=87745) __init__ /opt/stack/neutron/neutron/api/extensions.py:156}}
Jul 10 14:11:05.572130 np0000005015 devstack@neutron-api.service[87744]: DEBUG neutron.api.extensions [None req-6da1f2aa-046c-40d7-8ca5-9dc204b3bf68 None None] Extended resource: subnetpools {{(pid=87744) __init__ /opt/stack/neutron/neutron/api/extensions.py:156}}
Jul 10 14:11:05.572855 np0000005015 devstack@neutron-api.service[87744]: DEBUG neutron.api.extensions [None req-6da1f2aa-046c-40d7-8ca5-9dc204b3bf68 None None] Extended resource: tags {{(pid=87744) __init__ /opt/stack/neutron/neutron/api/extensions.py:156}}
Jul 10 14:11:05.573050 np0000005015 devstack@neutron-api.service[87745]: DEBUG neutron.api.extensions [None req-cdb4f8aa-37a5-4a8e-9279-5591f7761fe1 None None] Extended resource: tags {{(pid=87745) __init__ /opt/stack/neutron/neutron/api/extensions.py:156}}
Jul 10 14:11:05.573826 np0000005015 devstack@neutron-api.service[87745]: DEBUG neutron.api.extensions [None req-cdb4f8aa-37a5-4a8e-9279-5591f7761fe1 None None] Extended resource: tags {{(pid=87745) __init__ /opt/stack/neutron/neutron/api/extensions.py:156}}
Jul 10 14:11:05.573979 np0000005015 devstack@neutron-api.service[87744]: DEBUG neutron.api.extensions [None req-6da1f2aa-046c-40d7-8ca5-9dc204b3bf68 None None] Extended resource: tags {{(pid=87744) __init__ /opt/stack/neutron/neutron/api/extensions.py:156}}
Jul 10 14:11:05.574870 np0000005015 devstack@neutron-api.service[87745]: DEBUG neutron.api.extensions [None req-cdb4f8aa-37a5-4a8e-9279-5591f7761fe1 None None] Extended resource: tags {{(pid=87745) __init__ /opt/stack/neutron/neutron/api/extensions.py:156}}
Jul 10 14:11:05.574979 np0000005015 devstack@neutron-api.service[87744]: DEBUG neutron.api.extensions [None req-6da1f2aa-046c-40d7-8ca5-9dc204b3bf68 None None] Extended resource: tags {{(pid=87744) __init__ /opt/stack/neutron/neutron/api/extensions.py:156}}
Jul 10 14:11:05.576101 np0000005015 devstack@neutron-api.service[87745]: DEBUG neutron.api.extensions [None req-cdb4f8aa-37a5-4a8e-9279-5591f7761fe1 None None] Extended resource: tags {{(pid=87745) __init__ /opt/stack/neutron/neutron/api/extensions.py:156}}
Jul 10 14:11:05.576508 np0000005015 devstack@neutron-api.service[87744]: DEBUG neutron.api.extensions [None req-6da1f2aa-046c-40d7-8ca5-9dc204b3bf68 None None] Extended resource: tags {{(pid=87744) __init__ /opt/stack/neutron/neutron/api/extensions.py:156}}
Jul 10 14:11:05.577047 np0000005015 devstack@neutron-api.service[87745]: DEBUG neutron.api.extensions [None req-cdb4f8aa-37a5-4a8e-9279-5591f7761fe1 None None] Extended resource: tags {{(pid=87745) __init__ /opt/stack/neutron/neutron/api/extensions.py:156}}
Jul 10 14:11:05.577742 np0000005015 devstack@neutron-api.service[87744]: DEBUG neutron.api.extensions [None req-6da1f2aa-046c-40d7-8ca5-9dc204b3bf68 None None] Extended resource: tags {{(pid=87744) __init__ /opt/stack/neutron/neutron/api/extensions.py:156}}
Jul 10 14:11:05.578964 np0000005015 devstack@neutron-api.service[87744]: DEBUG neutron.api.extensions [None req-6da1f2aa-046c-40d7-8ca5-9dc204b3bf68 None None] Extended resource: tags {{(pid=87744) __init__ /opt/stack/neutron/neutron/api/extensions.py:156}}
Jul 10 14:11:05.580282 np0000005015 devstack@neutron-api.service[87744]: DEBUG neutron.api.extensions [None req-6da1f2aa-046c-40d7-8ca5-9dc204b3bf68 None None] Extended resource: tags {{(pid=87744) __init__ /opt/stack/neutron/neutron/api/extensions.py:156}}
Jul 10 14:11:05.581531 np0000005015 devstack@neutron-api.service[87744]: DEBUG neutron.api.extensions [None req-6da1f2aa-046c-40d7-8ca5-9dc204b3bf68 None None] Extended resource: tags {{(pid=87744) __init__ /opt/stack/neutron/neutron/api/extensions.py:156}}
Jul 10 14:11:05.582966 np0000005015 devstack@neutron-api.service[87744]: DEBUG neutron.api.extensions [None req-6da1f2aa-046c-40d7-8ca5-9dc204b3bf68 None None] Extended resource: tags {{(pid=87744) __init__ /opt/stack/neutron/neutron/api/extensions.py:156}}
Jul 10 14:11:05.584081 np0000005015 devstack@neutron-api.service[87744]: DEBUG neutron.api.extensions [None req-6da1f2aa-046c-40d7-8ca5-9dc204b3bf68 None None] Extended resource: tags {{(pid=87744) __init__ /opt/stack/neutron/neutron/api/extensions.py:156}}
Jul 10 14:11:05.585757 np0000005015 devstack@neutron-api.service[87745]: DEBUG neutron_lib.callbacks.manager [None req-cdb4f8aa-37a5-4a8e-9279-5591f7761fe1 None None] Publish callbacks ['neutron.plugins.ml2.drivers.ovn.mech_driver.mech_driver.OVNMechanismDriver.pre_fork_initialize-872442'] for process (None), before_spawn {{(pid=87745) _notify_loop /opt/stack/data/venv/lib/python3.12/site-packages/neutron_lib/callbacks/manager.py:184}}
Jul 10 14:11:05.586160 np0000005015 devstack@neutron-api.service[87745]: DEBUG oslo_concurrency.processutils [None req-cdb4f8aa-37a5-4a8e-9279-5591f7761fe1 None None] Running cmd (subprocess): ovsdb-client transact ssl:10.4.3.114:6641 --timeout 180 -p /opt/stack/data/CA/int-ca/private/devstack-cert.key -c /opt/stack/data/CA/int-ca/devstack-cert.crt -C /opt/stack/data/CA/int-ca/ca-chain.pem ["OVN_Northbound", {"op": "wait", "timeout": 0, "table": "Port_Group", "where": [["name", "==", "neutron_pg_drop"]], "until": "==", "rows": []}, {"op": "insert", "table": "ACL", "row": {"action": "drop", "direction": "to-lport", "match": "outport == @neutron_pg_drop && ip", "priority": 1001}, "uuid-name": "droptoport"}, {"op": "insert", "table": "ACL", "row": {"action": "drop", "direction": "from-lport", "match": "inport == @neutron_pg_drop && ip", "priority": 1001}, "uuid-name": "dropfromport"}, {"op": "insert", "table": "Port_Group", "row": {"name": "neutron_pg_drop", "acls": ["set", [["named-uuid", "droptoport"], ["named-uuid", "dropfromport"]]]}}] {{(pid=87745) execute /opt/stack/data/venv/lib/python3.12/site-packages/oslo_concurrency/processutils.py:440}}
Jul 10 14:11:05.599804 np0000005015 devstack@neutron-api.service[87744]: DEBUG neutron_lib.callbacks.manager [None req-6da1f2aa-046c-40d7-8ca5-9dc204b3bf68 None None] Publish callbacks ['neutron.plugins.ml2.drivers.ovn.mech_driver.mech_driver.OVNMechanismDriver.pre_fork_initialize-1032548'] for process (None), before_spawn {{(pid=87744) _notify_loop /opt/stack/data/venv/lib/python3.12/site-packages/neutron_lib/callbacks/manager.py:184}}
Jul 10 14:11:05.600403 np0000005015 devstack@neutron-api.service[87744]: DEBUG oslo_concurrency.processutils [None req-6da1f2aa-046c-40d7-8ca5-9dc204b3bf68 None None] Running cmd (subprocess): ovsdb-client transact ssl:10.4.3.114:6641 --timeout 180 -p /opt/stack/data/CA/int-ca/private/devstack-cert.key -c /opt/stack/data/CA/int-ca/devstack-cert.crt -C /opt/stack/data/CA/int-ca/ca-chain.pem ["OVN_Northbound", {"op": "wait", "timeout": 0, "table": "Port_Group", "where": [["name", "==", "neutron_pg_drop"]], "until": "==", "rows": []}, {"op": "insert", "table": "ACL", "row": {"action": "drop", "direction": "to-lport", "match": "outport == @neutron_pg_drop && ip", "priority": 1001}, "uuid-name": "droptoport"}, {"op": "insert", "table": "ACL", "row": {"action": "drop", "direction": "from-lport", "match": "inport == @neutron_pg_drop && ip", "priority": 1001}, "uuid-name": "dropfromport"}, {"op": "insert", "table": "Port_Group", "row": {"name": "neutron_pg_drop", "acls": ["set", [["named-uuid", "droptoport"], ["named-uuid", "dropfromport"]]]}}] {{(pid=87744) execute /opt/stack/data/venv/lib/python3.12/site-packages/oslo_concurrency/processutils.py:440}}
Jul 10 14:11:05.640466 np0000005015 devstack@neutron-api.service[87744]: DEBUG oslo_concurrency.processutils [None req-6da1f2aa-046c-40d7-8ca5-9dc204b3bf68 None None] CMD "ovsdb-client transact ssl:10.4.3.114:6641 --timeout 180 -p /opt/stack/data/CA/int-ca/private/devstack-cert.key -c /opt/stack/data/CA/int-ca/devstack-cert.crt -C /opt/stack/data/CA/int-ca/ca-chain.pem ["OVN_Northbound", {"op": "wait", "timeout": 0, "table": "Port_Group", "where": [["name", "==", "neutron_pg_drop"]], "until": "==", "rows": []}, {"op": "insert", "table": "ACL", "row": {"action": "drop", "direction": "to-lport", "match": "outport == @neutron_pg_drop && ip", "priority": 1001}, "uuid-name": "droptoport"}, {"op": "insert", "table": "ACL", "row": {"action": "drop", "direction": "from-lport", "match": "inport == @neutron_pg_drop && ip", "priority": 1001}, "uuid-name": "dropfromport"}, {"op": "insert", "table": "Port_Group", "row": {"name": "neutron_pg_drop", "acls": ["set", [["named-uuid", "droptoport"], ["named-uuid", "dropfromport"]]]}}]" returned: 0 in 0.040s {{(pid=87744) execute /opt/stack/data/venv/lib/python3.12/site-packages/oslo_concurrency/processutils.py:468}}
Jul 10 14:11:05.642159 np0000005015 devstack@neutron-api.service[87744]: DEBUG neutron_lib.callbacks.manager [None req-6da1f2aa-046c-40d7-8ca5-9dc204b3bf68 None None] Publish callbacks ['neutron.plugins.ml2.drivers.ovn.mech_driver.mech_driver.OVNMechanismDriver.post_fork_initialize-1032460', 'neutron.services.pvlan.drivers.ovn.driver._initialize_pvlan_pg_drop-8123886003804', 'neutron.services.ovn_l3.plugin.OVNL3RouterPlugin._post_fork_initialize-775853'] for process (None), after_init {{(pid=87744) _notify_loop /opt/stack/data/venv/lib/python3.12/site-packages/neutron_lib/callbacks/manager.py:184}}
Jul 10 14:11:05.642712 np0000005015 devstack@neutron-api.service[87744]: DEBUG oslo_concurrency.lockutils [None req-6da1f2aa-046c-40d7-8ca5-9dc204b3bf68 None None] Acquiring lock "singleton_lock" {{(pid=87744) lock /opt/stack/data/venv/lib/python3.12/site-packages/oslo_concurrency/lockutils.py:395}}
Jul 10 14:11:05.642959 np0000005015 devstack@neutron-api.service[87744]: DEBUG oslo_concurrency.lockutils [None req-6da1f2aa-046c-40d7-8ca5-9dc204b3bf68 None None] Acquired lock "singleton_lock" {{(pid=87744) lock /opt/stack/data/venv/lib/python3.12/site-packages/oslo_concurrency/lockutils.py:398}}
Jul 10 14:11:05.643162 np0000005015 devstack@neutron-api.service[87745]: DEBUG oslo_concurrency.processutils [None req-cdb4f8aa-37a5-4a8e-9279-5591f7761fe1 None None] CMD "ovsdb-client transact ssl:10.4.3.114:6641 --timeout 180 -p /opt/stack/data/CA/int-ca/private/devstack-cert.key -c /opt/stack/data/CA/int-ca/devstack-cert.crt -C /opt/stack/data/CA/int-ca/ca-chain.pem ["OVN_Northbound", {"op": "wait", "timeout": 0, "table": "Port_Group", "where": [["name", "==", "neutron_pg_drop"]], "until": "==", "rows": []}, {"op": "insert", "table": "ACL", "row": {"action": "drop", "direction": "to-lport", "match": "outport == @neutron_pg_drop && ip", "priority": 1001}, "uuid-name": "droptoport"}, {"op": "insert", "table": "ACL", "row": {"action": "drop", "direction": "from-lport", "match": "inport == @neutron_pg_drop && ip", "priority": 1001}, "uuid-name": "dropfromport"}, {"op": "insert", "table": "Port_Group", "row": {"name": "neutron_pg_drop", "acls": ["set", [["named-uuid", "droptoport"], ["named-uuid", "dropfromport"]]]}}]" returned: 0 in 0.057s {{(pid=87745) execute /opt/stack/data/venv/lib/python3.12/site-packages/oslo_concurrency/processutils.py:468}}
Jul 10 14:11:05.643456 np0000005015 devstack@neutron-api.service[87744]: DEBUG oslo_concurrency.lockutils [None req-6da1f2aa-046c-40d7-8ca5-9dc204b3bf68 None None] Releasing lock "singleton_lock" {{(pid=87744) lock /opt/stack/data/venv/lib/python3.12/site-packages/oslo_concurrency/lockutils.py:418}}
Jul 10 14:11:05.643729 np0000005015 devstack@neutron-api.service[87745]: DEBUG neutron_lib.callbacks.manager [None req-cdb4f8aa-37a5-4a8e-9279-5591f7761fe1 None None] Publish callbacks ['neutron.plugins.ml2.drivers.ovn.mech_driver.mech_driver.OVNMechanismDriver.post_fork_initialize-872386', 'neutron.services.pvlan.drivers.ovn.driver._initialize_pvlan_pg_drop-8123885919256', 'neutron.services.ovn_l3.plugin.OVNL3RouterPlugin._post_fork_initialize-593143'] for process (None), after_init {{(pid=87745) _notify_loop /opt/stack/data/venv/lib/python3.12/site-packages/neutron_lib/callbacks/manager.py:184}}
Jul 10 14:11:05.644245 np0000005015 devstack@neutron-api.service[87745]: DEBUG oslo_concurrency.lockutils [None req-cdb4f8aa-37a5-4a8e-9279-5591f7761fe1 None None] Acquiring lock "singleton_lock" {{(pid=87745) lock /opt/stack/data/venv/lib/python3.12/site-packages/oslo_concurrency/lockutils.py:395}}
Jul 10 14:11:05.644458 np0000005015 devstack@neutron-api.service[87745]: DEBUG oslo_concurrency.lockutils [None req-cdb4f8aa-37a5-4a8e-9279-5591f7761fe1 None None] Acquired lock "singleton_lock" {{(pid=87745) lock /opt/stack/data/venv/lib/python3.12/site-packages/oslo_concurrency/lockutils.py:398}}
Jul 10 14:11:05.644762 np0000005015 devstack@neutron-api.service[87745]: DEBUG oslo_concurrency.lockutils [None req-cdb4f8aa-37a5-4a8e-9279-5591f7761fe1 None None] Releasing lock "singleton_lock" {{(pid=87745) lock /opt/stack/data/venv/lib/python3.12/site-packages/oslo_concurrency/lockutils.py:418}}
Jul 10 14:11:05.647021 np0000005015 devstack@neutron-api.service[87744]: DEBUG neutron.plugins.ml2.drivers.ovn.mech_driver.mech_driver [None req-6da1f2aa-046c-40d7-8ca5-9dc204b3bf68 None None] Hash Ring setup using WSGI start time 2026-07-10 14:10:58+00:00 {{(pid=87744) _init_hash_ring /opt/stack/neutron/neutron/plugins/ml2/drivers/ovn/mech_driver/mech_driver.py:404}}
Jul 10 14:11:05.647182 np0000005015 devstack@neutron-api.service[87745]: DEBUG neutron.plugins.ml2.drivers.ovn.mech_driver.mech_driver [None req-cdb4f8aa-37a5-4a8e-9279-5591f7761fe1 None None] Hash Ring setup using WSGI start time 2026-07-10 14:10:58+00:00 {{(pid=87745) _init_hash_ring /opt/stack/neutron/neutron/plugins/ml2/drivers/ovn/mech_driver/mech_driver.py:404}}
Jul 10 14:11:05.654391 np0000005015 devstack@neutron-api.service[87745]: INFO neutron.db.ovn_hash_ring_db [None req-cdb4f8aa-37a5-4a8e-9279-5591f7761fe1 None None] Nodes from host "np0000005015" and group "mechanism_driver" removed from the Hash Ring created at 2026-07-10 14:10:58+00:00
Jul 10 14:11:05.660664 np0000005015 devstack@neutron-api.service[87745]: INFO neutron.db.ovn_hash_ring_db [None req-cdb4f8aa-37a5-4a8e-9279-5591f7761fe1 None None] Node 0c56155251865a27ba27b0df9bd0e7b7 from host "np0000005015" and group "mechanism_driver" added to the Hash Ring
Jul 10 14:11:05.661263 np0000005015 devstack@neutron-api.service[87744]: DEBUG neutron_lib.db.api [None req-6da1f2aa-046c-40d7-8ca5-9dc204b3bf68 None None] Retry wrapper got retriable exception: (pymysql.err.OperationalError) (1213, 'Deadlock found when trying to get lock; try restarting transaction')
Jul 10 14:11:05.661263 np0000005015 devstack@neutron-api.service[87744]: [SQL: DELETE FROM ovn_hash_ring WHERE ovn_hash_ring.hostname = %(hostname_1)s AND ovn_hash_ring.group_name = %(group_name_1)s AND ovn_hash_ring.created_at != %(created_at_1)s]
Jul 10 14:11:05.661263 np0000005015 devstack@neutron-api.service[87744]: [parameters: {'hostname_1': 'np0000005015', 'group_name_1': 'mechanism_driver', 'created_at_1': datetime.datetime(2026, 7, 10, 14, 10, 58, tzinfo=datetime.timezone.utc)}]
Jul 10 14:11:05.661263 np0000005015 devstack@neutron-api.service[87744]: (Background on this error at: https://sqlalche.me/e/20/e3q8) {{(pid=87744) wrapped /opt/stack/data/venv/lib/python3.12/site-packages/neutron_lib/db/api.py:185}}
Jul 10 14:11:05.663250 np0000005015 devstack@neutron-api.service[87744]: DEBUG oslo_db.api [None req-6da1f2aa-046c-40d7-8ca5-9dc204b3bf68 None None] Performing DB retry for function neutron.db.ovn_hash_ring_db.remove_nodes_from_host {{(pid=87744) wrapper /opt/stack/data/venv/lib/python3.12/site-packages/oslo_db/api.py:155}}
Jul 10 14:11:05.668818 np0000005015 devstack@neutron-api.service[87745]: DEBUG neutron.plugins.ml2.drivers.ovn.mech_driver.mech_driver [None req-cdb4f8aa-37a5-4a8e-9279-5591f7761fe1 None None] Hash Ring setup, this worker has detected 2 OVN hash ring registers in the database {{(pid=87745) _init_hash_ring /opt/stack/neutron/neutron/plugins/ml2/drivers/ovn/mech_driver/mech_driver.py:414}}
Jul 10 14:11:05.678229 np0000005015 devstack@neutron-api.service[87745]: DEBUG neutron.plugins.ml2.drivers.ovn.mech_driver.ovsdb.maintenance [None req-cdb4f8aa-37a5-4a8e-9279-5591f7761fe1 None None] Periodic task found: HashRingHealthCheckPeriodics.touch_hash_ring_node {{(pid=87745) add_periodics /opt/stack/neutron/neutron/plugins/ml2/drivers/ovn/mech_driver/ovsdb/maintenance.py:146}}
Jul 10 14:11:05.679264 np0000005015 devstack@neutron-api.service[87745]: INFO neutron.plugins.ml2.drivers.ovn.mech_driver.mech_driver [None req-cdb4f8aa-37a5-4a8e-9279-5591f7761fe1 None None] Hash Ring probing thread for node 0c56155251865a27ba27b0df9bd0e7b7 has started
Jul 10 14:11:05.680980 np0000005015 devstack@neutron-api.service[87745]: INFO neutron.plugins.ml2.drivers.ovn.mech_driver.ovsdb.impl_idl_ovn [None req-cdb4f8aa-37a5-4a8e-9279-5591f7761fe1 None None] Getting OvsdbNbOvnIdl for WorkerService with retry
Jul 10 14:11:05.738120 np0000005015 devstack@neutron-api.service[87745]: DEBUG ovsdbapp.backend.ovs_idl [None req-cdb4f8aa-37a5-4a8e-9279-5591f7761fe1 None None] Created lookup_table index Logical_Switch.name {{(pid=87745) autocreate_indices /opt/stack/data/venv/lib/python3.12/site-packages/ovsdbapp/backend/ovs_idl/__init__.py:87}}
Jul 10 14:11:05.738332 np0000005015 devstack@neutron-api.service[87745]: DEBUG ovsdbapp.backend.ovs_idl [None req-cdb4f8aa-37a5-4a8e-9279-5591f7761fe1 None None] Created lookup_table index Logical_Router.name {{(pid=87745) autocreate_indices /opt/stack/data/venv/lib/python3.12/site-packages/ovsdbapp/backend/ovs_idl/__init__.py:87}}
Jul 10 14:11:05.738474 np0000005015 devstack@neutron-api.service[87745]: DEBUG ovsdbapp.backend.ovs_idl [None req-cdb4f8aa-37a5-4a8e-9279-5591f7761fe1 None None] Created lookup_table index Load_Balancer.name {{(pid=87745) autocreate_indices /opt/stack/data/venv/lib/python3.12/site-packages/ovsdbapp/backend/ovs_idl/__init__.py:87}}
Jul 10 14:11:05.738901 np0000005015 devstack@neutron-api.service[87745]: DEBUG ovsdbapp.backend.ovs_idl [None req-cdb4f8aa-37a5-4a8e-9279-5591f7761fe1 None None] Created schema index Copp.name {{(pid=87745) autocreate_indices /opt/stack/data/venv/lib/python3.12/site-packages/ovsdbapp/backend/ovs_idl/__init__.py:106}}
Jul 10 14:11:05.738901 np0000005015 devstack@neutron-api.service[87745]: DEBUG ovsdbapp.backend.ovs_idl [None req-cdb4f8aa-37a5-4a8e-9279-5591f7761fe1 None None] Created schema index Meter.name {{(pid=87745) autocreate_indices /opt/stack/data/venv/lib/python3.12/site-packages/ovsdbapp/backend/ovs_idl/__init__.py:106}}
Jul 10 14:11:05.738901 np0000005015 devstack@neutron-api.service[87745]: DEBUG ovsdbapp.backend.ovs_idl [None req-cdb4f8aa-37a5-4a8e-9279-5591f7761fe1 None None] Created schema index Load_Balancer_Group.name {{(pid=87745) autocreate_indices /opt/stack/data/venv/lib/python3.12/site-packages/ovsdbapp/backend/ovs_idl/__init__.py:106}}
Jul 10 14:11:05.739231 np0000005015 devstack@neutron-api.service[87745]: DEBUG ovsdbapp.backend.ovs_idl [None req-cdb4f8aa-37a5-4a8e-9279-5591f7761fe1 None None] Created schema index HA_Chassis_Group.name {{(pid=87745) autocreate_indices /opt/stack/data/venv/lib/python3.12/site-packages/ovsdbapp/backend/ovs_idl/__init__.py:106}}
Jul 10 14:11:05.739383 np0000005015 devstack@neutron-api.service[87745]: DEBUG ovsdbapp.backend.ovs_idl [None req-cdb4f8aa-37a5-4a8e-9279-5591f7761fe1 None None] Created schema index Address_Set.name {{(pid=87745) autocreate_indices /opt/stack/data/venv/lib/python3.12/site-packages/ovsdbapp/backend/ovs_idl/__init__.py:106}}
Jul 10 14:11:05.739383 np0000005015 devstack@neutron-api.service[87745]: DEBUG ovsdbapp.backend.ovs_idl [None req-cdb4f8aa-37a5-4a8e-9279-5591f7761fe1 None None] Created schema index Connection.target {{(pid=87745) autocreate_indices /opt/stack/data/venv/lib/python3.12/site-packages/ovsdbapp/backend/ovs_idl/__init__.py:106}}
Jul 10 14:11:05.739536 np0000005015 devstack@neutron-api.service[87745]: DEBUG ovsdbapp.backend.ovs_idl [None req-cdb4f8aa-37a5-4a8e-9279-5591f7761fe1 None None] Created schema index Gateway_Chassis.name {{(pid=87745) autocreate_indices /opt/stack/data/venv/lib/python3.12/site-packages/ovsdbapp/backend/ovs_idl/__init__.py:106}}
Jul 10 14:11:05.739688 np0000005015 devstack@neutron-api.service[87745]: DEBUG ovsdbapp.backend.ovs_idl [None req-cdb4f8aa-37a5-4a8e-9279-5591f7761fe1 None None] Created schema index Mirror.name {{(pid=87745) autocreate_indices /opt/stack/data/venv/lib/python3.12/site-packages/ovsdbapp/backend/ovs_idl/__init__.py:106}}
Jul 10 14:11:05.739843 np0000005015 devstack@neutron-api.service[87745]: DEBUG ovsdbapp.backend.ovs_idl [None req-cdb4f8aa-37a5-4a8e-9279-5591f7761fe1 None None] Created schema index Chassis_Template_Var.chassis {{(pid=87745) autocreate_indices /opt/stack/data/venv/lib/python3.12/site-packages/ovsdbapp/backend/ovs_idl/__init__.py:106}}
Jul 10 14:11:05.740333 np0000005015 devstack@neutron-api.service[87745]: DEBUG ovsdbapp.backend.ovs_idl [None req-cdb4f8aa-37a5-4a8e-9279-5591f7761fe1 None None] Created schema index Logical_Router_Port.name {{(pid=87745) autocreate_indices /opt/stack/data/venv/lib/python3.12/site-packages/ovsdbapp/backend/ovs_idl/__init__.py:106}}
Jul 10 14:11:05.740333 np0000005015 devstack@neutron-api.service[87745]: DEBUG ovsdbapp.backend.ovs_idl [None req-cdb4f8aa-37a5-4a8e-9279-5591f7761fe1 None None] Created schema index Port_Group.name {{(pid=87745) autocreate_indices /opt/stack/data/venv/lib/python3.12/site-packages/ovsdbapp/backend/ovs_idl/__init__.py:106}}
Jul 10 14:11:05.740333 np0000005015 devstack@neutron-api.service[87745]: DEBUG ovsdbapp.backend.ovs_idl [None req-cdb4f8aa-37a5-4a8e-9279-5591f7761fe1 None None] Created schema index Logical_Switch_Port.name {{(pid=87745) autocreate_indices /opt/stack/data/venv/lib/python3.12/site-packages/ovsdbapp/backend/ovs_idl/__init__.py:106}}
Jul 10 14:11:05.744721 np0000005015 devstack@neutron-api.service[87745]: INFO ovsdbapp.backend.ovs_idl.vlog [None req-cdb4f8aa-37a5-4a8e-9279-5591f7761fe1 None None] ssl:10.4.3.114:6641: connecting...
Jul 10 14:11:05.754487 np0000005015 devstack@neutron-api.service[87745]: INFO ovsdbapp.backend.ovs_idl.vlog [None req-cdb4f8aa-37a5-4a8e-9279-5591f7761fe1 None None] ssl:10.4.3.114:6641: connected
Jul 10 14:11:05.806166 np0000005015 devstack@neutron-api.service[87745]: DEBUG neutron.common.ovn.hash_ring_manager [None req-cdb4f8aa-37a5-4a8e-9279-5591f7761fe1 None None] Disallow caching, nodes 2<3 {{(pid=87745) _wait_startup_before_caching /opt/stack/neutron/neutron/common/ovn/hash_ring_manager.py:79}}
Jul 10 14:11:05.816558 np0000005015 devstack@neutron-api.service[87745]: DEBUG neutron.common.ovn.hash_ring_manager [None req-cdb4f8aa-37a5-4a8e-9279-5591f7761fe1 None None] Hash Ring loaded. 2 active nodes. 0 offline nodes {{(pid=87745) _load_hash_ring /opt/stack/neutron/neutron/common/ovn/hash_ring_manager.py:110}}
Jul 10 14:11:05.827621 np0000005015 devstack@neutron-api.service[87745]: DEBUG neutron.common.ovn.hash_ring_manager [None req-cdb4f8aa-37a5-4a8e-9279-5591f7761fe1 None None] Hash Ring loaded. 2 active nodes. 0 offline nodes {{(pid=87745) _load_hash_ring /opt/stack/neutron/neutron/common/ovn/hash_ring_manager.py:110}}
Jul 10 14:11:05.839700 np0000005015 devstack@neutron-api.service[87745]: DEBUG neutron.common.ovn.hash_ring_manager [None req-cdb4f8aa-37a5-4a8e-9279-5591f7761fe1 None None] Hash Ring loaded. 2 active nodes. 0 offline nodes {{(pid=87745) _load_hash_ring /opt/stack/neutron/neutron/common/ovn/hash_ring_manager.py:110}}
Jul 10 14:11:05.850556 np0000005015 devstack@neutron-api.service[87745]: DEBUG neutron.common.ovn.hash_ring_manager [None req-cdb4f8aa-37a5-4a8e-9279-5591f7761fe1 None None] Hash Ring loaded. 2 active nodes. 0 offline nodes {{(pid=87745) _load_hash_ring /opt/stack/neutron/neutron/common/ovn/hash_ring_manager.py:110}}
Jul 10 14:11:05.860380 np0000005015 devstack@neutron-api.service[87745]: DEBUG neutron.common.ovn.hash_ring_manager [None req-cdb4f8aa-37a5-4a8e-9279-5591f7761fe1 None None] Hash Ring loaded. 2 active nodes. 0 offline nodes {{(pid=87745) _load_hash_ring /opt/stack/neutron/neutron/common/ovn/hash_ring_manager.py:110}}
Jul 10 14:11:05.869697 np0000005015 devstack@neutron-api.service[87745]: DEBUG neutron.common.ovn.hash_ring_manager [None req-cdb4f8aa-37a5-4a8e-9279-5591f7761fe1 None None] Hash Ring loaded. 2 active nodes. 0 offline nodes {{(pid=87745) _load_hash_ring /opt/stack/neutron/neutron/common/ovn/hash_ring_manager.py:110}}
Jul 10 14:11:05.878477 np0000005015 devstack@neutron-api.service[87745]: DEBUG neutron.common.ovn.hash_ring_manager [None req-cdb4f8aa-37a5-4a8e-9279-5591f7761fe1 None None] Hash Ring loaded. 2 active nodes. 0 offline nodes {{(pid=87745) _load_hash_ring /opt/stack/neutron/neutron/common/ovn/hash_ring_manager.py:110}}
Jul 10 14:11:05.887919 np0000005015 devstack@neutron-api.service[87745]: DEBUG neutron.common.ovn.hash_ring_manager [None req-cdb4f8aa-37a5-4a8e-9279-5591f7761fe1 None None] Hash Ring loaded. 2 active nodes. 0 offline nodes {{(pid=87745) _load_hash_ring /opt/stack/neutron/neutron/common/ovn/hash_ring_manager.py:110}}
Jul 10 14:11:05.896982 np0000005015 devstack@neutron-api.service[87745]: DEBUG neutron.common.ovn.hash_ring_manager [None req-cdb4f8aa-37a5-4a8e-9279-5591f7761fe1 None None] Hash Ring loaded. 2 active nodes. 0 offline nodes {{(pid=87745) _load_hash_ring /opt/stack/neutron/neutron/common/ovn/hash_ring_manager.py:110}}
Jul 10 14:11:05.897260 np0000005015 devstack@neutron-api.service[87745]: DEBUG neutron.plugins.ml2.drivers.ovn.mech_driver.ovsdb.ovsdb_monitor [None req-cdb4f8aa-37a5-4a8e-9279-5591f7761fe1 None None] Hash Ring: Node 0c56155251865a27ba27b0df9bd0e7b7 (host: np0000005015) handling event "create" for row e714f771-ec42-4f8f-b334-a86888dc7104 (table: SSL) {{(pid=87745) notify /opt/stack/neutron/neutron/plugins/ml2/drivers/ovn/mech_driver/ovsdb/ovsdb_monitor.py:1031}}
Jul 10 14:11:05.898503 np0000005015 devstack@neutron-api.service[87745]: INFO neutron.plugins.ml2.drivers.ovn.mech_driver.ovsdb.impl_idl_ovn [None req-cdb4f8aa-37a5-4a8e-9279-5591f7761fe1 None None] Getting OvsdbSbOvnIdl for WorkerService with retry
Jul 10 14:11:05.932049 np0000005015 devstack@neutron-api.service[87745]: DEBUG ovsdbapp.backend.ovs_idl [None req-cdb4f8aa-37a5-4a8e-9279-5591f7761fe1 None None] Created lookup_table index Chassis.name {{(pid=87745) autocreate_indices /opt/stack/data/venv/lib/python3.12/site-packages/ovsdbapp/backend/ovs_idl/__init__.py:87}}
Jul 10 14:11:05.932049 np0000005015 devstack@neutron-api.service[87745]: DEBUG ovsdbapp.backend.ovs_idl [None req-cdb4f8aa-37a5-4a8e-9279-5591f7761fe1 None None] Created lookup_table index Port_Binding.logical_port {{(pid=87745) autocreate_indices /opt/stack/data/venv/lib/python3.12/site-packages/ovsdbapp/backend/ovs_idl/__init__.py:87}}
Jul 10 14:11:05.932049 np0000005015 devstack@neutron-api.service[87745]: DEBUG ovsdbapp.backend.ovs_idl [None req-cdb4f8aa-37a5-4a8e-9279-5591f7761fe1 None None] Created schema index Chassis_Private.name {{(pid=87745) autocreate_indices /opt/stack/data/venv/lib/python3.12/site-packages/ovsdbapp/backend/ovs_idl/__init__.py:106}}
Jul 10 14:11:05.932049 np0000005015 devstack@neutron-api.service[87745]: DEBUG ovsdbapp.backend.ovs_idl [None req-cdb4f8aa-37a5-4a8e-9279-5591f7761fe1 None None] Created schema index Datapath_Binding.tunnel_key {{(pid=87745) autocreate_indices /opt/stack/data/venv/lib/python3.12/site-packages/ovsdbapp/backend/ovs_idl/__init__.py:106}}
Jul 10 14:11:05.934511 np0000005015 devstack@neutron-api.service[87745]: INFO ovsdbapp.backend.ovs_idl.vlog [None req-cdb4f8aa-37a5-4a8e-9279-5591f7761fe1 None None] ssl:10.4.3.114:6642: connecting...
Jul 10 14:11:05.939574 np0000005015 devstack@neutron-api.service[87745]: INFO ovsdbapp.backend.ovs_idl.vlog [None req-cdb4f8aa-37a5-4a8e-9279-5591f7761fe1 None None] ssl:10.4.3.114:6642: connected
Jul 10 14:11:05.968182 np0000005015 devstack@neutron-api.service[87745]: DEBUG neutron.common.ovn.hash_ring_manager [None req-cdb4f8aa-37a5-4a8e-9279-5591f7761fe1 None None] Disallow caching, nodes 2<3 {{(pid=87745) _wait_startup_before_caching /opt/stack/neutron/neutron/common/ovn/hash_ring_manager.py:79}}
Jul 10 14:11:05.972480 np0000005015 devstack@neutron-api.service[87745]: DEBUG neutron.common.ovn.hash_ring_manager [None req-cdb4f8aa-37a5-4a8e-9279-5591f7761fe1 None None] Hash Ring loaded. 2 active nodes. 0 offline nodes {{(pid=87745) _load_hash_ring /opt/stack/neutron/neutron/common/ovn/hash_ring_manager.py:110}}
Jul 10 14:11:05.972662 np0000005015 devstack@neutron-api.service[87745]: DEBUG neutron.plugins.ml2.drivers.ovn.mech_driver.ovsdb.ovsdb_monitor [None req-cdb4f8aa-37a5-4a8e-9279-5591f7761fe1 None None] Hash Ring: Node 0c56155251865a27ba27b0df9bd0e7b7 (host: np0000005015) handling event "create" for row 61fe8eca-d999-4d29-a277-0bf01013e804 (table: Chassis) {{(pid=87745) notify /opt/stack/neutron/neutron/plugins/ml2/drivers/ovn/mech_driver/ovsdb/ovsdb_monitor.py:1031}}
Jul 10 14:11:05.973685 np0000005015 devstack@neutron-api.service[87745]: DEBUG ovsdbapp.backend.ovs_idl.event [None req-cdb4f8aa-37a5-4a8e-9279-5591f7761fe1 None None] Matched CREATE: ChassisBandwidthConfigEvent(events=('create', 'update'), table='Chassis', conditions=None, old_conditions=None), priority=20 to row=Chassis(uuid=61fe8eca-d999-4d29-a277-0bf01013e804, encaps=[b4ac641b-3f9b-4417-a372-7f16599c74bd], external_ids={}, hostname='np0000005015', name='a33de3ff-0074-42b8-944e-cdc4e992b31d', nb_cfg=0, other_config={'ct-commit-nat-v2': 'true', 'ct-commit-to-zone': 'true', 'ct-next-zone': 'true', 'ct-no-masked-label': 'true', 'ct-state-save': 'true', 'datapath-type': 'system', 'fdb-timestamp': 'true', 'iface-types': 'afxdp,afxdp-nonpmd,bareudp,erspan,geneve,gre,gtpu,internal,ip6erspan,ip6gre,lisp,patch,srv6,stt,system,tap,vxlan', 'is-interconn': 'false', 'ls-dpg-column': 'true', 'mac-binding-timestamp': 'true', 'ovn-bridge-mappings': 'public:br-ex', 'ovn-chassis-mac-mappings': '', 'ovn-cms-options': 'enable-chassis-as-gw', 'ovn-ct-lb-related': 'true', 'ovn-enable-lflow-cache': 'true', 'ovn-limit-lflow-cache': '', 'ovn-memlimit-lflow-cache-kb': '', 'ovn-monitor-all': 'false', 'ovn-trim-limit-lflow-cache': '', 'ovn-trim-timeout-ms': '', 'ovn-trim-wmark-perc-lflow-cache': '', 'port-up-notif': 'true'}, transport_zones=[], vtep_logical_switches=[]) old= {{(pid=87745) matches /opt/stack/data/venv/lib/python3.12/site-packages/ovsdbapp/backend/ovs_idl/event.py:55}}
Jul 10 14:11:05.974262 np0000005015 devstack@neutron-api.service[87745]: DEBUG neutron.plugins.ml2.drivers.ovn.mech_driver.ovsdb.ovsdb_monitor [None req-cdb4f8aa-37a5-4a8e-9279-5591f7761fe1 None None] ChassisAgentWriteEvent : Matched Chassis_Private, create, None None {{(pid=87745) matches /opt/stack/neutron/neutron/plugins/ml2/drivers/ovn/mech_driver/ovsdb/ovsdb_monitor.py:65}}
Jul 10 14:11:05.974422 np0000005015 devstack@neutron-api.service[87745]: DEBUG neutron.plugins.ml2.drivers.ovn.mech_driver.ovsdb.ovsdb_monitor [None req-cdb4f8aa-37a5-4a8e-9279-5591f7761fe1 None None] ChassisOVNAgentWriteEvent : Matched Chassis_Private, create, None None {{(pid=87745) matches /opt/stack/neutron/neutron/plugins/ml2/drivers/ovn/mech_driver/ovsdb/ovsdb_monitor.py:65}}
Jul 10 14:11:05.982034 np0000005015 devstack@neutron-api.service[87745]: DEBUG neutron.common.ovn.hash_ring_manager [None req-cdb4f8aa-37a5-4a8e-9279-5591f7761fe1 None None] Hash Ring loaded. 2 active nodes. 0 offline nodes {{(pid=87745) _load_hash_ring /opt/stack/neutron/neutron/common/ovn/hash_ring_manager.py:110}}
Jul 10 14:11:05.988266 np0000005015 devstack@neutron-api.service[87745]: DEBUG neutron.common.ovn.hash_ring_manager [None req-cdb4f8aa-37a5-4a8e-9279-5591f7761fe1 None None] Hash Ring loaded. 2 active nodes. 0 offline nodes {{(pid=87745) _load_hash_ring /opt/stack/neutron/neutron/common/ovn/hash_ring_manager.py:110}}
Jul 10 14:11:05.989295 np0000005015 devstack@neutron-api.service[87745]: INFO neutron.plugins.ml2.drivers.ovn.mech_driver.mech_driver [None req-cdb4f8aa-37a5-4a8e-9279-5591f7761fe1 None None] WorkerService process has finished the post initialization
Jul 10 14:11:05.989705 np0000005015 devstack@neutron-api.service[87745]: DEBUG oslo_concurrency.processutils [None req-cdb4f8aa-37a5-4a8e-9279-5591f7761fe1 None None] Running cmd (subprocess): ovsdb-client transact ssl:10.4.3.114:6641 --timeout 180 -p /opt/stack/data/CA/int-ca/private/devstack-cert.key -c /opt/stack/data/CA/int-ca/devstack-cert.crt -C /opt/stack/data/CA/int-ca/ca-chain.pem ["OVN_Northbound", {"op": "wait", "timeout": 0, "table": "Port_Group", "where": [["name", "==", "pvlan_pg_drop"]], "until": "==", "rows": []}, {"op": "insert", "table": "ACL", "row": {"action": "drop", "direction": "to-lport", "match": "outport == @pvlan_pg_drop && ip", "priority": 1010}, "uuid-name": "pvlandroptoport"}, {"op": "insert", "table": "ACL", "row": {"action": "drop", "direction": "from-lport", "match": "inport == @pvlan_pg_drop && ip", "priority": 1010}, "uuid-name": "pvlandropfromport"}, {"op": "insert", "table": "Port_Group", "row": {"name": "pvlan_pg_drop", "acls": ["set", [["named-uuid", "pvlandroptoport"], ["named-uuid", "pvlandropfromport"]]]}}] {{(pid=87745) execute /opt/stack/data/venv/lib/python3.12/site-packages/oslo_concurrency/processutils.py:440}}
Jul 10 14:11:05.990136 np0000005015 devstack@neutron-api.service[87745]: INFO neutron.plugins.ml2.drivers.ovn.mech_driver.ovsdb.extensions.qos [-] Starting OVNClientQosExtension
Jul 10 14:11:05.990260 np0000005015 devstack@neutron-api.service[87745]: INFO neutron.plugins.ml2.drivers.ovn.mech_driver.ovsdb.extensions.placement [-] Starting OVNClientPlacementExtension
Jul 10 14:11:06.023857 np0000005015 devstack@neutron-api.service[87745]: DEBUG oslo_concurrency.processutils [None req-cdb4f8aa-37a5-4a8e-9279-5591f7761fe1 None None] CMD "ovsdb-client transact ssl:10.4.3.114:6641 --timeout 180 -p /opt/stack/data/CA/int-ca/private/devstack-cert.key -c /opt/stack/data/CA/int-ca/devstack-cert.crt -C /opt/stack/data/CA/int-ca/ca-chain.pem ["OVN_Northbound", {"op": "wait", "timeout": 0, "table": "Port_Group", "where": [["name", "==", "pvlan_pg_drop"]], "until": "==", "rows": []}, {"op": "insert", "table": "ACL", "row": {"action": "drop", "direction": "to-lport", "match": "outport == @pvlan_pg_drop && ip", "priority": 1010}, "uuid-name": "pvlandroptoport"}, {"op": "insert", "table": "ACL", "row": {"action": "drop", "direction": "from-lport", "match": "inport == @pvlan_pg_drop && ip", "priority": 1010}, "uuid-name": "pvlandropfromport"}, {"op": "insert", "table": "Port_Group", "row": {"name": "pvlan_pg_drop", "acls": ["set", [["named-uuid", "pvlandroptoport"], ["named-uuid", "pvlandropfromport"]]]}}]" returned: 0 in 0.034s {{(pid=87745) execute /opt/stack/data/venv/lib/python3.12/site-packages/oslo_concurrency/processutils.py:468}}
Jul 10 14:11:06.026741 np0000005015 devstack@neutron-api.service[87745]: WSGI app 0 (mountpoint='') ready in 8 seconds on interpreter 0x7637dc8a4668 pid: 87745 (default app)
Jul 10 14:11:06.170328 np0000005015 devstack@neutron-api.service[87744]: WARNING neutron.objects.base [None req-6da1f2aa-046c-40d7-8ca5-9dc204b3bf68 None None] ORM session: SQL execution without transaction in progress, traceback:
Jul 10 14:11:06.170328 np0000005015 devstack@neutron-api.service[87744]: File "", line 1360, in _find_and_load
Jul 10 14:11:06.170328 np0000005015 devstack@neutron-api.service[87744]: File "", line 1331, in _find_and_load_unlocked
Jul 10 14:11:06.170328 np0000005015 devstack@neutron-api.service[87744]: File "", line 935, in _load_unlocked
Jul 10 14:11:06.170328 np0000005015 devstack@neutron-api.service[87744]: File "", line 995, in exec_module
