Jul 27 12:31:27.547098 np0000005903 devstack@g-api.service[100211]: DEBUG oslo_utils.imageutils.format_inspector [None req-6b3df9e8-9c2b-477e-875c-46fc73726df2 tempest-ServerBootFromVolumeStableRescueTest-1306291666 tempest-ServerBootFromVolumeStableRescueTest-1306291666-project-member] Format inspector for vmdk does not match, excluding from consideration (Signature KDMV not found: b'QFI\xfb') {{(pid=100211) _process_chunk /opt/stack/data/venv/lib/python3.12/site-packages/oslo_utils/imageutils/format_inspector.py:1758}}
Jul 27 12:31:27.549881 np0000005903 devstack@g-api.service[100211]: DEBUG oslo_utils.imageutils.format_inspector [None req-6b3df9e8-9c2b-477e-875c-46fc73726df2 tempest-ServerBootFromVolumeStableRescueTest-1306291666 tempest-ServerBootFromVolumeStableRescueTest-1306291666-project-member] Format inspector for vhdx does not match, excluding from consideration (Region signature not found at 30000) {{(pid=100211) _process_chunk /opt/stack/data/venv/lib/python3.12/site-packages/oslo_utils/imageutils/format_inspector.py:1758}}
Jul 27 12:31:27.586088 np0000005903 devstack@g-api.service[100212]: DEBUG glance.api.middleware.version_negotiation [None req-6b3df9e8-9c2b-477e-875c-46fc73726df2 tempest-ServerBootFromVolumeStableRescueTest-1306291666 tempest-ServerBootFromVolumeStableRescueTest-1306291666-project-member] Determining version of request: GET /v2/images/05f30d33-fe95-4293-91b1-a6715ed04bbc Accept: application/json {{(pid=100212) process_request /opt/stack/glance/glance/api/middleware/version_negotiation.py:44}}
Jul 27 12:31:27.586601 np0000005903 devstack@g-api.service[100212]: DEBUG glance.api.middleware.version_negotiation [None req-6b3df9e8-9c2b-477e-875c-46fc73726df2 tempest-ServerBootFromVolumeStableRescueTest-1306291666 tempest-ServerBootFromVolumeStableRescueTest-1306291666-project-member] Using url versioning {{(pid=100212) process_request /opt/stack/glance/glance/api/middleware/version_negotiation.py:57}}
Jul 27 12:31:27.586601 np0000005903 devstack@g-api.service[100212]: DEBUG glance.api.middleware.version_negotiation [None req-6b3df9e8-9c2b-477e-875c-46fc73726df2 tempest-ServerBootFromVolumeStableRescueTest-1306291666 tempest-ServerBootFromVolumeStableRescueTest-1306291666-project-member] Matched version: v2 {{(pid=100212) process_request /opt/stack/glance/glance/api/middleware/version_negotiation.py:69}}
Jul 27 12:31:27.586601 np0000005903 devstack@g-api.service[100212]: DEBUG glance.api.middleware.version_negotiation [None req-6b3df9e8-9c2b-477e-875c-46fc73726df2 tempest-ServerBootFromVolumeStableRescueTest-1306291666 tempest-ServerBootFromVolumeStableRescueTest-1306291666-project-member] new path /v2/images/05f30d33-fe95-4293-91b1-a6715ed04bbc {{(pid=100212) process_request /opt/stack/glance/glance/api/middleware/version_negotiation.py:70}}
Jul 27 12:31:27.610239 np0000005903 devstack@g-api.service[100212]: [pid: 100212|app: 0|req: 157/460] 127.0.0.1 () {40 vars in 834 bytes} [Mon Jul 27 12:31:27 2026] GET /v2/images/05f30d33-fe95-4293-91b1-a6715ed04bbc => generated 1470 bytes in 24 msecs (HTTP/1.1 200) 4 headers in 158 bytes (1 switches on core 0)
Jul 27 12:31:27.787859 np0000005903 devstack@g-api.service[100211]: DEBUG swiftclient [None req-6b3df9e8-9c2b-477e-875c-46fc73726df2 tempest-ServerBootFromVolumeStableRescueTest-1306291666 tempest-ServerBootFromVolumeStableRescueTest-1306291666-project-member] REQ: curl -i https://10.4.3.89:8080/v1/AUTH_28e11e5cf8e6405a97cfe1ded6ca928d/glance/05f30d33-fe95-4293-91b1-a6715ed04bbc-00001 -X PUT -H "X-Auth-Token: gAAAAABqZ0-fly6E..." {{(pid=100211) http_log /opt/stack/data/venv/lib/python3.12/site-packages/swiftclient/client.py:160}}
Jul 27 12:31:27.787958 np0000005903 devstack@g-api.service[100211]: DEBUG swiftclient [None req-6b3df9e8-9c2b-477e-875c-46fc73726df2 tempest-ServerBootFromVolumeStableRescueTest-1306291666 tempest-ServerBootFromVolumeStableRescueTest-1306291666-project-member] RESP STATUS: 201 Created {{(pid=100211) http_log /opt/stack/data/venv/lib/python3.12/site-packages/swiftclient/client.py:161}}
Jul 27 12:31:27.788119 np0000005903 devstack@g-api.service[100211]: DEBUG swiftclient [None req-6b3df9e8-9c2b-477e-875c-46fc73726df2 tempest-ServerBootFromVolumeStableRescueTest-1306291666 tempest-ServerBootFromVolumeStableRescueTest-1306291666-project-member] RESP HEADERS: {'Date': 'Mon, 27 Jul 2026 12:31:27 GMT', 'Server': 'Apache/2.4.58 (Ubuntu)', 'Content-Type': 'text/html; charset=UTF-8', 'Content-Length': '0', 'Etag': '4fa343ee581d8d2e78533191fd1ac3e1', 'Last-Modified': 'Mon, 27 Jul 2026 12:31:28 GMT', 'X-Trans-Id': 'txad1a42329d4444faac3c4-006a674f9f', 'X-Openstack-Request-Id': 'txad1a42329d4444faac3c4-006a674f9f', 'Connection': 'close'} {{(pid=100211) http_log /opt/stack/data/venv/lib/python3.12/site-packages/swiftclient/client.py:162}}
Jul 27 12:31:27.788196 np0000005903 devstack@g-api.service[100211]: DEBUG glance_store._drivers.swift.store [None req-6b3df9e8-9c2b-477e-875c-46fc73726df2 tempest-ServerBootFromVolumeStableRescueTest-1306291666 tempest-ServerBootFromVolumeStableRescueTest-1306291666-project-member] Wrote chunk 05f30d33-fe95-4293-91b1-a6715ed04bbc-00001 (1/?) of length 23527424 to Swift returning MD5 of content: 4fa343ee581d8d2e78533191fd1ac3e1 {{(pid=100211) add /opt/stack/data/venv/lib/python3.12/site-packages/glance_store/_drivers/swift/store.py:1059}}
Jul 27 12:31:27.788437 np0000005903 devstack@g-api.service[100211]: DEBUG glance_store._drivers.swift.store [None req-6b3df9e8-9c2b-477e-875c-46fc73726df2 tempest-ServerBootFromVolumeStableRescueTest-1306291666 tempest-ServerBootFromVolumeStableRescueTest-1306291666-project-member] Not writing zero-length chunk. {{(pid=100211) add /opt/stack/data/venv/lib/python3.12/site-packages/glance_store/_drivers/swift/store.py:1028}}
Jul 27 12:31:27.813855 np0000005903 devstack@g-api.service[100211]: DEBUG swiftclient [None req-6b3df9e8-9c2b-477e-875c-46fc73726df2 tempest-ServerBootFromVolumeStableRescueTest-1306291666 tempest-ServerBootFromVolumeStableRescueTest-1306291666-project-member] REQ: curl -i https://10.4.3.89:8080/v1/AUTH_28e11e5cf8e6405a97cfe1ded6ca928d/glance/05f30d33-fe95-4293-91b1-a6715ed04bbc -X PUT -H "X-Object-Manifest: glance/05f30d33-fe95-4293-91b1-a6715ed04bbc-" -H "X-Auth-Token: gAAAAABqZ0-fly6E..." -H "Content-Length: 0" {{(pid=100211) http_log /opt/stack/data/venv/lib/python3.12/site-packages/swiftclient/client.py:160}}
Jul 27 12:31:27.814204 np0000005903 devstack@g-api.service[100211]: DEBUG swiftclient [None req-6b3df9e8-9c2b-477e-875c-46fc73726df2 tempest-ServerBootFromVolumeStableRescueTest-1306291666 tempest-ServerBootFromVolumeStableRescueTest-1306291666-project-member] RESP STATUS: 201 Created {{(pid=100211) http_log /opt/stack/data/venv/lib/python3.12/site-packages/swiftclient/client.py:161}}
Jul 27 12:31:27.814204 np0000005903 devstack@g-api.service[100211]: DEBUG swiftclient [None req-6b3df9e8-9c2b-477e-875c-46fc73726df2 tempest-ServerBootFromVolumeStableRescueTest-1306291666 tempest-ServerBootFromVolumeStableRescueTest-1306291666-project-member] RESP HEADERS: {'Date': 'Mon, 27 Jul 2026 12:31:27 GMT', 'Server': 'Apache/2.4.58 (Ubuntu)', 'Content-Type': 'text/html; charset=UTF-8', 'Content-Length': '0', 'Etag': 'd41d8cd98f00b204e9800998ecf8427e', 'Last-Modified': 'Mon, 27 Jul 2026 12:31:28 GMT', 'X-Trans-Id': 'tx77827a3d1ec54192ac032-006a674f9f', 'X-Openstack-Request-Id': 'tx77827a3d1ec54192ac032-006a674f9f', 'Connection': 'close'} {{(pid=100211) http_log /opt/stack/data/venv/lib/python3.12/site-packages/swiftclient/client.py:162}}
Jul 27 12:31:27.814538 np0000005903 devstack@g-api.service[100211]: INFO glance.location [None req-6b3df9e8-9c2b-477e-875c-46fc73726df2 tempest-ServerBootFromVolumeStableRescueTest-1306291666 tempest-ServerBootFromVolumeStableRescueTest-1306291666-project-member] Image format matched and virtual size computed: 1073741824
Jul 27 12:31:27.860511 np0000005903 devstack@g-api.service[100211]: DEBUG glance_store.backend [None req-6b3df9e8-9c2b-477e-875c-46fc73726df2 tempest-ServerBootFromVolumeStableRescueTest-1306291666 tempest-ServerBootFromVolumeStableRescueTest-1306291666-project-member] Attempting to import store swift {{(pid=100211) _load_store /opt/stack/data/venv/lib/python3.12/site-packages/glance_store/backend.py:215}}
Jul 27 12:31:27.862182 np0000005903 devstack@g-api.service[100211]: DEBUG glance_store.capabilities [None req-6b3df9e8-9c2b-477e-875c-46fc73726df2 tempest-ServerBootFromVolumeStableRescueTest-1306291666 tempest-ServerBootFromVolumeStableRescueTest-1306291666-project-member] Store glance_store._drivers.swift.store.SingleTenantStore doesn't support updating dynamic storage capabilities. Please overwrite 'update_capabilities' method of the store to implement updating logics if needed. {{(pid=100211) update_capabilities /opt/stack/data/venv/lib/python3.12/site-packages/glance_store/capabilities.py:91}}
Jul 27 12:31:27.863582 np0000005903 devstack@g-api.service[100211]: DEBUG glance_store.driver [None req-6b3df9e8-9c2b-477e-875c-46fc73726df2 tempest-ServerBootFromVolumeStableRescueTest-1306291666 tempest-ServerBootFromVolumeStableRescueTest-1306291666-project-member] Late loading location class glance_store._drivers.swift.store.StoreLocation {{(pid=100211) get_store_location_class /opt/stack/data/venv/lib/python3.12/site-packages/glance_store/driver.py:134}}
Jul 27 12:31:27.863582 np0000005903 devstack@g-api.service[100211]: DEBUG glance_store.location [None req-6b3df9e8-9c2b-477e-875c-46fc73726df2 tempest-ServerBootFromVolumeStableRescueTest-1306291666 tempest-ServerBootFromVolumeStableRescueTest-1306291666-project-member] Registering scheme swift+https with {'store': , 'location_class': , 'store_entry': 'swift'} {{(pid=100211) register_scheme_map /opt/stack/data/venv/lib/python3.12/site-packages/glance_store/location.py:146}}
Jul 27 12:31:27.863582 np0000005903 devstack@g-api.service[100211]: DEBUG glance_store.location [None req-6b3df9e8-9c2b-477e-875c-46fc73726df2 tempest-ServerBootFromVolumeStableRescueTest-1306291666 tempest-ServerBootFromVolumeStableRescueTest-1306291666-project-member] Registering scheme swift+https with {'store': , 'location_class': , 'store_entry': 'swift'} {{(pid=100211) register_scheme_map /opt/stack/data/venv/lib/python3.12/site-packages/glance_store/location.py:146}}
Jul 27 12:31:27.863582 np0000005903 devstack@g-api.service[100211]: DEBUG glance_store.location [None req-6b3df9e8-9c2b-477e-875c-46fc73726df2 tempest-ServerBootFromVolumeStableRescueTest-1306291666 tempest-ServerBootFromVolumeStableRescueTest-1306291666-project-member] Registering scheme swift with {'store': , 'location_class': , 'store_entry': 'swift'} {{(pid=100211) register_scheme_map /opt/stack/data/venv/lib/python3.12/site-packages/glance_store/location.py:146}}
Jul 27 12:31:27.863582 np0000005903 devstack@g-api.service[100211]: DEBUG glance_store.location [None req-6b3df9e8-9c2b-477e-875c-46fc73726df2 tempest-ServerBootFromVolumeStableRescueTest-1306291666 tempest-ServerBootFromVolumeStableRescueTest-1306291666-project-member] Registering scheme swift+https with {'store': , 'location_class': , 'store_entry': 'swift'} {{(pid=100211) register_scheme_map /opt/stack/data/venv/lib/python3.12/site-packages/glance_store/location.py:146}}
Jul 27 12:31:27.863582 np0000005903 devstack@g-api.service[100211]: DEBUG glance_store.location [None req-6b3df9e8-9c2b-477e-875c-46fc73726df2 tempest-ServerBootFromVolumeStableRescueTest-1306291666 tempest-ServerBootFromVolumeStableRescueTest-1306291666-project-member] Registering scheme swift with {'store': , 'location_class': , 'store_entry': 'swift'} {{(pid=100211) register_scheme_map /opt/stack/data/venv/lib/python3.12/site-packages/glance_store/location.py:146}}
Jul 27 12:31:27.863582 np0000005903 devstack@g-api.service[100211]: DEBUG glance_store.location [None req-6b3df9e8-9c2b-477e-875c-46fc73726df2 tempest-ServerBootFromVolumeStableRescueTest-1306291666 tempest-ServerBootFromVolumeStableRescueTest-1306291666-project-member] Registering scheme swift+http with {'store': , 'location_class': , 'store_entry': 'swift'} {{(pid=100211) register_scheme_map /opt/stack/data/venv/lib/python3.12/site-packages/glance_store/location.py:146}}
Jul 27 12:31:27.863582 np0000005903 devstack@g-api.service[100211]: DEBUG glance_store.location [None req-6b3df9e8-9c2b-477e-875c-46fc73726df2 tempest-ServerBootFromVolumeStableRescueTest-1306291666 tempest-ServerBootFromVolumeStableRescueTest-1306291666-project-member] Registering scheme swift+https with {'store': , 'location_class': , 'store_entry': 'swift'} {{(pid=100211) register_scheme_map /opt/stack/data/venv/lib/python3.12/site-packages/glance_store/location.py:146}}
Jul 27 12:31:27.863582 np0000005903 devstack@g-api.service[100211]: DEBUG glance_store.location [None req-6b3df9e8-9c2b-477e-875c-46fc73726df2 tempest-ServerBootFromVolumeStableRescueTest-1306291666 tempest-ServerBootFromVolumeStableRescueTest-1306291666-project-member] Registering scheme swift with {'store': , 'location_class': , 'store_entry': 'swift'} {{(pid=100211) register_scheme_map /opt/stack/data/venv/lib/python3.12/site-packages/glance_store/location.py:146}}
Jul 27 12:31:27.863582 np0000005903 devstack@g-api.service[100211]: DEBUG glance_store.location [None req-6b3df9e8-9c2b-477e-875c-46fc73726df2 tempest-ServerBootFromVolumeStableRescueTest-1306291666 tempest-ServerBootFromVolumeStableRescueTest-1306291666-project-member] Registering scheme swift+http with {'store': , 'location_class': , 'store_entry': 'swift'} {{(pid=100211) register_scheme_map /opt/stack/data/venv/lib/python3.12/site-packages/glance_store/location.py:146}}
Jul 27 12:31:27.863996 np0000005903 devstack@g-api.service[100211]: DEBUG glance_store.location [None req-6b3df9e8-9c2b-477e-875c-46fc73726df2 tempest-ServerBootFromVolumeStableRescueTest-1306291666 tempest-ServerBootFromVolumeStableRescueTest-1306291666-project-member] Registering scheme swift+config with {'store': , 'location_class': , 'store_entry': 'swift'} {{(pid=100211) register_scheme_map /opt/stack/data/venv/lib/python3.12/site-packages/glance_store/location.py:146}}
Jul 27 12:31:27.863996 np0000005903 devstack@g-api.service[100211]: DEBUG glance_store.backend [None req-6b3df9e8-9c2b-477e-875c-46fc73726df2 tempest-ServerBootFromVolumeStableRescueTest-1306291666 tempest-ServerBootFromVolumeStableRescueTest-1306291666-project-member] Skipping store.set_acls... not implemented. {{(pid=100211) set_acls /opt/stack/data/venv/lib/python3.12/site-packages/glance_store/backend.py:507}}
Jul 27 12:31:27.865691 np0000005903 devstack@g-api.service[100211]: [pid: 100211|app: 0|req: 152/461] 127.0.0.1 () {46 vars in 1154 bytes} [Mon Jul 27 12:31:26 2026] PUT /v2/images/05f30d33-fe95-4293-91b1-a6715ed04bbc/file => generated 0 bytes in 1547 msecs (HTTP/1.1 204) 4 headers in 171 bytes (1 switches on core 0)
Jul 27 12:31:27.914401 np0000005903 devstack@g-api.service[100210]: DEBUG glance.api.middleware.version_negotiation [None req-fd3c1496-a15a-46bb-a5bc-6fd616c14f6a tempest-ServerBootFromVolumeStableRescueTest-1306291666 tempest-ServerBootFromVolumeStableRescueTest-1306291666-project-member] Determining version of request: GET /v2/images/05f30d33-fe95-4293-91b1-a6715ed04bbc Accept: */* {{(pid=100210) process_request /opt/stack/glance/glance/api/middleware/version_negotiation.py:44}}
Jul 27 12:31:27.914928 np0000005903 devstack@g-api.service[100210]: DEBUG glance.api.middleware.version_negotiation [None req-fd3c1496-a15a-46bb-a5bc-6fd616c14f6a tempest-ServerBootFromVolumeStableRescueTest-1306291666 tempest-ServerBootFromVolumeStableRescueTest-1306291666-project-member] Using url versioning {{(pid=100210) process_request /opt/stack/glance/glance/api/middleware/version_negotiation.py:57}}
Jul 27 12:31:27.914928 np0000005903 devstack@g-api.service[100210]: DEBUG glance.api.middleware.version_negotiation [None req-fd3c1496-a15a-46bb-a5bc-6fd616c14f6a tempest-ServerBootFromVolumeStableRescueTest-1306291666 tempest-ServerBootFromVolumeStableRescueTest-1306291666-project-member] Matched version: v2 {{(pid=100210) process_request /opt/stack/glance/glance/api/middleware/version_negotiation.py:69}}
Jul 27 12:31:27.914928 np0000005903 devstack@g-api.service[100210]: DEBUG glance.api.middleware.version_negotiation [None req-fd3c1496-a15a-46bb-a5bc-6fd616c14f6a tempest-ServerBootFromVolumeStableRescueTest-1306291666 tempest-ServerBootFromVolumeStableRescueTest-1306291666-project-member] new path /v2/images/05f30d33-fe95-4293-91b1-a6715ed04bbc {{(pid=100210) process_request /opt/stack/glance/glance/api/middleware/version_negotiation.py:70}}
Jul 27 12:31:27.931176 np0000005903 devstack@g-api.service[100210]: [pid: 100210|app: 0|req: 153/462] 127.0.0.1 () {44 vars in 1111 bytes} [Mon Jul 27 12:31:27 2026] GET /v2/images/05f30d33-fe95-4293-91b1-a6715ed04bbc => generated 1640 bytes in 17 msecs (HTTP/1.1 200) 4 headers in 158 bytes (1 switches on core 0)
Jul 27 12:31:27.931330 np0000005903 devstack@g-api.service[100212]: DEBUG glance.api.middleware.version_negotiation [None req-9e7fb3a5-9427-4aaf-a75b-a951a30be5be tempest-ServerBootFromVolumeStableRescueTest-1306291666 tempest-ServerBootFromVolumeStableRescueTest-1306291666-project-member] Determining version of request: GET /v2/images/2baa38c8-5854-45ab-a3e6-d133a9ed776c Accept: application/json {{(pid=100212) process_request /opt/stack/glance/glance/api/middleware/version_negotiation.py:44}}
Jul 27 12:31:27.931745 np0000005903 devstack@g-api.service[100212]: DEBUG glance.api.middleware.version_negotiation [None req-9e7fb3a5-9427-4aaf-a75b-a951a30be5be tempest-ServerBootFromVolumeStableRescueTest-1306291666 tempest-ServerBootFromVolumeStableRescueTest-1306291666-project-member] Using url versioning {{(pid=100212) process_request /opt/stack/glance/glance/api/middleware/version_negotiation.py:57}}
Jul 27 12:31:27.931745 np0000005903 devstack@g-api.service[100212]: DEBUG glance.api.middleware.version_negotiation [None req-9e7fb3a5-9427-4aaf-a75b-a951a30be5be tempest-ServerBootFromVolumeStableRescueTest-1306291666 tempest-ServerBootFromVolumeStableRescueTest-1306291666-project-member] Matched version: v2 {{(pid=100212) process_request /opt/stack/glance/glance/api/middleware/version_negotiation.py:69}}
Jul 27 12:31:27.931846 np0000005903 devstack@g-api.service[100212]: DEBUG glance.api.middleware.version_negotiation [None req-9e7fb3a5-9427-4aaf-a75b-a951a30be5be tempest-ServerBootFromVolumeStableRescueTest-1306291666 tempest-ServerBootFromVolumeStableRescueTest-1306291666-project-member] new path /v2/images/2baa38c8-5854-45ab-a3e6-d133a9ed776c {{(pid=100212) process_request /opt/stack/glance/glance/api/middleware/version_negotiation.py:70}}
Jul 27 12:31:27.950343 np0000005903 devstack@g-api.service[100212]: [pid: 100212|app: 0|req: 158/463] 127.0.0.1 () {40 vars in 834 bytes} [Mon Jul 27 12:31:27 2026] GET /v2/images/2baa38c8-5854-45ab-a3e6-d133a9ed776c => generated 1044 bytes in 19 msecs (HTTP/1.1 200) 4 headers in 158 bytes (1 switches on core 0)
Jul 27 12:31:27.971760 np0000005903 devstack@g-api.service[100211]: DEBUG glance.api.middleware.version_negotiation [None req-6b3df9e8-9c2b-477e-875c-46fc73726df2 tempest-ServerBootFromVolumeStableRescueTest-1306291666 tempest-ServerBootFromVolumeStableRescueTest-1306291666-project-member] Determining version of request: GET /v2/schemas/image Accept: */* {{(pid=100211) process_request /opt/stack/glance/glance/api/middleware/version_negotiation.py:44}}
Jul 27 12:31:27.971760 np0000005903 devstack@g-api.service[100211]: DEBUG glance.api.middleware.version_negotiation [None req-6b3df9e8-9c2b-477e-875c-46fc73726df2 tempest-ServerBootFromVolumeStableRescueTest-1306291666 tempest-ServerBootFromVolumeStableRescueTest-1306291666-project-member] Using url versioning {{(pid=100211) process_request /opt/stack/glance/glance/api/middleware/version_negotiation.py:57}}
Jul 27 12:31:27.971760 np0000005903 devstack@g-api.service[100211]: DEBUG glance.api.middleware.version_negotiation [None req-6b3df9e8-9c2b-477e-875c-46fc73726df2 tempest-ServerBootFromVolumeStableRescueTest-1306291666 tempest-ServerBootFromVolumeStableRescueTest-1306291666-project-member] Matched version: v2 {{(pid=100211) process_request /opt/stack/glance/glance/api/middleware/version_negotiation.py:69}}
Jul 27 12:31:27.971760 np0000005903 devstack@g-api.service[100211]: DEBUG glance.api.middleware.version_negotiation [None req-6b3df9e8-9c2b-477e-875c-46fc73726df2 tempest-ServerBootFromVolumeStableRescueTest-1306291666 tempest-ServerBootFromVolumeStableRescueTest-1306291666-project-member] new path /v2/schemas/image {{(pid=100211) process_request /opt/stack/glance/glance/api/middleware/version_negotiation.py:70}}
Jul 27 12:31:27.972478 np0000005903 devstack@g-api.service[100210]: DEBUG glance.api.middleware.version_negotiation [None req-6b3df9e8-9c2b-477e-875c-46fc73726df2 tempest-ServerBootFromVolumeStableRescueTest-1306291666 tempest-ServerBootFromVolumeStableRescueTest-1306291666-project-member] Determining version of request: GET /v2/images/2baa38c8-5854-45ab-a3e6-d133a9ed776c Accept: */* {{(pid=100210) process_request /opt/stack/glance/glance/api/middleware/version_negotiation.py:44}}
Jul 27 12:31:27.973144 np0000005903 devstack@g-api.service[100210]: DEBUG glance.api.middleware.version_negotiation [None req-6b3df9e8-9c2b-477e-875c-46fc73726df2 tempest-ServerBootFromVolumeStableRescueTest-1306291666 tempest-ServerBootFromVolumeStableRescueTest-1306291666-project-member] Using url versioning {{(pid=100210) process_request /opt/stack/glance/glance/api/middleware/version_negotiation.py:57}}
Jul 27 12:31:27.973400 np0000005903 devstack@g-api.service[100210]: DEBUG glance.api.middleware.version_negotiation [None req-6b3df9e8-9c2b-477e-875c-46fc73726df2 tempest-ServerBootFromVolumeStableRescueTest-1306291666 tempest-ServerBootFromVolumeStableRescueTest-1306291666-project-member] Matched version: v2 {{(pid=100210) process_request /opt/stack/glance/glance/api/middleware/version_negotiation.py:69}}
Jul 27 12:31:27.973667 np0000005903 devstack@g-api.service[100210]: DEBUG glance.api.middleware.version_negotiation [None req-6b3df9e8-9c2b-477e-875c-46fc73726df2 tempest-ServerBootFromVolumeStableRescueTest-1306291666 tempest-ServerBootFromVolumeStableRescueTest-1306291666-project-member] new path /v2/images/2baa38c8-5854-45ab-a3e6-d133a9ed776c {{(pid=100210) process_request /opt/stack/glance/glance/api/middleware/version_negotiation.py:70}}
Jul 27 12:31:27.979940 np0000005903 devstack@g-api.service[100211]: [pid: 100211|app: 0|req: 153/464] 127.0.0.1 () {44 vars in 1051 bytes} [Mon Jul 27 12:31:27 2026] GET /v2/schemas/image => generated 6083 bytes in 9 msecs (HTTP/1.1 200) 4 headers in 158 bytes (1 switches on core 0)
Jul 27 12:31:27.985701 np0000005903 devstack@g-api.service[100210]: [pid: 100210|app: 0|req: 154/465] 127.0.0.1 () {44 vars in 1111 bytes} [Mon Jul 27 12:31:27 2026] GET /v2/images/2baa38c8-5854-45ab-a3e6-d133a9ed776c => generated 1044 bytes in 13 msecs (HTTP/1.1 200) 4 headers in 158 bytes (1 switches on core 0)
Jul 27 12:31:27.993392 np0000005903 devstack@g-api.service[100212]: DEBUG glance.api.middleware.version_negotiation [None req-214706a7-35b2-4678-8b4d-c035e1eb9f5c tempest-TestVolumeBootPattern-865591759 tempest-TestVolumeBootPattern-865591759-project-member] Determining version of request: GET /v2/schemas/image Accept: */* {{(pid=100212) process_request /opt/stack/glance/glance/api/middleware/version_negotiation.py:44}}
Jul 27 12:31:27.993524 np0000005903 devstack@g-api.service[100212]: DEBUG glance.api.middleware.version_negotiation [None req-214706a7-35b2-4678-8b4d-c035e1eb9f5c tempest-TestVolumeBootPattern-865591759 tempest-TestVolumeBootPattern-865591759-project-member] Using url versioning {{(pid=100212) process_request /opt/stack/glance/glance/api/middleware/version_negotiation.py:57}}
Jul 27 12:31:27.993933 np0000005903 devstack@g-api.service[100212]: DEBUG glance.api.middleware.version_negotiation [None req-214706a7-35b2-4678-8b4d-c035e1eb9f5c tempest-TestVolumeBootPattern-865591759 tempest-TestVolumeBootPattern-865591759-project-member] Matched version: v2 {{(pid=100212) process_request /opt/stack/glance/glance/api/middleware/version_negotiation.py:69}}
Jul 27 12:31:27.993933 np0000005903 devstack@g-api.service[100212]: DEBUG glance.api.middleware.version_negotiation [None req-214706a7-35b2-4678-8b4d-c035e1eb9f5c tempest-TestVolumeBootPattern-865591759 tempest-TestVolumeBootPattern-865591759-project-member] new path /v2/schemas/image {{(pid=100212) process_request /opt/stack/glance/glance/api/middleware/version_negotiation.py:70}}
Jul 27 12:31:27.996447 np0000005903 devstack@g-api.service[100212]: [pid: 100212|app: 0|req: 159/466] 127.0.0.1 () {44 vars in 1051 bytes} [Mon Jul 27 12:31:27 2026] GET /v2/schemas/image => generated 6083 bytes in 3 msecs (HTTP/1.1 200) 4 headers in 158 bytes (1 switches on core 0)
Jul 27 12:31:28.010824 np0000005903 devstack@g-api.service[100211]: DEBUG glance.api.middleware.version_negotiation [None req-6b3df9e8-9c2b-477e-875c-46fc73726df2 tempest-ServerBootFromVolumeStableRescueTest-1306291666 tempest-ServerBootFromVolumeStableRescueTest-1306291666-project-member] Determining version of request: GET /v2/schemas/image Accept: */* {{(pid=100211) process_request /opt/stack/glance/glance/api/middleware/version_negotiation.py:44}}
Jul 27 12:31:28.012838 np0000005903 devstack@g-api.service[100211]: DEBUG glance.api.middleware.version_negotiation [None req-6b3df9e8-9c2b-477e-875c-46fc73726df2 tempest-ServerBootFromVolumeStableRescueTest-1306291666 tempest-ServerBootFromVolumeStableRescueTest-1306291666-project-member] Using url versioning {{(pid=100211) process_request /opt/stack/glance/glance/api/middleware/version_negotiation.py:57}}
Jul 27 12:31:28.013034 np0000005903 devstack@g-api.service[100211]: DEBUG glance.api.middleware.version_negotiation [None req-6b3df9e8-9c2b-477e-875c-46fc73726df2 tempest-ServerBootFromVolumeStableRescueTest-1306291666 tempest-ServerBootFromVolumeStableRescueTest-1306291666-project-member] Matched version: v2 {{(pid=100211) process_request /opt/stack/glance/glance/api/middleware/version_negotiation.py:69}}
Jul 27 12:31:28.013182 np0000005903 devstack@g-api.service[100211]: DEBUG glance.api.middleware.version_negotiation [None req-6b3df9e8-9c2b-477e-875c-46fc73726df2 tempest-ServerBootFromVolumeStableRescueTest-1306291666 tempest-ServerBootFromVolumeStableRescueTest-1306291666-project-member] new path /v2/schemas/image {{(pid=100211) process_request /opt/stack/glance/glance/api/middleware/version_negotiation.py:70}}
Jul 27 12:31:28.016110 np0000005903 devstack@g-api.service[100211]: [pid: 100211|app: 0|req: 154/467] 127.0.0.1 () {44 vars in 1051 bytes} [Mon Jul 27 12:31:28 2026] GET /v2/schemas/image => generated 6083 bytes in 5 msecs (HTTP/1.1 200) 4 headers in 158 bytes (1 switches on core 0)
Jul 27 12:31:28.025287 np0000005903 devstack@g-api.service[100210]: DEBUG glance.api.middleware.version_negotiation [None req-3198e314-acbf-4468-8611-039908d75420 tempest-TestVolumeBootPattern-865591759 tempest-TestVolumeBootPattern-865591759-project-member] Determining version of request: GET /v2/images/2baa38c8-5854-45ab-a3e6-d133a9ed776c Accept: */* {{(pid=100210) process_request /opt/stack/glance/glance/api/middleware/version_negotiation.py:44}}
Jul 27 12:31:28.026543 np0000005903 devstack@g-api.service[100210]: DEBUG glance.api.middleware.version_negotiation [None req-3198e314-acbf-4468-8611-039908d75420 tempest-TestVolumeBootPattern-865591759 tempest-TestVolumeBootPattern-865591759-project-member] Using url versioning {{(pid=100210) process_request /opt/stack/glance/glance/api/middleware/version_negotiation.py:57}}
Jul 27 12:31:28.026543 np0000005903 devstack@g-api.service[100210]: DEBUG glance.api.middleware.version_negotiation [None req-3198e314-acbf-4468-8611-039908d75420 tempest-TestVolumeBootPattern-865591759 tempest-TestVolumeBootPattern-865591759-project-member] Matched version: v2 {{(pid=100210) process_request /opt/stack/glance/glance/api/middleware/version_negotiation.py:69}}
Jul 27 12:31:28.026543 np0000005903 devstack@g-api.service[100210]: DEBUG glance.api.middleware.version_negotiation [None req-3198e314-acbf-4468-8611-039908d75420 tempest-TestVolumeBootPattern-865591759 tempest-TestVolumeBootPattern-865591759-project-member] new path /v2/images/2baa38c8-5854-45ab-a3e6-d133a9ed776c {{(pid=100210) process_request /opt/stack/glance/glance/api/middleware/version_negotiation.py:70}}
Jul 27 12:31:28.038131 np0000005903 devstack@g-api.service[100210]: [pid: 100210|app: 0|req: 155/468] 127.0.0.1 () {44 vars in 1111 bytes} [Mon Jul 27 12:31:28 2026] GET /v2/images/2baa38c8-5854-45ab-a3e6-d133a9ed776c => generated 1044 bytes in 13 msecs (HTTP/1.1 200) 4 headers in 158 bytes (1 switches on core 0)
Jul 27 12:31:28.046285 np0000005903 devstack@g-api.service[100212]: DEBUG glance.api.middleware.version_negotiation [None req-3198e314-acbf-4468-8611-039908d75420 tempest-TestVolumeBootPattern-865591759 tempest-TestVolumeBootPattern-865591759-project-member] Determining version of request: GET /v2/schemas/image Accept: */* {{(pid=100212) process_request /opt/stack/glance/glance/api/middleware/version_negotiation.py:44}}
Jul 27 12:31:28.046457 np0000005903 devstack@g-api.service[100212]: DEBUG glance.api.middleware.version_negotiation [None req-3198e314-acbf-4468-8611-039908d75420 tempest-TestVolumeBootPattern-865591759 tempest-TestVolumeBootPattern-865591759-project-member] Using url versioning {{(pid=100212) process_request /opt/stack/glance/glance/api/middleware/version_negotiation.py:57}}
Jul 27 12:31:28.046647 np0000005903 devstack@g-api.service[100212]: DEBUG glance.api.middleware.version_negotiation [None req-3198e314-acbf-4468-8611-039908d75420 tempest-TestVolumeBootPattern-865591759 tempest-TestVolumeBootPattern-865591759-project-member] Matched version: v2 {{(pid=100212) process_request /opt/stack/glance/glance/api/middleware/version_negotiation.py:69}}
Jul 27 12:31:28.046773 np0000005903 devstack@g-api.service[100212]: DEBUG glance.api.middleware.version_negotiation [None req-3198e314-acbf-4468-8611-039908d75420 tempest-TestVolumeBootPattern-865591759 tempest-TestVolumeBootPattern-865591759-project-member] new path /v2/schemas/image {{(pid=100212) process_request /opt/stack/glance/glance/api/middleware/version_negotiation.py:70}}
Jul 27 12:31:28.049964 np0000005903 devstack@g-api.service[100212]: [pid: 100212|app: 0|req: 160/469] 127.0.0.1 () {44 vars in 1051 bytes} [Mon Jul 27 12:31:28 2026] GET /v2/schemas/image => generated 6083 bytes in 3 msecs (HTTP/1.1 200) 4 headers in 158 bytes (1 switches on core 0)
Jul 27 12:31:28.059849 np0000005903 devstack@g-api.service[100211]: DEBUG glance.api.middleware.version_negotiation [None req-3198e314-acbf-4468-8611-039908d75420 tempest-TestVolumeBootPattern-865591759 tempest-TestVolumeBootPattern-865591759-project-member] Determining version of request: GET /v2/schemas/image Accept: */* {{(pid=100211) process_request /opt/stack/glance/glance/api/middleware/version_negotiation.py:44}}
Jul 27 12:31:28.059968 np0000005903 devstack@g-api.service[100211]: DEBUG glance.api.middleware.version_negotiation [None req-3198e314-acbf-4468-8611-039908d75420 tempest-TestVolumeBootPattern-865591759 tempest-TestVolumeBootPattern-865591759-project-member] Using url versioning {{(pid=100211) process_request /opt/stack/glance/glance/api/middleware/version_negotiation.py:57}}
Jul 27 12:31:28.060293 np0000005903 devstack@g-api.service[100211]: DEBUG glance.api.middleware.version_negotiation [None req-3198e314-acbf-4468-8611-039908d75420 tempest-TestVolumeBootPattern-865591759 tempest-TestVolumeBootPattern-865591759-project-member] Matched version: v2 {{(pid=100211) process_request /opt/stack/glance/glance/api/middleware/version_negotiation.py:69}}
Jul 27 12:31:28.060503 np0000005903 devstack@g-api.service[100211]: DEBUG glance.api.middleware.version_negotiation [None req-3198e314-acbf-4468-8611-039908d75420 tempest-TestVolumeBootPattern-865591759 tempest-TestVolumeBootPattern-865591759-project-member] new path /v2/schemas/image {{(pid=100211) process_request /opt/stack/glance/glance/api/middleware/version_negotiation.py:70}}
Jul 27 12:31:28.064082 np0000005903 devstack@g-api.service[100211]: [pid: 100211|app: 0|req: 155/470] 127.0.0.1 () {44 vars in 1051 bytes} [Mon Jul 27 12:31:28 2026] GET /v2/schemas/image => generated 6083 bytes in 4 msecs (HTTP/1.1 200) 4 headers in 158 bytes (1 switches on core 0)
Jul 27 12:31:28.086150 np0000005903 devstack@g-api.service[100210]: DEBUG glance.api.middleware.version_negotiation [None req-3198e314-acbf-4468-8611-039908d75420 tempest-TestVolumeBootPattern-865591759 tempest-TestVolumeBootPattern-865591759-project-member] Determining version of request: GET /v2/images/2baa38c8-5854-45ab-a3e6-d133a9ed776c Accept: */* {{(pid=100210) process_request /opt/stack/glance/glance/api/middleware/version_negotiation.py:44}}
Jul 27 12:31:28.086150 np0000005903 devstack@g-api.service[100210]: DEBUG glance.api.middleware.version_negotiation [None req-3198e314-acbf-4468-8611-039908d75420 tempest-TestVolumeBootPattern-865591759 tempest-TestVolumeBootPattern-865591759-project-member] Using url versioning {{(pid=100210) process_request /opt/stack/glance/glance/api/middleware/version_negotiation.py:57}}
Jul 27 12:31:28.086150 np0000005903 devstack@g-api.service[100210]: DEBUG glance.api.middleware.version_negotiation [None req-3198e314-acbf-4468-8611-039908d75420 tempest-TestVolumeBootPattern-865591759 tempest-TestVolumeBootPattern-865591759-project-member] Matched version: v2 {{(pid=100210) process_request /opt/stack/glance/glance/api/middleware/version_negotiation.py:69}}
Jul 27 12:31:28.086150 np0000005903 devstack@g-api.service[100210]: DEBUG glance.api.middleware.version_negotiation [None req-3198e314-acbf-4468-8611-039908d75420 tempest-TestVolumeBootPattern-865591759 tempest-TestVolumeBootPattern-865591759-project-member] new path /v2/images/2baa38c8-5854-45ab-a3e6-d133a9ed776c {{(pid=100210) process_request /opt/stack/glance/glance/api/middleware/version_negotiation.py:70}}
Jul 27 12:31:28.093755 np0000005903 devstack@g-api.service[100210]: [pid: 100210|app: 0|req: 156/471] 127.0.0.1 () {44 vars in 1111 bytes} [Mon Jul 27 12:31:28 2026] GET /v2/images/2baa38c8-5854-45ab-a3e6-d133a9ed776c => generated 1044 bytes in 8 msecs (HTTP/1.1 200) 4 headers in 158 bytes (1 switches on core 0)
Jul 27 12:31:28.101219 np0000005903 devstack@g-api.service[100212]: DEBUG glance.api.middleware.version_negotiation [None req-3198e314-acbf-4468-8611-039908d75420 tempest-TestVolumeBootPattern-865591759 tempest-TestVolumeBootPattern-865591759-project-member] Determining version of request: GET /v2/schemas/image Accept: */* {{(pid=100212) process_request /opt/stack/glance/glance/api/middleware/version_negotiation.py:44}}
Jul 27 12:31:28.101341 np0000005903 devstack@g-api.service[100212]: DEBUG glance.api.middleware.version_negotiation [None req-3198e314-acbf-4468-8611-039908d75420 tempest-TestVolumeBootPattern-865591759 tempest-TestVolumeBootPattern-865591759-project-member] Using url versioning {{(pid=100212) process_request /opt/stack/glance/glance/api/middleware/version_negotiation.py:57}}
Jul 27 12:31:28.101451 np0000005903 devstack@g-api.service[100212]: DEBUG glance.api.middleware.version_negotiation [None req-3198e314-acbf-4468-8611-039908d75420 tempest-TestVolumeBootPattern-865591759 tempest-TestVolumeBootPattern-865591759-project-member] Matched version: v2 {{(pid=100212) process_request /opt/stack/glance/glance/api/middleware/version_negotiation.py:69}}
Jul 27 12:31:28.101527 np0000005903 devstack@g-api.service[100212]: DEBUG glance.api.middleware.version_negotiation [None req-3198e314-acbf-4468-8611-039908d75420 tempest-TestVolumeBootPattern-865591759 tempest-TestVolumeBootPattern-865591759-project-member] new path /v2/schemas/image {{(pid=100212) process_request /opt/stack/glance/glance/api/middleware/version_negotiation.py:70}}
Jul 27 12:31:28.103612 np0000005903 devstack@g-api.service[100212]: [pid: 100212|app: 0|req: 161/472] 127.0.0.1 () {44 vars in 1051 bytes} [Mon Jul 27 12:31:28 2026] GET /v2/schemas/image => generated 6083 bytes in 2 msecs (HTTP/1.1 200) 4 headers in 158 bytes (1 switches on core 0)
Jul 27 12:31:28.449470 np0000005903 devstack@g-api.service[100211]: DEBUG glance.api.middleware.version_negotiation [None req-3198e314-acbf-4468-8611-039908d75420 tempest-TestVolumeBootPattern-865591759 tempest-TestVolumeBootPattern-865591759-project-member] Determining version of request: GET /versions Accept: */* {{(pid=100211) process_request /opt/stack/glance/glance/api/middleware/version_negotiation.py:44}}
Jul 27 12:31:28.451680 np0000005903 devstack@g-api.service[100211]: [pid: 100211|app: 0|req: 156/473] 127.0.0.1 () {44 vars in 1035 bytes} [Mon Jul 27 12:31:28 2026] GET /versions => generated 1501 bytes in 1 msecs (HTTP/1.1 200) 3 headers in 92 bytes (1 switches on core 0)
Jul 27 12:31:28.462545 np0000005903 devstack@g-api.service[100210]: DEBUG glance.api.middleware.version_negotiation [None req-3198e314-acbf-4468-8611-039908d75420 tempest-TestVolumeBootPattern-865591759 tempest-TestVolumeBootPattern-865591759-project-member] Determining version of request: GET /v2/images/2baa38c8-5854-45ab-a3e6-d133a9ed776c/locations Accept: */* {{(pid=100210) process_request /opt/stack/glance/glance/api/middleware/version_negotiation.py:44}}
Jul 27 12:31:28.462545 np0000005903 devstack@g-api.service[100210]: DEBUG glance.api.middleware.version_negotiation [None req-3198e314-acbf-4468-8611-039908d75420 tempest-TestVolumeBootPattern-865591759 tempest-TestVolumeBootPattern-865591759-project-member] Using url versioning {{(pid=100210) process_request /opt/stack/glance/glance/api/middleware/version_negotiation.py:57}}
Jul 27 12:31:28.462545 np0000005903 devstack@g-api.service[100210]: DEBUG glance.api.middleware.version_negotiation [None req-3198e314-acbf-4468-8611-039908d75420 tempest-TestVolumeBootPattern-865591759 tempest-TestVolumeBootPattern-865591759-project-member] Matched version: v2 {{(pid=100210) process_request /opt/stack/glance/glance/api/middleware/version_negotiation.py:69}}
Jul 27 12:31:28.462545 np0000005903 devstack@g-api.service[100210]: DEBUG glance.api.middleware.version_negotiation [None req-3198e314-acbf-4468-8611-039908d75420 tempest-TestVolumeBootPattern-865591759 tempest-TestVolumeBootPattern-865591759-project-member] new path /v2/images/2baa38c8-5854-45ab-a3e6-d133a9ed776c/locations {{(pid=100210) process_request /opt/stack/glance/glance/api/middleware/version_negotiation.py:70}}
Jul 27 12:31:28.617858 np0000005903 devstack@g-api.service[100212]: DEBUG glance.api.middleware.version_negotiation [None req-3198e314-acbf-4468-8611-039908d75420 tempest-TestVolumeBootPattern-865591759 tempest-TestVolumeBootPattern-865591759-project-member] Determining version of request: GET /v2/images/05f30d33-fe95-4293-91b1-a6715ed04bbc Accept: application/json {{(pid=100212) process_request /opt/stack/glance/glance/api/middleware/version_negotiation.py:44}}
Jul 27 12:31:28.617858 np0000005903 devstack@g-api.service[100212]: DEBUG glance.api.middleware.version_negotiation [None req-3198e314-acbf-4468-8611-039908d75420 tempest-TestVolumeBootPattern-865591759 tempest-TestVolumeBootPattern-865591759-project-member] Using url versioning {{(pid=100212) process_request /opt/stack/glance/glance/api/middleware/version_negotiation.py:57}}
Jul 27 12:31:28.617858 np0000005903 devstack@g-api.service[100212]: DEBUG glance.api.middleware.version_negotiation [None req-3198e314-acbf-4468-8611-039908d75420 tempest-TestVolumeBootPattern-865591759 tempest-TestVolumeBootPattern-865591759-project-member] Matched version: v2 {{(pid=100212) process_request /opt/stack/glance/glance/api/middleware/version_negotiation.py:69}}
Jul 27 12:31:28.617858 np0000005903 devstack@g-api.service[100212]: DEBUG glance.api.middleware.version_negotiation [None req-3198e314-acbf-4468-8611-039908d75420 tempest-TestVolumeBootPattern-865591759 tempest-TestVolumeBootPattern-865591759-project-member] new path /v2/images/05f30d33-fe95-4293-91b1-a6715ed04bbc {{(pid=100212) process_request /opt/stack/glance/glance/api/middleware/version_negotiation.py:70}}
Jul 27 12:31:28.627946 np0000005903 devstack@g-api.service[100210]: [pid: 100210|app: 0|req: 157/474] 127.0.0.1 () {44 vars in 1131 bytes} [Mon Jul 27 12:31:28 2026] GET /v2/images/2baa38c8-5854-45ab-a3e6-d133a9ed776c/locations => generated 92 bytes in 164 msecs (HTTP/1.1 200) 4 headers in 156 bytes (1 switches on core 0)
Jul 27 12:31:28.629197 np0000005903 devstack@g-api.service[100212]: [pid: 100212|app: 0|req: 162/475] 127.0.0.1 () {40 vars in 834 bytes} [Mon Jul 27 12:31:28 2026] GET /v2/images/05f30d33-fe95-4293-91b1-a6715ed04bbc => generated 1640 bytes in 12 msecs (HTTP/1.1 200) 4 headers in 158 bytes (1 switches on core 0)
Jul 27 12:31:28.636706 np0000005903 devstack@g-api.service[100211]: DEBUG glance.api.middleware.version_negotiation [None req-3198e314-acbf-4468-8611-039908d75420 tempest-TestVolumeBootPattern-865591759 tempest-TestVolumeBootPattern-865591759-project-member] Determining version of request: GET /v2/images/05f30d33-fe95-4293-91b1-a6715ed04bbc Accept: application/json {{(pid=100211) process_request /opt/stack/glance/glance/api/middleware/version_negotiation.py:44}}
Jul 27 12:31:28.636899 np0000005903 devstack@g-api.service[100211]: DEBUG glance.api.middleware.version_negotiation [None req-3198e314-acbf-4468-8611-039908d75420 tempest-TestVolumeBootPattern-865591759 tempest-TestVolumeBootPattern-865591759-project-member] Using url versioning {{(pid=100211) process_request /opt/stack/glance/glance/api/middleware/version_negotiation.py:57}}
Jul 27 12:31:28.637025 np0000005903 devstack@g-api.service[100211]: DEBUG glance.api.middleware.version_negotiation [None req-3198e314-acbf-4468-8611-039908d75420 tempest-TestVolumeBootPattern-865591759 tempest-TestVolumeBootPattern-865591759-project-member] Matched version: v2 {{(pid=100211) process_request /opt/stack/glance/glance/api/middleware/version_negotiation.py:69}}
Jul 27 12:31:28.637121 np0000005903 devstack@g-api.service[100211]: DEBUG glance.api.middleware.version_negotiation [None req-3198e314-acbf-4468-8611-039908d75420 tempest-TestVolumeBootPattern-865591759 tempest-TestVolumeBootPattern-865591759-project-member] new path /v2/images/05f30d33-fe95-4293-91b1-a6715ed04bbc {{(pid=100211) process_request /opt/stack/glance/glance/api/middleware/version_negotiation.py:70}}
Jul 27 12:31:28.640715 np0000005903 devstack@g-api.service[100210]: DEBUG glance.api.middleware.version_negotiation [None req-3198e314-acbf-4468-8611-039908d75420 service glance] Determining version of request: GET /v2/images/2baa38c8-5854-45ab-a3e6-d133a9ed776c Accept: */* {{(pid=100210) process_request /opt/stack/glance/glance/api/middleware/version_negotiation.py:44}}
Jul 27 12:31:28.641649 np0000005903 devstack@g-api.service[100210]: DEBUG glance.api.middleware.version_negotiation [None req-3198e314-acbf-4468-8611-039908d75420 service glance] Using url versioning {{(pid=100210) process_request /opt/stack/glance/glance/api/middleware/version_negotiation.py:57}}
Jul 27 12:31:28.641649 np0000005903 devstack@g-api.service[100210]: DEBUG glance.api.middleware.version_negotiation [None req-3198e314-acbf-4468-8611-039908d75420 service glance] Matched version: v2 {{(pid=100210) process_request /opt/stack/glance/glance/api/middleware/version_negotiation.py:69}}
Jul 27 12:31:28.641649 np0000005903 devstack@g-api.service[100210]: DEBUG glance.api.middleware.version_negotiation [None req-3198e314-acbf-4468-8611-039908d75420 service glance] new path /v2/images/2baa38c8-5854-45ab-a3e6-d133a9ed776c {{(pid=100210) process_request /opt/stack/glance/glance/api/middleware/version_negotiation.py:70}}
Jul 27 12:31:28.650620 np0000005903 devstack@g-api.service[100211]: [pid: 100211|app: 0|req: 157/476] 127.0.0.1 () {40 vars in 834 bytes} [Mon Jul 27 12:31:28 2026] GET /v2/images/05f30d33-fe95-4293-91b1-a6715ed04bbc => generated 1640 bytes in 14 msecs (HTTP/1.1 200) 4 headers in 158 bytes (1 switches on core 0)
Jul 27 12:31:28.655788 np0000005903 devstack@g-api.service[100210]: [pid: 100210|app: 0|req: 158/477] 127.0.0.1 () {44 vars in 1111 bytes} [Mon Jul 27 12:31:28 2026] GET /v2/images/2baa38c8-5854-45ab-a3e6-d133a9ed776c => generated 1044 bytes in 15 msecs (HTTP/1.1 200) 4 headers in 158 bytes (1 switches on core 0)
Jul 27 12:31:28.664865 np0000005903 devstack@g-api.service[100212]: DEBUG glance.api.middleware.version_negotiation [None req-bc0d5d46-7b9e-4942-86ea-f3fc84542f10 tempest-ServerBootFromVolumeStableRescueTest-1306291666 tempest-ServerBootFromVolumeStableRescueTest-1306291666-project-member] Determining version of request: GET /v2/schemas/image Accept: */* {{(pid=100212) process_request /opt/stack/glance/glance/api/middleware/version_negotiation.py:44}}
Jul 27 12:31:28.665021 np0000005903 devstack@g-api.service[100212]: DEBUG glance.api.middleware.version_negotiation [None req-bc0d5d46-7b9e-4942-86ea-f3fc84542f10 tempest-ServerBootFromVolumeStableRescueTest-1306291666 tempest-ServerBootFromVolumeStableRescueTest-1306291666-project-member] Using url versioning {{(pid=100212) process_request /opt/stack/glance/glance/api/middleware/version_negotiation.py:57}}
Jul 27 12:31:28.665153 np0000005903 devstack@g-api.service[100212]: DEBUG glance.api.middleware.version_negotiation [None req-bc0d5d46-7b9e-4942-86ea-f3fc84542f10 tempest-ServerBootFromVolumeStableRescueTest-1306291666 tempest-ServerBootFromVolumeStableRescueTest-1306291666-project-member] Matched version: v2 {{(pid=100212) process_request /opt/stack/glance/glance/api/middleware/version_negotiation.py:69}}
Jul 27 12:31:28.665246 np0000005903 devstack@g-api.service[100212]: DEBUG glance.api.middleware.version_negotiation [None req-bc0d5d46-7b9e-4942-86ea-f3fc84542f10 tempest-ServerBootFromVolumeStableRescueTest-1306291666 tempest-ServerBootFromVolumeStableRescueTest-1306291666-project-member] new path /v2/schemas/image {{(pid=100212) process_request /opt/stack/glance/glance/api/middleware/version_negotiation.py:70}}
Jul 27 12:31:28.669302 np0000005903 devstack@g-api.service[100212]: [pid: 100212|app: 0|req: 163/478] 127.0.0.1 () {44 vars in 1051 bytes} [Mon Jul 27 12:31:28 2026] GET /v2/schemas/image => generated 6083 bytes in 5 msecs (HTTP/1.1 200) 4 headers in 158 bytes (1 switches on core 0)
Jul 27 12:31:28.683467 np0000005903 devstack@g-api.service[100211]: DEBUG glance.api.middleware.version_negotiation [None req-73e0a419-14d3-42c1-a905-161f6def05e0 tempest-ServerBootFromVolumeStableRescueTest-1306291666 tempest-ServerBootFromVolumeStableRescueTest-1306291666-project-member] Determining version of request: GET /v2/schemas/image Accept: */* {{(pid=100211) process_request /opt/stack/glance/glance/api/middleware/version_negotiation.py:44}}
Jul 27 12:31:28.683750 np0000005903 devstack@g-api.service[100211]: DEBUG glance.api.middleware.version_negotiation [None req-73e0a419-14d3-42c1-a905-161f6def05e0 tempest-ServerBootFromVolumeStableRescueTest-1306291666 tempest-ServerBootFromVolumeStableRescueTest-1306291666-project-member] Using url versioning {{(pid=100211) process_request /opt/stack/glance/glance/api/middleware/version_negotiation.py:57}}
Jul 27 12:31:28.683949 np0000005903 devstack@g-api.service[100211]: DEBUG glance.api.middleware.version_negotiation [None req-73e0a419-14d3-42c1-a905-161f6def05e0 tempest-ServerBootFromVolumeStableRescueTest-1306291666 tempest-ServerBootFromVolumeStableRescueTest-1306291666-project-member] Matched version: v2 {{(pid=100211) process_request /opt/stack/glance/glance/api/middleware/version_negotiation.py:69}}
Jul 27 12:31:28.684117 np0000005903 devstack@g-api.service[100211]: DEBUG glance.api.middleware.version_negotiation [None req-73e0a419-14d3-42c1-a905-161f6def05e0 tempest-ServerBootFromVolumeStableRescueTest-1306291666 tempest-ServerBootFromVolumeStableRescueTest-1306291666-project-member] new path /v2/schemas/image {{(pid=100211) process_request /opt/stack/glance/glance/api/middleware/version_negotiation.py:70}}
Jul 27 12:31:28.687035 np0000005903 devstack@g-api.service[100211]: [pid: 100211|app: 0|req: 158/479] 127.0.0.1 () {44 vars in 1051 bytes} [Mon Jul 27 12:31:28 2026] GET /v2/schemas/image => generated 6083 bytes in 4 msecs (HTTP/1.1 200) 4 headers in 158 bytes (1 switches on core 0)
Jul 27 12:31:29.126786 np0000005903 devstack@g-api.service[100210]: DEBUG glance.api.middleware.version_negotiation [None req-3198e314-acbf-4468-8611-039908d75420 tempest-TestVolumeBootPattern-865591759 tempest-TestVolumeBootPattern-865591759-project-member] Determining version of request: GET /v2/images/2baa38c8-5854-45ab-a3e6-d133a9ed776c Accept: */* {{(pid=100210) process_request /opt/stack/glance/glance/api/middleware/version_negotiation.py:44}}
Jul 27 12:31:29.128087 np0000005903 devstack@g-api.service[100210]: DEBUG glance.api.middleware.version_negotiation [None req-3198e314-acbf-4468-8611-039908d75420 tempest-TestVolumeBootPattern-865591759 tempest-TestVolumeBootPattern-865591759-project-member] Using url versioning {{(pid=100210) process_request /opt/stack/glance/glance/api/middleware/version_negotiation.py:57}}
Jul 27 12:31:29.128087 np0000005903 devstack@g-api.service[100210]: DEBUG glance.api.middleware.version_negotiation [None req-3198e314-acbf-4468-8611-039908d75420 tempest-TestVolumeBootPattern-865591759 tempest-TestVolumeBootPattern-865591759-project-member] Matched version: v2 {{(pid=100210) process_request /opt/stack/glance/glance/api/middleware/version_negotiation.py:69}}
