Jun 25 23:50:00.480831 np0000003665 devstack@g-api.service[102669]: DEBUG glance.api.middleware.version_negotiation [None req-9c70afed-7a35-4f55-9f85-1a19a4a3fe92 tempest-AttachVolumeShelveTestJSON-1830730597 tempest-AttachVolumeShelveTestJSON-1830730597-project-member] Matched version: v2 {{(pid=102669) process_request /opt/stack/glance/glance/api/middleware/version_negotiation.py:69}}
Jun 25 23:50:00.480935 np0000003665 devstack@g-api.service[102669]: DEBUG glance.api.middleware.version_negotiation [None req-9c70afed-7a35-4f55-9f85-1a19a4a3fe92 tempest-AttachVolumeShelveTestJSON-1830730597 tempest-AttachVolumeShelveTestJSON-1830730597-project-member] new path /v2/images/fa88cb53-60a6-4e64-a533-bbfd2cd79c14 {{(pid=102669) process_request /opt/stack/glance/glance/api/middleware/version_negotiation.py:70}}
Jun 25 23:50:00.492507 np0000003665 devstack@g-api.service[102669]: [pid: 102669|app: 0|req: 66/257] 127.0.0.1 () {40 vars in 834 bytes} [Thu Jun 25 23:50:00 2026] GET /v2/images/fa88cb53-60a6-4e64-a533-bbfd2cd79c14 => generated 1639 bytes in 12 msecs (HTTP/1.1 200) 4 headers in 158 bytes (1 switches on core 0)
Jun 25 23:50:00.518613 np0000003665 devstack@g-api.service[102668]: DEBUG glance.api.middleware.version_negotiation [None req-023159fd-0c7c-46f9-8e28-b68b6a2f95f9 tempest-ServerBootFromVolumeStableRescueTest-847343931 tempest-ServerBootFromVolumeStableRescueTest-847343931-project-member] Determining version of request: GET /v2/schemas/image Accept: */* {{(pid=102668) process_request /opt/stack/glance/glance/api/middleware/version_negotiation.py:44}}
Jun 25 23:50:00.518815 np0000003665 devstack@g-api.service[102667]: DEBUG glance.api.middleware.version_negotiation [None req-507ec50a-4906-4a33-8960-9322cd975cfe tempest-ServerBootFromVolumeStableRescueTest-847343931 tempest-ServerBootFromVolumeStableRescueTest-847343931-project-member] Determining version of request: GET /v2/images/fa88cb53-60a6-4e64-a533-bbfd2cd79c14 Accept: */* {{(pid=102667) process_request /opt/stack/glance/glance/api/middleware/version_negotiation.py:44}}
Jun 25 23:50:00.518864 np0000003665 devstack@g-api.service[102668]: DEBUG glance.api.middleware.version_negotiation [None req-023159fd-0c7c-46f9-8e28-b68b6a2f95f9 tempest-ServerBootFromVolumeStableRescueTest-847343931 tempest-ServerBootFromVolumeStableRescueTest-847343931-project-member] Using url versioning {{(pid=102668) process_request /opt/stack/glance/glance/api/middleware/version_negotiation.py:57}}
Jun 25 23:50:00.519033 np0000003665 devstack@g-api.service[102667]: DEBUG glance.api.middleware.version_negotiation [None req-507ec50a-4906-4a33-8960-9322cd975cfe tempest-ServerBootFromVolumeStableRescueTest-847343931 tempest-ServerBootFromVolumeStableRescueTest-847343931-project-member] Using url versioning {{(pid=102667) process_request /opt/stack/glance/glance/api/middleware/version_negotiation.py:57}}
Jun 25 23:50:00.519067 np0000003665 devstack@g-api.service[102668]: DEBUG glance.api.middleware.version_negotiation [None req-023159fd-0c7c-46f9-8e28-b68b6a2f95f9 tempest-ServerBootFromVolumeStableRescueTest-847343931 tempest-ServerBootFromVolumeStableRescueTest-847343931-project-member] Matched version: v2 {{(pid=102668) process_request /opt/stack/glance/glance/api/middleware/version_negotiation.py:69}}
Jun 25 23:50:00.519205 np0000003665 devstack@g-api.service[102667]: DEBUG glance.api.middleware.version_negotiation [None req-507ec50a-4906-4a33-8960-9322cd975cfe tempest-ServerBootFromVolumeStableRescueTest-847343931 tempest-ServerBootFromVolumeStableRescueTest-847343931-project-member] Matched version: v2 {{(pid=102667) process_request /opt/stack/glance/glance/api/middleware/version_negotiation.py:69}}
Jun 25 23:50:00.519264 np0000003665 devstack@g-api.service[102668]: DEBUG glance.api.middleware.version_negotiation [None req-023159fd-0c7c-46f9-8e28-b68b6a2f95f9 tempest-ServerBootFromVolumeStableRescueTest-847343931 tempest-ServerBootFromVolumeStableRescueTest-847343931-project-member] new path /v2/schemas/image {{(pid=102668) process_request /opt/stack/glance/glance/api/middleware/version_negotiation.py:70}}
Jun 25 23:50:00.519361 np0000003665 devstack@g-api.service[102667]: DEBUG glance.api.middleware.version_negotiation [None req-507ec50a-4906-4a33-8960-9322cd975cfe tempest-ServerBootFromVolumeStableRescueTest-847343931 tempest-ServerBootFromVolumeStableRescueTest-847343931-project-member] new path /v2/images/fa88cb53-60a6-4e64-a533-bbfd2cd79c14 {{(pid=102667) process_request /opt/stack/glance/glance/api/middleware/version_negotiation.py:70}}
Jun 25 23:50:00.522184 np0000003665 devstack@g-api.service[102668]: [pid: 102668|app: 0|req: 64/258] 127.0.0.1 () {44 vars in 1051 bytes} [Thu Jun 25 23:50:00 2026] GET /v2/schemas/image => generated 6083 bytes in 4 msecs (HTTP/1.1 200) 4 headers in 158 bytes (1 switches on core 0)
Jun 25 23:50:00.531555 np0000003665 devstack@g-api.service[102667]: [pid: 102667|app: 0|req: 64/259] 127.0.0.1 () {44 vars in 1111 bytes} [Thu Jun 25 23:50:00 2026] GET /v2/images/fa88cb53-60a6-4e64-a533-bbfd2cd79c14 => generated 1639 bytes in 13 msecs (HTTP/1.1 200) 4 headers in 158 bytes (1 switches on core 0)
Jun 25 23:50:00.594255 np0000003665 devstack@g-api.service[102670]: DEBUG glance.api.middleware.version_negotiation [None req-9c70afed-7a35-4f55-9f85-1a19a4a3fe92 tempest-AttachVolumeShelveTestJSON-1830730597 tempest-AttachVolumeShelveTestJSON-1830730597-project-member] Determining version of request: GET /v2/schemas/image Accept: */* {{(pid=102670) process_request /opt/stack/glance/glance/api/middleware/version_negotiation.py:44}}
Jun 25 23:50:00.594443 np0000003665 devstack@g-api.service[102670]: DEBUG glance.api.middleware.version_negotiation [None req-9c70afed-7a35-4f55-9f85-1a19a4a3fe92 tempest-AttachVolumeShelveTestJSON-1830730597 tempest-AttachVolumeShelveTestJSON-1830730597-project-member] Using url versioning {{(pid=102670) process_request /opt/stack/glance/glance/api/middleware/version_negotiation.py:57}}
Jun 25 23:50:00.594604 np0000003665 devstack@g-api.service[102670]: DEBUG glance.api.middleware.version_negotiation [None req-9c70afed-7a35-4f55-9f85-1a19a4a3fe92 tempest-AttachVolumeShelveTestJSON-1830730597 tempest-AttachVolumeShelveTestJSON-1830730597-project-member] Matched version: v2 {{(pid=102670) process_request /opt/stack/glance/glance/api/middleware/version_negotiation.py:69}}
Jun 25 23:50:00.594741 np0000003665 devstack@g-api.service[102670]: DEBUG glance.api.middleware.version_negotiation [None req-9c70afed-7a35-4f55-9f85-1a19a4a3fe92 tempest-AttachVolumeShelveTestJSON-1830730597 tempest-AttachVolumeShelveTestJSON-1830730597-project-member] new path /v2/schemas/image {{(pid=102670) process_request /opt/stack/glance/glance/api/middleware/version_negotiation.py:70}}
Jun 25 23:50:00.597359 np0000003665 devstack@g-api.service[102670]: [pid: 102670|app: 0|req: 66/260] 127.0.0.1 () {44 vars in 1051 bytes} [Thu Jun 25 23:50:00 2026] GET /v2/schemas/image => generated 6083 bytes in 3 msecs (HTTP/1.1 200) 4 headers in 158 bytes (1 switches on core 0)
Jun 25 23:50:02.186436 np0000003665 devstack@g-api.service[102669]: DEBUG glance.api.middleware.version_negotiation [None req-4e5302bf-f75b-4ce2-9fca-5a8708a6db9d tempest-ServerBootFromVolumeStableRescueTest-847343931 tempest-ServerBootFromVolumeStableRescueTest-847343931-project-member] Determining version of request: GET /v2/images/b56e3ea0-e851-4385-9f37-6544c818944d Accept: */* {{(pid=102669) process_request /opt/stack/glance/glance/api/middleware/version_negotiation.py:44}}
Jun 25 23:50:02.186858 np0000003665 devstack@g-api.service[102669]: DEBUG glance.api.middleware.version_negotiation [None req-4e5302bf-f75b-4ce2-9fca-5a8708a6db9d tempest-ServerBootFromVolumeStableRescueTest-847343931 tempest-ServerBootFromVolumeStableRescueTest-847343931-project-member] Using url versioning {{(pid=102669) process_request /opt/stack/glance/glance/api/middleware/version_negotiation.py:57}}
Jun 25 23:50:02.186858 np0000003665 devstack@g-api.service[102669]: DEBUG glance.api.middleware.version_negotiation [None req-4e5302bf-f75b-4ce2-9fca-5a8708a6db9d tempest-ServerBootFromVolumeStableRescueTest-847343931 tempest-ServerBootFromVolumeStableRescueTest-847343931-project-member] Matched version: v2 {{(pid=102669) process_request /opt/stack/glance/glance/api/middleware/version_negotiation.py:69}}
Jun 25 23:50:02.186858 np0000003665 devstack@g-api.service[102669]: DEBUG glance.api.middleware.version_negotiation [None req-4e5302bf-f75b-4ce2-9fca-5a8708a6db9d tempest-ServerBootFromVolumeStableRescueTest-847343931 tempest-ServerBootFromVolumeStableRescueTest-847343931-project-member] new path /v2/images/b56e3ea0-e851-4385-9f37-6544c818944d {{(pid=102669) process_request /opt/stack/glance/glance/api/middleware/version_negotiation.py:70}}
Jun 25 23:50:02.201916 np0000003665 devstack@g-api.service[102669]: [pid: 102669|app: 0|req: 67/261] 127.0.0.1 () {44 vars in 1111 bytes} [Thu Jun 25 23:50:02 2026] GET /v2/images/b56e3ea0-e851-4385-9f37-6544c818944d => generated 1044 bytes in 15 msecs (HTTP/1.1 200) 4 headers in 158 bytes (1 switches on core 0)
Jun 25 23:50:02.234071 np0000003665 devstack@g-api.service[102668]: DEBUG glance.api.middleware.version_negotiation [None req-9c70afed-7a35-4f55-9f85-1a19a4a3fe92 tempest-AttachVolumeShelveTestJSON-1830730597 tempest-AttachVolumeShelveTestJSON-1830730597-project-member] Determining version of request: GET /v2/schemas/image Accept: */* {{(pid=102668) process_request /opt/stack/glance/glance/api/middleware/version_negotiation.py:44}}
Jun 25 23:50:02.234428 np0000003665 devstack@g-api.service[102668]: DEBUG glance.api.middleware.version_negotiation [None req-9c70afed-7a35-4f55-9f85-1a19a4a3fe92 tempest-AttachVolumeShelveTestJSON-1830730597 tempest-AttachVolumeShelveTestJSON-1830730597-project-member] Using url versioning {{(pid=102668) process_request /opt/stack/glance/glance/api/middleware/version_negotiation.py:57}}
Jun 25 23:50:02.234428 np0000003665 devstack@g-api.service[102668]: DEBUG glance.api.middleware.version_negotiation [None req-9c70afed-7a35-4f55-9f85-1a19a4a3fe92 tempest-AttachVolumeShelveTestJSON-1830730597 tempest-AttachVolumeShelveTestJSON-1830730597-project-member] Matched version: v2 {{(pid=102668) process_request /opt/stack/glance/glance/api/middleware/version_negotiation.py:69}}
Jun 25 23:50:02.234428 np0000003665 devstack@g-api.service[102668]: DEBUG glance.api.middleware.version_negotiation [None req-9c70afed-7a35-4f55-9f85-1a19a4a3fe92 tempest-AttachVolumeShelveTestJSON-1830730597 tempest-AttachVolumeShelveTestJSON-1830730597-project-member] new path /v2/schemas/image {{(pid=102668) process_request /opt/stack/glance/glance/api/middleware/version_negotiation.py:70}}
Jun 25 23:50:02.236506 np0000003665 devstack@g-api.service[102668]: [pid: 102668|app: 0|req: 65/262] 127.0.0.1 () {44 vars in 1051 bytes} [Thu Jun 25 23:50:02 2026] GET /v2/schemas/image => generated 6083 bytes in 2 msecs (HTTP/1.1 200) 4 headers in 158 bytes (1 switches on core 0)
Jun 25 23:50:09.211343 np0000003665 devstack@g-api.service[102667]: DEBUG glance.api.middleware.version_negotiation [None req-023159fd-0c7c-46f9-8e28-b68b6a2f95f9 tempest-ServerBootFromVolumeStableRescueTest-847343931 tempest-ServerBootFromVolumeStableRescueTest-847343931-project-member] Determining version of request: DELETE /v2/images/c378ea54-a91f-4806-9bce-4d04564839dc Accept: */* {{(pid=102667) process_request /opt/stack/glance/glance/api/middleware/version_negotiation.py:44}}
Jun 25 23:50:09.211644 np0000003665 devstack@g-api.service[102667]: DEBUG glance.api.middleware.version_negotiation [None req-023159fd-0c7c-46f9-8e28-b68b6a2f95f9 tempest-ServerBootFromVolumeStableRescueTest-847343931 tempest-ServerBootFromVolumeStableRescueTest-847343931-project-member] Using url versioning {{(pid=102667) process_request /opt/stack/glance/glance/api/middleware/version_negotiation.py:57}}
Jun 25 23:50:09.211644 np0000003665 devstack@g-api.service[102667]: DEBUG glance.api.middleware.version_negotiation [None req-023159fd-0c7c-46f9-8e28-b68b6a2f95f9 tempest-ServerBootFromVolumeStableRescueTest-847343931 tempest-ServerBootFromVolumeStableRescueTest-847343931-project-member] Matched version: v2 {{(pid=102667) process_request /opt/stack/glance/glance/api/middleware/version_negotiation.py:69}}
Jun 25 23:50:09.211729 np0000003665 devstack@g-api.service[102667]: DEBUG glance.api.middleware.version_negotiation [None req-023159fd-0c7c-46f9-8e28-b68b6a2f95f9 tempest-ServerBootFromVolumeStableRescueTest-847343931 tempest-ServerBootFromVolumeStableRescueTest-847343931-project-member] new path /v2/images/c378ea54-a91f-4806-9bce-4d04564839dc {{(pid=102667) process_request /opt/stack/glance/glance/api/middleware/version_negotiation.py:70}}
Jun 25 23:50:09.223215 np0000003665 devstack@g-api.service[102667]: WARNING glance.api.v2.images [None req-9c70afed-7a35-4f55-9f85-1a19a4a3fe92 tempest-AttachVolumeShelveTestJSON-1830730597 tempest-AttachVolumeShelveTestJSON-1830730597-project-member] After upload to backend, deletion of staged image data has failed because it cannot be found at /tmp/staging//c378ea54-a91f-4806-9bce-4d04564839dc
Jun 25 23:50:09.224092 np0000003665 devstack@g-api.service[102667]: DEBUG glance_store.backend [None req-9c70afed-7a35-4f55-9f85-1a19a4a3fe92 tempest-AttachVolumeShelveTestJSON-1830730597 tempest-AttachVolumeShelveTestJSON-1830730597-project-member] Attempting to import store swift {{(pid=102667) _load_store /opt/stack/data/venv/lib/python3.12/site-packages/glance_store/backend.py:215}}
Jun 25 23:50:09.226104 np0000003665 devstack@g-api.service[102667]: DEBUG glance_store.capabilities [None req-9c70afed-7a35-4f55-9f85-1a19a4a3fe92 tempest-AttachVolumeShelveTestJSON-1830730597 tempest-AttachVolumeShelveTestJSON-1830730597-project-member] Store glance_store._drivers.swift.store.SingleTenantStore doesn't support updating dynamic storage capabilities. Please overwrite 'update_capabilities' method of the store to implement updating logics if needed. {{(pid=102667) update_capabilities /opt/stack/data/venv/lib/python3.12/site-packages/glance_store/capabilities.py:91}}
Jun 25 23:50:09.226234 np0000003665 devstack@g-api.service[102667]: DEBUG glance_store.driver [None req-9c70afed-7a35-4f55-9f85-1a19a4a3fe92 tempest-AttachVolumeShelveTestJSON-1830730597 tempest-AttachVolumeShelveTestJSON-1830730597-project-member] Late loading location class glance_store._drivers.swift.store.StoreLocation {{(pid=102667) get_store_location_class /opt/stack/data/venv/lib/python3.12/site-packages/glance_store/driver.py:134}}
Jun 25 23:50:09.226321 np0000003665 devstack@g-api.service[102667]: DEBUG glance_store.location [None req-9c70afed-7a35-4f55-9f85-1a19a4a3fe92 tempest-AttachVolumeShelveTestJSON-1830730597 tempest-AttachVolumeShelveTestJSON-1830730597-project-member] Registering scheme swift+https with {'store': , 'location_class': , 'store_entry': 'swift'} {{(pid=102667) register_scheme_map /opt/stack/data/venv/lib/python3.12/site-packages/glance_store/location.py:146}}
Jun 25 23:50:09.226396 np0000003665 devstack@g-api.service[102667]: DEBUG glance_store.location [None req-9c70afed-7a35-4f55-9f85-1a19a4a3fe92 tempest-AttachVolumeShelveTestJSON-1830730597 tempest-AttachVolumeShelveTestJSON-1830730597-project-member] Registering scheme swift+https with {'store': , 'location_class': , 'store_entry': 'swift'} {{(pid=102667) register_scheme_map /opt/stack/data/venv/lib/python3.12/site-packages/glance_store/location.py:146}}
Jun 25 23:50:09.226469 np0000003665 devstack@g-api.service[102667]: DEBUG glance_store.location [None req-9c70afed-7a35-4f55-9f85-1a19a4a3fe92 tempest-AttachVolumeShelveTestJSON-1830730597 tempest-AttachVolumeShelveTestJSON-1830730597-project-member] Registering scheme swift with {'store': , 'location_class': , 'store_entry': 'swift'} {{(pid=102667) register_scheme_map /opt/stack/data/venv/lib/python3.12/site-packages/glance_store/location.py:146}}
Jun 25 23:50:09.226539 np0000003665 devstack@g-api.service[102667]: DEBUG glance_store.location [None req-9c70afed-7a35-4f55-9f85-1a19a4a3fe92 tempest-AttachVolumeShelveTestJSON-1830730597 tempest-AttachVolumeShelveTestJSON-1830730597-project-member] Registering scheme swift+https with {'store': , 'location_class': , 'store_entry': 'swift'} {{(pid=102667) register_scheme_map /opt/stack/data/venv/lib/python3.12/site-packages/glance_store/location.py:146}}
Jun 25 23:50:09.226607 np0000003665 devstack@g-api.service[102667]: DEBUG glance_store.location [None req-9c70afed-7a35-4f55-9f85-1a19a4a3fe92 tempest-AttachVolumeShelveTestJSON-1830730597 tempest-AttachVolumeShelveTestJSON-1830730597-project-member] Registering scheme swift with {'store': , 'location_class': , 'store_entry': 'swift'} {{(pid=102667) register_scheme_map /opt/stack/data/venv/lib/python3.12/site-packages/glance_store/location.py:146}}
Jun 25 23:50:09.226668 np0000003665 devstack@g-api.service[102667]: DEBUG glance_store.location [None req-9c70afed-7a35-4f55-9f85-1a19a4a3fe92 tempest-AttachVolumeShelveTestJSON-1830730597 tempest-AttachVolumeShelveTestJSON-1830730597-project-member] Registering scheme swift+http with {'store': , 'location_class': , 'store_entry': 'swift'} {{(pid=102667) register_scheme_map /opt/stack/data/venv/lib/python3.12/site-packages/glance_store/location.py:146}}
Jun 25 23:50:09.226736 np0000003665 devstack@g-api.service[102667]: DEBUG glance_store.location [None req-9c70afed-7a35-4f55-9f85-1a19a4a3fe92 tempest-AttachVolumeShelveTestJSON-1830730597 tempest-AttachVolumeShelveTestJSON-1830730597-project-member] Registering scheme swift+https with {'store': , 'location_class': , 'store_entry': 'swift'} {{(pid=102667) register_scheme_map /opt/stack/data/venv/lib/python3.12/site-packages/glance_store/location.py:146}}
Jun 25 23:50:09.226826 np0000003665 devstack@g-api.service[102667]: DEBUG glance_store.location [None req-9c70afed-7a35-4f55-9f85-1a19a4a3fe92 tempest-AttachVolumeShelveTestJSON-1830730597 tempest-AttachVolumeShelveTestJSON-1830730597-project-member] Registering scheme swift with {'store': , 'location_class': , 'store_entry': 'swift'} {{(pid=102667) register_scheme_map /opt/stack/data/venv/lib/python3.12/site-packages/glance_store/location.py:146}}
Jun 25 23:50:09.226883 np0000003665 devstack@g-api.service[102667]: DEBUG glance_store.location [None req-9c70afed-7a35-4f55-9f85-1a19a4a3fe92 tempest-AttachVolumeShelveTestJSON-1830730597 tempest-AttachVolumeShelveTestJSON-1830730597-project-member] Registering scheme swift+http with {'store': , 'location_class': , 'store_entry': 'swift'} {{(pid=102667) register_scheme_map /opt/stack/data/venv/lib/python3.12/site-packages/glance_store/location.py:146}}
Jun 25 23:50:09.227343 np0000003665 devstack@g-api.service[102667]: DEBUG glance_store.location [None req-9c70afed-7a35-4f55-9f85-1a19a4a3fe92 tempest-AttachVolumeShelveTestJSON-1830730597 tempest-AttachVolumeShelveTestJSON-1830730597-project-member] Registering scheme swift+config with {'store': , 'location_class': , 'store_entry': 'swift'} {{(pid=102667) register_scheme_map /opt/stack/data/venv/lib/python3.12/site-packages/glance_store/location.py:146}}
Jun 25 23:50:09.227814 np0000003665 devstack@g-api.service[102667]: DEBUG keystoneclient.auth.identity.v3.base [None req-9c70afed-7a35-4f55-9f85-1a19a4a3fe92 tempest-AttachVolumeShelveTestJSON-1830730597 tempest-AttachVolumeShelveTestJSON-1830730597-project-member] Making authentication request to https://10.4.3.70/identity/v3/auth/tokens {{(pid=102667) get_auth_ref /opt/stack/data/venv/lib/python3.12/site-packages/keystoneclient/auth/identity/v3/base.py:185}}
Jun 25 23:50:09.239519 np0000003665 devstack@g-api.service[102670]: DEBUG glance.api.middleware.version_negotiation [None req-023159fd-0c7c-46f9-8e28-b68b6a2f95f9 tempest-ServerBootFromVolumeStableRescueTest-847343931 tempest-ServerBootFromVolumeStableRescueTest-847343931-project-member] Determining version of request: GET /v2/images/b56e3ea0-e851-4385-9f37-6544c818944d Accept: */* {{(pid=102670) process_request /opt/stack/glance/glance/api/middleware/version_negotiation.py:44}}
Jun 25 23:50:09.239853 np0000003665 devstack@g-api.service[102670]: DEBUG glance.api.middleware.version_negotiation [None req-023159fd-0c7c-46f9-8e28-b68b6a2f95f9 tempest-ServerBootFromVolumeStableRescueTest-847343931 tempest-ServerBootFromVolumeStableRescueTest-847343931-project-member] Using url versioning {{(pid=102670) process_request /opt/stack/glance/glance/api/middleware/version_negotiation.py:57}}
Jun 25 23:50:09.239853 np0000003665 devstack@g-api.service[102670]: DEBUG glance.api.middleware.version_negotiation [None req-023159fd-0c7c-46f9-8e28-b68b6a2f95f9 tempest-ServerBootFromVolumeStableRescueTest-847343931 tempest-ServerBootFromVolumeStableRescueTest-847343931-project-member] Matched version: v2 {{(pid=102670) process_request /opt/stack/glance/glance/api/middleware/version_negotiation.py:69}}
Jun 25 23:50:09.240120 np0000003665 devstack@g-api.service[102670]: DEBUG glance.api.middleware.version_negotiation [None req-023159fd-0c7c-46f9-8e28-b68b6a2f95f9 tempest-ServerBootFromVolumeStableRescueTest-847343931 tempest-ServerBootFromVolumeStableRescueTest-847343931-project-member] new path /v2/images/b56e3ea0-e851-4385-9f37-6544c818944d {{(pid=102670) process_request /opt/stack/glance/glance/api/middleware/version_negotiation.py:70}}
Jun 25 23:50:09.265296 np0000003665 devstack@g-api.service[102667]: DEBUG keystoneclient.auth.identity.v3.base [None req-9c70afed-7a35-4f55-9f85-1a19a4a3fe92 tempest-AttachVolumeShelveTestJSON-1830730597 tempest-AttachVolumeShelveTestJSON-1830730597-project-member] {"token": {"methods": ["password"], "user": {"domain": {"id": "default", "name": "Default"}, "id": "b7716ac6d4b240b99fdf3723dbbf2ecb", "name": "glance-swift", "password_expires_at": null}, "audit_ids": ["GYJDqPnQTw-DjaywpWNXkg"], "expires_at": "2026-06-26T00:50:09.000000Z", "issued_at": "2026-06-25T23:50:09.000000Z", "project": {"domain": {"id": "default", "name": "Default"}, "id": "fb6f2b9c58154fefb5c1c948216c0946", "name": "service"}, "is_domain": false, "roles": [{"id": "9ff67aa0b4b4420aae607fd73d613780", "name": "service"}, {"id": "d360a022e3e54503901fa6814526abac", "name": "ResellerAdmin"}], "catalog": [{"endpoints": [{"id": "4a676dc3ca4a44deb026890678524a52", "interface": "public", "region_id": "RegionOne", "url": "https://10.4.3.70/compute/v2.1", "region": "RegionOne"}], "id": "10b12286cb5346c485204d43d08ba1f5", "type": "compute", "name": "nova"}, {"endpoints": [{"id": "866b817566e94837a3ee78353f868b92", "interface": "public", "region_id": "RegionOne", "url": "https://10.4.3.70/image", "region": "RegionOne"}], "id": "307f7f31ff0c408bb758bff439fb7f2d", "type": "image", "name": "glance"}, {"endpoints": [{"id": "0e65bb4465844a3abb8162ee372d801f", "interface": "public", "region_id": "RegionOne", "url": "https://10.4.3.70/identity", "region": "RegionOne"}], "id": "4f7650f4ee6d4427891f3eb2906b93fd", "type": "identity", "name": "keystone"}, {"endpoints": [{"id": "14f6801e387048e7946453c3392cc2ea", "interface": "public", "region_id": "RegionOne", "url": "https://10.4.3.70/volume/v3", "region": "RegionOne"}], "id": "84c13ab23c86441b8ca29c348d8ba00f", "type": "block-storage", "name": "cinder"}, {"endpoints": [{"id": "cfa996a349e9449482431524d45de3b2", "interface": "public", "region_id": "RegionOne", "url": "https://10.4.3.70/networking", "region": "RegionOne"}], "id": "97288e66536543bf8bfcb762bb296c92", "type": "network", "name": "neutron"}, {"endpoints": [{"id": "1f9f2c5f8af149178d5a0b1b92e93a68", "interface": "public", "region_id": "RegionOne", "url": "https://10.4.3.70:8080/v1/AUTH_fb6f2b9c58154fefb5c1c948216c0946", "region": "RegionOne"}, {"id": "28b06db9f9c746e2b9decbdd3a690786", "interface": "admin", "region_id": "RegionOne", "url": "https://10.4.3.70:8080", "region": "RegionOne"}], "id": "b3d178eeda0940d580b95c963eed6e8c", "type": "object-store", "name": "swift"}, {"endpoints": [{"id": "6bb1721555d340e9aa8da588d631a824", "interface": "public", "region_id": "RegionOne", "url": "https://10.4.3.70/placement", "region": "RegionOne"}], "id": "c14a4231b73c4f7f974b128d32091415", "type": "placement", "name": "placement"}, {"endpoints": [{"id": "96ba1ed809864dd0a603da107c553d28", "interface": "public", "region_id": "RegionOne", "url": "https://10.4.3.70/compute/v2/fb6f2b9c58154fefb5c1c948216c0946", "region": "RegionOne"}], "id": "f645e2fe002d41adbfec68dfb09eddb2", "type": "compute_legacy", "name": "nova_legacy"}]}} {{(pid=102667) get_auth_ref /opt/stack/data/venv/lib/python3.12/site-packages/keystoneclient/auth/identity/v3/base.py:190}}
Jun 25 23:50:09.265780 np0000003665 devstack@g-api.service[102667]: DEBUG keystoneclient.httpclient [None req-9c70afed-7a35-4f55-9f85-1a19a4a3fe92 tempest-AttachVolumeShelveTestJSON-1830730597 tempest-AttachVolumeShelveTestJSON-1830730597-project-member] Failed to find endpoint for management url admin endpoint for identity service not found {{(pid=102667) _process_management_url /opt/stack/data/venv/lib/python3.12/site-packages/keystoneclient/httpclient.py:670}}
Jun 25 23:50:09.343367 np0000003665 devstack@g-api.service[102667]: DEBUG swiftclient [None req-9c70afed-7a35-4f55-9f85-1a19a4a3fe92 tempest-AttachVolumeShelveTestJSON-1830730597 tempest-AttachVolumeShelveTestJSON-1830730597-project-member] REQ: curl -i https://10.4.3.70:8080/v1/AUTH_fb6f2b9c58154fefb5c1c948216c0946/glance/c378ea54-a91f-4806-9bce-4d04564839dc -I -H "X-Auth-Token: gAAAAABqPb6xwU3K..." {{(pid=102667) http_log /opt/stack/data/venv/lib/python3.12/site-packages/swiftclient/client.py:160}}
Jun 25 23:50:09.343520 np0000003665 devstack@g-api.service[102667]: DEBUG swiftclient [None req-9c70afed-7a35-4f55-9f85-1a19a4a3fe92 tempest-AttachVolumeShelveTestJSON-1830730597 tempest-AttachVolumeShelveTestJSON-1830730597-project-member] RESP STATUS: 200 OK {{(pid=102667) http_log /opt/stack/data/venv/lib/python3.12/site-packages/swiftclient/client.py:161}}
Jun 25 23:50:09.343734 np0000003665 devstack@g-api.service[102667]: DEBUG swiftclient [None req-9c70afed-7a35-4f55-9f85-1a19a4a3fe92 tempest-AttachVolumeShelveTestJSON-1830730597 tempest-AttachVolumeShelveTestJSON-1830730597-project-member] RESP HEADERS: {'Date': 'Thu, 25 Jun 2026 23:50:09 GMT', 'Server': 'Apache/2.4.58 (Ubuntu)', 'Content-Type': 'application/octet-stream', 'Content-Length': '53608448', 'X-Object-Manifest': 'glance/c378ea54-a91f-4806-9bce-4d04564839dc-', 'Last-Modified': 'Thu, 25 Jun 2026 23:49:44 GMT', 'X-Timestamp': '1782431383.27094', 'Accept-Ranges': 'bytes', 'Etag': '"da492e14165b1a52c473d75ffdb05e9e"', 'X-Trans-Id': 'tx482972989997475a92ecf-006a3dbeb1', 'X-Openstack-Request-Id': 'tx482972989997475a92ecf-006a3dbeb1', 'Connection': 'close'} {{(pid=102667) http_log /opt/stack/data/venv/lib/python3.12/site-packages/swiftclient/client.py:162}}
Jun 25 23:50:09.346967 np0000003665 devstack@g-api.service[102670]: [pid: 102670|app: 0|req: 67/263] 127.0.0.1 () {44 vars in 1111 bytes} [Thu Jun 25 23:50:09 2026] GET /v2/images/b56e3ea0-e851-4385-9f37-6544c818944d => generated 1044 bytes in 107 msecs (HTTP/1.1 200) 4 headers in 158 bytes (1 switches on core 0)
Jun 25 23:50:09.357539 np0000003665 devstack@g-api.service[102669]: DEBUG glance.api.middleware.version_negotiation [None req-7acc18a0-ee15-4b2f-95c7-6f3b6e260c08 tempest-ServerBootFromVolumeStableRescueTest-847343931 tempest-ServerBootFromVolumeStableRescueTest-847343931-project-member] Determining version of request: GET /v2/schemas/image Accept: */* {{(pid=102669) process_request /opt/stack/glance/glance/api/middleware/version_negotiation.py:44}}
Jun 25 23:50:09.357836 np0000003665 devstack@g-api.service[102669]: DEBUG glance.api.middleware.version_negotiation [None req-7acc18a0-ee15-4b2f-95c7-6f3b6e260c08 tempest-ServerBootFromVolumeStableRescueTest-847343931 tempest-ServerBootFromVolumeStableRescueTest-847343931-project-member] Using url versioning {{(pid=102669) process_request /opt/stack/glance/glance/api/middleware/version_negotiation.py:57}}
Jun 25 23:50:09.357955 np0000003665 devstack@g-api.service[102669]: DEBUG glance.api.middleware.version_negotiation [None req-7acc18a0-ee15-4b2f-95c7-6f3b6e260c08 tempest-ServerBootFromVolumeStableRescueTest-847343931 tempest-ServerBootFromVolumeStableRescueTest-847343931-project-member] Matched version: v2 {{(pid=102669) process_request /opt/stack/glance/glance/api/middleware/version_negotiation.py:69}}
Jun 25 23:50:09.358074 np0000003665 devstack@g-api.service[102669]: DEBUG glance.api.middleware.version_negotiation [None req-7acc18a0-ee15-4b2f-95c7-6f3b6e260c08 tempest-ServerBootFromVolumeStableRescueTest-847343931 tempest-ServerBootFromVolumeStableRescueTest-847343931-project-member] new path /v2/schemas/image {{(pid=102669) process_request /opt/stack/glance/glance/api/middleware/version_negotiation.py:70}}
Jun 25 23:50:09.360165 np0000003665 devstack@g-api.service[102669]: [pid: 102669|app: 0|req: 68/264] 127.0.0.1 () {44 vars in 1051 bytes} [Thu Jun 25 23:50:09 2026] GET /v2/schemas/image => generated 6083 bytes in 3 msecs (HTTP/1.1 200) 4 headers in 158 bytes (1 switches on core 0)
Jun 25 23:50:09.364295 np0000003665 devstack@g-api.service[102667]: DEBUG swiftclient [None req-9c70afed-7a35-4f55-9f85-1a19a4a3fe92 tempest-AttachVolumeShelveTestJSON-1830730597 tempest-AttachVolumeShelveTestJSON-1830730597-project-member] REQ: curl -i https://10.4.3.70:8080/v1/AUTH_fb6f2b9c58154fefb5c1c948216c0946/glance?format=json&prefix=c378ea54-a91f-4806-9bce-4d04564839dc- -X GET -H "X-Auth-Token: gAAAAABqPb6xwU3K..." -H "Accept-Encoding: gzip" {{(pid=102667) http_log /opt/stack/data/venv/lib/python3.12/site-packages/swiftclient/client.py:160}}
Jun 25 23:50:09.364458 np0000003665 devstack@g-api.service[102667]: DEBUG swiftclient [None req-9c70afed-7a35-4f55-9f85-1a19a4a3fe92 tempest-AttachVolumeShelveTestJSON-1830730597 tempest-AttachVolumeShelveTestJSON-1830730597-project-member] RESP STATUS: 200 OK {{(pid=102667) http_log /opt/stack/data/venv/lib/python3.12/site-packages/swiftclient/client.py:161}}
Jun 25 23:50:09.364696 np0000003665 devstack@g-api.service[102667]: DEBUG swiftclient [None req-9c70afed-7a35-4f55-9f85-1a19a4a3fe92 tempest-AttachVolumeShelveTestJSON-1830730597 tempest-AttachVolumeShelveTestJSON-1830730597-project-member] RESP HEADERS: {'Date': 'Thu, 25 Jun 2026 23:50:09 GMT', 'Server': 'Apache/2.4.58 (Ubuntu)', 'Content-Type': 'application/json; charset=utf-8', 'Content-Length': '210', 'X-Container-Object-Count': '9', 'X-Container-Bytes-Used': '165019648', 'X-Timestamp': '1782431026.18049', 'Last-Modified': 'Thu, 25 Jun 2026 23:43:47 GMT', 'Accept-Ranges': 'bytes', 'X-Storage-Policy': 'Policy-0', 'X-Container-Sharding': 'False', 'X-Trans-Id': 'tx1f7c8e0cf4214c28b4cc9-006a3dbeb1', 'X-Openstack-Request-Id': 'tx1f7c8e0cf4214c28b4cc9-006a3dbeb1', 'Connection': 'close'} {{(pid=102667) http_log /opt/stack/data/venv/lib/python3.12/site-packages/swiftclient/client.py:162}}
Jun 25 23:50:09.365266 np0000003665 devstack@g-api.service[102667]: DEBUG swiftclient [None req-9c70afed-7a35-4f55-9f85-1a19a4a3fe92 tempest-AttachVolumeShelveTestJSON-1830730597 tempest-AttachVolumeShelveTestJSON-1830730597-project-member] RESP BODY: b'[{"bytes": 53608448, "hash": "21ab1e2e2a0393939236d4b5a9493562", "name": "c378ea54-a91f-4806-9bce-4d04564839dc-00001", "content_type": "application/octet-stream", "last_modified": "2026-06-25T23:49:42.712550"}]' {{(pid=102667) http_log /opt/stack/data/venv/lib/python3.12/site-packages/swiftclient/client.py:166}}
Jun 25 23:50:09.374106 np0000003665 devstack@g-api.service[102668]: DEBUG glance.api.middleware.version_negotiation [None req-7acc18a0-ee15-4b2f-95c7-6f3b6e260c08 tempest-ServerBootFromVolumeStableRescueTest-847343931 tempest-ServerBootFromVolumeStableRescueTest-847343931-project-member] Determining version of request: GET /v2/schemas/image Accept: */* {{(pid=102668) process_request /opt/stack/glance/glance/api/middleware/version_negotiation.py:44}}
Jun 25 23:50:09.374497 np0000003665 devstack@g-api.service[102668]: DEBUG glance.api.middleware.version_negotiation [None req-7acc18a0-ee15-4b2f-95c7-6f3b6e260c08 tempest-ServerBootFromVolumeStableRescueTest-847343931 tempest-ServerBootFromVolumeStableRescueTest-847343931-project-member] Using url versioning {{(pid=102668) process_request /opt/stack/glance/glance/api/middleware/version_negotiation.py:57}}
Jun 25 23:50:09.374497 np0000003665 devstack@g-api.service[102668]: DEBUG glance.api.middleware.version_negotiation [None req-7acc18a0-ee15-4b2f-95c7-6f3b6e260c08 tempest-ServerBootFromVolumeStableRescueTest-847343931 tempest-ServerBootFromVolumeStableRescueTest-847343931-project-member] Matched version: v2 {{(pid=102668) process_request /opt/stack/glance/glance/api/middleware/version_negotiation.py:69}}
Jun 25 23:50:09.374676 np0000003665 devstack@g-api.service[102668]: DEBUG glance.api.middleware.version_negotiation [None req-7acc18a0-ee15-4b2f-95c7-6f3b6e260c08 tempest-ServerBootFromVolumeStableRescueTest-847343931 tempest-ServerBootFromVolumeStableRescueTest-847343931-project-member] new path /v2/schemas/image {{(pid=102668) process_request /opt/stack/glance/glance/api/middleware/version_negotiation.py:70}}
Jun 25 23:50:09.377523 np0000003665 devstack@g-api.service[102668]: [pid: 102668|app: 0|req: 66/265] 127.0.0.1 () {44 vars in 1051 bytes} [Thu Jun 25 23:50:09 2026] GET /v2/schemas/image => generated 6083 bytes in 3 msecs (HTTP/1.1 200) 4 headers in 158 bytes (1 switches on core 0)
Jun 25 23:50:09.386777 np0000003665 devstack@g-api.service[102670]: DEBUG glance.api.middleware.version_negotiation [None req-7acc18a0-ee15-4b2f-95c7-6f3b6e260c08 tempest-ServerBootFromVolumeStableRescueTest-847343931 tempest-ServerBootFromVolumeStableRescueTest-847343931-project-member] Determining version of request: GET /v2/images/b56e3ea0-e851-4385-9f37-6544c818944d Accept: */* {{(pid=102670) process_request /opt/stack/glance/glance/api/middleware/version_negotiation.py:44}}
Jun 25 23:50:09.386962 np0000003665 devstack@g-api.service[102670]: DEBUG glance.api.middleware.version_negotiation [None req-7acc18a0-ee15-4b2f-95c7-6f3b6e260c08 tempest-ServerBootFromVolumeStableRescueTest-847343931 tempest-ServerBootFromVolumeStableRescueTest-847343931-project-member] Using url versioning {{(pid=102670) process_request /opt/stack/glance/glance/api/middleware/version_negotiation.py:57}}
Jun 25 23:50:09.387110 np0000003665 devstack@g-api.service[102670]: DEBUG glance.api.middleware.version_negotiation [None req-7acc18a0-ee15-4b2f-95c7-6f3b6e260c08 tempest-ServerBootFromVolumeStableRescueTest-847343931 tempest-ServerBootFromVolumeStableRescueTest-847343931-project-member] Matched version: v2 {{(pid=102670) process_request /opt/stack/glance/glance/api/middleware/version_negotiation.py:69}}
Jun 25 23:50:09.387240 np0000003665 devstack@g-api.service[102670]: DEBUG glance.api.middleware.version_negotiation [None req-7acc18a0-ee15-4b2f-95c7-6f3b6e260c08 tempest-ServerBootFromVolumeStableRescueTest-847343931 tempest-ServerBootFromVolumeStableRescueTest-847343931-project-member] new path /v2/images/b56e3ea0-e851-4385-9f37-6544c818944d {{(pid=102670) process_request /opt/stack/glance/glance/api/middleware/version_negotiation.py:70}}
Jun 25 23:50:09.392210 np0000003665 devstack@g-api.service[102667]: DEBUG swiftclient [None req-9c70afed-7a35-4f55-9f85-1a19a4a3fe92 tempest-AttachVolumeShelveTestJSON-1830730597 tempest-AttachVolumeShelveTestJSON-1830730597-project-member] REQ: curl -i https://10.4.3.70:8080/v1/AUTH_fb6f2b9c58154fefb5c1c948216c0946/glance/c378ea54-a91f-4806-9bce-4d04564839dc-00001 DELETE -H "X-Auth-Token: gAAAAABqPb6xwU3K..." {{(pid=102667) http_log /opt/stack/data/venv/lib/python3.12/site-packages/swiftclient/client.py:160}}
Jun 25 23:50:09.392367 np0000003665 devstack@g-api.service[102667]: DEBUG swiftclient [None req-9c70afed-7a35-4f55-9f85-1a19a4a3fe92 tempest-AttachVolumeShelveTestJSON-1830730597 tempest-AttachVolumeShelveTestJSON-1830730597-project-member] RESP STATUS: 204 No Content {{(pid=102667) http_log /opt/stack/data/venv/lib/python3.12/site-packages/swiftclient/client.py:161}}
Jun 25 23:50:09.392565 np0000003665 devstack@g-api.service[102667]: DEBUG swiftclient [None req-9c70afed-7a35-4f55-9f85-1a19a4a3fe92 tempest-AttachVolumeShelveTestJSON-1830730597 tempest-AttachVolumeShelveTestJSON-1830730597-project-member] RESP HEADERS: {'Date': 'Thu, 25 Jun 2026 23:50:09 GMT', 'Server': 'Apache/2.4.58 (Ubuntu)', 'Content-Type': 'text/html; charset=UTF-8', 'X-Trans-Id': 'tx216b6487836b4a558d35c-006a3dbeb1', 'X-Openstack-Request-Id': 'tx216b6487836b4a558d35c-006a3dbeb1', 'Connection': 'close'} {{(pid=102667) http_log /opt/stack/data/venv/lib/python3.12/site-packages/swiftclient/client.py:162}}
Jun 25 23:50:09.397987 np0000003665 devstack@g-api.service[102670]: [pid: 102670|app: 0|req: 68/266] 127.0.0.1 () {44 vars in 1111 bytes} [Thu Jun 25 23:50:09 2026] GET /v2/images/b56e3ea0-e851-4385-9f37-6544c818944d => generated 1044 bytes in 11 msecs (HTTP/1.1 200) 4 headers in 158 bytes (1 switches on core 0)
Jun 25 23:50:09.408237 np0000003665 devstack@g-api.service[102669]: DEBUG glance.api.middleware.version_negotiation [None req-7acc18a0-ee15-4b2f-95c7-6f3b6e260c08 tempest-ServerBootFromVolumeStableRescueTest-847343931 tempest-ServerBootFromVolumeStableRescueTest-847343931-project-member] Determining version of request: GET /v2/schemas/image Accept: */* {{(pid=102669) process_request /opt/stack/glance/glance/api/middleware/version_negotiation.py:44}}
Jun 25 23:50:09.408441 np0000003665 devstack@g-api.service[102669]: DEBUG glance.api.middleware.version_negotiation [None req-7acc18a0-ee15-4b2f-95c7-6f3b6e260c08 tempest-ServerBootFromVolumeStableRescueTest-847343931 tempest-ServerBootFromVolumeStableRescueTest-847343931-project-member] Using url versioning {{(pid=102669) process_request /opt/stack/glance/glance/api/middleware/version_negotiation.py:57}}
Jun 25 23:50:09.408599 np0000003665 devstack@g-api.service[102669]: DEBUG glance.api.middleware.version_negotiation [None req-7acc18a0-ee15-4b2f-95c7-6f3b6e260c08 tempest-ServerBootFromVolumeStableRescueTest-847343931 tempest-ServerBootFromVolumeStableRescueTest-847343931-project-member] Matched version: v2 {{(pid=102669) process_request /opt/stack/glance/glance/api/middleware/version_negotiation.py:69}}
Jun 25 23:50:09.408723 np0000003665 devstack@g-api.service[102669]: DEBUG glance.api.middleware.version_negotiation [None req-7acc18a0-ee15-4b2f-95c7-6f3b6e260c08 tempest-ServerBootFromVolumeStableRescueTest-847343931 tempest-ServerBootFromVolumeStableRescueTest-847343931-project-member] new path /v2/schemas/image {{(pid=102669) process_request /opt/stack/glance/glance/api/middleware/version_negotiation.py:70}}
Jun 25 23:50:09.412092 np0000003665 devstack@g-api.service[102669]: [pid: 102669|app: 0|req: 69/267] 127.0.0.1 () {44 vars in 1051 bytes} [Thu Jun 25 23:50:09 2026] GET /v2/schemas/image => generated 6083 bytes in 3 msecs (HTTP/1.1 200) 4 headers in 158 bytes (1 switches on core 0)
Jun 25 23:50:09.420006 np0000003665 devstack@g-api.service[102667]: DEBUG swiftclient [None req-9c70afed-7a35-4f55-9f85-1a19a4a3fe92 tempest-AttachVolumeShelveTestJSON-1830730597 tempest-AttachVolumeShelveTestJSON-1830730597-project-member] REQ: curl -i https://10.4.3.70:8080/v1/AUTH_fb6f2b9c58154fefb5c1c948216c0946/glance/c378ea54-a91f-4806-9bce-4d04564839dc DELETE -H "X-Auth-Token: gAAAAABqPb6xwU3K..." {{(pid=102667) http_log /opt/stack/data/venv/lib/python3.12/site-packages/swiftclient/client.py:160}}
Jun 25 23:50:09.420155 np0000003665 devstack@g-api.service[102667]: DEBUG swiftclient [None req-9c70afed-7a35-4f55-9f85-1a19a4a3fe92 tempest-AttachVolumeShelveTestJSON-1830730597 tempest-AttachVolumeShelveTestJSON-1830730597-project-member] RESP STATUS: 204 No Content {{(pid=102667) http_log /opt/stack/data/venv/lib/python3.12/site-packages/swiftclient/client.py:161}}
Jun 25 23:50:09.420299 np0000003665 devstack@g-api.service[102667]: DEBUG swiftclient [None req-9c70afed-7a35-4f55-9f85-1a19a4a3fe92 tempest-AttachVolumeShelveTestJSON-1830730597 tempest-AttachVolumeShelveTestJSON-1830730597-project-member] RESP HEADERS: {'Date': 'Thu, 25 Jun 2026 23:50:09 GMT', 'Server': 'Apache/2.4.58 (Ubuntu)', 'Content-Type': 'text/html; charset=UTF-8', 'X-Trans-Id': 'txc4defc7d436d4f5aab654-006a3dbeb1', 'X-Openstack-Request-Id': 'txc4defc7d436d4f5aab654-006a3dbeb1', 'Connection': 'close'} {{(pid=102667) http_log /opt/stack/data/venv/lib/python3.12/site-packages/swiftclient/client.py:162}}
Jun 25 23:50:09.420549 np0000003665 devstack@g-api.service[102668]: DEBUG glance.api.middleware.version_negotiation [None req-7acc18a0-ee15-4b2f-95c7-6f3b6e260c08 tempest-ServerBootFromVolumeStableRescueTest-847343931 tempest-ServerBootFromVolumeStableRescueTest-847343931-project-member] Determining version of request: GET /v2/schemas/image Accept: */* {{(pid=102668) process_request /opt/stack/glance/glance/api/middleware/version_negotiation.py:44}}
Jun 25 23:50:09.420715 np0000003665 devstack@g-api.service[102668]: DEBUG glance.api.middleware.version_negotiation [None req-7acc18a0-ee15-4b2f-95c7-6f3b6e260c08 tempest-ServerBootFromVolumeStableRescueTest-847343931 tempest-ServerBootFromVolumeStableRescueTest-847343931-project-member] Using url versioning {{(pid=102668) process_request /opt/stack/glance/glance/api/middleware/version_negotiation.py:57}}
Jun 25 23:50:09.420871 np0000003665 devstack@g-api.service[102668]: DEBUG glance.api.middleware.version_negotiation [None req-7acc18a0-ee15-4b2f-95c7-6f3b6e260c08 tempest-ServerBootFromVolumeStableRescueTest-847343931 tempest-ServerBootFromVolumeStableRescueTest-847343931-project-member] Matched version: v2 {{(pid=102668) process_request /opt/stack/glance/glance/api/middleware/version_negotiation.py:69}}
Jun 25 23:50:09.421006 np0000003665 devstack@g-api.service[102668]: DEBUG glance.api.middleware.version_negotiation [None req-7acc18a0-ee15-4b2f-95c7-6f3b6e260c08 tempest-ServerBootFromVolumeStableRescueTest-847343931 tempest-ServerBootFromVolumeStableRescueTest-847343931-project-member] new path /v2/schemas/image {{(pid=102668) process_request /opt/stack/glance/glance/api/middleware/version_negotiation.py:70}}
Jun 25 23:50:09.423307 np0000003665 devstack@g-api.service[102668]: [pid: 102668|app: 0|req: 67/268] 127.0.0.1 () {44 vars in 1051 bytes} [Thu Jun 25 23:50:09 2026] GET /v2/schemas/image => generated 6083 bytes in 3 msecs (HTTP/1.1 200) 4 headers in 158 bytes (1 switches on core 0)
Jun 25 23:50:09.451730 np0000003665 devstack@g-api.service[102670]: DEBUG glance.api.middleware.version_negotiation [None req-7acc18a0-ee15-4b2f-95c7-6f3b6e260c08 tempest-ServerBootFromVolumeStableRescueTest-847343931 tempest-ServerBootFromVolumeStableRescueTest-847343931-project-member] Determining version of request: GET /v2/images/b56e3ea0-e851-4385-9f37-6544c818944d Accept: */* {{(pid=102670) process_request /opt/stack/glance/glance/api/middleware/version_negotiation.py:44}}
Jun 25 23:50:09.451969 np0000003665 devstack@g-api.service[102670]: DEBUG glance.api.middleware.version_negotiation [None req-7acc18a0-ee15-4b2f-95c7-6f3b6e260c08 tempest-ServerBootFromVolumeStableRescueTest-847343931 tempest-ServerBootFromVolumeStableRescueTest-847343931-project-member] Using url versioning {{(pid=102670) process_request /opt/stack/glance/glance/api/middleware/version_negotiation.py:57}}
Jun 25 23:50:09.452099 np0000003665 devstack@g-api.service[102670]: DEBUG glance.api.middleware.version_negotiation [None req-7acc18a0-ee15-4b2f-95c7-6f3b6e260c08 tempest-ServerBootFromVolumeStableRescueTest-847343931 tempest-ServerBootFromVolumeStableRescueTest-847343931-project-member] Matched version: v2 {{(pid=102670) process_request /opt/stack/glance/glance/api/middleware/version_negotiation.py:69}}
Jun 25 23:50:09.452219 np0000003665 devstack@g-api.service[102670]: DEBUG glance.api.middleware.version_negotiation [None req-7acc18a0-ee15-4b2f-95c7-6f3b6e260c08 tempest-ServerBootFromVolumeStableRescueTest-847343931 tempest-ServerBootFromVolumeStableRescueTest-847343931-project-member] new path /v2/images/b56e3ea0-e851-4385-9f37-6544c818944d {{(pid=102670) process_request /opt/stack/glance/glance/api/middleware/version_negotiation.py:70}}
Jun 25 23:50:09.473202 np0000003665 devstack@g-api.service[102670]: [pid: 102670|app: 0|req: 69/269] 127.0.0.1 () {44 vars in 1111 bytes} [Thu Jun 25 23:50:09 2026] GET /v2/images/b56e3ea0-e851-4385-9f37-6544c818944d => generated 1044 bytes in 22 msecs (HTTP/1.1 200) 4 headers in 158 bytes (1 switches on core 0)
Jun 25 23:50:09.481142 np0000003665 devstack@g-api.service[102669]: DEBUG glance.api.middleware.version_negotiation [None req-7acc18a0-ee15-4b2f-95c7-6f3b6e260c08 tempest-ServerBootFromVolumeStableRescueTest-847343931 tempest-ServerBootFromVolumeStableRescueTest-847343931-project-member] Determining version of request: GET /v2/schemas/image Accept: */* {{(pid=102669) process_request /opt/stack/glance/glance/api/middleware/version_negotiation.py:44}}
Jun 25 23:50:09.481325 np0000003665 devstack@g-api.service[102669]: DEBUG glance.api.middleware.version_negotiation [None req-7acc18a0-ee15-4b2f-95c7-6f3b6e260c08 tempest-ServerBootFromVolumeStableRescueTest-847343931 tempest-ServerBootFromVolumeStableRescueTest-847343931-project-member] Using url versioning {{(pid=102669) process_request /opt/stack/glance/glance/api/middleware/version_negotiation.py:57}}
Jun 25 23:50:09.481480 np0000003665 devstack@g-api.service[102669]: DEBUG glance.api.middleware.version_negotiation [None req-7acc18a0-ee15-4b2f-95c7-6f3b6e260c08 tempest-ServerBootFromVolumeStableRescueTest-847343931 tempest-ServerBootFromVolumeStableRescueTest-847343931-project-member] Matched version: v2 {{(pid=102669) process_request /opt/stack/glance/glance/api/middleware/version_negotiation.py:69}}
Jun 25 23:50:09.481611 np0000003665 devstack@g-api.service[102669]: DEBUG glance.api.middleware.version_negotiation [None req-7acc18a0-ee15-4b2f-95c7-6f3b6e260c08 tempest-ServerBootFromVolumeStableRescueTest-847343931 tempest-ServerBootFromVolumeStableRescueTest-847343931-project-member] new path /v2/schemas/image {{(pid=102669) process_request /opt/stack/glance/glance/api/middleware/version_negotiation.py:70}}
Jun 25 23:50:09.484033 np0000003665 devstack@g-api.service[102669]: [pid: 102669|app: 0|req: 70/270] 127.0.0.1 () {44 vars in 1051 bytes} [Thu Jun 25 23:50:09 2026] GET /v2/schemas/image => generated 6083 bytes in 3 msecs (HTTP/1.1 200) 4 headers in 158 bytes (1 switches on core 0)
Jun 25 23:50:09.493136 np0000003665 devstack@g-api.service[102668]: DEBUG glance.api.middleware.version_negotiation [None req-7acc18a0-ee15-4b2f-95c7-6f3b6e260c08 tempest-ServerBootFromVolumeStableRescueTest-847343931 tempest-ServerBootFromVolumeStableRescueTest-847343931-project-member] Determining version of request: GET /v2/schemas/image Accept: */* {{(pid=102668) process_request /opt/stack/glance/glance/api/middleware/version_negotiation.py:44}}
Jun 25 23:50:09.493278 np0000003665 devstack@g-api.service[102668]: DEBUG glance.api.middleware.version_negotiation [None req-7acc18a0-ee15-4b2f-95c7-6f3b6e260c08 tempest-ServerBootFromVolumeStableRescueTest-847343931 tempest-ServerBootFromVolumeStableRescueTest-847343931-project-member] Using url versioning {{(pid=102668) process_request /opt/stack/glance/glance/api/middleware/version_negotiation.py:57}}
Jun 25 23:50:09.493734 np0000003665 devstack@g-api.service[102668]: DEBUG glance.api.middleware.version_negotiation [None req-7acc18a0-ee15-4b2f-95c7-6f3b6e260c08 tempest-ServerBootFromVolumeStableRescueTest-847343931 tempest-ServerBootFromVolumeStableRescueTest-847343931-project-member] Matched version: v2 {{(pid=102668) process_request /opt/stack/glance/glance/api/middleware/version_negotiation.py:69}}
Jun 25 23:50:09.493930 np0000003665 devstack@g-api.service[102668]: DEBUG glance.api.middleware.version_negotiation [None req-7acc18a0-ee15-4b2f-95c7-6f3b6e260c08 tempest-ServerBootFromVolumeStableRescueTest-847343931 tempest-ServerBootFromVolumeStableRescueTest-847343931-project-member] new path /v2/schemas/image {{(pid=102668) process_request /opt/stack/glance/glance/api/middleware/version_negotiation.py:70}}
Jun 25 23:50:09.496843 np0000003665 devstack@g-api.service[102668]: [pid: 102668|app: 0|req: 68/271] 127.0.0.1 () {44 vars in 1051 bytes} [Thu Jun 25 23:50:09 2026] GET /v2/schemas/image => generated 6083 bytes in 4 msecs (HTTP/1.1 200) 4 headers in 158 bytes (1 switches on core 0)
Jun 25 23:50:09.512422 np0000003665 devstack@g-api.service[102667]: DEBUG glance.api.middleware.cache [None req-9c70afed-7a35-4f55-9f85-1a19a4a3fe92 tempest-AttachVolumeShelveTestJSON-1830730597 tempest-AttachVolumeShelveTestJSON-1830730597-project-member] Removing image c378ea54-a91f-4806-9bce-4d04564839dc from cache {{(pid=102667) _process_DELETE_response /opt/stack/glance/glance/api/middleware/cache.py:264}}
Jun 25 23:50:09.512670 np0000003665 devstack@g-api.service[102667]: DEBUG glance.image_cache.drivers.centralized_db [None req-9c70afed-7a35-4f55-9f85-1a19a4a3fe92 tempest-AttachVolumeShelveTestJSON-1830730597 tempest-AttachVolumeShelveTestJSON-1830730597-project-member] Deleting image cache file '/opt/stack/data/glance/cache/c378ea54-a91f-4806-9bce-4d04564839dc' {{(pid=102667) delete_cached_file /opt/stack/glance/glance/image_cache/drivers/centralized_db.py:400}}
Jun 25 23:50:09.533211 np0000003665 devstack@g-api.service[102667]: [pid: 102667|app: 0|req: 65/272] 127.0.0.1 () {46 vars in 1133 bytes} [Thu Jun 25 23:50:09 2026] DELETE /v2/images/c378ea54-a91f-4806-9bce-4d04564839dc => generated 0 bytes in 323 msecs (HTTP/1.1 204) 4 headers in 171 bytes (1 switches on core 0)
