Jun 25 23:42:27.057094 np0000003665 systemd[1]: Starting devstack@n-api.service - Devstack devstack@n-api.service...
Jun 25 23:42:27.063532 np0000003665 devstack@n-api.service[87121]: [uWSGI] getting INI configuration from /etc/nova/nova-api-uwsgi.ini
Jun 25 23:42:27.066390 np0000003665 devstack@n-api.service[87121]: *** Starting uWSGI 2.0.24-debian (64bit) on [Thu Jun 25 23:42:27 2026] ***
Jun 25 23:42:27.066390 np0000003665 devstack@n-api.service[87121]: compiled with version: 13.2.0 on 17 April 2024 16:23:48
Jun 25 23:42:27.066390 np0000003665 devstack@n-api.service[87121]: os: Linux-6.8.0-100-generic #100-Ubuntu SMP PREEMPT_DYNAMIC Tue Jan 13 16:40:06 UTC 2026
Jun 25 23:42:27.066390 np0000003665 devstack@n-api.service[87121]: nodename: np0000003665
Jun 25 23:42:27.066390 np0000003665 devstack@n-api.service[87121]: machine: x86_64
Jun 25 23:42:27.066390 np0000003665 devstack@n-api.service[87121]: clock source: unix
Jun 25 23:42:27.066390 np0000003665 devstack@n-api.service[87121]: pcre jit disabled
Jun 25 23:42:27.066390 np0000003665 devstack@n-api.service[87121]: detected number of CPU cores: 16
Jun 25 23:42:27.066390 np0000003665 devstack@n-api.service[87121]: current working directory: /
Jun 25 23:42:27.066390 np0000003665 devstack@n-api.service[87121]: detected binary path: /usr/bin/uwsgi-core
Jun 25 23:42:27.066390 np0000003665 devstack@n-api.service[87121]: your processes number limit is 257052
Jun 25 23:42:27.066666 np0000003665 devstack@n-api.service[87121]: your memory page size is 4096 bytes
Jun 25 23:42:27.066666 np0000003665 devstack@n-api.service[87121]: detected max file descriptor number: 2048
Jun 25 23:42:27.066666 np0000003665 devstack@n-api.service[87121]: lock engine: pthread robust mutexes
Jun 25 23:42:27.066666 np0000003665 devstack@n-api.service[87121]: thunder lock: enabled
Jun 25 23:42:27.066845 np0000003665 devstack@n-api.service[87121]: uwsgi socket 0 bound to UNIX address /var/run/uwsgi/nova-api.socket fd 4
Jun 25 23:42:27.066894 np0000003665 devstack@n-api.service[87121]: Python version: 3.12.3 (main, Mar 23 2026, 19:04:32) [GCC 13.3.0]
Jun 25 23:42:27.066932 np0000003665 devstack@n-api.service[87121]: PEP 405 virtualenv detected: /opt/stack/data/venv
Jun 25 23:42:27.066932 np0000003665 devstack@n-api.service[87121]: Set PythonHome to /opt/stack/data/venv
Jun 25 23:42:27.105644 np0000003665 devstack@n-api.service[87121]: Python main interpreter initialized at 0x79750aaa3668
Jun 25 23:42:27.105644 np0000003665 devstack@n-api.service[87121]: python threads support enabled
Jun 25 23:42:27.105644 np0000003665 devstack@n-api.service[87121]: your server socket listen backlog is limited to 100 connections
Jun 25 23:42:27.105644 np0000003665 devstack@n-api.service[87121]: your mercy for graceful operations on workers is 80 seconds
Jun 25 23:42:27.106194 np0000003665 devstack@n-api.service[87121]: mapped 671795 bytes (656 KB) for 4 cores
Jun 25 23:42:27.106327 np0000003665 devstack@n-api.service[87121]: *** Operational MODE: preforking ***
Jun 25 23:42:27.106501 np0000003665 devstack@n-api.service[87121]: *** uWSGI is running in multiple interpreter mode ***
Jun 25 23:42:27.106501 np0000003665 devstack@n-api.service[87121]: spawned uWSGI master process (pid: 87121)
Jun 25 23:42:27.106692 np0000003665 systemd[1]: Started devstack@n-api.service - Devstack devstack@n-api.service.
Jun 25 23:42:27.107080 np0000003665 devstack@n-api.service[87121]: spawned uWSGI worker 1 (pid: 87122, cores: 1)
Jun 25 23:42:27.107537 np0000003665 devstack@n-api.service[87121]: spawned uWSGI worker 2 (pid: 87123, cores: 1)
Jun 25 23:42:27.107987 np0000003665 devstack@n-api.service[87121]: spawned uWSGI worker 3 (pid: 87124, cores: 1)
Jun 25 23:42:27.108584 np0000003665 devstack@n-api.service[87121]: spawned uWSGI worker 4 (pid: 87125, cores: 1)
Jun 25 23:42:27.108625 np0000003665 devstack@n-api.service[87121]: running "unix_signal:15 gracefully_kill_them_all" (master-start)...
Jun 25 23:42:28.699392 np0000003665 devstack@n-api.service[87125]: INFO dbcounter [None req-64b1381a-a566-48b3-8b37-6a75800c9915 None None] Registered counter for database nova_api
Jun 25 23:42:28.734648 np0000003665 devstack@n-api.service[87122]: INFO dbcounter [None req-f1f7986a-1adc-4173-a819-c12630b893cc None None] Registered counter for database nova_api
Jun 25 23:42:28.740907 np0000003665 devstack@n-api.service[87125]: DEBUG oslo_db.sqlalchemy.engines [None req-64b1381a-a566-48b3-8b37-6a75800c9915 None None] MySQL server mode set to STRICT_TRANS_TABLES,STRICT_ALL_TABLES,NO_ZERO_IN_DATE,NO_ZERO_DATE,ERROR_FOR_DIVISION_BY_ZERO,TRADITIONAL,NO_ENGINE_SUBSTITUTION {{(pid=87125) _check_effective_sql_mode /opt/stack/data/venv/lib/python3.12/site-packages/oslo_db/sqlalchemy/engines.py:325}}
Jun 25 23:42:28.743065 np0000003665 devstack@n-api.service[87124]: INFO dbcounter [None req-964d1ce3-6b06-4355-8e7b-929ab71ee917 None None] Registered counter for database nova_api
Jun 25 23:42:28.768903 np0000003665 devstack@n-api.service[87123]: INFO dbcounter [None req-d8c9e771-9d56-4267-b7dc-4a40ea987788 None None] Registered counter for database nova_api
Jun 25 23:42:28.769309 np0000003665 devstack@n-api.service[87125]: DEBUG dbcounter [-] [87125] Writer thread running {{(pid=87125) stat_writer /opt/stack/data/venv/lib/python3.12/site-packages/dbcounter.py:102}}
Jun 25 23:42:28.771216 np0000003665 devstack@n-api.service[87125]: DEBUG nova.context [None req-64b1381a-a566-48b3-8b37-6a75800c9915 None None] Found 2 cells: 00000000-0000-0000-0000-000000000000(cell0),4efea91f-a8af-47a7-a437-a72e723e7e91(cell1) {{(pid=87125) load_cells /opt/stack/nova/nova/context.py:509}}
Jun 25 23:42:28.771433 np0000003665 devstack@n-api.service[87125]: INFO nova.utils [None req-64b1381a-a566-48b3-8b37-6a75800c9915 None None] The cell worker thread pool MainProcess.cell_worker is initialized
Jun 25 23:42:28.773099 np0000003665 devstack@n-api.service[87125]: DEBUG oslo_concurrency.lockutils [None req-64b1381a-a566-48b3-8b37-6a75800c9915 None None] Acquiring lock "00000000-0000-0000-0000-000000000000" by "nova.context.set_target_cell..get_or_set_cached_cell_and_set_connections" {{(pid=87125) inner /opt/stack/data/venv/lib/python3.12/site-packages/oslo_concurrency/lockutils.py:511}}
Jun 25 23:42:28.773340 np0000003665 devstack@n-api.service[87125]: DEBUG oslo_concurrency.lockutils [None req-64b1381a-a566-48b3-8b37-6a75800c9915 None None] Lock "00000000-0000-0000-0000-000000000000" acquired by "nova.context.set_target_cell..get_or_set_cached_cell_and_set_connections" :: waited 0.000s {{(pid=87125) inner /opt/stack/data/venv/lib/python3.12/site-packages/oslo_concurrency/lockutils.py:524}}
Jun 25 23:42:28.773810 np0000003665 devstack@n-api.service[87125]: DEBUG oslo_concurrency.lockutils [None req-64b1381a-a566-48b3-8b37-6a75800c9915 None None] Lock "00000000-0000-0000-0000-000000000000" "released" by "nova.context.set_target_cell..get_or_set_cached_cell_and_set_connections" :: held 0.000s {{(pid=87125) inner /opt/stack/data/venv/lib/python3.12/site-packages/oslo_concurrency/lockutils.py:543}}
Jun 25 23:42:28.774361 np0000003665 devstack@n-api.service[87125]: DEBUG oslo_concurrency.lockutils [None req-64b1381a-a566-48b3-8b37-6a75800c9915 None None] Acquiring lock "4efea91f-a8af-47a7-a437-a72e723e7e91" by "nova.context.set_target_cell..get_or_set_cached_cell_and_set_connections" {{(pid=87125) inner /opt/stack/data/venv/lib/python3.12/site-packages/oslo_concurrency/lockutils.py:511}}
Jun 25 23:42:28.775663 np0000003665 devstack@n-api.service[87125]: INFO dbcounter [None req-64b1381a-a566-48b3-8b37-6a75800c9915 None None] Registered counter for database nova_cell0
Jun 25 23:42:28.776780 np0000003665 devstack@n-api.service[87125]: DEBUG oslo_concurrency.lockutils [None req-64b1381a-a566-48b3-8b37-6a75800c9915 None None] Lock "4efea91f-a8af-47a7-a437-a72e723e7e91" acquired by "nova.context.set_target_cell..get_or_set_cached_cell_and_set_connections" :: waited 0.001s {{(pid=87125) inner /opt/stack/data/venv/lib/python3.12/site-packages/oslo_concurrency/lockutils.py:524}}
Jun 25 23:42:28.777591 np0000003665 devstack@n-api.service[87125]: DEBUG oslo_concurrency.lockutils [None req-64b1381a-a566-48b3-8b37-6a75800c9915 None None] Lock "4efea91f-a8af-47a7-a437-a72e723e7e91" "released" by "nova.context.set_target_cell..get_or_set_cached_cell_and_set_connections" :: held 0.002s {{(pid=87125) inner /opt/stack/data/venv/lib/python3.12/site-packages/oslo_concurrency/lockutils.py:543}}
Jun 25 23:42:28.777910 np0000003665 devstack@n-api.service[87122]: DEBUG oslo_db.sqlalchemy.engines [None req-f1f7986a-1adc-4173-a819-c12630b893cc None None] MySQL server mode set to STRICT_TRANS_TABLES,STRICT_ALL_TABLES,NO_ZERO_IN_DATE,NO_ZERO_DATE,ERROR_FOR_DIVISION_BY_ZERO,TRADITIONAL,NO_ENGINE_SUBSTITUTION {{(pid=87122) _check_effective_sql_mode /opt/stack/data/venv/lib/python3.12/site-packages/oslo_db/sqlalchemy/engines.py:325}}
Jun 25 23:42:28.779580 np0000003665 devstack@n-api.service[87125]: INFO dbcounter [None req-64b1381a-a566-48b3-8b37-6a75800c9915 None None] Registered counter for database nova_cell1
Jun 25 23:42:28.782061 np0000003665 devstack@n-api.service[87124]: DEBUG oslo_db.sqlalchemy.engines [None req-964d1ce3-6b06-4355-8e7b-929ab71ee917 None None] MySQL server mode set to STRICT_TRANS_TABLES,STRICT_ALL_TABLES,NO_ZERO_IN_DATE,NO_ZERO_DATE,ERROR_FOR_DIVISION_BY_ZERO,TRADITIONAL,NO_ENGINE_SUBSTITUTION {{(pid=87124) _check_effective_sql_mode /opt/stack/data/venv/lib/python3.12/site-packages/oslo_db/sqlalchemy/engines.py:325}}
Jun 25 23:42:28.807255 np0000003665 devstack@n-api.service[87122]: DEBUG dbcounter [-] [87122] Writer thread running {{(pid=87122) stat_writer /opt/stack/data/venv/lib/python3.12/site-packages/dbcounter.py:102}}
Jun 25 23:42:28.809653 np0000003665 devstack@n-api.service[87122]: DEBUG nova.context [None req-f1f7986a-1adc-4173-a819-c12630b893cc None None] Found 2 cells: 00000000-0000-0000-0000-000000000000(cell0),4efea91f-a8af-47a7-a437-a72e723e7e91(cell1) {{(pid=87122) load_cells /opt/stack/nova/nova/context.py:509}}
Jun 25 23:42:28.809965 np0000003665 devstack@n-api.service[87122]: INFO nova.utils [None req-f1f7986a-1adc-4173-a819-c12630b893cc None None] The cell worker thread pool MainProcess.cell_worker is initialized
Jun 25 23:42:28.810685 np0000003665 devstack@n-api.service[87124]: DEBUG dbcounter [-] [87124] Writer thread running {{(pid=87124) stat_writer /opt/stack/data/venv/lib/python3.12/site-packages/dbcounter.py:102}}
Jun 25 23:42:28.811695 np0000003665 devstack@n-api.service[87122]: DEBUG oslo_concurrency.lockutils [None req-f1f7986a-1adc-4173-a819-c12630b893cc None None] Acquiring lock "00000000-0000-0000-0000-000000000000" by "nova.context.set_target_cell..get_or_set_cached_cell_and_set_connections" {{(pid=87122) inner /opt/stack/data/venv/lib/python3.12/site-packages/oslo_concurrency/lockutils.py:511}}
Jun 25 23:42:28.811982 np0000003665 devstack@n-api.service[87122]: DEBUG oslo_concurrency.lockutils [None req-f1f7986a-1adc-4173-a819-c12630b893cc None None] Lock "00000000-0000-0000-0000-000000000000" acquired by "nova.context.set_target_cell..get_or_set_cached_cell_and_set_connections" :: waited 0.000s {{(pid=87122) inner /opt/stack/data/venv/lib/python3.12/site-packages/oslo_concurrency/lockutils.py:524}}
Jun 25 23:42:28.812134 np0000003665 devstack@n-api.service[87123]: DEBUG oslo_db.sqlalchemy.engines [None req-d8c9e771-9d56-4267-b7dc-4a40ea987788 None None] MySQL server mode set to STRICT_TRANS_TABLES,STRICT_ALL_TABLES,NO_ZERO_IN_DATE,NO_ZERO_DATE,ERROR_FOR_DIVISION_BY_ZERO,TRADITIONAL,NO_ENGINE_SUBSTITUTION {{(pid=87123) _check_effective_sql_mode /opt/stack/data/venv/lib/python3.12/site-packages/oslo_db/sqlalchemy/engines.py:325}}
Jun 25 23:42:28.812366 np0000003665 devstack@n-api.service[87122]: DEBUG oslo_concurrency.lockutils [None req-f1f7986a-1adc-4173-a819-c12630b893cc None None] Lock "00000000-0000-0000-0000-000000000000" "released" by "nova.context.set_target_cell..get_or_set_cached_cell_and_set_connections" :: held 0.000s {{(pid=87122) inner /opt/stack/data/venv/lib/python3.12/site-packages/oslo_concurrency/lockutils.py:543}}
Jun 25 23:42:28.812962 np0000003665 devstack@n-api.service[87124]: DEBUG nova.context [None req-964d1ce3-6b06-4355-8e7b-929ab71ee917 None None] Found 2 cells: 00000000-0000-0000-0000-000000000000(cell0),4efea91f-a8af-47a7-a437-a72e723e7e91(cell1) {{(pid=87124) load_cells /opt/stack/nova/nova/context.py:509}}
Jun 25 23:42:28.813141 np0000003665 devstack@n-api.service[87122]: DEBUG oslo_concurrency.lockutils [None req-f1f7986a-1adc-4173-a819-c12630b893cc None None] Acquiring lock "4efea91f-a8af-47a7-a437-a72e723e7e91" by "nova.context.set_target_cell..get_or_set_cached_cell_and_set_connections" {{(pid=87122) inner /opt/stack/data/venv/lib/python3.12/site-packages/oslo_concurrency/lockutils.py:511}}
Jun 25 23:42:28.813202 np0000003665 devstack@n-api.service[87124]: INFO nova.utils [None req-964d1ce3-6b06-4355-8e7b-929ab71ee917 None None] The cell worker thread pool MainProcess.cell_worker is initialized
Jun 25 23:42:28.813337 np0000003665 devstack@n-api.service[87122]: DEBUG oslo_concurrency.lockutils [None req-f1f7986a-1adc-4173-a819-c12630b893cc None None] Lock "4efea91f-a8af-47a7-a437-a72e723e7e91" acquired by "nova.context.set_target_cell..get_or_set_cached_cell_and_set_connections" :: waited 0.000s {{(pid=87122) inner /opt/stack/data/venv/lib/python3.12/site-packages/oslo_concurrency/lockutils.py:524}}
Jun 25 23:42:28.814156 np0000003665 devstack@n-api.service[87122]: DEBUG oslo_concurrency.lockutils [None req-f1f7986a-1adc-4173-a819-c12630b893cc None None] Lock "4efea91f-a8af-47a7-a437-a72e723e7e91" "released" by "nova.context.set_target_cell..get_or_set_cached_cell_and_set_connections" :: held 0.001s {{(pid=87122) inner /opt/stack/data/venv/lib/python3.12/site-packages/oslo_concurrency/lockutils.py:543}}
Jun 25 23:42:28.814788 np0000003665 devstack@n-api.service[87124]: DEBUG oslo_concurrency.lockutils [None req-964d1ce3-6b06-4355-8e7b-929ab71ee917 None None] Acquiring lock "00000000-0000-0000-0000-000000000000" by "nova.context.set_target_cell..get_or_set_cached_cell_and_set_connections" {{(pid=87124) inner /opt/stack/data/venv/lib/python3.12/site-packages/oslo_concurrency/lockutils.py:511}}
Jun 25 23:42:28.814965 np0000003665 devstack@n-api.service[87124]: DEBUG oslo_concurrency.lockutils [None req-964d1ce3-6b06-4355-8e7b-929ab71ee917 None None] Lock "00000000-0000-0000-0000-000000000000" acquired by "nova.context.set_target_cell..get_or_set_cached_cell_and_set_connections" :: waited 0.000s {{(pid=87124) inner /opt/stack/data/venv/lib/python3.12/site-packages/oslo_concurrency/lockutils.py:524}}
Jun 25 23:42:28.815330 np0000003665 devstack@n-api.service[87124]: DEBUG oslo_concurrency.lockutils [None req-964d1ce3-6b06-4355-8e7b-929ab71ee917 None None] Lock "00000000-0000-0000-0000-000000000000" "released" by "nova.context.set_target_cell..get_or_set_cached_cell_and_set_connections" :: held 0.000s {{(pid=87124) inner /opt/stack/data/venv/lib/python3.12/site-packages/oslo_concurrency/lockutils.py:543}}
Jun 25 23:42:28.815955 np0000003665 devstack@n-api.service[87124]: DEBUG oslo_concurrency.lockutils [None req-964d1ce3-6b06-4355-8e7b-929ab71ee917 None None] Acquiring lock "4efea91f-a8af-47a7-a437-a72e723e7e91" by "nova.context.set_target_cell..get_or_set_cached_cell_and_set_connections" {{(pid=87124) inner /opt/stack/data/venv/lib/python3.12/site-packages/oslo_concurrency/lockutils.py:511}}
Jun 25 23:42:28.816315 np0000003665 devstack@n-api.service[87122]: INFO dbcounter [None req-f1f7986a-1adc-4173-a819-c12630b893cc None None] Registered counter for database nova_cell0
Jun 25 23:42:28.817740 np0000003665 devstack@n-api.service[87124]: INFO dbcounter [None req-964d1ce3-6b06-4355-8e7b-929ab71ee917 None None] Registered counter for database nova_cell0
Jun 25 23:42:28.819023 np0000003665 devstack@n-api.service[87124]: DEBUG oslo_concurrency.lockutils [None req-964d1ce3-6b06-4355-8e7b-929ab71ee917 None None] Lock "4efea91f-a8af-47a7-a437-a72e723e7e91" acquired by "nova.context.set_target_cell..get_or_set_cached_cell_and_set_connections" :: waited 0.002s {{(pid=87124) inner /opt/stack/data/venv/lib/python3.12/site-packages/oslo_concurrency/lockutils.py:524}}
Jun 25 23:42:28.819415 np0000003665 devstack@n-api.service[87122]: INFO dbcounter [None req-f1f7986a-1adc-4173-a819-c12630b893cc None None] Registered counter for database nova_cell1
Jun 25 23:42:28.820219 np0000003665 devstack@n-api.service[87124]: DEBUG oslo_concurrency.lockutils [None req-964d1ce3-6b06-4355-8e7b-929ab71ee917 None None] Lock "4efea91f-a8af-47a7-a437-a72e723e7e91" "released" by "nova.context.set_target_cell..get_or_set_cached_cell_and_set_connections" :: held 0.003s {{(pid=87124) inner /opt/stack/data/venv/lib/python3.12/site-packages/oslo_concurrency/lockutils.py:543}}
Jun 25 23:42:28.822370 np0000003665 devstack@n-api.service[87124]: INFO dbcounter [None req-964d1ce3-6b06-4355-8e7b-929ab71ee917 None None] Registered counter for database nova_cell1
Jun 25 23:42:28.828132 np0000003665 devstack@n-api.service[87125]: DEBUG oslo_db.sqlalchemy.engines [None req-64b1381a-a566-48b3-8b37-6a75800c9915 None None] MySQL server mode set to STRICT_TRANS_TABLES,STRICT_ALL_TABLES,NO_ZERO_IN_DATE,NO_ZERO_DATE,ERROR_FOR_DIVISION_BY_ZERO,TRADITIONAL,NO_ENGINE_SUBSTITUTION {{(pid=87125) _check_effective_sql_mode /opt/stack/data/venv/lib/python3.12/site-packages/oslo_db/sqlalchemy/engines.py:325}}
Jun 25 23:42:28.843836 np0000003665 devstack@n-api.service[87123]: DEBUG dbcounter [-] [87123] Writer thread running {{(pid=87123) stat_writer /opt/stack/data/venv/lib/python3.12/site-packages/dbcounter.py:102}}
Jun 25 23:42:28.846200 np0000003665 devstack@n-api.service[87123]: DEBUG nova.context [None req-d8c9e771-9d56-4267-b7dc-4a40ea987788 None None] Found 2 cells: 00000000-0000-0000-0000-000000000000(cell0),4efea91f-a8af-47a7-a437-a72e723e7e91(cell1) {{(pid=87123) load_cells /opt/stack/nova/nova/context.py:509}}
Jun 25 23:42:28.846446 np0000003665 devstack@n-api.service[87123]: INFO nova.utils [None req-d8c9e771-9d56-4267-b7dc-4a40ea987788 None None] The cell worker thread pool MainProcess.cell_worker is initialized
Jun 25 23:42:28.848224 np0000003665 devstack@n-api.service[87123]: DEBUG oslo_concurrency.lockutils [None req-d8c9e771-9d56-4267-b7dc-4a40ea987788 None None] Acquiring lock "00000000-0000-0000-0000-000000000000" by "nova.context.set_target_cell..get_or_set_cached_cell_and_set_connections" {{(pid=87123) inner /opt/stack/data/venv/lib/python3.12/site-packages/oslo_concurrency/lockutils.py:511}}
Jun 25 23:42:28.848418 np0000003665 devstack@n-api.service[87123]: DEBUG oslo_concurrency.lockutils [None req-d8c9e771-9d56-4267-b7dc-4a40ea987788 None None] Lock "00000000-0000-0000-0000-000000000000" acquired by "nova.context.set_target_cell..get_or_set_cached_cell_and_set_connections" :: waited 0.000s {{(pid=87123) inner /opt/stack/data/venv/lib/python3.12/site-packages/oslo_concurrency/lockutils.py:524}}
Jun 25 23:42:28.848791 np0000003665 devstack@n-api.service[87123]: DEBUG oslo_concurrency.lockutils [None req-d8c9e771-9d56-4267-b7dc-4a40ea987788 None None] Lock "00000000-0000-0000-0000-000000000000" "released" by "nova.context.set_target_cell..get_or_set_cached_cell_and_set_connections" :: held 0.000s {{(pid=87123) inner /opt/stack/data/venv/lib/python3.12/site-packages/oslo_concurrency/lockutils.py:543}}
Jun 25 23:42:28.849439 np0000003665 devstack@n-api.service[87123]: DEBUG oslo_concurrency.lockutils [None req-d8c9e771-9d56-4267-b7dc-4a40ea987788 None None] Acquiring lock "4efea91f-a8af-47a7-a437-a72e723e7e91" by "nova.context.set_target_cell..get_or_set_cached_cell_and_set_connections" {{(pid=87123) inner /opt/stack/data/venv/lib/python3.12/site-packages/oslo_concurrency/lockutils.py:511}}
Jun 25 23:42:28.849584 np0000003665 devstack@n-api.service[87123]: DEBUG oslo_concurrency.lockutils [None req-d8c9e771-9d56-4267-b7dc-4a40ea987788 None None] Lock "4efea91f-a8af-47a7-a437-a72e723e7e91" acquired by "nova.context.set_target_cell..get_or_set_cached_cell_and_set_connections" :: waited 0.000s {{(pid=87123) inner /opt/stack/data/venv/lib/python3.12/site-packages/oslo_concurrency/lockutils.py:524}}
Jun 25 23:42:28.851863 np0000003665 devstack@n-api.service[87123]: INFO dbcounter [None req-d8c9e771-9d56-4267-b7dc-4a40ea987788 None None] Registered counter for database nova_cell0
Jun 25 23:42:28.853029 np0000003665 devstack@n-api.service[87123]: DEBUG oslo_concurrency.lockutils [None req-d8c9e771-9d56-4267-b7dc-4a40ea987788 None None] Lock "4efea91f-a8af-47a7-a437-a72e723e7e91" "released" by "nova.context.set_target_cell..get_or_set_cached_cell_and_set_connections" :: held 0.002s {{(pid=87123) inner /opt/stack/data/venv/lib/python3.12/site-packages/oslo_concurrency/lockutils.py:543}}
Jun 25 23:42:28.855075 np0000003665 devstack@n-api.service[87125]: DEBUG oslo_db.sqlalchemy.engines [None req-64b1381a-a566-48b3-8b37-6a75800c9915 None None] MySQL server mode set to STRICT_TRANS_TABLES,STRICT_ALL_TABLES,NO_ZERO_IN_DATE,NO_ZERO_DATE,ERROR_FOR_DIVISION_BY_ZERO,TRADITIONAL,NO_ENGINE_SUBSTITUTION {{(pid=87125) _check_effective_sql_mode /opt/stack/data/venv/lib/python3.12/site-packages/oslo_db/sqlalchemy/engines.py:325}}
Jun 25 23:42:28.855528 np0000003665 devstack@n-api.service[87123]: INFO dbcounter [None req-d8c9e771-9d56-4267-b7dc-4a40ea987788 None None] Registered counter for database nova_cell1
Jun 25 23:42:28.869995 np0000003665 devstack@n-api.service[87124]: DEBUG oslo_db.sqlalchemy.engines [None req-964d1ce3-6b06-4355-8e7b-929ab71ee917 None None] MySQL server mode set to STRICT_TRANS_TABLES,STRICT_ALL_TABLES,NO_ZERO_IN_DATE,NO_ZERO_DATE,ERROR_FOR_DIVISION_BY_ZERO,TRADITIONAL,NO_ENGINE_SUBSTITUTION {{(pid=87124) _check_effective_sql_mode /opt/stack/data/venv/lib/python3.12/site-packages/oslo_db/sqlalchemy/engines.py:325}}
Jun 25 23:42:28.875783 np0000003665 devstack@n-api.service[87122]: DEBUG oslo_db.sqlalchemy.engines [None req-f1f7986a-1adc-4173-a819-c12630b893cc None None] MySQL server mode set to STRICT_TRANS_TABLES,STRICT_ALL_TABLES,NO_ZERO_IN_DATE,NO_ZERO_DATE,ERROR_FOR_DIVISION_BY_ZERO,TRADITIONAL,NO_ENGINE_SUBSTITUTION {{(pid=87122) _check_effective_sql_mode /opt/stack/data/venv/lib/python3.12/site-packages/oslo_db/sqlalchemy/engines.py:325}}
Jun 25 23:42:28.881951 np0000003665 devstack@n-api.service[87124]: DEBUG oslo_db.sqlalchemy.engines [None req-964d1ce3-6b06-4355-8e7b-929ab71ee917 None None] MySQL server mode set to STRICT_TRANS_TABLES,STRICT_ALL_TABLES,NO_ZERO_IN_DATE,NO_ZERO_DATE,ERROR_FOR_DIVISION_BY_ZERO,TRADITIONAL,NO_ENGINE_SUBSTITUTION {{(pid=87124) _check_effective_sql_mode /opt/stack/data/venv/lib/python3.12/site-packages/oslo_db/sqlalchemy/engines.py:325}}
Jun 25 23:42:28.890214 np0000003665 devstack@n-api.service[87122]: DEBUG oslo_db.sqlalchemy.engines [None req-f1f7986a-1adc-4173-a819-c12630b893cc None None] MySQL server mode set to STRICT_TRANS_TABLES,STRICT_ALL_TABLES,NO_ZERO_IN_DATE,NO_ZERO_DATE,ERROR_FOR_DIVISION_BY_ZERO,TRADITIONAL,NO_ENGINE_SUBSTITUTION {{(pid=87122) _check_effective_sql_mode /opt/stack/data/venv/lib/python3.12/site-packages/oslo_db/sqlalchemy/engines.py:325}}
Jun 25 23:42:28.905316 np0000003665 devstack@n-api.service[87123]: DEBUG oslo_db.sqlalchemy.engines [None req-d8c9e771-9d56-4267-b7dc-4a40ea987788 None None] MySQL server mode set to STRICT_TRANS_TABLES,STRICT_ALL_TABLES,NO_ZERO_IN_DATE,NO_ZERO_DATE,ERROR_FOR_DIVISION_BY_ZERO,TRADITIONAL,NO_ENGINE_SUBSTITUTION {{(pid=87123) _check_effective_sql_mode /opt/stack/data/venv/lib/python3.12/site-packages/oslo_db/sqlalchemy/engines.py:325}}
Jun 25 23:42:28.914603 np0000003665 devstack@n-api.service[87125]: DEBUG dbcounter [-] [87125] Writer thread running {{(pid=87125) stat_writer /opt/stack/data/venv/lib/python3.12/site-packages/dbcounter.py:102}}
Jun 25 23:42:28.916296 np0000003665 devstack@n-api.service[87123]: DEBUG oslo_db.sqlalchemy.engines [None req-d8c9e771-9d56-4267-b7dc-4a40ea987788 None None] MySQL server mode set to STRICT_TRANS_TABLES,STRICT_ALL_TABLES,NO_ZERO_IN_DATE,NO_ZERO_DATE,ERROR_FOR_DIVISION_BY_ZERO,TRADITIONAL,NO_ENGINE_SUBSTITUTION {{(pid=87123) _check_effective_sql_mode /opt/stack/data/venv/lib/python3.12/site-packages/oslo_db/sqlalchemy/engines.py:325}}
Jun 25 23:42:28.919256 np0000003665 devstack@n-api.service[87125]: DEBUG dbcounter [-] [87125] Writer thread running {{(pid=87125) stat_writer /opt/stack/data/venv/lib/python3.12/site-packages/dbcounter.py:102}}
Jun 25 23:42:28.922269 np0000003665 devstack@n-api.service[87125]: INFO dbcounter [None req-64b1381a-a566-48b3-8b37-6a75800c9915 None None] Registered counter for database nova_cell0
Jun 25 23:42:28.955804 np0000003665 devstack@n-api.service[87125]: DEBUG oslo_db.sqlalchemy.engines [None req-64b1381a-a566-48b3-8b37-6a75800c9915 None None] MySQL server mode set to STRICT_TRANS_TABLES,STRICT_ALL_TABLES,NO_ZERO_IN_DATE,NO_ZERO_DATE,ERROR_FOR_DIVISION_BY_ZERO,TRADITIONAL,NO_ENGINE_SUBSTITUTION {{(pid=87125) _check_effective_sql_mode /opt/stack/data/venv/lib/python3.12/site-packages/oslo_db/sqlalchemy/engines.py:325}}
Jun 25 23:42:28.961658 np0000003665 devstack@n-api.service[87122]: DEBUG dbcounter [-] [87122] Writer thread running {{(pid=87122) stat_writer /opt/stack/data/venv/lib/python3.12/site-packages/dbcounter.py:102}}
Jun 25 23:42:28.961822 np0000003665 devstack@n-api.service[87125]: DEBUG dbcounter [-] [87125] Writer thread running {{(pid=87125) stat_writer /opt/stack/data/venv/lib/python3.12/site-packages/dbcounter.py:102}}
Jun 25 23:42:28.966989 np0000003665 devstack@n-api.service[87122]: DEBUG dbcounter [-] [87122] Writer thread running {{(pid=87122) stat_writer /opt/stack/data/venv/lib/python3.12/site-packages/dbcounter.py:102}}
Jun 25 23:42:28.976419 np0000003665 devstack@n-api.service[87124]: DEBUG dbcounter [-] [87124] Writer thread running {{(pid=87124) stat_writer /opt/stack/data/venv/lib/python3.12/site-packages/dbcounter.py:102}}
Jun 25 23:42:28.980929 np0000003665 devstack@n-api.service[87124]: DEBUG dbcounter [-] [87124] Writer thread running {{(pid=87124) stat_writer /opt/stack/data/venv/lib/python3.12/site-packages/dbcounter.py:102}}
Jun 25 23:42:28.992341 np0000003665 devstack@n-api.service[87123]: DEBUG dbcounter [-] [87123] Writer thread running {{(pid=87123) stat_writer /opt/stack/data/venv/lib/python3.12/site-packages/dbcounter.py:102}}
Jun 25 23:42:28.997415 np0000003665 devstack@n-api.service[87123]: DEBUG dbcounter [-] [87123] Writer thread running {{(pid=87123) stat_writer /opt/stack/data/venv/lib/python3.12/site-packages/dbcounter.py:102}}
Jun 25 23:42:29.016032 np0000003665 devstack@n-api.service[87122]: INFO dbcounter [None req-f1f7986a-1adc-4173-a819-c12630b893cc None None] Registered counter for database nova_cell0
Jun 25 23:42:29.016760 np0000003665 devstack@n-api.service[87123]: INFO dbcounter [None req-d8c9e771-9d56-4267-b7dc-4a40ea987788 None None] Registered counter for database nova_cell0
Jun 25 23:42:29.017253 np0000003665 devstack@n-api.service[87124]: INFO dbcounter [None req-964d1ce3-6b06-4355-8e7b-929ab71ee917 None None] Registered counter for database nova_cell0
Jun 25 23:42:29.052772 np0000003665 devstack@n-api.service[87122]: DEBUG oslo_db.sqlalchemy.engines [None req-f1f7986a-1adc-4173-a819-c12630b893cc None None] MySQL server mode set to STRICT_TRANS_TABLES,STRICT_ALL_TABLES,NO_ZERO_IN_DATE,NO_ZERO_DATE,ERROR_FOR_DIVISION_BY_ZERO,TRADITIONAL,NO_ENGINE_SUBSTITUTION {{(pid=87122) _check_effective_sql_mode /opt/stack/data/venv/lib/python3.12/site-packages/oslo_db/sqlalchemy/engines.py:325}}
Jun 25 23:42:29.053890 np0000003665 devstack@n-api.service[87123]: DEBUG oslo_db.sqlalchemy.engines [None req-d8c9e771-9d56-4267-b7dc-4a40ea987788 None None] MySQL server mode set to STRICT_TRANS_TABLES,STRICT_ALL_TABLES,NO_ZERO_IN_DATE,NO_ZERO_DATE,ERROR_FOR_DIVISION_BY_ZERO,TRADITIONAL,NO_ENGINE_SUBSTITUTION {{(pid=87123) _check_effective_sql_mode /opt/stack/data/venv/lib/python3.12/site-packages/oslo_db/sqlalchemy/engines.py:325}}
Jun 25 23:42:29.057224 np0000003665 devstack@n-api.service[87122]: DEBUG dbcounter [-] [87122] Writer thread running {{(pid=87122) stat_writer /opt/stack/data/venv/lib/python3.12/site-packages/dbcounter.py:102}}
Jun 25 23:42:29.058211 np0000003665 devstack@n-api.service[87124]: DEBUG oslo_db.sqlalchemy.engines [None req-964d1ce3-6b06-4355-8e7b-929ab71ee917 None None] MySQL server mode set to STRICT_TRANS_TABLES,STRICT_ALL_TABLES,NO_ZERO_IN_DATE,NO_ZERO_DATE,ERROR_FOR_DIVISION_BY_ZERO,TRADITIONAL,NO_ENGINE_SUBSTITUTION {{(pid=87124) _check_effective_sql_mode /opt/stack/data/venv/lib/python3.12/site-packages/oslo_db/sqlalchemy/engines.py:325}}
Jun 25 23:42:29.060377 np0000003665 devstack@n-api.service[87123]: DEBUG dbcounter [-] [87123] Writer thread running {{(pid=87123) stat_writer /opt/stack/data/venv/lib/python3.12/site-packages/dbcounter.py:102}}
Jun 25 23:42:29.064136 np0000003665 devstack@n-api.service[87124]: DEBUG dbcounter [-] [87124] Writer thread running {{(pid=87124) stat_writer /opt/stack/data/venv/lib/python3.12/site-packages/dbcounter.py:102}}
Jun 25 23:42:29.271942 np0000003665 devstack@n-api.service[87125]: DEBUG oslo_concurrency.processutils [None req-64b1381a-a566-48b3-8b37-6a75800c9915 None None] Running cmd (subprocess): grep -F node.session.scan /sbin/iscsiadm {{(pid=87125) execute /opt/stack/data/venv/lib/python3.12/site-packages/oslo_concurrency/processutils.py:440}}
Jun 25 23:42:29.284160 np0000003665 devstack@n-api.service[87125]: DEBUG oslo_concurrency.processutils [None req-64b1381a-a566-48b3-8b37-6a75800c9915 None None] CMD "grep -F node.session.scan /sbin/iscsiadm" returned: 0 in 0.012s {{(pid=87125) execute /opt/stack/data/venv/lib/python3.12/site-packages/oslo_concurrency/processutils.py:468}}
Jun 25 23:42:29.343745 np0000003665 devstack@n-api.service[87122]: DEBUG oslo_concurrency.processutils [None req-f1f7986a-1adc-4173-a819-c12630b893cc None None] Running cmd (subprocess): grep -F node.session.scan /sbin/iscsiadm {{(pid=87122) execute /opt/stack/data/venv/lib/python3.12/site-packages/oslo_concurrency/processutils.py:440}}
Jun 25 23:42:29.353814 np0000003665 devstack@n-api.service[87124]: DEBUG oslo_concurrency.processutils [None req-964d1ce3-6b06-4355-8e7b-929ab71ee917 None None] Running cmd (subprocess): grep -F node.session.scan /sbin/iscsiadm {{(pid=87124) execute /opt/stack/data/venv/lib/python3.12/site-packages/oslo_concurrency/processutils.py:440}}
Jun 25 23:42:29.355742 np0000003665 devstack@n-api.service[87122]: DEBUG oslo_concurrency.processutils [None req-f1f7986a-1adc-4173-a819-c12630b893cc None None] CMD "grep -F node.session.scan /sbin/iscsiadm" returned: 0 in 0.012s {{(pid=87122) execute /opt/stack/data/venv/lib/python3.12/site-packages/oslo_concurrency/processutils.py:468}}
Jun 25 23:42:29.356936 np0000003665 devstack@n-api.service[87123]: DEBUG oslo_concurrency.processutils [None req-d8c9e771-9d56-4267-b7dc-4a40ea987788 None None] Running cmd (subprocess): grep -F node.session.scan /sbin/iscsiadm {{(pid=87123) execute /opt/stack/data/venv/lib/python3.12/site-packages/oslo_concurrency/processutils.py:440}}
Jun 25 23:42:29.365589 np0000003665 devstack@n-api.service[87124]: DEBUG oslo_concurrency.processutils [None req-964d1ce3-6b06-4355-8e7b-929ab71ee917 None None] CMD "grep -F node.session.scan /sbin/iscsiadm" returned: 0 in 0.012s {{(pid=87124) execute /opt/stack/data/venv/lib/python3.12/site-packages/oslo_concurrency/processutils.py:468}}
Jun 25 23:42:29.369237 np0000003665 devstack@n-api.service[87123]: DEBUG oslo_concurrency.processutils [None req-d8c9e771-9d56-4267-b7dc-4a40ea987788 None None] CMD "grep -F node.session.scan /sbin/iscsiadm" returned: 0 in 0.012s {{(pid=87123) execute /opt/stack/data/venv/lib/python3.12/site-packages/oslo_concurrency/processutils.py:468}}
Jun 25 23:42:29.844883 np0000003665 devstack@n-api.service[87123]: DEBUG nova.api.openstack.wsgi_app [None req-d8c9e771-9d56-4267-b7dc-4a40ea987788 None None] ******************************************************************************** {{(pid=87123) log_opt_values /opt/stack/data/venv/lib/python3.12/site-packages/oslo_config/cfg.py:3226}}
Jun 25 23:42:29.845280 np0000003665 devstack@n-api.service[87123]: DEBUG nova.api.openstack.wsgi_app [None req-d8c9e771-9d56-4267-b7dc-4a40ea987788 None None] Configuration options gathered from: {{(pid=87123) log_opt_values /opt/stack/data/venv/lib/python3.12/site-packages/oslo_config/cfg.py:3227}}
Jun 25 23:42:29.845329 np0000003665 devstack@n-api.service[87123]: DEBUG nova.api.openstack.wsgi_app [None req-d8c9e771-9d56-4267-b7dc-4a40ea987788 None None] command line args: [] {{(pid=87123) log_opt_values /opt/stack/data/venv/lib/python3.12/site-packages/oslo_config/cfg.py:3228}}
Jun 25 23:42:29.845480 np0000003665 devstack@n-api.service[87123]: DEBUG nova.api.openstack.wsgi_app [None req-d8c9e771-9d56-4267-b7dc-4a40ea987788 None None] config files: ['/etc/nova/api-paste.ini', '/etc/nova/nova.conf'] {{(pid=87123) log_opt_values /opt/stack/data/venv/lib/python3.12/site-packages/oslo_config/cfg.py:3229}}
Jun 25 23:42:29.845576 np0000003665 devstack@n-api.service[87123]: DEBUG nova.api.openstack.wsgi_app [None req-d8c9e771-9d56-4267-b7dc-4a40ea987788 None None] ================================================================================ {{(pid=87123) log_opt_values /opt/stack/data/venv/lib/python3.12/site-packages/oslo_config/cfg.py:3234}}
Jun 25 23:42:29.845768 np0000003665 devstack@n-api.service[87123]: DEBUG nova.api.openstack.wsgi_app [None req-d8c9e771-9d56-4267-b7dc-4a40ea987788 None None] allow_resize_to_same_host = True {{(pid=87123) log_opt_values /opt/stack/data/venv/lib/python3.12/site-packages/oslo_config/cfg.py:3242}}
Jun 25 23:42:29.845883 np0000003665 devstack@n-api.service[87123]: DEBUG nova.api.openstack.wsgi_app [None req-d8c9e771-9d56-4267-b7dc-4a40ea987788 None None] arq_binding_timeout = 300 {{(pid=87123) log_opt_values /opt/stack/data/venv/lib/python3.12/site-packages/oslo_config/cfg.py:3242}}
Jun 25 23:42:29.846001 np0000003665 devstack@n-api.service[87123]: DEBUG nova.api.openstack.wsgi_app [None req-d8c9e771-9d56-4267-b7dc-4a40ea987788 None None] block_device_allocate_retries = 60 {{(pid=87123) log_opt_values /opt/stack/data/venv/lib/python3.12/site-packages/oslo_config/cfg.py:3242}}
Jun 25 23:42:29.846141 np0000003665 devstack@n-api.service[87123]: DEBUG nova.api.openstack.wsgi_app [None req-d8c9e771-9d56-4267-b7dc-4a40ea987788 None None] block_device_allocate_retries_interval = 3 {{(pid=87123) log_opt_values /opt/stack/data/venv/lib/python3.12/site-packages/oslo_config/cfg.py:3242}}
Jun 25 23:42:29.846268 np0000003665 devstack@n-api.service[87123]: DEBUG nova.api.openstack.wsgi_app [None req-d8c9e771-9d56-4267-b7dc-4a40ea987788 None None] cell_worker_thread_pool_size = 5 {{(pid=87123) log_opt_values /opt/stack/data/venv/lib/python3.12/site-packages/oslo_config/cfg.py:3242}}
Jun 25 23:42:29.846402 np0000003665 devstack@n-api.service[87123]: DEBUG nova.api.openstack.wsgi_app [None req-d8c9e771-9d56-4267-b7dc-4a40ea987788 None None] cert = self.pem {{(pid=87123) log_opt_values /opt/stack/data/venv/lib/python3.12/site-packages/oslo_config/cfg.py:3242}}
Jun 25 23:42:29.846519 np0000003665 devstack@n-api.service[87123]: DEBUG nova.api.openstack.wsgi_app [None req-d8c9e771-9d56-4267-b7dc-4a40ea987788 None None] compute_driver = libvirt.LibvirtDriver {{(pid=87123) log_opt_values /opt/stack/data/venv/lib/python3.12/site-packages/oslo_config/cfg.py:3242}}
Jun 25 23:42:29.846666 np0000003665 devstack@n-api.service[87123]: DEBUG nova.api.openstack.wsgi_app [None req-d8c9e771-9d56-4267-b7dc-4a40ea987788 None None] compute_monitors = [] {{(pid=87123) log_opt_values /opt/stack/data/venv/lib/python3.12/site-packages/oslo_config/cfg.py:3242}}
Jun 25 23:42:29.846823 np0000003665 devstack@n-api.service[87123]: DEBUG nova.api.openstack.wsgi_app [None req-d8c9e771-9d56-4267-b7dc-4a40ea987788 None None] config_dir = [] {{(pid=87123) log_opt_values /opt/stack/data/venv/lib/python3.12/site-packages/oslo_config/cfg.py:3242}}
Jun 25 23:42:29.846951 np0000003665 devstack@n-api.service[87123]: DEBUG nova.api.openstack.wsgi_app [None req-d8c9e771-9d56-4267-b7dc-4a40ea987788 None None] config_drive_format = iso9660 {{(pid=87123) log_opt_values /opt/stack/data/venv/lib/python3.12/site-packages/oslo_config/cfg.py:3242}}
Jun 25 23:42:29.847049 np0000003665 devstack@n-api.service[87123]: DEBUG nova.api.openstack.wsgi_app [None req-d8c9e771-9d56-4267-b7dc-4a40ea987788 None None] config_file = ['/etc/nova/api-paste.ini', '/etc/nova/nova.conf'] {{(pid=87123) log_opt_values /opt/stack/data/venv/lib/python3.12/site-packages/oslo_config/cfg.py:3242}}
Jun 25 23:42:29.847167 np0000003665 devstack@n-api.service[87123]: DEBUG nova.api.openstack.wsgi_app [None req-d8c9e771-9d56-4267-b7dc-4a40ea987788 None None] config_source = [] {{(pid=87123) log_opt_values /opt/stack/data/venv/lib/python3.12/site-packages/oslo_config/cfg.py:3242}}
Jun 25 23:42:29.847302 np0000003665 devstack@n-api.service[87123]: DEBUG nova.api.openstack.wsgi_app [None req-d8c9e771-9d56-4267-b7dc-4a40ea987788 None None] console_host = np0000003665 {{(pid=87123) log_opt_values /opt/stack/data/venv/lib/python3.12/site-packages/oslo_config/cfg.py:3242}}
Jun 25 23:42:29.847427 np0000003665 devstack@n-api.service[87123]: DEBUG nova.api.openstack.wsgi_app [None req-d8c9e771-9d56-4267-b7dc-4a40ea987788 None None] control_exchange = nova {{(pid=87123) log_opt_values /opt/stack/data/venv/lib/python3.12/site-packages/oslo_config/cfg.py:3242}}
Jun 25 23:42:29.847538 np0000003665 devstack@n-api.service[87123]: DEBUG nova.api.openstack.wsgi_app [None req-d8c9e771-9d56-4267-b7dc-4a40ea987788 None None] cpu_allocation_ratio = None {{(pid=87123) log_opt_values /opt/stack/data/venv/lib/python3.12/site-packages/oslo_config/cfg.py:3242}}
Jun 25 23:42:29.847649 np0000003665 devstack@n-api.service[87123]: DEBUG nova.api.openstack.wsgi_app [None req-d8c9e771-9d56-4267-b7dc-4a40ea987788 None None] daemon = False {{(pid=87123) log_opt_values /opt/stack/data/venv/lib/python3.12/site-packages/oslo_config/cfg.py:3242}}
Jun 25 23:42:29.847777 np0000003665 devstack@n-api.service[87123]: DEBUG nova.api.openstack.wsgi_app [None req-d8c9e771-9d56-4267-b7dc-4a40ea987788 None None] debug = True {{(pid=87123) log_opt_values /opt/stack/data/venv/lib/python3.12/site-packages/oslo_config/cfg.py:3242}}
Jun 25 23:42:29.847887 np0000003665 devstack@n-api.service[87123]: DEBUG nova.api.openstack.wsgi_app [None req-d8c9e771-9d56-4267-b7dc-4a40ea987788 None None] default_access_ip_network_name = None {{(pid=87123) log_opt_values /opt/stack/data/venv/lib/python3.12/site-packages/oslo_config/cfg.py:3242}}
Jun 25 23:42:29.848001 np0000003665 devstack@n-api.service[87123]: DEBUG nova.api.openstack.wsgi_app [None req-d8c9e771-9d56-4267-b7dc-4a40ea987788 None None] default_availability_zone = nova {{(pid=87123) log_opt_values /opt/stack/data/venv/lib/python3.12/site-packages/oslo_config/cfg.py:3242}}
Jun 25 23:42:29.848142 np0000003665 devstack@n-api.service[87123]: DEBUG nova.api.openstack.wsgi_app [None req-d8c9e771-9d56-4267-b7dc-4a40ea987788 None None] default_ephemeral_format = ext4 {{(pid=87123) log_opt_values /opt/stack/data/venv/lib/python3.12/site-packages/oslo_config/cfg.py:3242}}
Jun 25 23:42:29.848268 np0000003665 devstack@n-api.service[87123]: DEBUG nova.api.openstack.wsgi_app [None req-d8c9e771-9d56-4267-b7dc-4a40ea987788 None None] default_green_pool_size = 1000 {{(pid=87123) log_opt_values /opt/stack/data/venv/lib/python3.12/site-packages/oslo_config/cfg.py:3242}}
Jun 25 23:42:29.848471 np0000003665 devstack@n-api.service[87123]: DEBUG nova.api.openstack.wsgi_app [None req-d8c9e771-9d56-4267-b7dc-4a40ea987788 None None] default_log_levels = ['amqp=WARN', 'boto=WARN', 'sqlalchemy=WARN', 'suds=INFO', 'oslo.messaging=INFO', 'oslo_messaging=INFO', 'iso8601=WARN', 'requests.packages.urllib3.connectionpool=WARN', 'urllib3.connectionpool=WARN', 'websocket=WARN', 'requests.packages.urllib3.util.retry=WARN', 'urllib3.util.retry=WARN', 'keystonemiddleware=WARN', 'routes.middleware=WARN', 'stevedore=WARN', 'taskflow=WARN', 'keystoneauth=WARN', 'oslo.cache=INFO', 'oslo_policy=INFO', 'dogpile.core.dogpile=INFO', 'glanceclient=WARN', 'oslo.privsep.daemon=INFO'] {{(pid=87123) log_opt_values /opt/stack/data/venv/lib/python3.12/site-packages/oslo_config/cfg.py:3242}}
Jun 25 23:42:29.848590 np0000003665 devstack@n-api.service[87123]: DEBUG nova.api.openstack.wsgi_app [None req-d8c9e771-9d56-4267-b7dc-4a40ea987788 None None] default_schedule_zone = None {{(pid=87123) log_opt_values /opt/stack/data/venv/lib/python3.12/site-packages/oslo_config/cfg.py:3242}}
Jun 25 23:42:29.848687 np0000003665 devstack@n-api.service[87123]: DEBUG nova.api.openstack.wsgi_app [None req-d8c9e771-9d56-4267-b7dc-4a40ea987788 None None] default_thread_pool_size = 10 {{(pid=87123) log_opt_values /opt/stack/data/venv/lib/python3.12/site-packages/oslo_config/cfg.py:3242}}
Jun 25 23:42:29.848824 np0000003665 devstack@n-api.service[87123]: DEBUG nova.api.openstack.wsgi_app [None req-d8c9e771-9d56-4267-b7dc-4a40ea987788 None None] disk_allocation_ratio = None {{(pid=87123) log_opt_values /opt/stack/data/venv/lib/python3.12/site-packages/oslo_config/cfg.py:3242}}
Jun 25 23:42:29.848937 np0000003665 devstack@n-api.service[87123]: DEBUG nova.api.openstack.wsgi_app [None req-d8c9e771-9d56-4267-b7dc-4a40ea987788 None None] enable_new_services = True {{(pid=87123) log_opt_values /opt/stack/data/venv/lib/python3.12/site-packages/oslo_config/cfg.py:3242}}
Jun 25 23:42:29.849046 np0000003665 devstack@n-api.service[87123]: DEBUG nova.api.openstack.wsgi_app [None req-d8c9e771-9d56-4267-b7dc-4a40ea987788 None None] flat_injected = False {{(pid=87123) log_opt_values /opt/stack/data/venv/lib/python3.12/site-packages/oslo_config/cfg.py:3242}}
Jun 25 23:42:29.849162 np0000003665 devstack@n-api.service[87123]: DEBUG nova.api.openstack.wsgi_app [None req-d8c9e771-9d56-4267-b7dc-4a40ea987788 None None] force_config_drive = True {{(pid=87123) log_opt_values /opt/stack/data/venv/lib/python3.12/site-packages/oslo_config/cfg.py:3242}}
Jun 25 23:42:29.849284 np0000003665 devstack@n-api.service[87123]: DEBUG nova.api.openstack.wsgi_app [None req-d8c9e771-9d56-4267-b7dc-4a40ea987788 None None] force_raw_images = True {{(pid=87123) log_opt_values /opt/stack/data/venv/lib/python3.12/site-packages/oslo_config/cfg.py:3242}}
Jun 25 23:42:29.849417 np0000003665 devstack@n-api.service[87123]: DEBUG nova.api.openstack.wsgi_app [None req-d8c9e771-9d56-4267-b7dc-4a40ea987788 None None] graceful_shutdown_timeout = 5 {{(pid=87123) log_opt_values /opt/stack/data/venv/lib/python3.12/site-packages/oslo_config/cfg.py:3242}}
Jun 25 23:42:29.849534 np0000003665 devstack@n-api.service[87123]: DEBUG nova.api.openstack.wsgi_app [None req-d8c9e771-9d56-4267-b7dc-4a40ea987788 None None] heal_instance_info_cache_interval = -1 {{(pid=87123) log_opt_values /opt/stack/data/venv/lib/python3.12/site-packages/oslo_config/cfg.py:3242}}
Jun 25 23:42:29.849685 np0000003665 devstack@n-api.service[87123]: DEBUG nova.api.openstack.wsgi_app [None req-d8c9e771-9d56-4267-b7dc-4a40ea987788 None None] host = np0000003665 {{(pid=87123) log_opt_values /opt/stack/data/venv/lib/python3.12/site-packages/oslo_config/cfg.py:3242}}
Jun 25 23:42:29.849827 np0000003665 devstack@n-api.service[87123]: DEBUG nova.api.openstack.wsgi_app [None req-d8c9e771-9d56-4267-b7dc-4a40ea987788 None None] initial_cpu_allocation_ratio = 4.0 {{(pid=87123) log_opt_values /opt/stack/data/venv/lib/python3.12/site-packages/oslo_config/cfg.py:3242}}
Jun 25 23:42:29.849939 np0000003665 devstack@n-api.service[87123]: DEBUG nova.api.openstack.wsgi_app [None req-d8c9e771-9d56-4267-b7dc-4a40ea987788 None None] initial_disk_allocation_ratio = 1.0 {{(pid=87123) log_opt_values /opt/stack/data/venv/lib/python3.12/site-packages/oslo_config/cfg.py:3242}}
Jun 25 23:42:29.850072 np0000003665 devstack@n-api.service[87123]: DEBUG nova.api.openstack.wsgi_app [None req-d8c9e771-9d56-4267-b7dc-4a40ea987788 None None] initial_ram_allocation_ratio = 1.0 {{(pid=87123) log_opt_values /opt/stack/data/venv/lib/python3.12/site-packages/oslo_config/cfg.py:3242}}
Jun 25 23:42:29.850249 np0000003665 devstack@n-api.service[87123]: DEBUG nova.api.openstack.wsgi_app [None req-d8c9e771-9d56-4267-b7dc-4a40ea987788 None None] injected_network_template = /opt/stack/nova/nova/virt/interfaces.template {{(pid=87123) log_opt_values /opt/stack/data/venv/lib/python3.12/site-packages/oslo_config/cfg.py:3242}}
Jun 25 23:42:29.850379 np0000003665 devstack@n-api.service[87123]: DEBUG nova.api.openstack.wsgi_app [None req-d8c9e771-9d56-4267-b7dc-4a40ea987788 None None] instance_build_timeout = 0 {{(pid=87123) log_opt_values /opt/stack/data/venv/lib/python3.12/site-packages/oslo_config/cfg.py:3242}}
Jun 25 23:42:29.850494 np0000003665 devstack@n-api.service[87123]: DEBUG nova.api.openstack.wsgi_app [None req-d8c9e771-9d56-4267-b7dc-4a40ea987788 None None] instance_delete_interval = 300 {{(pid=87123) log_opt_values /opt/stack/data/venv/lib/python3.12/site-packages/oslo_config/cfg.py:3242}}
Jun 25 23:42:29.850610 np0000003665 devstack@n-api.service[87123]: DEBUG nova.api.openstack.wsgi_app [None req-d8c9e771-9d56-4267-b7dc-4a40ea987788 None None] instance_format = [instance: %(uuid)s] {{(pid=87123) log_opt_values /opt/stack/data/venv/lib/python3.12/site-packages/oslo_config/cfg.py:3242}}
Jun 25 23:42:29.850723 np0000003665 devstack@n-api.service[87123]: DEBUG nova.api.openstack.wsgi_app [None req-d8c9e771-9d56-4267-b7dc-4a40ea987788 None None] instance_name_template = instance-%08x {{(pid=87123) log_opt_values /opt/stack/data/venv/lib/python3.12/site-packages/oslo_config/cfg.py:3242}}
Jun 25 23:42:29.850850 np0000003665 devstack@n-api.service[87123]: DEBUG nova.api.openstack.wsgi_app [None req-d8c9e771-9d56-4267-b7dc-4a40ea987788 None None] instance_usage_audit = False {{(pid=87123) log_opt_values /opt/stack/data/venv/lib/python3.12/site-packages/oslo_config/cfg.py:3242}}
Jun 25 23:42:29.850966 np0000003665 devstack@n-api.service[87123]: DEBUG nova.api.openstack.wsgi_app [None req-d8c9e771-9d56-4267-b7dc-4a40ea987788 None None] instance_usage_audit_period = month {{(pid=87123) log_opt_values /opt/stack/data/venv/lib/python3.12/site-packages/oslo_config/cfg.py:3242}}
Jun 25 23:42:29.851076 np0000003665 devstack@n-api.service[87123]: DEBUG nova.api.openstack.wsgi_app [None req-d8c9e771-9d56-4267-b7dc-4a40ea987788 None None] instance_uuid_format = [instance: %(uuid)s] {{(pid=87123) log_opt_values /opt/stack/data/venv/lib/python3.12/site-packages/oslo_config/cfg.py:3242}}
Jun 25 23:42:29.851194 np0000003665 devstack@n-api.service[87123]: DEBUG nova.api.openstack.wsgi_app [None req-d8c9e771-9d56-4267-b7dc-4a40ea987788 None None] instances_path = /opt/stack/data/nova/instances {{(pid=87123) log_opt_values /opt/stack/data/venv/lib/python3.12/site-packages/oslo_config/cfg.py:3242}}
Jun 25 23:42:29.851312 np0000003665 devstack@n-api.service[87123]: DEBUG nova.api.openstack.wsgi_app [None req-d8c9e771-9d56-4267-b7dc-4a40ea987788 None None] internal_service_availability_zone = internal {{(pid=87123) log_opt_values /opt/stack/data/venv/lib/python3.12/site-packages/oslo_config/cfg.py:3242}}
Jun 25 23:42:29.851434 np0000003665 devstack@n-api.service[87123]: DEBUG nova.api.openstack.wsgi_app [None req-d8c9e771-9d56-4267-b7dc-4a40ea987788 None None] key = None {{(pid=87123) log_opt_values /opt/stack/data/venv/lib/python3.12/site-packages/oslo_config/cfg.py:3242}}
Jun 25 23:42:29.851544 np0000003665 devstack@n-api.service[87123]: DEBUG nova.api.openstack.wsgi_app [None req-d8c9e771-9d56-4267-b7dc-4a40ea987788 None None] live_migration_retry_count = 30 {{(pid=87123) log_opt_values /opt/stack/data/venv/lib/python3.12/site-packages/oslo_config/cfg.py:3242}}
Jun 25 23:42:29.851657 np0000003665 devstack@n-api.service[87123]: DEBUG nova.api.openstack.wsgi_app [None req-d8c9e771-9d56-4267-b7dc-4a40ea987788 None None] log_color = False {{(pid=87123) log_opt_values /opt/stack/data/venv/lib/python3.12/site-packages/oslo_config/cfg.py:3242}}
Jun 25 23:42:29.851783 np0000003665 devstack@n-api.service[87123]: DEBUG nova.api.openstack.wsgi_app [None req-d8c9e771-9d56-4267-b7dc-4a40ea987788 None None] log_config_append = None {{(pid=87123) log_opt_values /opt/stack/data/venv/lib/python3.12/site-packages/oslo_config/cfg.py:3242}}
Jun 25 23:42:29.851899 np0000003665 devstack@n-api.service[87123]: DEBUG nova.api.openstack.wsgi_app [None req-d8c9e771-9d56-4267-b7dc-4a40ea987788 None None] log_date_format = %Y-%m-%d %H:%M:%S {{(pid=87123) log_opt_values /opt/stack/data/venv/lib/python3.12/site-packages/oslo_config/cfg.py:3242}}
Jun 25 23:42:29.852007 np0000003665 devstack@n-api.service[87123]: DEBUG nova.api.openstack.wsgi_app [None req-d8c9e771-9d56-4267-b7dc-4a40ea987788 None None] log_dir = None {{(pid=87123) log_opt_values /opt/stack/data/venv/lib/python3.12/site-packages/oslo_config/cfg.py:3242}}
Jun 25 23:42:29.852144 np0000003665 devstack@n-api.service[87123]: DEBUG nova.api.openstack.wsgi_app [None req-d8c9e771-9d56-4267-b7dc-4a40ea987788 None None] log_file = None {{(pid=87123) log_opt_values /opt/stack/data/venv/lib/python3.12/site-packages/oslo_config/cfg.py:3242}}
Jun 25 23:42:29.852243 np0000003665 devstack@n-api.service[87123]: DEBUG nova.api.openstack.wsgi_app [None req-d8c9e771-9d56-4267-b7dc-4a40ea987788 None None] log_options = True {{(pid=87123) log_opt_values /opt/stack/data/venv/lib/python3.12/site-packages/oslo_config/cfg.py:3242}}
Jun 25 23:42:29.852350 np0000003665 devstack@n-api.service[87123]: DEBUG nova.api.openstack.wsgi_app [None req-d8c9e771-9d56-4267-b7dc-4a40ea987788 None None] log_rotate_interval = 1 {{(pid=87123) log_opt_values /opt/stack/data/venv/lib/python3.12/site-packages/oslo_config/cfg.py:3242}}
