Jun 25 23:42:54.865644 np0000003665 devstack@neutron-api.service[90422]: DEBUG neutron.api.v2.base [None req-472aeb5f-e073-4757-886b-ed8fecc06bf2 admin admin] Request body: {'subnetpool': {'is_default': True, 'default_prefixlen': 64, 'shared': True, 'name': 'shared-default-subnetpool-v6', 'prefixes': ['fd80:20d5:ad76::/56']}} {{(pid=90422) prepare_request_body /opt/stack/neutron/neutron/api/v2/base.py:727}}
Jun 25 23:42:55.025208 np0000003665 devstack@neutron-api.service[90422]: DEBUG neutron.policy [None req-472aeb5f-e073-4757-886b-ed8fecc06bf2 admin admin] Loaded default policies from ['neutron'] under neutron.policies entry points {{(pid=90422) register_rules /opt/stack/neutron/neutron/policy.py:65}}
Jun 25 23:42:55.148326 np0000003665 devstack@neutron-api.service[90422]: DEBUG neutron_lib.callbacks.manager [None req-472aeb5f-e073-4757-886b-ed8fecc06bf2 admin admin] Publish callbacks ['neutron.objects.securitygroup.RbacNeutronDbObjectMixin.validate_rbac_policy_change-2865366414713', 'neutron.objects.address_group.RbacNeutronDbObjectMixin.validate_rbac_policy_change-2865366305300', 'neutron.objects.network.RbacNeutronDbObjectMixin.validate_rbac_policy_change-2865366449796', 'neutron.objects.qos.policy.RbacNeutronDbObjectMixin.validate_rbac_policy_change-2865366473659', 'neutron.objects.subnetpool.RbacNeutronDbObjectMixin.validate_rbac_policy_change-2865366450867', 'neutron.objects.address_scope.RbacNeutronDbObjectMixin.validate_rbac_policy_change-2865366484518', 'neutron.plugins.ml2.plugin.External_net_db_mixin._process_ext_policy_create-207886', 'neutron.plugins.ml2.plugin.NeutronDbPluginV2.validate_network_rbac_policy_change-218226'] for rbac-policy (None), before_create {{(pid=90422) _notify_loop /opt/stack/data/venv/lib/python3.12/site-packages/neutron_lib/callbacks/manager.py:184}}
Jun 25 23:42:55.186799 np0000003665 devstack@neutron-api.service[90422]: DEBUG neutron_lib.callbacks.manager [None req-472aeb5f-e073-4757-886b-ed8fecc06bf2 admin admin] Publish callbacks [] for subnetpool (None), before_response {{(pid=90422) _notify_loop /opt/stack/data/venv/lib/python3.12/site-packages/neutron_lib/callbacks/manager.py:184}}
Jun 25 23:42:55.187278 np0000003665 devstack@neutron-api.service[90422]: [pid: 90422|app: 0|req: 1/4] 10.4.3.70 () {68 vars in 1329 bytes} [Thu Jun 25 23:42:54 2026] POST /networking/v2.0/subnetpools => generated 543 bytes in 409 msecs (HTTP/1.1 201) 4 headers in 162 bytes (1 switches on core 0)
Jun 25 23:42:55.515697 np0000003665 devstack@neutron-api.service[90421]: DEBUG neutron.api.v2.base [None req-29e6355d-f781-4092-8be4-f047fa864575 admin admin] Request body: {'network': {'name': 'private', 'admin_state_up': True}} {{(pid=90421) prepare_request_body /opt/stack/neutron/neutron/api/v2/base.py:727}}
Jun 25 23:42:55.544350 np0000003665 devstack@neutron-api.service[90421]: DEBUG neutron.pecan_wsgi.hooks.quota_enforcement [None req-29e6355d-f781-4092-8be4-f047fa864575 admin admin] Made reservation on behalf of 3579d4a14b6a4e778d73c7b0970c3063 for: {'network': 1} {{(pid=90421) before /opt/stack/neutron/neutron/pecan_wsgi/hooks/quota_enforcement.py:66}}
Jun 25 23:42:55.717547 np0000003665 devstack@neutron-api.service[90421]: DEBUG neutron.policy [None req-29e6355d-f781-4092-8be4-f047fa864575 admin admin] Loaded default policies from ['neutron'] under neutron.policies entry points {{(pid=90421) register_rules /opt/stack/neutron/neutron/policy.py:65}}
Jun 25 23:42:55.823547 np0000003665 devstack@neutron-api.service[90421]: DEBUG neutron_lib.callbacks.manager [None req-29e6355d-f781-4092-8be4-f047fa864575 admin admin] Publish callbacks ['neutron.plugins.ml2.plugin.SecurityGroupDbMixin._ensure_default_security_group_handler-4100086'] for network (None), before_create {{(pid=90421) _notify_loop /opt/stack/data/venv/lib/python3.12/site-packages/neutron_lib/callbacks/manager.py:184}}
Jun 25 23:42:55.848354 np0000003665 devstack@neutron-api.service[90421]: DEBUG neutron_lib.callbacks.manager [None req-29e6355d-f781-4092-8be4-f047fa864575 admin admin] Publish callbacks [] for security_group (None), before_create {{(pid=90421) _notify_loop /opt/stack/data/venv/lib/python3.12/site-packages/neutron_lib/callbacks/manager.py:184}}
Jun 25 23:42:55.949914 np0000003665 devstack@neutron-api.service[90421]: DEBUG neutron_lib.callbacks.manager [None req-29e6355d-f781-4092-8be4-f047fa864575 admin admin] Publish callbacks ['neutron.plugins.ml2.drivers.ovn.mech_driver.mech_driver.OVNMechanismDriver._create_security_group_precommit-2063721'] for security_group (75faf079-fce3-43b0-9763-82a19c816841), precommit_create {{(pid=90421) _notify_loop /opt/stack/data/venv/lib/python3.12/site-packages/neutron_lib/callbacks/manager.py:184}}
Jun 25 23:42:55.950130 np0000003665 devstack@neutron-api.service[90421]: DEBUG neutron.db.ovn_revision_numbers_db [None req-29e6355d-f781-4092-8be4-f047fa864575 admin admin] create_initial_revision uuid=75faf079-fce3-43b0-9763-82a19c816841, type=security_groups, rev=-1 {{(pid=90421) create_initial_revision /opt/stack/neutron/neutron/db/ovn_revision_numbers_db.py:98}}
Jun 25 23:42:55.953144 np0000003665 devstack@neutron-api.service[90421]: DEBUG neutron.db.ovn_revision_numbers_db [None req-29e6355d-f781-4092-8be4-f047fa864575 admin admin] create_initial_revision uuid=1b2055be-b87f-47fb-9423-1c71713d2532, type=security_group_rules, rev=-1 {{(pid=90421) create_initial_revision /opt/stack/neutron/neutron/db/ovn_revision_numbers_db.py:98}}
Jun 25 23:42:55.954313 np0000003665 devstack@neutron-api.service[90421]: DEBUG neutron.db.ovn_revision_numbers_db [None req-29e6355d-f781-4092-8be4-f047fa864575 admin admin] create_initial_revision uuid=39460a33-db48-429d-8e9a-d7dc31cbb789, type=security_group_rules, rev=-1 {{(pid=90421) create_initial_revision /opt/stack/neutron/neutron/db/ovn_revision_numbers_db.py:98}}
Jun 25 23:42:55.955450 np0000003665 devstack@neutron-api.service[90421]: DEBUG neutron.db.ovn_revision_numbers_db [None req-29e6355d-f781-4092-8be4-f047fa864575 admin admin] create_initial_revision uuid=bf9990b9-edf1-4fce-a808-b7dcab31e751, type=security_group_rules, rev=-1 {{(pid=90421) create_initial_revision /opt/stack/neutron/neutron/db/ovn_revision_numbers_db.py:98}}
Jun 25 23:42:55.956508 np0000003665 devstack@neutron-api.service[90421]: DEBUG neutron.db.ovn_revision_numbers_db [None req-29e6355d-f781-4092-8be4-f047fa864575 admin admin] create_initial_revision uuid=d0527c7f-e713-479a-8126-7ceb5d5edd6e, type=security_group_rules, rev=-1 {{(pid=90421) create_initial_revision /opt/stack/neutron/neutron/db/ovn_revision_numbers_db.py:98}}
Jun 25 23:42:55.961027 np0000003665 devstack@neutron-api.service[90421]: DEBUG neutron_lib.callbacks.manager [None req-29e6355d-f781-4092-8be4-f047fa864575 admin admin] Publish callbacks ['neutron.plugins.ml2.drivers.ovn.mech_driver.mech_driver.OVNMechanismDriver._create_security_group-2063635', 'neutron.plugins.ml2.ovo_rpc._ObjectChangeHandler.handle_event-31617222'] for security_group (75faf079-fce3-43b0-9763-82a19c816841), after_create {{(pid=90421) _notify_loop /opt/stack/data/venv/lib/python3.12/site-packages/neutron_lib/callbacks/manager.py:184}}
Jun 25 23:42:55.961247 np0000003665 devstack@neutron-api.service[90421]: INFO neutron.plugins.ml2.drivers.ovn.mech_driver.ovsdb.extensions.qos [None req-29e6355d-f781-4092-8be4-f047fa864575 admin admin] Starting OVNClientQosExtension
Jun 25 23:42:55.961445 np0000003665 devstack@neutron-api.service[90421]: INFO neutron.plugins.ml2.drivers.ovn.mech_driver.ovsdb.extensions.placement [None req-29e6355d-f781-4092-8be4-f047fa864575 admin admin] Starting OVNClientPlacementExtension
Jun 25 23:42:55.962469 np0000003665 devstack@neutron-api.service[90421]: DEBUG ovsdbapp.backend.ovs_idl.transaction [-] Running txn n=1 command(idx=0): PgAddCommand(_result=None, name=pg_75faf079_fce3_43b0_9763_82a19c816841, may_exist=False, columns={'acls': [], 'external_ids': {'neutron:security_group_id': '75faf079-fce3-43b0-9763-82a19c816841'}}) {{(pid=90421) do_commit /opt/stack/data/venv/lib/python3.12/site-packages/ovsdbapp/backend/ovs_idl/transaction.py:89}}
Jun 25 23:42:55.963956 np0000003665 devstack@neutron-api.service[90421]: DEBUG ovsdbapp.backend.ovs_idl.transaction [-] Running txn n=1 command(idx=1): PgAclAddCommand(_result=None, entity=pg_75faf079_fce3_43b0_9763_82a19c816841, direction=from-lport, priority=1002, match=inport == @pg_75faf079_fce3_43b0_9763_82a19c816841 && ip4, action=allow-related, log=False, may_exist=True, severity=[], name=[], meter=[], external_ids={'neutron:security_group_rule_id': '1b2055be-b87f-47fb-9423-1c71713d2532'}) {{(pid=90421) do_commit /opt/stack/data/venv/lib/python3.12/site-packages/ovsdbapp/backend/ovs_idl/transaction.py:89}}
Jun 25 23:42:55.964346 np0000003665 devstack@neutron-api.service[90421]: DEBUG ovsdbapp.backend.ovs_idl.transaction [-] Running txn n=1 command(idx=2): PgAclAddCommand(_result=None, entity=pg_75faf079_fce3_43b0_9763_82a19c816841, direction=from-lport, priority=1002, match=inport == @pg_75faf079_fce3_43b0_9763_82a19c816841 && ip6, action=allow-related, log=False, may_exist=True, severity=[], name=[], meter=[], external_ids={'neutron:security_group_rule_id': '39460a33-db48-429d-8e9a-d7dc31cbb789'}) {{(pid=90421) do_commit /opt/stack/data/venv/lib/python3.12/site-packages/ovsdbapp/backend/ovs_idl/transaction.py:89}}
Jun 25 23:42:55.964658 np0000003665 devstack@neutron-api.service[90421]: DEBUG ovsdbapp.backend.ovs_idl.transaction [-] Running txn n=1 command(idx=3): PgAclAddCommand(_result=None, entity=pg_75faf079_fce3_43b0_9763_82a19c816841, direction=to-lport, priority=1002, match=outport == @pg_75faf079_fce3_43b0_9763_82a19c816841 && ip6 && ip6.src == $pg_75faf079_fce3_43b0_9763_82a19c816841_ip6, action=allow-related, log=False, may_exist=True, severity=[], name=[], meter=[], external_ids={'neutron:security_group_rule_id': 'bf9990b9-edf1-4fce-a808-b7dcab31e751'}) {{(pid=90421) do_commit /opt/stack/data/venv/lib/python3.12/site-packages/ovsdbapp/backend/ovs_idl/transaction.py:89}}
Jun 25 23:42:55.964886 np0000003665 devstack@neutron-api.service[90421]: DEBUG ovsdbapp.backend.ovs_idl.transaction [-] Running txn n=1 command(idx=4): PgAclAddCommand(_result=None, entity=pg_75faf079_fce3_43b0_9763_82a19c816841, direction=to-lport, priority=1002, match=outport == @pg_75faf079_fce3_43b0_9763_82a19c816841 && ip4 && ip4.src == $pg_75faf079_fce3_43b0_9763_82a19c816841_ip4, action=allow-related, log=False, may_exist=True, severity=[], name=[], meter=[], external_ids={'neutron:security_group_rule_id': 'd0527c7f-e713-479a-8126-7ceb5d5edd6e'}) {{(pid=90421) do_commit /opt/stack/data/venv/lib/python3.12/site-packages/ovsdbapp/backend/ovs_idl/transaction.py:89}}
Jun 25 23:42:55.970315 np0000003665 devstack@neutron-api.service[90423]: DEBUG neutron.plugins.ml2.drivers.ovn.mech_driver.ovsdb.ovsdb_monitor [-] Hash Ring: Node a4435d0e603d5a559d1f40d80af5f4f9 (host: np0000003665) handling event "create" for row 0b123b59-e529-41aa-bc84-90e7da6e6697 (table: ACL) {{(pid=90423) notify /opt/stack/neutron/neutron/plugins/ml2/drivers/ovn/mech_driver/ovsdb/ovsdb_monitor.py:1015}}
Jun 25 23:42:55.970315 np0000003665 devstack@neutron-api.service[90423]: DEBUG neutron.plugins.ml2.drivers.ovn.mech_driver.ovsdb.ovsdb_monitor [-] Hash Ring: Node a4435d0e603d5a559d1f40d80af5f4f9 (host: np0000003665) handling event "create" for row 8ecede54-96a4-4ee0-863c-6a8c032f80df (table: ACL) {{(pid=90423) notify /opt/stack/neutron/neutron/plugins/ml2/drivers/ovn/mech_driver/ovsdb/ovsdb_monitor.py:1015}}
Jun 25 23:42:55.970315 np0000003665 devstack@neutron-api.service[90423]: DEBUG neutron.plugins.ml2.drivers.ovn.mech_driver.ovsdb.ovsdb_monitor [-] Hash Ring: Node a4435d0e603d5a559d1f40d80af5f4f9 (host: np0000003665) handling event "create" for row ca1efdf8-95cc-4fe5-ad77-58b1808d1de6 (table: ACL) {{(pid=90423) notify /opt/stack/neutron/neutron/plugins/ml2/drivers/ovn/mech_driver/ovsdb/ovsdb_monitor.py:1015}}
Jun 25 23:42:55.970315 np0000003665 devstack@neutron-api.service[90423]: DEBUG neutron.plugins.ml2.drivers.ovn.mech_driver.ovsdb.ovsdb_monitor [-] Hash Ring: Node a4435d0e603d5a559d1f40d80af5f4f9 (host: np0000003665) handling event "create" for row ef0ef3bd-9eb0-4829-b986-07b19b67acd7 (table: ACL) {{(pid=90423) notify /opt/stack/neutron/neutron/plugins/ml2/drivers/ovn/mech_driver/ovsdb/ovsdb_monitor.py:1015}}
Jun 25 23:42:55.970692 np0000003665 devstack@neutron-api.service[90423]: DEBUG neutron.plugins.ml2.drivers.ovn.mech_driver.ovsdb.ovsdb_monitor [-] Hash Ring: Node a4435d0e603d5a559d1f40d80af5f4f9 (host: np0000003665) handling event "create" for row 8262c8dd-8ab3-4a71-9adf-2380f7708554 (table: Port_Group) {{(pid=90423) notify /opt/stack/neutron/neutron/plugins/ml2/drivers/ovn/mech_driver/ovsdb/ovsdb_monitor.py:1015}}
Jun 25 23:42:55.971568 np0000003665 devstack@neutron-api.service[90422]: DEBUG neutron.plugins.ml2.drivers.ovn.mech_driver.ovsdb.ovsdb_monitor [-] Hash Ring: Node 7b98177fbcbf57b9b4694982f674bd37 (host: np0000003665) handling event "create" for row 0b123b59-e529-41aa-bc84-90e7da6e6697 (table: ACL) {{(pid=90422) notify /opt/stack/neutron/neutron/plugins/ml2/drivers/ovn/mech_driver/ovsdb/ovsdb_monitor.py:1015}}
Jun 25 23:42:55.971568 np0000003665 devstack@neutron-api.service[90422]: DEBUG neutron.plugins.ml2.drivers.ovn.mech_driver.ovsdb.ovsdb_monitor [-] Hash Ring: Node 7b98177fbcbf57b9b4694982f674bd37 (host: np0000003665) handling event "create" for row 8ecede54-96a4-4ee0-863c-6a8c032f80df (table: ACL) {{(pid=90422) notify /opt/stack/neutron/neutron/plugins/ml2/drivers/ovn/mech_driver/ovsdb/ovsdb_monitor.py:1015}}
Jun 25 23:42:55.971895 np0000003665 devstack@neutron-api.service[90422]: DEBUG neutron.plugins.ml2.drivers.ovn.mech_driver.ovsdb.ovsdb_monitor [-] Hash Ring: Node 7b98177fbcbf57b9b4694982f674bd37 (host: np0000003665) handling event "create" for row ef0ef3bd-9eb0-4829-b986-07b19b67acd7 (table: ACL) {{(pid=90422) notify /opt/stack/neutron/neutron/plugins/ml2/drivers/ovn/mech_driver/ovsdb/ovsdb_monitor.py:1015}}
Jun 25 23:42:55.975388 np0000003665 devstack@neutron-api.service[90420]: DEBUG neutron.plugins.ml2.drivers.ovn.mech_driver.ovsdb.ovsdb_monitor [-] Hash Ring: Node fa2cc3dd75d357faa4cbc18990723029 (host: np0000003665) handling event "create" for row 8262c8dd-8ab3-4a71-9adf-2380f7708554 (table: Port_Group) {{(pid=90420) notify /opt/stack/neutron/neutron/plugins/ml2/drivers/ovn/mech_driver/ovsdb/ovsdb_monitor.py:1015}}
Jun 25 23:42:55.995717 np0000003665 devstack@neutron-api.service[90421]: INFO neutron.db.ovn_revision_numbers_db [None req-29e6355d-f781-4092-8be4-f047fa864575 admin admin] Successfully bumped revision number for resource 75faf079-fce3-43b0-9763-82a19c816841 (type: security_groups) to 1
Jun 25 23:42:56.010088 np0000003665 devstack@neutron-api.service[90421]: INFO neutron.db.ovn_revision_numbers_db [None req-29e6355d-f781-4092-8be4-f047fa864575 admin admin] Successfully bumped revision number for resource 1b2055be-b87f-47fb-9423-1c71713d2532 (type: security_group_rules) to 0
Jun 25 23:42:56.022030 np0000003665 devstack@neutron-api.service[90421]: INFO neutron.db.ovn_revision_numbers_db [None req-29e6355d-f781-4092-8be4-f047fa864575 admin admin] Successfully bumped revision number for resource 39460a33-db48-429d-8e9a-d7dc31cbb789 (type: security_group_rules) to 0
Jun 25 23:42:56.032593 np0000003665 devstack@neutron-api.service[90421]: INFO neutron.db.ovn_revision_numbers_db [None req-29e6355d-f781-4092-8be4-f047fa864575 admin admin] Successfully bumped revision number for resource bf9990b9-edf1-4fce-a808-b7dcab31e751 (type: security_group_rules) to 0
Jun 25 23:42:56.043028 np0000003665 devstack@neutron-api.service[90421]: INFO neutron.db.ovn_revision_numbers_db [None req-29e6355d-f781-4092-8be4-f047fa864575 admin admin] Successfully bumped revision number for resource d0527c7f-e713-479a-8126-7ceb5d5edd6e (type: security_group_rules) to 0
Jun 25 23:42:56.065335 np0000003665 devstack@neutron-api.service[90421]: DEBUG neutron.api.rpc.handlers.resources_rpc [None req-29e6355d-f781-4092-8be4-f047fa864575 admin admin] Pushing event updated for resources: {'SecurityGroup': ['ID=75faf079-fce3-43b0-9763-82a19c816841,revision_number=1']} {{(pid=90421) push /opt/stack/neutron/neutron/api/rpc/handlers/resources_rpc.py:237}}
Jun 25 23:42:56.072021 np0000003665 devstack@neutron-api.service[90421]: DEBUG ovsdbapp.backend.ovs_idl.transaction [-] Running txn n=1 command(idx=0): CheckLivenessCommand(_result=None) {{(pid=90421) do_commit /opt/stack/data/venv/lib/python3.12/site-packages/ovsdbapp/backend/ovs_idl/transaction.py:89}}
Jun 25 23:42:56.074441 np0000003665 devstack@neutron-api.service[90423]: DEBUG neutron.plugins.ml2.drivers.ovn.mech_driver.ovsdb.ovsdb_monitor [-] Hash Ring: Node a4435d0e603d5a559d1f40d80af5f4f9 (host: np0000003665) handling event "update" for row b7c47277-34ec-47ed-b57a-126ae34d0490 (table: NB_Global) {{(pid=90423) notify /opt/stack/neutron/neutron/plugins/ml2/drivers/ovn/mech_driver/ovsdb/ovsdb_monitor.py:1015}}
Jun 25 23:42:56.075666 np0000003665 devstack@neutron-api.service[90421]: DEBUG neutron.api.rpc.callbacks.version_manager [None req-29e6355d-f781-4092-8be4-f047fa864575 admin admin] Tracked resource versions report:
Jun 25 23:42:56.075666 np0000003665 devstack@neutron-api.service[90421]: pushed versions:
Jun 25 23:42:56.075666 np0000003665 devstack@neutron-api.service[90421]: { 'AddressGroup': {'1.2'},
Jun 25 23:42:56.075666 np0000003665 devstack@neutron-api.service[90421]: 'Agent': {'1.1'},
Jun 25 23:42:56.075666 np0000003665 devstack@neutron-api.service[90421]: 'ConntrackHelper': {'1.0'},
Jun 25 23:42:56.075666 np0000003665 devstack@neutron-api.service[90421]: 'LocalIPAssociation': {'1.0'},
Jun 25 23:42:56.075666 np0000003665 devstack@neutron-api.service[90421]: 'Log': {'1.0'},
Jun 25 23:42:56.075666 np0000003665 devstack@neutron-api.service[90421]: 'NDPProxy': {'1.0'},
Jun 25 23:42:56.075666 np0000003665 devstack@neutron-api.service[90421]: 'Network': {'1.3'},
Jun 25 23:42:56.075666 np0000003665 devstack@neutron-api.service[90421]: 'Port': {'1.11'},
Jun 25 23:42:56.075666 np0000003665 devstack@neutron-api.service[90421]: 'PortForwarding': {'1.3'},
Jun 25 23:42:56.075666 np0000003665 devstack@neutron-api.service[90421]: 'QosPolicy': {'1.10'},
Jun 25 23:42:56.075666 np0000003665 devstack@neutron-api.service[90421]: 'SecurityGroup': {'1.6'},
Jun 25 23:42:56.075666 np0000003665 devstack@neutron-api.service[90421]: 'SecurityGroupRule': {'1.3'},
Jun 25 23:42:56.075666 np0000003665 devstack@neutron-api.service[90421]: 'SubPort': {'1.0'},
Jun 25 23:42:56.075666 np0000003665 devstack@neutron-api.service[90421]: 'Subnet': {'1.2'},
Jun 25 23:42:56.075666 np0000003665 devstack@neutron-api.service[90421]: 'Trunk': {'1.1'}}
Jun 25 23:42:56.075666 np0000003665 devstack@neutron-api.service[90421]: consumer versions:
Jun 25 23:42:56.075666 np0000003665 devstack@neutron-api.service[90421]: {}
Jun 25 23:42:56.075666 np0000003665 devstack@neutron-api.service[90421]: {{(pid=90421) report /opt/stack/neutron/neutron/api/rpc/callbacks/version_manager.py:183}}
Jun 25 23:42:56.077797 np0000003665 devstack@neutron-api.service[90423]: DEBUG neutron.plugins.ml2.drivers.ovn.mech_driver.ovsdb.ovsdb_monitor [-] Hash Ring: Node a4435d0e603d5a559d1f40d80af5f4f9 (host: np0000003665) handling event "update" for row b7c47277-34ec-47ed-b57a-126ae34d0490 (table: NB_Global) {{(pid=90423) notify /opt/stack/neutron/neutron/plugins/ml2/drivers/ovn/mech_driver/ovsdb/ovsdb_monitor.py:1015}}
Jun 25 23:42:56.077797 np0000003665 devstack@neutron-api.service[90423]: DEBUG neutron.plugins.ml2.drivers.ovn.mech_driver.ovsdb.ovsdb_monitor [-] Hash Ring: Node a4435d0e603d5a559d1f40d80af5f4f9 (host: np0000003665) handling event "update" for row b7c47277-34ec-47ed-b57a-126ae34d0490 (table: NB_Global) {{(pid=90423) notify /opt/stack/neutron/neutron/plugins/ml2/drivers/ovn/mech_driver/ovsdb/ovsdb_monitor.py:1015}}
Jun 25 23:42:56.077969 np0000003665 devstack@neutron-api.service[90423]: DEBUG neutron.plugins.ml2.drivers.ovn.mech_driver.ovsdb.ovsdb_monitor [-] ChassisAgentWriteEvent : Matched Chassis_Private, update, None None {{(pid=90423) matches /opt/stack/neutron/neutron/plugins/ml2/drivers/ovn/mech_driver/ovsdb/ovsdb_monitor.py:64}}
Jun 25 23:42:56.078408 np0000003665 devstack@neutron-api.service[90420]: DEBUG neutron.plugins.ml2.drivers.ovn.mech_driver.ovsdb.ovsdb_monitor [-] ChassisAgentWriteEvent : Matched Chassis_Private, update, None None {{(pid=90420) matches /opt/stack/neutron/neutron/plugins/ml2/drivers/ovn/mech_driver/ovsdb/ovsdb_monitor.py:64}}
Jun 25 23:42:56.079467 np0000003665 devstack@neutron-api.service[90422]: DEBUG neutron.plugins.ml2.drivers.ovn.mech_driver.ovsdb.ovsdb_monitor [-] ChassisAgentWriteEvent : Matched Chassis_Private, update, None None {{(pid=90422) matches /opt/stack/neutron/neutron/plugins/ml2/drivers/ovn/mech_driver/ovsdb/ovsdb_monitor.py:64}}
Jun 25 23:42:56.081673 np0000003665 devstack@neutron-api.service[90423]: DEBUG neutron.plugins.ml2.drivers.ovn.mech_driver.ovsdb.ovsdb_monitor [-] Hash Ring: Node a4435d0e603d5a559d1f40d80af5f4f9 (host: np0000003665) handling event "update" for row b7c47277-34ec-47ed-b57a-126ae34d0490 (table: NB_Global) {{(pid=90423) notify /opt/stack/neutron/neutron/plugins/ml2/drivers/ovn/mech_driver/ovsdb/ovsdb_monitor.py:1015}}
Jun 25 23:42:56.082759 np0000003665 devstack@neutron-api.service[90421]: DEBUG neutron.plugins.ml2.drivers.ovn.mech_driver.ovsdb.ovsdb_monitor [-] ChassisAgentWriteEvent : Matched Chassis_Private, update, None None {{(pid=90421) matches /opt/stack/neutron/neutron/plugins/ml2/drivers/ovn/mech_driver/ovsdb/ovsdb_monitor.py:64}}
Jun 25 23:42:56.083661 np0000003665 devstack@neutron-api.service[90422]: DEBUG neutron.plugins.ml2.drivers.ovn.mech_driver.ovsdb.ovsdb_monitor [-] ChassisOVNAgentWriteEvent : Matched Chassis_Private, update, None None {{(pid=90422) matches /opt/stack/neutron/neutron/plugins/ml2/drivers/ovn/mech_driver/ovsdb/ovsdb_monitor.py:64}}
Jun 25 23:42:56.084564 np0000003665 devstack@neutron-api.service[90423]: DEBUG neutron.common.ovn.hash_ring_manager [-] Allow caching, nodes 4>=4 {{(pid=90423) _wait_startup_before_caching /opt/stack/neutron/neutron/common/ovn/hash_ring_manager.py:71}}
Jun 25 23:42:56.084895 np0000003665 devstack@neutron-api.service[90420]: DEBUG neutron.plugins.ml2.drivers.ovn.mech_driver.ovsdb.ovsdb_monitor [-] ChassisOVNAgentWriteEvent : Matched Chassis_Private, update, None None {{(pid=90420) matches /opt/stack/neutron/neutron/plugins/ml2/drivers/ovn/mech_driver/ovsdb/ovsdb_monitor.py:64}}
Jun 25 23:42:56.085226 np0000003665 devstack@neutron-api.service[90423]: DEBUG neutron.plugins.ml2.drivers.ovn.mech_driver.ovsdb.ovsdb_monitor [-] Hash Ring: Node a4435d0e603d5a559d1f40d80af5f4f9 (host: np0000003665) handling event "update" for row 516b3402-d0f2-47c8-815d-569c303ad078 (table: Chassis_Private) {{(pid=90423) notify /opt/stack/neutron/neutron/plugins/ml2/drivers/ovn/mech_driver/ovsdb/ovsdb_monitor.py:1015}}
Jun 25 23:42:56.085536 np0000003665 devstack@neutron-api.service[90421]: DEBUG neutron.plugins.ml2.drivers.ovn.mech_driver.ovsdb.ovsdb_monitor [-] ChassisOVNAgentWriteEvent : Matched Chassis_Private, update, None None {{(pid=90421) matches /opt/stack/neutron/neutron/plugins/ml2/drivers/ovn/mech_driver/ovsdb/ovsdb_monitor.py:64}}
Jun 25 23:42:56.085902 np0000003665 devstack@neutron-api.service[90423]: DEBUG neutron.plugins.ml2.drivers.ovn.mech_driver.ovsdb.ovsdb_monitor [-] ChassisOVNAgentWriteEvent : Matched Chassis_Private, update, None None {{(pid=90423) matches /opt/stack/neutron/neutron/plugins/ml2/drivers/ovn/mech_driver/ovsdb/ovsdb_monitor.py:64}}
Jun 25 23:42:56.085902 np0000003665 devstack@neutron-api.service[90423]: DEBUG neutron.plugins.ml2.drivers.ovn.mech_driver.ovsdb.ovsdb_monitor [-] Hash Ring: Node a4435d0e603d5a559d1f40d80af5f4f9 (host: np0000003665) handling event "update" for row 516b3402-d0f2-47c8-815d-569c303ad078 (table: Chassis_Private) {{(pid=90423) notify /opt/stack/neutron/neutron/plugins/ml2/drivers/ovn/mech_driver/ovsdb/ovsdb_monitor.py:1015}}
Jun 25 23:42:56.123820 np0000003665 devstack@neutron-api.service[90421]: DEBUG neutron.plugins.ml2.drivers.helpers [None req-29e6355d-f781-4092-8be4-f047fa864575 admin admin] geneve segment allocate from pool success with {'geneve_vni': 55739} {{(pid=90421) allocate_partially_specified_segment /opt/stack/neutron/neutron/plugins/ml2/drivers/helpers.py:142}}
Jun 25 23:42:56.134605 np0000003665 devstack@neutron-api.service[90421]: DEBUG neutron_lib.callbacks.manager [None req-29e6355d-f781-4092-8be4-f047fa864575 admin admin] Publish callbacks ['neutron.services.segments.db._add_segment_host_mapping_for_segment-7797564856444', 'neutron.plugins.ml2.plugin.Ml2Plugin._handle_segment_change-3842790'] for segment (edf0b5aa-7c27-414f-83af-0c8088807a0b), precommit_create {{(pid=90421) _notify_loop /opt/stack/data/venv/lib/python3.12/site-packages/neutron_lib/callbacks/manager.py:184}}
Jun 25 23:42:56.134858 np0000003665 devstack@neutron-api.service[90421]: INFO neutron.db.segments_db [None req-29e6355d-f781-4092-8be4-f047fa864575 admin admin] Added segment edf0b5aa-7c27-414f-83af-0c8088807a0b of type geneve for network dba0394f-f866-41ea-9a87-559c851fc10c
Jun 25 23:42:56.179774 np0000003665 devstack@neutron-api.service[90421]: DEBUG neutron_lib.callbacks.manager [None req-29e6355d-f781-4092-8be4-f047fa864575 admin admin] Publish callbacks ['neutron.services.auto_allocate.db._ensure_external_network_default_value_callback-7797562215274'] for network (dba0394f-f866-41ea-9a87-559c851fc10c), precommit_create {{(pid=90421) _notify_loop /opt/stack/data/venv/lib/python3.12/site-packages/neutron_lib/callbacks/manager.py:184}}
Jun 25 23:42:56.196329 np0000003665 devstack@neutron-api.service[90421]: DEBUG neutron.plugins.ml2.drivers.ovn.mech_driver.mech_driver [None req-29e6355d-f781-4092-8be4-f047fa864575 admin admin] Validating network segment with type geneve, segmentation ID 55739, physical network None {{(pid=90421) _validate_network_segments /opt/stack/neutron/neutron/plugins/ml2/drivers/ovn/mech_driver/mech_driver.py:646}}
Jun 25 23:42:56.196452 np0000003665 devstack@neutron-api.service[90421]: DEBUG neutron.db.ovn_revision_numbers_db [None req-29e6355d-f781-4092-8be4-f047fa864575 admin admin] create_initial_revision uuid=dba0394f-f866-41ea-9a87-559c851fc10c, type=networks, rev=-1 {{(pid=90421) create_initial_revision /opt/stack/neutron/neutron/db/ovn_revision_numbers_db.py:98}}
Jun 25 23:42:56.211555 np0000003665 devstack@neutron-api.service[90421]: DEBUG neutron_lib.callbacks.manager [None req-29e6355d-f781-4092-8be4-f047fa864575 admin admin] Publish callbacks ['neutron.plugins.ml2.ovo_rpc._ObjectChangeHandler.handle_event-31617219'] for network (dba0394f-f866-41ea-9a87-559c851fc10c), after_create {{(pid=90421) _notify_loop /opt/stack/data/venv/lib/python3.12/site-packages/neutron_lib/callbacks/manager.py:184}}
Jun 25 23:42:56.264783 np0000003665 devstack@neutron-api.service[90421]: DEBUG neutron.api.rpc.handlers.resources_rpc [None req-29e6355d-f781-4092-8be4-f047fa864575 admin admin] Pushing event updated for resources: {'Network': ['ID=dba0394f-f866-41ea-9a87-559c851fc10c,revision_number=1']} {{(pid=90421) push /opt/stack/neutron/neutron/api/rpc/handlers/resources_rpc.py:237}}
Jun 25 23:42:56.272455 np0000003665 devstack@neutron-api.service[90421]: DEBUG ovsdbapp.backend.ovs_idl.transaction [-] Running txn n=1 command(idx=0): AddNetworkCommand(_result=None, network_uuid=dba0394f-f866-41ea-9a87-559c851fc10c, may_exist=True, columns={'external_ids': {'neutron:network_name': 'private', 'neutron:mtu': '1372', 'neutron:revision_number': '1', 'neutron:availability_zone_hints': '', 'neutron:provnet-network-type': 'geneve'}, 'other_config': {'mcast_snoop': 'false', 'mcast_flood_unregistered': 'false', 'vlan-passthru': 'false'}}) {{(pid=90421) do_commit /opt/stack/data/venv/lib/python3.12/site-packages/ovsdbapp/backend/ovs_idl/transaction.py:89}}
Jun 25 23:42:56.272807 np0000003665 devstack@neutron-api.service[90421]: DEBUG neutron.common.ovn.utils [-] OVS persist_uuid supported=True {{(pid=90421) ovs_persist_uuid_supported /opt/stack/neutron/neutron/common/ovn/utils.py:1544}}
Jun 25 23:42:56.275365 np0000003665 devstack@neutron-api.service[90423]: DEBUG neutron.plugins.ml2.drivers.ovn.mech_driver.ovsdb.ovsdb_monitor [-] Hash Ring: Node a4435d0e603d5a559d1f40d80af5f4f9 (host: np0000003665) handling event "create" for row dba0394f-f866-41ea-9a87-559c851fc10c (table: Logical_Switch) {{(pid=90423) notify /opt/stack/neutron/neutron/plugins/ml2/drivers/ovn/mech_driver/ovsdb/ovsdb_monitor.py:1015}}
Jun 25 23:42:56.276235 np0000003665 devstack@neutron-api.service[90420]: DEBUG neutron.plugins.ml2.drivers.ovn.mech_driver.ovsdb.ovsdb_monitor [-] Hash Ring: Node fa2cc3dd75d357faa4cbc18990723029 (host: np0000003665) handling event "create" for row dba0394f-f866-41ea-9a87-559c851fc10c (table: Logical_Switch) {{(pid=90420) notify /opt/stack/neutron/neutron/plugins/ml2/drivers/ovn/mech_driver/ovsdb/ovsdb_monitor.py:1015}}
Jun 25 23:42:56.280110 np0000003665 devstack@neutron-api.service[90423]: DEBUG neutron.plugins.ml2.drivers.ovn.mech_driver.ovsdb.ovsdb_monitor [-] Hash Ring: Node a4435d0e603d5a559d1f40d80af5f4f9 (host: np0000003665) handling event "create" for row 2bebf0a1-a1f8-41d5-877b-a7949a11aa13 (table: Datapath_Binding) {{(pid=90423) notify /opt/stack/neutron/neutron/plugins/ml2/drivers/ovn/mech_driver/ovsdb/ovsdb_monitor.py:1015}}
Jun 25 23:42:56.282558 np0000003665 devstack@neutron-api.service[90420]: DEBUG neutron.plugins.ml2.drivers.ovn.mech_driver.ovsdb.ovsdb_monitor [-] Hash Ring: Node fa2cc3dd75d357faa4cbc18990723029 (host: np0000003665) handling event "create" for row 2bebf0a1-a1f8-41d5-877b-a7949a11aa13 (table: Datapath_Binding) {{(pid=90420) notify /opt/stack/neutron/neutron/plugins/ml2/drivers/ovn/mech_driver/ovsdb/ovsdb_monitor.py:1015}}
Jun 25 23:42:56.302258 np0000003665 devstack@neutron-api.service[90421]: INFO neutron.db.ovn_revision_numbers_db [None req-29e6355d-f781-4092-8be4-f047fa864575 admin admin] Successfully bumped revision number for resource dba0394f-f866-41ea-9a87-559c851fc10c (type: networks) to 1
Jun 25 23:42:56.547201 np0000003665 devstack@neutron-api.service[90421]: DEBUG neutron_lib.callbacks.manager [None req-29e6355d-f781-4092-8be4-f047fa864575 admin admin] Publish callbacks ['neutron.plugins.ml2.plugin.SecurityGroupDbMixin._ensure_default_security_group_handler-4100086'] for port (None), before_create {{(pid=90421) _notify_loop /opt/stack/data/venv/lib/python3.12/site-packages/neutron_lib/callbacks/manager.py:184}}
Jun 25 23:42:56.643220 np0000003665 devstack@neutron-api.service[90421]: DEBUG neutron_lib.callbacks.manager [None req-29e6355d-f781-4092-8be4-f047fa864575 admin admin] Publish callbacks ['neutron.plugins.ml2.drivers.ovn.mech_driver.mech_driver.OVNMechanismDriver._validate_allowed_address_pairs-2063841'] for allowed_address_pair (17c6322a-0ed6-41ae-8cc2-8ccd7eff50a5), before_create {{(pid=90421) _notify_loop /opt/stack/data/venv/lib/python3.12/site-packages/neutron_lib/callbacks/manager.py:184}}
Jun 25 23:42:56.643795 np0000003665 devstack@neutron-api.service[90421]: DEBUG neutron_lib.callbacks.manager [None req-29e6355d-f781-4092-8be4-f047fa864575 admin admin] Publish callbacks [] for port (17c6322a-0ed6-41ae-8cc2-8ccd7eff50a5), precommit_create {{(pid=90421) _notify_loop /opt/stack/data/venv/lib/python3.12/site-packages/neutron_lib/callbacks/manager.py:184}}
Jun 25 23:42:56.643970 np0000003665 devstack@neutron-api.service[90421]: DEBUG neutron.plugins.ml2.drivers.ovn.mech_driver.mech_driver [None req-29e6355d-f781-4092-8be4-f047fa864575 admin admin] No provisioning block for port 17c6322a-0ed6-41ae-8cc2-8ccd7eff50a5 since it does not have a host {{(pid=90421) _is_port_provisioning_required /opt/stack/neutron/neutron/plugins/ml2/drivers/ovn/mech_driver/mech_driver.py:899}}
Jun 25 23:42:56.644075 np0000003665 devstack@neutron-api.service[90421]: DEBUG neutron.db.ovn_revision_numbers_db [None req-29e6355d-f781-4092-8be4-f047fa864575 admin admin] create_initial_revision uuid=17c6322a-0ed6-41ae-8cc2-8ccd7eff50a5, type=ports, rev=-1 {{(pid=90421) create_initial_revision /opt/stack/neutron/neutron/db/ovn_revision_numbers_db.py:98}}
Jun 25 23:42:56.698014 np0000003665 devstack@neutron-api.service[90421]: DEBUG neutron_lib.callbacks.manager [None req-29e6355d-f781-4092-8be4-f047fa864575 admin admin] Publish callbacks ['neutron.plugins.ml2.ovo_rpc._ObjectChangeHandler.handle_event-31617275'] for port (17c6322a-0ed6-41ae-8cc2-8ccd7eff50a5), after_create {{(pid=90421) _notify_loop /opt/stack/data/venv/lib/python3.12/site-packages/neutron_lib/callbacks/manager.py:184}}
Jun 25 23:42:56.751242 np0000003665 devstack@neutron-api.service[90421]: DEBUG neutron.api.rpc.handlers.resources_rpc [None req-29e6355d-f781-4092-8be4-f047fa864575 admin admin] Pushing event updated for resources: {'Port': ['ID=17c6322a-0ed6-41ae-8cc2-8ccd7eff50a5,revision_number=1']} {{(pid=90421) push /opt/stack/neutron/neutron/api/rpc/handlers/resources_rpc.py:237}}
Jun 25 23:42:56.780486 np0000003665 devstack@neutron-api.service[90421]: DEBUG neutron.plugins.ml2.drivers.ovn.mech_driver.ovsdb.commands [None req-29e6355d-f781-4092-8be4-f047fa864575 admin admin] Converting tag [] to a tag_request {{(pid=90421) _tag_column_to_tag_request /opt/stack/neutron/neutron/plugins/ml2/drivers/ovn/mech_driver/ovsdb/commands.py:205}}
Jun 25 23:42:56.781066 np0000003665 devstack@neutron-api.service[90421]: DEBUG ovsdbapp.backend.ovs_idl.transaction [-] Running txn n=1 command(idx=0): AddLSwitchPortCommand(_result=None, lport=17c6322a-0ed6-41ae-8cc2-8ccd7eff50a5, lswitch=neutron-dba0394f-f866-41ea-9a87-559c851fc10c, may_exist=True, network_uuid=dba0394f-f866-41ea-9a87-559c851fc10c, columns={'addresses': ['fa:16:3e:35:da:c0'], 'external_ids': {'neutron:port_name': '', 'neutron:device_id': 'ovnmeta-dba0394f-f866-41ea-9a87-559c851fc10c', 'neutron:project_id': '3579d4a14b6a4e778d73c7b0970c3063', 'neutron:cidrs': '', 'neutron:device_owner': 'network:distributed', 'neutron:subnet_pool_addr_scope4': '', 'neutron:subnet_pool_addr_scope6': '', 'neutron:network_name': 'neutron-dba0394f-f866-41ea-9a87-559c851fc10c', 'neutron:security_group_ids': '', 'neutron:revision_number': '1', 'neutron:vnic_type': 'normal', 'neutron:port_capabilities': '', 'neutron:mtu': '1372'}, 'parent_name': [], 'enabled': True, 'options': {}, 'type': 'localport', 'port_security': [], 'dhcpv4_options': [], 'dhcpv6_options': [], 'tag_request': []}) {{(pid=90421) do_commit /opt/stack/data/venv/lib/python3.12/site-packages/ovsdbapp/backend/ovs_idl/transaction.py:89}}
Jun 25 23:42:56.781479 np0000003665 devstack@neutron-api.service[90421]: DEBUG ovsdbapp.backend.ovs_idl.transaction [-] Running txn n=1 command(idx=1): QoSDelCommand(_result=None, switch=neutron-dba0394f-f866-41ea-9a87-559c851fc10c, conditions=[('direction', '=', 'to-lport'), ('priority', '=', 2002), ('match', '=', 'outport == "17c6322a-0ed6-41ae-8cc2-8ccd7eff50a5"')], if_exists=True) {{(pid=90421) do_commit /opt/stack/data/venv/lib/python3.12/site-packages/ovsdbapp/backend/ovs_idl/transaction.py:89}}
Jun 25 23:42:56.781593 np0000003665 devstack@neutron-api.service[90421]: DEBUG ovsdbapp.backend.ovs_idl.transaction [-] Running txn n=1 command(idx=2): QoSDelCommand(_result=None, switch=neutron-dba0394f-f866-41ea-9a87-559c851fc10c, conditions=[('direction', '=', 'from-lport'), ('priority', '=', 2002), ('match', '=', 'inport == "17c6322a-0ed6-41ae-8cc2-8ccd7eff50a5"')], if_exists=True) {{(pid=90421) do_commit /opt/stack/data/venv/lib/python3.12/site-packages/ovsdbapp/backend/ovs_idl/transaction.py:89}}
Jun 25 23:42:56.785447 np0000003665 devstack@neutron-api.service[90420]: DEBUG neutron.plugins.ml2.drivers.ovn.mech_driver.ovsdb.ovsdb_monitor [-] Hash Ring: Node fa2cc3dd75d357faa4cbc18990723029 (host: np0000003665) handling event "update" for row dba0394f-f866-41ea-9a87-559c851fc10c (table: Logical_Switch) {{(pid=90420) notify /opt/stack/neutron/neutron/plugins/ml2/drivers/ovn/mech_driver/ovsdb/ovsdb_monitor.py:1015}}
Jun 25 23:42:56.785552 np0000003665 devstack@neutron-api.service[90420]: DEBUG neutron.plugins.ml2.drivers.ovn.mech_driver.ovsdb.ovsdb_monitor [-] Hash Ring: Node fa2cc3dd75d357faa4cbc18990723029 (host: np0000003665) handling event "create" for row 405e7ea8-9689-42c4-ba99-6a3ca8402faa (table: Logical_Switch_Port) {{(pid=90420) notify /opt/stack/neutron/neutron/plugins/ml2/drivers/ovn/mech_driver/ovsdb/ovsdb_monitor.py:1015}}
Jun 25 23:42:56.786053 np0000003665 devstack@neutron-api.service[90423]: DEBUG neutron.plugins.ml2.drivers.ovn.mech_driver.ovsdb.ovsdb_monitor [-] Hash Ring: Node a4435d0e603d5a559d1f40d80af5f4f9 (host: np0000003665) handling event "create" for row 10f5f758-837d-48e0-919e-b5cf40ad1307 (table: Port_Binding) {{(pid=90423) notify /opt/stack/neutron/neutron/plugins/ml2/drivers/ovn/mech_driver/ovsdb/ovsdb_monitor.py:1015}}
Jun 25 23:42:56.786782 np0000003665 devstack@neutron-api.service[90420]: DEBUG ovsdbapp.backend.ovs_idl.event [-] Matched CREATE: LogicalSwitchPortCreateEvent(events=('create',), table='Logical_Switch_Port', conditions=[], old_conditions=None), priority=20 to row=Logical_Switch_Port(uuid=405e7ea8-9689-42c4-ba99-6a3ca8402faa, addresses=['fa:16:3e:35:da:c0'], dhcpv4_options=[], dhcpv6_options=[], dynamic_addresses=[], enabled=True, external_ids={'neutron:cidrs': '', 'neutron:device_id': 'ovnmeta-dba0394f-f866-41ea-9a87-559c851fc10c', 'neutron:device_owner': 'network:distributed', 'neutron:mtu': '1372', 'neutron:network_name': 'neutron-dba0394f-f866-41ea-9a87-559c851fc10c', 'neutron:port_capabilities': '', 'neutron:port_name': '', 'neutron:project_id': '3579d4a14b6a4e778d73c7b0970c3063', 'neutron:revision_number': '1', 'neutron:security_group_ids': '', 'neutron:subnet_pool_addr_scope4': '', 'neutron:subnet_pool_addr_scope6': '', 'neutron:vnic_type': 'normal'}, ha_chassis_group=[], mirror_rules=[], name='17c6322a-0ed6-41ae-8cc2-8ccd7eff50a5', options={}, parent_name=[], port_security=[], tag=[], tag_request=[], type='localport', up=[]) old= {{(pid=90420) matches /opt/stack/data/venv/lib/python3.12/site-packages/ovsdbapp/backend/ovs_idl/event.py:55}}
Jun 25 23:42:56.787297 np0000003665 devstack@neutron-api.service[90422]: DEBUG neutron.plugins.ml2.drivers.ovn.mech_driver.ovsdb.ovsdb_monitor [-] Hash Ring: Node 7b98177fbcbf57b9b4694982f674bd37 (host: np0000003665) handling event "create" for row 10f5f758-837d-48e0-919e-b5cf40ad1307 (table: Port_Binding) {{(pid=90422) notify /opt/stack/neutron/neutron/plugins/ml2/drivers/ovn/mech_driver/ovsdb/ovsdb_monitor.py:1015}}
Jun 25 23:42:56.788149 np0000003665 devstack@neutron-api.service[90423]: DEBUG neutron.plugins.ml2.drivers.ovn.mech_driver.ovsdb.ovsdb_monitor [-] Hash Ring: Node a4435d0e603d5a559d1f40d80af5f4f9 (host: np0000003665) handling event "update" for row dba0394f-f866-41ea-9a87-559c851fc10c (table: Logical_Switch) {{(pid=90423) notify /opt/stack/neutron/neutron/plugins/ml2/drivers/ovn/mech_driver/ovsdb/ovsdb_monitor.py:1015}}
Jun 25 23:42:56.788149 np0000003665 devstack@neutron-api.service[90423]: DEBUG neutron.plugins.ml2.drivers.ovn.mech_driver.ovsdb.ovsdb_monitor [-] Hash Ring: Node a4435d0e603d5a559d1f40d80af5f4f9 (host: np0000003665) handling event "create" for row 405e7ea8-9689-42c4-ba99-6a3ca8402faa (table: Logical_Switch_Port) {{(pid=90423) notify /opt/stack/neutron/neutron/plugins/ml2/drivers/ovn/mech_driver/ovsdb/ovsdb_monitor.py:1015}}
Jun 25 23:42:56.789661 np0000003665 devstack@neutron-api.service[90423]: DEBUG ovsdbapp.backend.ovs_idl.event [-] Matched CREATE: LogicalSwitchPortCreateEvent(events=('create',), table='Logical_Switch_Port', conditions=[], old_conditions=None), priority=20 to row=Logical_Switch_Port(uuid=405e7ea8-9689-42c4-ba99-6a3ca8402faa, addresses=['fa:16:3e:35:da:c0'], dhcpv4_options=[], dhcpv6_options=[], dynamic_addresses=[], enabled=True, external_ids={'neutron:cidrs': '', 'neutron:device_id': 'ovnmeta-dba0394f-f866-41ea-9a87-559c851fc10c', 'neutron:device_owner': 'network:distributed', 'neutron:mtu': '1372', 'neutron:network_name': 'neutron-dba0394f-f866-41ea-9a87-559c851fc10c', 'neutron:port_capabilities': '', 'neutron:port_name': '', 'neutron:project_id': '3579d4a14b6a4e778d73c7b0970c3063', 'neutron:revision_number': '1', 'neutron:security_group_ids': '', 'neutron:subnet_pool_addr_scope4': '', 'neutron:subnet_pool_addr_scope6': '', 'neutron:vnic_type': 'normal'}, ha_chassis_group=[], mirror_rules=[], name='17c6322a-0ed6-41ae-8cc2-8ccd7eff50a5', options={}, parent_name=[], port_security=[], tag=[], tag_request=[], type='localport', up=[]) old= {{(pid=90423) matches /opt/stack/data/venv/lib/python3.12/site-packages/ovsdbapp/backend/ovs_idl/event.py:55}}
Jun 25 23:42:56.790326 np0000003665 devstack@neutron-api.service[90420]: INFO neutron.plugins.ml2.drivers.ovn.mech_driver.mech_driver [-] OVN reports status down for port: 17c6322a-0ed6-41ae-8cc2-8ccd7eff50a5
Jun 25 23:42:56.790326 np0000003665 devstack@neutron-api.service[90420]: DEBUG neutron.plugins.ml2.drivers.ovn.mech_driver.ovsdb.ovsdb_monitor [-] Hash Ring: Node fa2cc3dd75d357faa4cbc18990723029 (host: np0000003665) handling event "update" for row 405e7ea8-9689-42c4-ba99-6a3ca8402faa (table: Logical_Switch_Port) {{(pid=90420) notify /opt/stack/neutron/neutron/plugins/ml2/drivers/ovn/mech_driver/ovsdb/ovsdb_monitor.py:1015}}
Jun 25 23:42:56.790546 np0000003665 devstack@neutron-api.service[90423]: DEBUG neutron.plugins.ml2.drivers.ovn.mech_driver.ovsdb.ovsdb_monitor [-] Hash Ring: Node a4435d0e603d5a559d1f40d80af5f4f9 (host: np0000003665) handling event "update" for row 405e7ea8-9689-42c4-ba99-6a3ca8402faa (table: Logical_Switch_Port) {{(pid=90423) notify /opt/stack/neutron/neutron/plugins/ml2/drivers/ovn/mech_driver/ovsdb/ovsdb_monitor.py:1015}}
Jun 25 23:42:56.791294 np0000003665 devstack@neutron-api.service[90423]: INFO neutron.plugins.ml2.drivers.ovn.mech_driver.mech_driver [-] OVN reports status down for port: 17c6322a-0ed6-41ae-8cc2-8ccd7eff50a5
Jun 25 23:42:56.830432 np0000003665 devstack@neutron-api.service[90421]: INFO neutron.db.ovn_revision_numbers_db [None req-29e6355d-f781-4092-8be4-f047fa864575 admin admin] Successfully bumped revision number for resource 17c6322a-0ed6-41ae-8cc2-8ccd7eff50a5 (type: ports) to 1
Jun 25 23:42:56.837872 np0000003665 devstack@neutron-api.service[90421]: DEBUG neutron.pecan_wsgi.hooks.policy_enforcement [None req-29e6355d-f781-4092-8be4-f047fa864575 admin admin] Attributes excluded by policy engine: ['standard_attr_id'] {{(pid=90421) _exclude_attributes_by_policy /opt/stack/neutron/neutron/pecan_wsgi/hooks/policy_enforcement.py:259}}
Jun 25 23:42:56.838290 np0000003665 devstack@neutron-api.service[90421]: DEBUG neutron_lib.callbacks.manager [None req-29e6355d-f781-4092-8be4-f047fa864575 admin admin] Publish callbacks [] for network (None), before_response {{(pid=90421) _notify_loop /opt/stack/data/venv/lib/python3.12/site-packages/neutron_lib/callbacks/manager.py:184}}
Jun 25 23:42:56.844616 np0000003665 devstack@neutron-api.service[90423]: DEBUG neutron.db.provisioning_blocks [None req-7e210b25-6a13-4058-877a-9bb10f380201 None None] Transition to ACTIVE for port object 17c6322a-0ed6-41ae-8cc2-8ccd7eff50a5 will not be triggered until provisioned by entity L2. {{(pid=90423) add_provisioning_component /opt/stack/neutron/neutron/db/provisioning_blocks.py:74}}
Jun 25 23:42:56.850779 np0000003665 devstack@neutron-api.service[90420]: DEBUG neutron_lib.db.api [None req-edfafa20-724f-4314-9685-74736e0a433f None None] Retry wrapper got retriable exception: Failed to create a duplicate ProvisioningBlock: for attribute(s) ['provisioningblocks.PRIMARY'] with value(s) 14-L2 {{(pid=90420) wrapped /opt/stack/data/venv/lib/python3.12/site-packages/neutron_lib/db/api.py:185}}
Jun 25 23:42:56.850951 np0000003665 devstack@neutron-api.service[90420]: DEBUG oslo_db.api [None req-edfafa20-724f-4314-9685-74736e0a433f None None] Performing DB retry for function neutron.db.provisioning_blocks.add_provisioning_component {{(pid=90420) wrapper /opt/stack/data/venv/lib/python3.12/site-packages/oslo_db/api.py:155}}
Jun 25 23:42:56.856150 np0000003665 devstack@neutron-api.service[90421]: [pid: 90421|app: 0|req: 1/5] 10.4.3.70 () {68 vars in 1319 bytes} [Thu Jun 25 23:42:55 2026] POST /networking/v2.0/networks => generated 681 bytes in 1432 msecs (HTTP/1.1 201) 4 headers in 162 bytes (1 switches on core 0)
Jun 25 23:42:56.882992 np0000003665 devstack@neutron-api.service[90423]: DEBUG neutron.plugins.ml2.plugin [None req-7e210b25-6a13-4058-877a-9bb10f380201 None None] Current status of the port 17c6322a-0ed6-41ae-8cc2-8ccd7eff50a5 is: DOWN; New status is: DOWN {{(pid=90423) _update_individual_port_db_status /opt/stack/neutron/neutron/plugins/ml2/plugin.py:2473}}
Jun 25 23:42:56.884491 np0000003665 devstack@neutron-api.service[90423]: DEBUG ovsdbapp.backend.ovs_idl.transaction [-] Running txn n=1 command(idx=0): DbRemoveCommand(_result=None, table=Logical_Switch_Port, record=17c6322a-0ed6-41ae-8cc2-8ccd7eff50a5, column=external_ids, values=('neutron:host_id',), keyvalues={}, if_exists=True) {{(pid=90423) do_commit /opt/stack/data/venv/lib/python3.12/site-packages/ovsdbapp/backend/ovs_idl/transaction.py:89}}
Jun 25 23:42:57.323702 np0000003665 devstack@neutron-api.service[90423]: DEBUG neutron.policy [None req-ac714343-de32-4200-8e7f-9be5a8137285 admin admin] Loaded default policies from ['neutron'] under neutron.policies entry points {{(pid=90423) register_rules /opt/stack/neutron/neutron/policy.py:65}}
Jun 25 23:42:57.355112 np0000003665 devstack@neutron-api.service[90420]: DEBUG neutron.db.provisioning_blocks [None req-edfafa20-724f-4314-9685-74736e0a433f None None] Ignored duplicate provisioning block setup for port 17c6322a-0ed6-41ae-8cc2-8ccd7eff50a5 by entity L2. {{(pid=90420) add_provisioning_component /opt/stack/neutron/neutron/db/provisioning_blocks.py:69}}
Jun 25 23:42:57.389327 np0000003665 devstack@neutron-api.service[90420]: DEBUG neutron.plugins.ml2.plugin [None req-edfafa20-724f-4314-9685-74736e0a433f None None] Current status of the port 17c6322a-0ed6-41ae-8cc2-8ccd7eff50a5 is: DOWN; New status is: DOWN {{(pid=90420) _update_individual_port_db_status /opt/stack/neutron/neutron/plugins/ml2/plugin.py:2473}}
Jun 25 23:42:57.391877 np0000003665 devstack@neutron-api.service[90420]: DEBUG ovsdbapp.backend.ovs_idl.transaction [-] Running txn n=1 command(idx=0): DbRemoveCommand(_result=None, table=Logical_Switch_Port, record=17c6322a-0ed6-41ae-8cc2-8ccd7eff50a5, column=external_ids, values=('neutron:host_id',), keyvalues={}, if_exists=True) {{(pid=90420) do_commit /opt/stack/data/venv/lib/python3.12/site-packages/ovsdbapp/backend/ovs_idl/transaction.py:89}}
Jun 25 23:42:57.416238 np0000003665 devstack@neutron-api.service[90423]: DEBUG neutron.pecan_wsgi.hooks.policy_enforcement [None req-ac714343-de32-4200-8e7f-9be5a8137285 admin admin] Attributes excluded by policy engine: ['standard_attr_id'] {{(pid=90423) _exclude_attributes_by_policy /opt/stack/neutron/neutron/pecan_wsgi/hooks/policy_enforcement.py:259}}
Jun 25 23:42:57.417490 np0000003665 devstack@neutron-api.service[90423]: [pid: 90423|app: 0|req: 3/6] 10.4.3.70 () {64 vars in 1377 bytes} [Thu Jun 25 23:42:57 2026] GET /networking/v2.0/networks/dba0394f-f866-41ea-9a87-559c851fc10c => generated 662 bytes in 288 msecs (HTTP/1.1 200) 4 headers in 157 bytes (1 switches on core 0)
Jun 25 23:42:57.428792 np0000003665 devstack@neutron-api.service[90420]: DEBUG neutron.api.wsgi [None req-16287b88-d523-45c8-b31e-58cfc186e4a2 admin admin] Missing Content-Type {{(pid=90420) get_content_type /opt/stack/neutron/neutron/api/wsgi.py:80}}
Jun 25 23:42:57.436228 np0000003665 devstack@neutron-api.service[90420]: [pid: 90420|app: 0|req: 2/7] 10.4.3.70 () {64 vars in 1386 bytes} [Thu Jun 25 23:42:57 2026] GET /networking/v2.0/subnetpools/29f92eb8-44fe-4e19-b399-83c368742d2b => generated 533 bytes in 9 msecs (HTTP/1.1 200) 4 headers in 157 bytes (1 switches on core 0)
Jun 25 23:42:57.449033 np0000003665 devstack@neutron-api.service[90422]: DEBUG neutron.api.v2.base [None req-a714b359-d5dc-4ac1-be69-ff29a6896ad9 admin admin] Request body: {'subnet': {'name': 'private-subnet', 'gateway_ip': '10.1.0.1', 'subnetpool_id': '29f92eb8-44fe-4e19-b399-83c368742d2b', 'network_id': 'dba0394f-f866-41ea-9a87-559c851fc10c', 'ip_version': 4}} {{(pid=90422) prepare_request_body /opt/stack/neutron/neutron/api/v2/base.py:727}}
Jun 25 23:42:57.466007 np0000003665 devstack@neutron-api.service[90422]: DEBUG neutron.pecan_wsgi.hooks.quota_enforcement [None req-a714b359-d5dc-4ac1-be69-ff29a6896ad9 admin admin] Made reservation on behalf of 3579d4a14b6a4e778d73c7b0970c3063 for: {'subnet': 1} {{(pid=90422) before /opt/stack/neutron/neutron/pecan_wsgi/hooks/quota_enforcement.py:66}}
Jun 25 23:42:57.469060 np0000003665 devstack@neutron-api.service[90422]: DEBUG neutron_lib.callbacks.manager [None req-a714b359-d5dc-4ac1-be69-ff29a6896ad9 admin admin] Publish callbacks [] for subnet (None), before_create {{(pid=90422) _notify_loop /opt/stack/data/venv/lib/python3.12/site-packages/neutron_lib/callbacks/manager.py:184}}
Jun 25 23:42:57.642165 np0000003665 devstack@neutron-api.service[90422]: DEBUG neutron.db.ovn_revision_numbers_db [None req-a714b359-d5dc-4ac1-be69-ff29a6896ad9 admin admin] create_initial_revision uuid=4cb371c1-0212-400b-b370-2e59c01c73f1, type=subnets, rev=-1 {{(pid=90422) create_initial_revision /opt/stack/neutron/neutron/db/ovn_revision_numbers_db.py:98}}
Jun 25 23:42:57.649885 np0000003665 devstack@neutron-api.service[90422]: DEBUG neutron_lib.callbacks.manager [None req-a714b359-d5dc-4ac1-be69-ff29a6896ad9 admin admin] Publish callbacks ['neutron.plugins.ml2.ovo_rpc._ObjectChangeHandler.handle_event-1541116'] for subnet (4cb371c1-0212-400b-b370-2e59c01c73f1), after_create {{(pid=90422) _notify_loop /opt/stack/data/venv/lib/python3.12/site-packages/neutron_lib/callbacks/manager.py:184}}
