Jun 03 01:50:01.216824 np0000002003 devstack@g-api.service[98869]: DEBUG glance.image_cache.drivers.centralized_db [None req-d2607d81-be0d-4d96-9733-8ac08ce2f907 tempest-TaggedBootDevicesTest-317049680 tempest-TaggedBootDevicesTest-317049680-project-member] Fetch finished, moving '/opt/stack/data/glance/cache/incomplete/ee09a3b9-e822-4584-a08f-24ff6b8f785f' to '/opt/stack/data/glance/cache/ee09a3b9-e822-4584-a08f-24ff6b8f785f' {{(pid=98869) commit /opt/stack/glance/glance/image_cache/drivers/centralized_db.py:243}}
Jun 03 01:50:01.226344 np0000002003 devstack@g-api.service[98869]: DEBUG glance.image_cache.drivers.centralized_db [None req-d2607d81-be0d-4d96-9733-8ac08ce2f907 tempest-TaggedBootDevicesTest-317049680 tempest-TaggedBootDevicesTest-317049680-project-member] Image cached successfully. {{(pid=98869) commit /opt/stack/glance/glance/image_cache/drivers/centralized_db.py:258}}
Jun 03 01:50:01.226460 np0000002003 devstack@g-api.service[98869]: [pid: 98869|app: 0|req: 21/40] 127.0.0.1 () {44 vars in 1125 bytes} [Wed Jun 3 01:50:00 2026] GET /v2/images/ee09a3b9-e822-4584-a08f-24ff6b8f785f/file => generated 21692416 bytes in 586 msecs (HTTP/1.1 200) 4 headers in 191 bytes (333 switches on core 0)
Jun 03 01:50:02.036483 np0000002003 devstack@g-api.service[98868]: DEBUG glance.api.middleware.version_negotiation [None req-d2607d81-be0d-4d96-9733-8ac08ce2f907 tempest-TaggedBootDevicesTest-317049680 tempest-TaggedBootDevicesTest-317049680-project-member] Determining version of request: GET /v2/images/ee09a3b9-e822-4584-a08f-24ff6b8f785f Accept: */* {{(pid=98868) process_request /opt/stack/glance/glance/api/middleware/version_negotiation.py:44}}
Jun 03 01:50:02.036892 np0000002003 devstack@g-api.service[98868]: DEBUG glance.api.middleware.version_negotiation [None req-d2607d81-be0d-4d96-9733-8ac08ce2f907 tempest-TaggedBootDevicesTest-317049680 tempest-TaggedBootDevicesTest-317049680-project-member] Using url versioning {{(pid=98868) process_request /opt/stack/glance/glance/api/middleware/version_negotiation.py:57}}
Jun 03 01:50:02.037425 np0000002003 devstack@g-api.service[98868]: DEBUG glance.api.middleware.version_negotiation [None req-d2607d81-be0d-4d96-9733-8ac08ce2f907 tempest-TaggedBootDevicesTest-317049680 tempest-TaggedBootDevicesTest-317049680-project-member] Matched version: v2 {{(pid=98868) process_request /opt/stack/glance/glance/api/middleware/version_negotiation.py:69}}
Jun 03 01:50:02.037548 np0000002003 devstack@g-api.service[98868]: DEBUG glance.api.middleware.version_negotiation [None req-d2607d81-be0d-4d96-9733-8ac08ce2f907 tempest-TaggedBootDevicesTest-317049680 tempest-TaggedBootDevicesTest-317049680-project-member] new path /v2/images/ee09a3b9-e822-4584-a08f-24ff6b8f785f {{(pid=98868) process_request /opt/stack/glance/glance/api/middleware/version_negotiation.py:70}}
Jun 03 01:50:02.049226 np0000002003 devstack@g-api.service[98868]: [pid: 98868|app: 0|req: 20/41] 127.0.0.1 () {44 vars in 1115 bytes} [Wed Jun 3 01:50:02 2026] GET /v2/images/ee09a3b9-e822-4584-a08f-24ff6b8f785f => generated 1044 bytes in 13 msecs (HTTP/1.1 200) 4 headers in 158 bytes (1 switches on core 0)
Jun 03 01:50:02.057820 np0000002003 devstack@g-api.service[98869]: DEBUG glance.api.middleware.version_negotiation [None req-d2607d81-be0d-4d96-9733-8ac08ce2f907 tempest-TaggedBootDevicesTest-317049680 tempest-TaggedBootDevicesTest-317049680-project-member] Determining version of request: GET /v2/schemas/image Accept: */* {{(pid=98869) process_request /opt/stack/glance/glance/api/middleware/version_negotiation.py:44}}
Jun 03 01:50:02.058361 np0000002003 devstack@g-api.service[98869]: DEBUG glance.api.middleware.version_negotiation [None req-d2607d81-be0d-4d96-9733-8ac08ce2f907 tempest-TaggedBootDevicesTest-317049680 tempest-TaggedBootDevicesTest-317049680-project-member] Using url versioning {{(pid=98869) process_request /opt/stack/glance/glance/api/middleware/version_negotiation.py:57}}
Jun 03 01:50:02.058361 np0000002003 devstack@g-api.service[98869]: DEBUG glance.api.middleware.version_negotiation [None req-d2607d81-be0d-4d96-9733-8ac08ce2f907 tempest-TaggedBootDevicesTest-317049680 tempest-TaggedBootDevicesTest-317049680-project-member] Matched version: v2 {{(pid=98869) process_request /opt/stack/glance/glance/api/middleware/version_negotiation.py:69}}
Jun 03 01:50:02.058361 np0000002003 devstack@g-api.service[98869]: DEBUG glance.api.middleware.version_negotiation [None req-d2607d81-be0d-4d96-9733-8ac08ce2f907 tempest-TaggedBootDevicesTest-317049680 tempest-TaggedBootDevicesTest-317049680-project-member] new path /v2/schemas/image {{(pid=98869) process_request /opt/stack/glance/glance/api/middleware/version_negotiation.py:70}}
Jun 03 01:50:02.060777 np0000002003 devstack@g-api.service[98869]: [pid: 98869|app: 0|req: 22/42] 127.0.0.1 () {44 vars in 1055 bytes} [Wed Jun 3 01:50:02 2026] GET /v2/schemas/image => generated 6083 bytes in 3 msecs (HTTP/1.1 200) 4 headers in 158 bytes (1 switches on core 0)
Jun 03 01:50:03.418206 np0000002003 devstack@g-api.service[98868]: DEBUG glance.api.middleware.version_negotiation [None req-d2607d81-be0d-4d96-9733-8ac08ce2f907 tempest-TaggedBootDevicesTest-317049680 tempest-TaggedBootDevicesTest-317049680-project-member] Determining version of request: GET /v2/images/ee09a3b9-e822-4584-a08f-24ff6b8f785f Accept: */* {{(pid=98868) process_request /opt/stack/glance/glance/api/middleware/version_negotiation.py:44}}
Jun 03 01:50:03.419180 np0000002003 devstack@g-api.service[98868]: DEBUG glance.api.middleware.version_negotiation [None req-d2607d81-be0d-4d96-9733-8ac08ce2f907 tempest-TaggedBootDevicesTest-317049680 tempest-TaggedBootDevicesTest-317049680-project-member] Using url versioning {{(pid=98868) process_request /opt/stack/glance/glance/api/middleware/version_negotiation.py:57}}
Jun 03 01:50:03.419180 np0000002003 devstack@g-api.service[98868]: DEBUG glance.api.middleware.version_negotiation [None req-d2607d81-be0d-4d96-9733-8ac08ce2f907 tempest-TaggedBootDevicesTest-317049680 tempest-TaggedBootDevicesTest-317049680-project-member] Matched version: v2 {{(pid=98868) process_request /opt/stack/glance/glance/api/middleware/version_negotiation.py:69}}
Jun 03 01:50:03.419180 np0000002003 devstack@g-api.service[98868]: DEBUG glance.api.middleware.version_negotiation [None req-d2607d81-be0d-4d96-9733-8ac08ce2f907 tempest-TaggedBootDevicesTest-317049680 tempest-TaggedBootDevicesTest-317049680-project-member] new path /v2/images/ee09a3b9-e822-4584-a08f-24ff6b8f785f {{(pid=98868) process_request /opt/stack/glance/glance/api/middleware/version_negotiation.py:70}}
Jun 03 01:50:03.429302 np0000002003 devstack@g-api.service[98868]: [pid: 98868|app: 0|req: 21/43] 127.0.0.1 () {44 vars in 1115 bytes} [Wed Jun 3 01:50:03 2026] GET /v2/images/ee09a3b9-e822-4584-a08f-24ff6b8f785f => generated 1044 bytes in 11 msecs (HTTP/1.1 200) 4 headers in 158 bytes (1 switches on core 0)
Jun 03 01:50:03.439184 np0000002003 devstack@g-api.service[98869]: DEBUG glance.api.middleware.version_negotiation [None req-d2607d81-be0d-4d96-9733-8ac08ce2f907 tempest-TaggedBootDevicesTest-317049680 tempest-TaggedBootDevicesTest-317049680-project-member] Determining version of request: GET /v2/schemas/image Accept: */* {{(pid=98869) process_request /opt/stack/glance/glance/api/middleware/version_negotiation.py:44}}
Jun 03 01:50:03.439184 np0000002003 devstack@g-api.service[98869]: DEBUG glance.api.middleware.version_negotiation [None req-d2607d81-be0d-4d96-9733-8ac08ce2f907 tempest-TaggedBootDevicesTest-317049680 tempest-TaggedBootDevicesTest-317049680-project-member] Using url versioning {{(pid=98869) process_request /opt/stack/glance/glance/api/middleware/version_negotiation.py:57}}
Jun 03 01:50:03.439520 np0000002003 devstack@g-api.service[98869]: DEBUG glance.api.middleware.version_negotiation [None req-d2607d81-be0d-4d96-9733-8ac08ce2f907 tempest-TaggedBootDevicesTest-317049680 tempest-TaggedBootDevicesTest-317049680-project-member] Matched version: v2 {{(pid=98869) process_request /opt/stack/glance/glance/api/middleware/version_negotiation.py:69}}
Jun 03 01:50:03.439520 np0000002003 devstack@g-api.service[98869]: DEBUG glance.api.middleware.version_negotiation [None req-d2607d81-be0d-4d96-9733-8ac08ce2f907 tempest-TaggedBootDevicesTest-317049680 tempest-TaggedBootDevicesTest-317049680-project-member] new path /v2/schemas/image {{(pid=98869) process_request /opt/stack/glance/glance/api/middleware/version_negotiation.py:70}}
Jun 03 01:50:03.442193 np0000002003 devstack@g-api.service[98869]: [pid: 98869|app: 0|req: 23/44] 127.0.0.1 () {44 vars in 1055 bytes} [Wed Jun 3 01:50:03 2026] GET /v2/schemas/image => generated 6083 bytes in 3 msecs (HTTP/1.1 200) 4 headers in 158 bytes (1 switches on core 0)
Jun 03 01:50:04.998070 np0000002003 devstack@g-api.service[98868]: DEBUG glance.api.middleware.version_negotiation [None req-d2607d81-be0d-4d96-9733-8ac08ce2f907 tempest-TaggedBootDevicesTest-317049680 tempest-TaggedBootDevicesTest-317049680-project-member] Determining version of request: GET /v2/images/ee09a3b9-e822-4584-a08f-24ff6b8f785f Accept: */* {{(pid=98868) process_request /opt/stack/glance/glance/api/middleware/version_negotiation.py:44}}
Jun 03 01:50:04.998070 np0000002003 devstack@g-api.service[98868]: DEBUG glance.api.middleware.version_negotiation [None req-d2607d81-be0d-4d96-9733-8ac08ce2f907 tempest-TaggedBootDevicesTest-317049680 tempest-TaggedBootDevicesTest-317049680-project-member] Using url versioning {{(pid=98868) process_request /opt/stack/glance/glance/api/middleware/version_negotiation.py:57}}
Jun 03 01:50:04.998070 np0000002003 devstack@g-api.service[98868]: DEBUG glance.api.middleware.version_negotiation [None req-d2607d81-be0d-4d96-9733-8ac08ce2f907 tempest-TaggedBootDevicesTest-317049680 tempest-TaggedBootDevicesTest-317049680-project-member] Matched version: v2 {{(pid=98868) process_request /opt/stack/glance/glance/api/middleware/version_negotiation.py:69}}
Jun 03 01:50:04.998070 np0000002003 devstack@g-api.service[98868]: DEBUG glance.api.middleware.version_negotiation [None req-d2607d81-be0d-4d96-9733-8ac08ce2f907 tempest-TaggedBootDevicesTest-317049680 tempest-TaggedBootDevicesTest-317049680-project-member] new path /v2/images/ee09a3b9-e822-4584-a08f-24ff6b8f785f {{(pid=98868) process_request /opt/stack/glance/glance/api/middleware/version_negotiation.py:70}}
Jun 03 01:50:05.010959 np0000002003 devstack@g-api.service[98868]: [pid: 98868|app: 0|req: 22/45] 127.0.0.1 () {44 vars in 1115 bytes} [Wed Jun 3 01:50:04 2026] GET /v2/images/ee09a3b9-e822-4584-a08f-24ff6b8f785f => generated 1044 bytes in 13 msecs (HTTP/1.1 200) 4 headers in 158 bytes (1 switches on core 0)
Jun 03 01:50:05.020644 np0000002003 devstack@g-api.service[98869]: DEBUG glance.api.middleware.version_negotiation [None req-d2607d81-be0d-4d96-9733-8ac08ce2f907 tempest-TaggedBootDevicesTest-317049680 tempest-TaggedBootDevicesTest-317049680-project-member] Determining version of request: GET /v2/schemas/image Accept: */* {{(pid=98869) process_request /opt/stack/glance/glance/api/middleware/version_negotiation.py:44}}
Jun 03 01:50:05.020995 np0000002003 devstack@g-api.service[98869]: DEBUG glance.api.middleware.version_negotiation [None req-d2607d81-be0d-4d96-9733-8ac08ce2f907 tempest-TaggedBootDevicesTest-317049680 tempest-TaggedBootDevicesTest-317049680-project-member] Using url versioning {{(pid=98869) process_request /opt/stack/glance/glance/api/middleware/version_negotiation.py:57}}
Jun 03 01:50:05.020995 np0000002003 devstack@g-api.service[98869]: DEBUG glance.api.middleware.version_negotiation [None req-d2607d81-be0d-4d96-9733-8ac08ce2f907 tempest-TaggedBootDevicesTest-317049680 tempest-TaggedBootDevicesTest-317049680-project-member] Matched version: v2 {{(pid=98869) process_request /opt/stack/glance/glance/api/middleware/version_negotiation.py:69}}
Jun 03 01:50:05.020995 np0000002003 devstack@g-api.service[98869]: DEBUG glance.api.middleware.version_negotiation [None req-d2607d81-be0d-4d96-9733-8ac08ce2f907 tempest-TaggedBootDevicesTest-317049680 tempest-TaggedBootDevicesTest-317049680-project-member] new path /v2/schemas/image {{(pid=98869) process_request /opt/stack/glance/glance/api/middleware/version_negotiation.py:70}}
Jun 03 01:50:05.023232 np0000002003 devstack@g-api.service[98869]: [pid: 98869|app: 0|req: 24/46] 127.0.0.1 () {44 vars in 1055 bytes} [Wed Jun 3 01:50:05 2026] GET /v2/schemas/image => generated 6083 bytes in 3 msecs (HTTP/1.1 200) 4 headers in 158 bytes (1 switches on core 0)
Jun 03 01:50:05.999784 np0000002003 devstack@g-api.service[98868]: DEBUG glance.api.middleware.version_negotiation [None req-d2607d81-be0d-4d96-9733-8ac08ce2f907 tempest-TaggedBootDevicesTest-317049680 tempest-TaggedBootDevicesTest-317049680-project-member] Determining version of request: GET /v2/images/ee09a3b9-e822-4584-a08f-24ff6b8f785f Accept: */* {{(pid=98868) process_request /opt/stack/glance/glance/api/middleware/version_negotiation.py:44}}
Jun 03 01:50:06.000186 np0000002003 devstack@g-api.service[98868]: DEBUG glance.api.middleware.version_negotiation [None req-d2607d81-be0d-4d96-9733-8ac08ce2f907 tempest-TaggedBootDevicesTest-317049680 tempest-TaggedBootDevicesTest-317049680-project-member] Using url versioning {{(pid=98868) process_request /opt/stack/glance/glance/api/middleware/version_negotiation.py:57}}
Jun 03 01:50:06.000286 np0000002003 devstack@g-api.service[98868]: DEBUG glance.api.middleware.version_negotiation [None req-d2607d81-be0d-4d96-9733-8ac08ce2f907 tempest-TaggedBootDevicesTest-317049680 tempest-TaggedBootDevicesTest-317049680-project-member] Matched version: v2 {{(pid=98868) process_request /opt/stack/glance/glance/api/middleware/version_negotiation.py:69}}
Jun 03 01:50:06.000396 np0000002003 devstack@g-api.service[98868]: DEBUG glance.api.middleware.version_negotiation [None req-d2607d81-be0d-4d96-9733-8ac08ce2f907 tempest-TaggedBootDevicesTest-317049680 tempest-TaggedBootDevicesTest-317049680-project-member] new path /v2/images/ee09a3b9-e822-4584-a08f-24ff6b8f785f {{(pid=98868) process_request /opt/stack/glance/glance/api/middleware/version_negotiation.py:70}}
Jun 03 01:50:06.012284 np0000002003 devstack@g-api.service[98868]: [pid: 98868|app: 0|req: 23/47] 127.0.0.1 () {44 vars in 1115 bytes} [Wed Jun 3 01:50:05 2026] GET /v2/images/ee09a3b9-e822-4584-a08f-24ff6b8f785f => generated 1044 bytes in 13 msecs (HTTP/1.1 200) 4 headers in 158 bytes (1 switches on core 0)
Jun 03 01:50:06.071567 np0000002003 devstack@g-api.service[98869]: DEBUG glance.api.middleware.version_negotiation [None req-d2607d81-be0d-4d96-9733-8ac08ce2f907 tempest-TaggedBootDevicesTest-317049680 tempest-TaggedBootDevicesTest-317049680-project-member] Determining version of request: GET /v2/images/ee09a3b9-e822-4584-a08f-24ff6b8f785f/file Accept: */* {{(pid=98869) process_request /opt/stack/glance/glance/api/middleware/version_negotiation.py:44}}
Jun 03 01:50:06.071935 np0000002003 devstack@g-api.service[98869]: DEBUG glance.api.middleware.version_negotiation [None req-d2607d81-be0d-4d96-9733-8ac08ce2f907 tempest-TaggedBootDevicesTest-317049680 tempest-TaggedBootDevicesTest-317049680-project-member] Using url versioning {{(pid=98869) process_request /opt/stack/glance/glance/api/middleware/version_negotiation.py:57}}
Jun 03 01:50:06.071935 np0000002003 devstack@g-api.service[98869]: DEBUG glance.api.middleware.version_negotiation [None req-d2607d81-be0d-4d96-9733-8ac08ce2f907 tempest-TaggedBootDevicesTest-317049680 tempest-TaggedBootDevicesTest-317049680-project-member] Matched version: v2 {{(pid=98869) process_request /opt/stack/glance/glance/api/middleware/version_negotiation.py:69}}
Jun 03 01:50:06.071935 np0000002003 devstack@g-api.service[98869]: DEBUG glance.api.middleware.version_negotiation [None req-d2607d81-be0d-4d96-9733-8ac08ce2f907 tempest-TaggedBootDevicesTest-317049680 tempest-TaggedBootDevicesTest-317049680-project-member] new path /v2/images/ee09a3b9-e822-4584-a08f-24ff6b8f785f/file {{(pid=98869) process_request /opt/stack/glance/glance/api/middleware/version_negotiation.py:70}}
Jun 03 01:50:06.080112 np0000002003 devstack@g-api.service[98869]: DEBUG glance.api.middleware.cache [None req-5c54c63b-6188-4ff1-91f0-622db75f32fe tempest-DeleteServersTestJSON-995484448 tempest-DeleteServersTestJSON-995484448-project-member] Cache hit for image 'ee09a3b9-e822-4584-a08f-24ff6b8f785f' {{(pid=98869) process_request /opt/stack/glance/glance/api/middleware/cache.py:160}}
Jun 03 01:50:06.135351 np0000002003 devstack@g-api.service[98869]: [pid: 98869|app: 0|req: 25/48] 127.0.0.1 () {44 vars in 1125 bytes} [Wed Jun 3 01:50:06 2026] GET /v2/images/ee09a3b9-e822-4584-a08f-24ff6b8f785f/file => generated 21692416 bytes in 64 msecs (HTTP/1.1 200) 5 headers in 217 bytes (340 switches on core 0)
Jun 03 01:50:06.266918 np0000002003 devstack@g-api.service[98868]: DEBUG glance.api.middleware.version_negotiation [None req-5c54c63b-6188-4ff1-91f0-622db75f32fe tempest-DeleteServersTestJSON-995484448 tempest-DeleteServersTestJSON-995484448-project-member] Determining version of request: GET /v2/images/ee09a3b9-e822-4584-a08f-24ff6b8f785f Accept: */* {{(pid=98868) process_request /opt/stack/glance/glance/api/middleware/version_negotiation.py:44}}
Jun 03 01:50:06.267166 np0000002003 devstack@g-api.service[98868]: DEBUG glance.api.middleware.version_negotiation [None req-5c54c63b-6188-4ff1-91f0-622db75f32fe tempest-DeleteServersTestJSON-995484448 tempest-DeleteServersTestJSON-995484448-project-member] Using url versioning {{(pid=98868) process_request /opt/stack/glance/glance/api/middleware/version_negotiation.py:57}}
Jun 03 01:50:06.267350 np0000002003 devstack@g-api.service[98868]: DEBUG glance.api.middleware.version_negotiation [None req-5c54c63b-6188-4ff1-91f0-622db75f32fe tempest-DeleteServersTestJSON-995484448 tempest-DeleteServersTestJSON-995484448-project-member] Matched version: v2 {{(pid=98868) process_request /opt/stack/glance/glance/api/middleware/version_negotiation.py:69}}
Jun 03 01:50:06.267494 np0000002003 devstack@g-api.service[98868]: DEBUG glance.api.middleware.version_negotiation [None req-5c54c63b-6188-4ff1-91f0-622db75f32fe tempest-DeleteServersTestJSON-995484448 tempest-DeleteServersTestJSON-995484448-project-member] new path /v2/images/ee09a3b9-e822-4584-a08f-24ff6b8f785f {{(pid=98868) process_request /opt/stack/glance/glance/api/middleware/version_negotiation.py:70}}
Jun 03 01:50:06.282983 np0000002003 devstack@g-api.service[98868]: [pid: 98868|app: 0|req: 24/49] 127.0.0.1 () {44 vars in 1115 bytes} [Wed Jun 3 01:50:06 2026] GET /v2/images/ee09a3b9-e822-4584-a08f-24ff6b8f785f => generated 1044 bytes in 16 msecs (HTTP/1.1 200) 4 headers in 158 bytes (1 switches on core 0)
Jun 03 01:50:06.329408 np0000002003 devstack@g-api.service[98869]: DEBUG glance.api.middleware.version_negotiation [None req-5c54c63b-6188-4ff1-91f0-622db75f32fe tempest-DeleteServersTestJSON-995484448 tempest-DeleteServersTestJSON-995484448-project-member] Determining version of request: GET /v2/schemas/image Accept: */* {{(pid=98869) process_request /opt/stack/glance/glance/api/middleware/version_negotiation.py:44}}
Jun 03 01:50:06.329524 np0000002003 devstack@g-api.service[98869]: DEBUG glance.api.middleware.version_negotiation [None req-5c54c63b-6188-4ff1-91f0-622db75f32fe tempest-DeleteServersTestJSON-995484448 tempest-DeleteServersTestJSON-995484448-project-member] Using url versioning {{(pid=98869) process_request /opt/stack/glance/glance/api/middleware/version_negotiation.py:57}}
Jun 03 01:50:06.329695 np0000002003 devstack@g-api.service[98869]: DEBUG glance.api.middleware.version_negotiation [None req-5c54c63b-6188-4ff1-91f0-622db75f32fe tempest-DeleteServersTestJSON-995484448 tempest-DeleteServersTestJSON-995484448-project-member] Matched version: v2 {{(pid=98869) process_request /opt/stack/glance/glance/api/middleware/version_negotiation.py:69}}
Jun 03 01:50:06.329853 np0000002003 devstack@g-api.service[98869]: DEBUG glance.api.middleware.version_negotiation [None req-5c54c63b-6188-4ff1-91f0-622db75f32fe tempest-DeleteServersTestJSON-995484448 tempest-DeleteServersTestJSON-995484448-project-member] new path /v2/schemas/image {{(pid=98869) process_request /opt/stack/glance/glance/api/middleware/version_negotiation.py:70}}
Jun 03 01:50:06.332877 np0000002003 devstack@g-api.service[98869]: [pid: 98869|app: 0|req: 26/50] 127.0.0.1 () {44 vars in 1055 bytes} [Wed Jun 3 01:50:06 2026] GET /v2/schemas/image => generated 6083 bytes in 4 msecs (HTTP/1.1 200) 4 headers in 158 bytes (1 switches on core 0)
Jun 03 01:50:08.030751 np0000002003 devstack@g-api.service[98868]: DEBUG glance.api.middleware.version_negotiation [None req-5c54c63b-6188-4ff1-91f0-622db75f32fe tempest-DeleteServersTestJSON-995484448 tempest-DeleteServersTestJSON-995484448-project-member] Determining version of request: GET /v2/images/ee09a3b9-e822-4584-a08f-24ff6b8f785f Accept: */* {{(pid=98868) process_request /opt/stack/glance/glance/api/middleware/version_negotiation.py:44}}
Jun 03 01:50:08.031125 np0000002003 devstack@g-api.service[98868]: DEBUG glance.api.middleware.version_negotiation [None req-5c54c63b-6188-4ff1-91f0-622db75f32fe tempest-DeleteServersTestJSON-995484448 tempest-DeleteServersTestJSON-995484448-project-member] Using url versioning {{(pid=98868) process_request /opt/stack/glance/glance/api/middleware/version_negotiation.py:57}}
Jun 03 01:50:08.031125 np0000002003 devstack@g-api.service[98868]: DEBUG glance.api.middleware.version_negotiation [None req-5c54c63b-6188-4ff1-91f0-622db75f32fe tempest-DeleteServersTestJSON-995484448 tempest-DeleteServersTestJSON-995484448-project-member] Matched version: v2 {{(pid=98868) process_request /opt/stack/glance/glance/api/middleware/version_negotiation.py:69}}
Jun 03 01:50:08.031181 np0000002003 devstack@g-api.service[98868]: DEBUG glance.api.middleware.version_negotiation [None req-5c54c63b-6188-4ff1-91f0-622db75f32fe tempest-DeleteServersTestJSON-995484448 tempest-DeleteServersTestJSON-995484448-project-member] new path /v2/images/ee09a3b9-e822-4584-a08f-24ff6b8f785f {{(pid=98868) process_request /opt/stack/glance/glance/api/middleware/version_negotiation.py:70}}
Jun 03 01:50:08.040408 np0000002003 devstack@g-api.service[98868]: [pid: 98868|app: 0|req: 25/51] 127.0.0.1 () {44 vars in 1115 bytes} [Wed Jun 3 01:50:08 2026] GET /v2/images/ee09a3b9-e822-4584-a08f-24ff6b8f785f => generated 1044 bytes in 10 msecs (HTTP/1.1 200) 4 headers in 158 bytes (1 switches on core 0)
Jun 03 01:50:08.079321 np0000002003 devstack@g-api.service[98869]: DEBUG glance.api.middleware.version_negotiation [None req-5c54c63b-6188-4ff1-91f0-622db75f32fe tempest-DeleteServersTestJSON-995484448 tempest-DeleteServersTestJSON-995484448-project-member] Determining version of request: GET /v2/schemas/image Accept: */* {{(pid=98869) process_request /opt/stack/glance/glance/api/middleware/version_negotiation.py:44}}
Jun 03 01:50:08.079734 np0000002003 devstack@g-api.service[98869]: DEBUG glance.api.middleware.version_negotiation [None req-5c54c63b-6188-4ff1-91f0-622db75f32fe tempest-DeleteServersTestJSON-995484448 tempest-DeleteServersTestJSON-995484448-project-member] Using url versioning {{(pid=98869) process_request /opt/stack/glance/glance/api/middleware/version_negotiation.py:57}}
Jun 03 01:50:08.079734 np0000002003 devstack@g-api.service[98869]: DEBUG glance.api.middleware.version_negotiation [None req-5c54c63b-6188-4ff1-91f0-622db75f32fe tempest-DeleteServersTestJSON-995484448 tempest-DeleteServersTestJSON-995484448-project-member] Matched version: v2 {{(pid=98869) process_request /opt/stack/glance/glance/api/middleware/version_negotiation.py:69}}
Jun 03 01:50:08.079810 np0000002003 devstack@g-api.service[98869]: DEBUG glance.api.middleware.version_negotiation [None req-5c54c63b-6188-4ff1-91f0-622db75f32fe tempest-DeleteServersTestJSON-995484448 tempest-DeleteServersTestJSON-995484448-project-member] new path /v2/schemas/image {{(pid=98869) process_request /opt/stack/glance/glance/api/middleware/version_negotiation.py:70}}
Jun 03 01:50:08.082867 np0000002003 devstack@g-api.service[98869]: [pid: 98869|app: 0|req: 27/52] 127.0.0.1 () {44 vars in 1055 bytes} [Wed Jun 3 01:50:08 2026] GET /v2/schemas/image => generated 6083 bytes in 4 msecs (HTTP/1.1 200) 4 headers in 158 bytes (1 switches on core 0)
Jun 03 01:50:11.787546 np0000002003 devstack@g-api.service[98868]: DEBUG glance.api.middleware.version_negotiation [None req-116426ad-efd4-4568-81d2-93e4a5db3853 tempest-VolumesAdminNegativeTest-2001440699 tempest-VolumesAdminNegativeTest-2001440699-project-member] Determining version of request: GET /v2/images/ee09a3b9-e822-4584-a08f-24ff6b8f785f Accept: */* {{(pid=98868) process_request /opt/stack/glance/glance/api/middleware/version_negotiation.py:44}}
Jun 03 01:50:11.787546 np0000002003 devstack@g-api.service[98868]: DEBUG glance.api.middleware.version_negotiation [None req-116426ad-efd4-4568-81d2-93e4a5db3853 tempest-VolumesAdminNegativeTest-2001440699 tempest-VolumesAdminNegativeTest-2001440699-project-member] Using url versioning {{(pid=98868) process_request /opt/stack/glance/glance/api/middleware/version_negotiation.py:57}}
Jun 03 01:50:11.787546 np0000002003 devstack@g-api.service[98868]: DEBUG glance.api.middleware.version_negotiation [None req-116426ad-efd4-4568-81d2-93e4a5db3853 tempest-VolumesAdminNegativeTest-2001440699 tempest-VolumesAdminNegativeTest-2001440699-project-member] Matched version: v2 {{(pid=98868) process_request /opt/stack/glance/glance/api/middleware/version_negotiation.py:69}}
Jun 03 01:50:11.787546 np0000002003 devstack@g-api.service[98868]: DEBUG glance.api.middleware.version_negotiation [None req-116426ad-efd4-4568-81d2-93e4a5db3853 tempest-VolumesAdminNegativeTest-2001440699 tempest-VolumesAdminNegativeTest-2001440699-project-member] new path /v2/images/ee09a3b9-e822-4584-a08f-24ff6b8f785f {{(pid=98868) process_request /opt/stack/glance/glance/api/middleware/version_negotiation.py:70}}
Jun 03 01:50:11.802131 np0000002003 devstack@g-api.service[98868]: [pid: 98868|app: 0|req: 26/53] 127.0.0.1 () {44 vars in 1115 bytes} [Wed Jun 3 01:50:11 2026] GET /v2/images/ee09a3b9-e822-4584-a08f-24ff6b8f785f => generated 1044 bytes in 15 msecs (HTTP/1.1 200) 4 headers in 158 bytes (1 switches on core 0)
Jun 03 01:50:11.835915 np0000002003 devstack@g-api.service[98869]: DEBUG glance.api.middleware.version_negotiation [None req-116426ad-efd4-4568-81d2-93e4a5db3853 tempest-VolumesAdminNegativeTest-2001440699 tempest-VolumesAdminNegativeTest-2001440699-project-member] Determining version of request: GET /v2/schemas/image Accept: */* {{(pid=98869) process_request /opt/stack/glance/glance/api/middleware/version_negotiation.py:44}}
Jun 03 01:50:11.836369 np0000002003 devstack@g-api.service[98869]: DEBUG glance.api.middleware.version_negotiation [None req-116426ad-efd4-4568-81d2-93e4a5db3853 tempest-VolumesAdminNegativeTest-2001440699 tempest-VolumesAdminNegativeTest-2001440699-project-member] Using url versioning {{(pid=98869) process_request /opt/stack/glance/glance/api/middleware/version_negotiation.py:57}}
Jun 03 01:50:11.836369 np0000002003 devstack@g-api.service[98869]: DEBUG glance.api.middleware.version_negotiation [None req-116426ad-efd4-4568-81d2-93e4a5db3853 tempest-VolumesAdminNegativeTest-2001440699 tempest-VolumesAdminNegativeTest-2001440699-project-member] Matched version: v2 {{(pid=98869) process_request /opt/stack/glance/glance/api/middleware/version_negotiation.py:69}}
Jun 03 01:50:11.836992 np0000002003 devstack@g-api.service[98869]: DEBUG glance.api.middleware.version_negotiation [None req-116426ad-efd4-4568-81d2-93e4a5db3853 tempest-VolumesAdminNegativeTest-2001440699 tempest-VolumesAdminNegativeTest-2001440699-project-member] new path /v2/schemas/image {{(pid=98869) process_request /opt/stack/glance/glance/api/middleware/version_negotiation.py:70}}
Jun 03 01:50:11.842727 np0000002003 devstack@g-api.service[98869]: [pid: 98869|app: 0|req: 28/54] 127.0.0.1 () {44 vars in 1055 bytes} [Wed Jun 3 01:50:11 2026] GET /v2/schemas/image => generated 6083 bytes in 7 msecs (HTTP/1.1 200) 4 headers in 158 bytes (1 switches on core 0)
Jun 03 01:50:16.116043 np0000002003 devstack@g-api.service[98869]: DEBUG dbcounter [-] [98869] Writing DB stats glance:SELECT=12,glance:INSERT=1,glance:UPDATE=1 {{(pid=98869) stat_writer /opt/stack/data/venv/lib/python3.12/site-packages/dbcounter.py:115}}
Jun 03 01:50:18.128051 np0000002003 devstack@g-api.service[98868]: DEBUG glance.api.middleware.version_negotiation [None req-87f176c4-a655-4326-adc8-4127c11f738b tempest-TaggedAttachmentsTest-1527475573 tempest-TaggedAttachmentsTest-1527475573-project-member] Determining version of request: GET /v2/images/ee09a3b9-e822-4584-a08f-24ff6b8f785f Accept: */* {{(pid=98868) process_request /opt/stack/glance/glance/api/middleware/version_negotiation.py:44}}
Jun 03 01:50:18.128051 np0000002003 devstack@g-api.service[98868]: DEBUG glance.api.middleware.version_negotiation [None req-87f176c4-a655-4326-adc8-4127c11f738b tempest-TaggedAttachmentsTest-1527475573 tempest-TaggedAttachmentsTest-1527475573-project-member] Using url versioning {{(pid=98868) process_request /opt/stack/glance/glance/api/middleware/version_negotiation.py:57}}
Jun 03 01:50:18.128051 np0000002003 devstack@g-api.service[98868]: DEBUG glance.api.middleware.version_negotiation [None req-87f176c4-a655-4326-adc8-4127c11f738b tempest-TaggedAttachmentsTest-1527475573 tempest-TaggedAttachmentsTest-1527475573-project-member] Matched version: v2 {{(pid=98868) process_request /opt/stack/glance/glance/api/middleware/version_negotiation.py:69}}
Jun 03 01:50:18.128051 np0000002003 devstack@g-api.service[98868]: DEBUG glance.api.middleware.version_negotiation [None req-87f176c4-a655-4326-adc8-4127c11f738b tempest-TaggedAttachmentsTest-1527475573 tempest-TaggedAttachmentsTest-1527475573-project-member] new path /v2/images/ee09a3b9-e822-4584-a08f-24ff6b8f785f {{(pid=98868) process_request /opt/stack/glance/glance/api/middleware/version_negotiation.py:70}}
Jun 03 01:50:18.147573 np0000002003 devstack@g-api.service[98868]: [pid: 98868|app: 0|req: 27/55] 127.0.0.1 () {44 vars in 1115 bytes} [Wed Jun 3 01:50:18 2026] GET /v2/images/ee09a3b9-e822-4584-a08f-24ff6b8f785f => generated 1044 bytes in 23 msecs (HTTP/1.1 200) 4 headers in 158 bytes (1 switches on core 0)
Jun 03 01:50:18.182973 np0000002003 devstack@g-api.service[98869]: DEBUG glance.api.middleware.version_negotiation [None req-87f176c4-a655-4326-adc8-4127c11f738b tempest-TaggedAttachmentsTest-1527475573 tempest-TaggedAttachmentsTest-1527475573-project-member] Determining version of request: GET /v2/schemas/image Accept: */* {{(pid=98869) process_request /opt/stack/glance/glance/api/middleware/version_negotiation.py:44}}
Jun 03 01:50:18.183433 np0000002003 devstack@g-api.service[98869]: DEBUG glance.api.middleware.version_negotiation [None req-87f176c4-a655-4326-adc8-4127c11f738b tempest-TaggedAttachmentsTest-1527475573 tempest-TaggedAttachmentsTest-1527475573-project-member] Using url versioning {{(pid=98869) process_request /opt/stack/glance/glance/api/middleware/version_negotiation.py:57}}
Jun 03 01:50:18.183433 np0000002003 devstack@g-api.service[98869]: DEBUG glance.api.middleware.version_negotiation [None req-87f176c4-a655-4326-adc8-4127c11f738b tempest-TaggedAttachmentsTest-1527475573 tempest-TaggedAttachmentsTest-1527475573-project-member] Matched version: v2 {{(pid=98869) process_request /opt/stack/glance/glance/api/middleware/version_negotiation.py:69}}
Jun 03 01:50:18.183497 np0000002003 devstack@g-api.service[98869]: DEBUG glance.api.middleware.version_negotiation [None req-87f176c4-a655-4326-adc8-4127c11f738b tempest-TaggedAttachmentsTest-1527475573 tempest-TaggedAttachmentsTest-1527475573-project-member] new path /v2/schemas/image {{(pid=98869) process_request /opt/stack/glance/glance/api/middleware/version_negotiation.py:70}}
Jun 03 01:50:18.186616 np0000002003 devstack@g-api.service[98869]: [pid: 98869|app: 0|req: 29/56] 127.0.0.1 () {44 vars in 1055 bytes} [Wed Jun 3 01:50:18 2026] GET /v2/schemas/image => generated 6083 bytes in 4 msecs (HTTP/1.1 200) 4 headers in 158 bytes (1 switches on core 0)
Jun 03 01:50:20.936518 np0000002003 devstack@g-api.service[98868]: DEBUG glance.api.middleware.version_negotiation [None req-e063c6a7-b720-4420-87fe-40e99a1cefa5 tempest-VolumesAssistedSnapshotsTest-1678546966 tempest-VolumesAssistedSnapshotsTest-1678546966-project-member] Determining version of request: GET /v2/images/ee09a3b9-e822-4584-a08f-24ff6b8f785f Accept: */* {{(pid=98868) process_request /opt/stack/glance/glance/api/middleware/version_negotiation.py:44}}
Jun 03 01:50:20.937046 np0000002003 devstack@g-api.service[98868]: DEBUG glance.api.middleware.version_negotiation [None req-e063c6a7-b720-4420-87fe-40e99a1cefa5 tempest-VolumesAssistedSnapshotsTest-1678546966 tempest-VolumesAssistedSnapshotsTest-1678546966-project-member] Using url versioning {{(pid=98868) process_request /opt/stack/glance/glance/api/middleware/version_negotiation.py:57}}
Jun 03 01:50:20.937046 np0000002003 devstack@g-api.service[98868]: DEBUG glance.api.middleware.version_negotiation [None req-e063c6a7-b720-4420-87fe-40e99a1cefa5 tempest-VolumesAssistedSnapshotsTest-1678546966 tempest-VolumesAssistedSnapshotsTest-1678546966-project-member] Matched version: v2 {{(pid=98868) process_request /opt/stack/glance/glance/api/middleware/version_negotiation.py:69}}
Jun 03 01:50:20.937046 np0000002003 devstack@g-api.service[98868]: DEBUG glance.api.middleware.version_negotiation [None req-e063c6a7-b720-4420-87fe-40e99a1cefa5 tempest-VolumesAssistedSnapshotsTest-1678546966 tempest-VolumesAssistedSnapshotsTest-1678546966-project-member] new path /v2/images/ee09a3b9-e822-4584-a08f-24ff6b8f785f {{(pid=98868) process_request /opt/stack/glance/glance/api/middleware/version_negotiation.py:70}}
Jun 03 01:50:20.952205 np0000002003 devstack@g-api.service[98868]: [pid: 98868|app: 0|req: 28/57] 127.0.0.1 () {44 vars in 1115 bytes} [Wed Jun 3 01:50:20 2026] GET /v2/images/ee09a3b9-e822-4584-a08f-24ff6b8f785f => generated 1044 bytes in 14 msecs (HTTP/1.1 200) 4 headers in 158 bytes (1 switches on core 0)
Jun 03 01:50:20.996983 np0000002003 devstack@g-api.service[98869]: DEBUG glance.api.middleware.version_negotiation [None req-e063c6a7-b720-4420-87fe-40e99a1cefa5 tempest-VolumesAssistedSnapshotsTest-1678546966 tempest-VolumesAssistedSnapshotsTest-1678546966-project-member] Determining version of request: GET /v2/schemas/image Accept: */* {{(pid=98869) process_request /opt/stack/glance/glance/api/middleware/version_negotiation.py:44}}
Jun 03 01:50:20.997485 np0000002003 devstack@g-api.service[98869]: DEBUG glance.api.middleware.version_negotiation [None req-e063c6a7-b720-4420-87fe-40e99a1cefa5 tempest-VolumesAssistedSnapshotsTest-1678546966 tempest-VolumesAssistedSnapshotsTest-1678546966-project-member] Using url versioning {{(pid=98869) process_request /opt/stack/glance/glance/api/middleware/version_negotiation.py:57}}
Jun 03 01:50:20.997485 np0000002003 devstack@g-api.service[98869]: DEBUG glance.api.middleware.version_negotiation [None req-e063c6a7-b720-4420-87fe-40e99a1cefa5 tempest-VolumesAssistedSnapshotsTest-1678546966 tempest-VolumesAssistedSnapshotsTest-1678546966-project-member] Matched version: v2 {{(pid=98869) process_request /opt/stack/glance/glance/api/middleware/version_negotiation.py:69}}
Jun 03 01:50:20.997585 np0000002003 devstack@g-api.service[98869]: DEBUG glance.api.middleware.version_negotiation [None req-e063c6a7-b720-4420-87fe-40e99a1cefa5 tempest-VolumesAssistedSnapshotsTest-1678546966 tempest-VolumesAssistedSnapshotsTest-1678546966-project-member] new path /v2/schemas/image {{(pid=98869) process_request /opt/stack/glance/glance/api/middleware/version_negotiation.py:70}}
Jun 03 01:50:20.999962 np0000002003 devstack@g-api.service[98869]: [pid: 98869|app: 0|req: 30/58] 127.0.0.1 () {44 vars in 1055 bytes} [Wed Jun 3 01:50:20 2026] GET /v2/schemas/image => generated 6083 bytes in 3 msecs (HTTP/1.1 200) 4 headers in 158 bytes (1 switches on core 0)
Jun 03 01:50:27.917873 np0000002003 devstack@g-api.service[98868]: DEBUG glance.api.middleware.version_negotiation [None req-2eda2031-bb0f-4e3c-879b-d91776893e78 tempest-TaggedBootDevicesTest-317049680 tempest-TaggedBootDevicesTest-317049680-project-member] Determining version of request: POST /v2/images Accept: application/json {{(pid=98868) process_request /opt/stack/glance/glance/api/middleware/version_negotiation.py:44}}
Jun 03 01:50:27.917873 np0000002003 devstack@g-api.service[98868]: DEBUG glance.api.middleware.version_negotiation [None req-2eda2031-bb0f-4e3c-879b-d91776893e78 tempest-TaggedBootDevicesTest-317049680 tempest-TaggedBootDevicesTest-317049680-project-member] Using url versioning {{(pid=98868) process_request /opt/stack/glance/glance/api/middleware/version_negotiation.py:57}}
Jun 03 01:50:27.917873 np0000002003 devstack@g-api.service[98868]: DEBUG glance.api.middleware.version_negotiation [None req-2eda2031-bb0f-4e3c-879b-d91776893e78 tempest-TaggedBootDevicesTest-317049680 tempest-TaggedBootDevicesTest-317049680-project-member] Matched version: v2 {{(pid=98868) process_request /opt/stack/glance/glance/api/middleware/version_negotiation.py:69}}
Jun 03 01:50:27.917873 np0000002003 devstack@g-api.service[98868]: DEBUG glance.api.middleware.version_negotiation [None req-2eda2031-bb0f-4e3c-879b-d91776893e78 tempest-TaggedBootDevicesTest-317049680 tempest-TaggedBootDevicesTest-317049680-project-member] new path /v2/images {{(pid=98868) process_request /opt/stack/glance/glance/api/middleware/version_negotiation.py:70}}
Jun 03 01:50:28.948078 np0000002003 devstack@g-api.service[98868]: [pid: 98868|app: 0|req: 29/59] 127.0.0.1 () {42 vars in 786 bytes} [Wed Jun 3 01:50:27 2026] POST /v2/images => generated 648 bytes in 1031 msecs (HTTP/1.1 201) 6 headers in 315 bytes (1 switches on core 0)
Jun 03 01:50:28.956821 np0000002003 devstack@g-api.service[98869]: DEBUG glance.api.middleware.version_negotiation [None req-2eda2031-bb0f-4e3c-879b-d91776893e78 tempest-TaggedBootDevicesTest-317049680 tempest-TaggedBootDevicesTest-317049680-project-member] Determining version of request: PUT /v2/images/97a2bc66-04a4-41ec-9d2b-e61daa622346/file Accept: {{(pid=98869) process_request /opt/stack/glance/glance/api/middleware/version_negotiation.py:44}}
Jun 03 01:50:28.957345 np0000002003 devstack@g-api.service[98869]: DEBUG glance.api.middleware.version_negotiation [None req-2eda2031-bb0f-4e3c-879b-d91776893e78 tempest-TaggedBootDevicesTest-317049680 tempest-TaggedBootDevicesTest-317049680-project-member] Using url versioning {{(pid=98869) process_request /opt/stack/glance/glance/api/middleware/version_negotiation.py:57}}
Jun 03 01:50:28.957345 np0000002003 devstack@g-api.service[98869]: DEBUG glance.api.middleware.version_negotiation [None req-2eda2031-bb0f-4e3c-879b-d91776893e78 tempest-TaggedBootDevicesTest-317049680 tempest-TaggedBootDevicesTest-317049680-project-member] Matched version: v2 {{(pid=98869) process_request /opt/stack/glance/glance/api/middleware/version_negotiation.py:69}}
Jun 03 01:50:28.957345 np0000002003 devstack@g-api.service[98869]: DEBUG glance.api.middleware.version_negotiation [None req-2eda2031-bb0f-4e3c-879b-d91776893e78 tempest-TaggedBootDevicesTest-317049680 tempest-TaggedBootDevicesTest-317049680-project-member] new path /v2/images/97a2bc66-04a4-41ec-9d2b-e61daa622346/file {{(pid=98869) process_request /opt/stack/glance/glance/api/middleware/version_negotiation.py:70}}
Jun 03 01:50:29.582767 np0000002003 devstack@g-api.service[98869]: INFO glance.api.v2.image_data [None req-9b9ad0bb-64eb-47a9-8b88-6926e8625369 tempest-ImageDependencyTests-727759955 tempest-ImageDependencyTests-727759955-project-member] Unable to create trust: no such option collect_timing in group [keystone_authtoken] Use the existing user token.
Jun 03 01:50:30.214381 np0000002003 devstack@g-api.service[98869]: DEBUG glance.location [None req-9b9ad0bb-64eb-47a9-8b88-6926e8625369 tempest-ImageDependencyTests-727759955 tempest-ImageDependencyTests-727759955-project-member] Enabling in-flight format inspection for raw {{(pid=98869) set_data /opt/stack/glance/glance/location.py:616}}
Jun 03 01:50:30.214916 np0000002003 devstack@g-api.service[98869]: DEBUG glance_store.backend [None req-9b9ad0bb-64eb-47a9-8b88-6926e8625369 tempest-ImageDependencyTests-727759955 tempest-ImageDependencyTests-727759955-project-member] Attempting to import store swift {{(pid=98869) _load_store /opt/stack/data/venv/lib/python3.12/site-packages/glance_store/backend.py:215}}
Jun 03 01:50:30.216895 np0000002003 devstack@g-api.service[98869]: DEBUG glance_store.capabilities [None req-9b9ad0bb-64eb-47a9-8b88-6926e8625369 tempest-ImageDependencyTests-727759955 tempest-ImageDependencyTests-727759955-project-member] Store glance_store._drivers.swift.store.SingleTenantStore doesn't support updating dynamic storage capabilities. Please overwrite 'update_capabilities' method of the store to implement updating logics if needed. {{(pid=98869) update_capabilities /opt/stack/data/venv/lib/python3.12/site-packages/glance_store/capabilities.py:91}}
Jun 03 01:50:30.217046 np0000002003 devstack@g-api.service[98869]: DEBUG glance_store.driver [None req-9b9ad0bb-64eb-47a9-8b88-6926e8625369 tempest-ImageDependencyTests-727759955 tempest-ImageDependencyTests-727759955-project-member] Late loading location class glance_store._drivers.swift.store.StoreLocation {{(pid=98869) get_store_location_class /opt/stack/data/venv/lib/python3.12/site-packages/glance_store/driver.py:134}}
Jun 03 01:50:30.217904 np0000002003 devstack@g-api.service[98869]: DEBUG glance_store.location [None req-9b9ad0bb-64eb-47a9-8b88-6926e8625369 tempest-ImageDependencyTests-727759955 tempest-ImageDependencyTests-727759955-project-member] Registering scheme swift+https with {'store': , 'location_class': , 'store_entry': 'swift'} {{(pid=98869) register_scheme_map /opt/stack/data/venv/lib/python3.12/site-packages/glance_store/location.py:146}}
Jun 03 01:50:30.217904 np0000002003 devstack@g-api.service[98869]: DEBUG glance_store.location [None req-9b9ad0bb-64eb-47a9-8b88-6926e8625369 tempest-ImageDependencyTests-727759955 tempest-ImageDependencyTests-727759955-project-member] Registering scheme swift+https with {'store': , 'location_class': , 'store_entry': 'swift'} {{(pid=98869) register_scheme_map /opt/stack/data/venv/lib/python3.12/site-packages/glance_store/location.py:146}}
Jun 03 01:50:30.218265 np0000002003 devstack@g-api.service[98869]: DEBUG glance_store.location [None req-9b9ad0bb-64eb-47a9-8b88-6926e8625369 tempest-ImageDependencyTests-727759955 tempest-ImageDependencyTests-727759955-project-member] Registering scheme swift with {'store': , 'location_class': , 'store_entry': 'swift'} {{(pid=98869) register_scheme_map /opt/stack/data/venv/lib/python3.12/site-packages/glance_store/location.py:146}}
Jun 03 01:50:30.218265 np0000002003 devstack@g-api.service[98869]: DEBUG glance_store.location [None req-9b9ad0bb-64eb-47a9-8b88-6926e8625369 tempest-ImageDependencyTests-727759955 tempest-ImageDependencyTests-727759955-project-member] Registering scheme swift+https with {'store': , 'location_class': , 'store_entry': 'swift'} {{(pid=98869) register_scheme_map /opt/stack/data/venv/lib/python3.12/site-packages/glance_store/location.py:146}}
Jun 03 01:50:30.218436 np0000002003 devstack@g-api.service[98869]: DEBUG glance_store.location [None req-9b9ad0bb-64eb-47a9-8b88-6926e8625369 tempest-ImageDependencyTests-727759955 tempest-ImageDependencyTests-727759955-project-member] Registering scheme swift with {'store': , 'location_class': , 'store_entry': 'swift'} {{(pid=98869) register_scheme_map /opt/stack/data/venv/lib/python3.12/site-packages/glance_store/location.py:146}}
Jun 03 01:50:30.219318 np0000002003 devstack@g-api.service[98869]: DEBUG glance_store.location [None req-9b9ad0bb-64eb-47a9-8b88-6926e8625369 tempest-ImageDependencyTests-727759955 tempest-ImageDependencyTests-727759955-project-member] Registering scheme swift+http with {'store': , 'location_class': , 'store_entry': 'swift'} {{(pid=98869) register_scheme_map /opt/stack/data/venv/lib/python3.12/site-packages/glance_store/location.py:146}}
Jun 03 01:50:30.219510 np0000002003 devstack@g-api.service[98869]: DEBUG glance_store.location [None req-9b9ad0bb-64eb-47a9-8b88-6926e8625369 tempest-ImageDependencyTests-727759955 tempest-ImageDependencyTests-727759955-project-member] Registering scheme swift+https with {'store': , 'location_class': , 'store_entry': 'swift'} {{(pid=98869) register_scheme_map /opt/stack/data/venv/lib/python3.12/site-packages/glance_store/location.py:146}}
Jun 03 01:50:30.219563 np0000002003 devstack@g-api.service[98869]: DEBUG glance_store.location [None req-9b9ad0bb-64eb-47a9-8b88-6926e8625369 tempest-ImageDependencyTests-727759955 tempest-ImageDependencyTests-727759955-project-member] Registering scheme swift with {'store': , 'location_class': , 'store_entry': 'swift'} {{(pid=98869) register_scheme_map /opt/stack/data/venv/lib/python3.12/site-packages/glance_store/location.py:146}}
Jun 03 01:50:30.219638 np0000002003 devstack@g-api.service[98869]: DEBUG glance_store.location [None req-9b9ad0bb-64eb-47a9-8b88-6926e8625369 tempest-ImageDependencyTests-727759955 tempest-ImageDependencyTests-727759955-project-member] Registering scheme swift+http with {'store': , 'location_class': , 'store_entry': 'swift'} {{(pid=98869) register_scheme_map /opt/stack/data/venv/lib/python3.12/site-packages/glance_store/location.py:146}}
Jun 03 01:50:30.219731 np0000002003 devstack@g-api.service[98869]: DEBUG glance_store.location [None req-9b9ad0bb-64eb-47a9-8b88-6926e8625369 tempest-ImageDependencyTests-727759955 tempest-ImageDependencyTests-727759955-project-member] Registering scheme swift+config with {'store': , 'location_class': , 'store_entry': 'swift'} {{(pid=98869) register_scheme_map /opt/stack/data/venv/lib/python3.12/site-packages/glance_store/location.py:146}}
Jun 03 01:50:30.662574 np0000002003 devstack@g-api.service[98869]: DEBUG swiftclient [None req-9b9ad0bb-64eb-47a9-8b88-6926e8625369 tempest-ImageDependencyTests-727759955 tempest-ImageDependencyTests-727759955-project-member] REQ: curl -i https://10.4.3.130:8080/v1/AUTH_46d460079b1f4ea9bd6d87098b69af48/glance -I -H "X-Auth-Token: gAAAAABqH4hmSKJK..." {{(pid=98869) http_log /opt/stack/data/venv/lib/python3.12/site-packages/swiftclient/client.py:160}}
Jun 03 01:50:30.664221 np0000002003 devstack@g-api.service[98869]: DEBUG swiftclient [None req-9b9ad0bb-64eb-47a9-8b88-6926e8625369 tempest-ImageDependencyTests-727759955 tempest-ImageDependencyTests-727759955-project-member] RESP STATUS: 204 No Content {{(pid=98869) http_log /opt/stack/data/venv/lib/python3.12/site-packages/swiftclient/client.py:161}}
Jun 03 01:50:30.664488 np0000002003 devstack@g-api.service[98869]: DEBUG swiftclient [None req-9b9ad0bb-64eb-47a9-8b88-6926e8625369 tempest-ImageDependencyTests-727759955 tempest-ImageDependencyTests-727759955-project-member] RESP HEADERS: {'Date': 'Wed, 03 Jun 2026 01:50:30 GMT', 'Server': 'Apache/2.4.58 (Ubuntu)', 'Content-Type': 'text/plain; charset=utf-8', 'X-Container-Object-Count': '3', 'X-Container-Bytes-Used': '64356352', 'X-Timestamp': '1780451256.87288', 'Last-Modified': 'Wed, 03 Jun 2026 01:47:37 GMT', 'Accept-Ranges': 'bytes', 'X-Storage-Policy': 'Policy-0', 'X-Container-Sharding': 'False', 'Vary': 'Accept', 'X-Trans-Id': 'tx9354283b8aec41cdaf765-006a1f8866', 'X-Openstack-Request-Id': 'tx9354283b8aec41cdaf765-006a1f8866', 'Connection': 'close'} {{(pid=98869) http_log /opt/stack/data/venv/lib/python3.12/site-packages/swiftclient/client.py:162}}
Jun 03 01:50:30.664712 np0000002003 devstack@g-api.service[98869]: DEBUG glance_store._drivers.swift.store [None req-9b9ad0bb-64eb-47a9-8b88-6926e8625369 tempest-ImageDependencyTests-727759955 tempest-ImageDependencyTests-727759955-project-member] Adding image object '97a2bc66-04a4-41ec-9d2b-e61daa622346' to Swift {{(pid=98869) add /opt/stack/data/venv/lib/python3.12/site-packages/glance_store/_drivers/swift/store.py:970}}
Jun 03 01:50:30.676112 np0000002003 devstack@g-api.service[98869]: DEBUG oslo_utils.imageutils.format_inspector [None req-9b9ad0bb-64eb-47a9-8b88-6926e8625369 tempest-ImageDependencyTests-727759955 tempest-ImageDependencyTests-727759955-project-member] Format inspector for vmdk does not match, excluding from consideration (Signature KDMV not found: b'\xf6\x9a=d') {{(pid=98869) _process_chunk /opt/stack/data/venv/lib/python3.12/site-packages/oslo_utils/imageutils/format_inspector.py:1758}}
Jun 03 01:50:30.726113 np0000002003 devstack@g-api.service[98869]: DEBUG swiftclient [None req-9b9ad0bb-64eb-47a9-8b88-6926e8625369 tempest-ImageDependencyTests-727759955 tempest-ImageDependencyTests-727759955-project-member] REQ: curl -i https://10.4.3.130:8080/v1/AUTH_46d460079b1f4ea9bd6d87098b69af48/glance/97a2bc66-04a4-41ec-9d2b-e61daa622346 -X PUT -H "X-Auth-Token: gAAAAABqH4hmSKJK..." -H "Content-Length: 1024" {{(pid=98869) http_log /opt/stack/data/venv/lib/python3.12/site-packages/swiftclient/client.py:160}}
Jun 03 01:50:30.726113 np0000002003 devstack@g-api.service[98869]: DEBUG swiftclient [None req-9b9ad0bb-64eb-47a9-8b88-6926e8625369 tempest-ImageDependencyTests-727759955 tempest-ImageDependencyTests-727759955-project-member] RESP STATUS: 201 Created {{(pid=98869) http_log /opt/stack/data/venv/lib/python3.12/site-packages/swiftclient/client.py:161}}
