Aug 21 17:49:48.521472 np0000007925 devstack@g-api.service[100048]: DEBUG glance_store.capabilities [-] Store glance_store._drivers.swift.store.SingleTenantStore doesn't support updating dynamic storage capabilities. Please overwrite 'update_capabilities' method of the store to implement updating logics if needed. {{(pid=100048) update_capabilities /opt/stack/data/venv/lib/python3.12/site-packages/glance_store/capabilities.py:91}}
Aug 21 17:49:48.521514 np0000007925 devstack@g-api.service[100049]: DEBUG glance_store.driver [-] Late loading location class glance_store._drivers.swift.store.StoreLocation {{(pid=100049) get_store_location_class /opt/stack/data/venv/lib/python3.12/site-packages/glance_store/driver.py:134}}
Aug 21 17:49:48.521555 np0000007925 devstack@g-api.service[100048]: DEBUG glance_store.driver [-] Late loading location class glance_store._drivers.swift.store.StoreLocation {{(pid=100048) get_store_location_class /opt/stack/data/venv/lib/python3.12/site-packages/glance_store/driver.py:134}}
Aug 21 17:49:48.521595 np0000007925 devstack@g-api.service[100047]: DEBUG glance.sqlite_migration [-] SQLite caching database not located, skipping migration {{(pid=100047) get_db_path /opt/stack/glance/glance/sqlite_migration.py:68}}
Aug 21 17:49:48.521640 np0000007925 devstack@g-api.service[100049]: DEBUG glance_store.location [-] Registering scheme swift+https with {'store': , 'location_class': , 'store_entry': 'swift'} {{(pid=100049) register_scheme_map /opt/stack/data/venv/lib/python3.12/site-packages/glance_store/location.py:146}}
Aug 21 17:49:48.521683 np0000007925 devstack@g-api.service[100048]: DEBUG glance_store.location [-] Registering scheme swift+https with {'store': , 'location_class': , 'store_entry': 'swift'} {{(pid=100048) register_scheme_map /opt/stack/data/venv/lib/python3.12/site-packages/glance_store/location.py:146}}
Aug 21 17:49:48.521723 np0000007925 devstack@g-api.service[100049]: DEBUG glance_store.location [-] Registering scheme swift+https with {'store': , 'location_class': , 'store_entry': 'swift'} {{(pid=100049) register_scheme_map /opt/stack/data/venv/lib/python3.12/site-packages/glance_store/location.py:146}}
Aug 21 17:49:48.521759 np0000007925 devstack@g-api.service[100048]: DEBUG glance_store.location [-] Registering scheme swift+https with {'store': , 'location_class': , 'store_entry': 'swift'} {{(pid=100048) register_scheme_map /opt/stack/data/venv/lib/python3.12/site-packages/glance_store/location.py:146}}
Aug 21 17:49:48.521794 np0000007925 devstack@g-api.service[100049]: DEBUG glance_store.location [-] Registering scheme swift with {'store': , 'location_class': , 'store_entry': 'swift'} {{(pid=100049) register_scheme_map /opt/stack/data/venv/lib/python3.12/site-packages/glance_store/location.py:146}}
Aug 21 17:49:48.521829 np0000007925 devstack@g-api.service[100048]: DEBUG glance_store.location [-] Registering scheme swift with {'store': , 'location_class': , 'store_entry': 'swift'} {{(pid=100048) register_scheme_map /opt/stack/data/venv/lib/python3.12/site-packages/glance_store/location.py:146}}
Aug 21 17:49:48.521876 np0000007925 devstack@g-api.service[100049]: DEBUG glance_store.location [-] Registering scheme swift+https with {'store': , 'location_class': , 'store_entry': 'swift'} {{(pid=100049) register_scheme_map /opt/stack/data/venv/lib/python3.12/site-packages/glance_store/location.py:146}}
Aug 21 17:49:48.521933 np0000007925 devstack@g-api.service[100048]: DEBUG glance_store.location [-] Registering scheme swift+https with {'store': , 'location_class': , 'store_entry': 'swift'} {{(pid=100048) register_scheme_map /opt/stack/data/venv/lib/python3.12/site-packages/glance_store/location.py:146}}
Aug 21 17:49:48.521976 np0000007925 devstack@g-api.service[100049]: DEBUG glance_store.location [-] Registering scheme swift with {'store': , 'location_class': , 'store_entry': 'swift'} {{(pid=100049) register_scheme_map /opt/stack/data/venv/lib/python3.12/site-packages/glance_store/location.py:146}}
Aug 21 17:49:48.522015 np0000007925 devstack@g-api.service[100047]: WARNING glance.common.wsgi_app [-] Import methods are enabled but staging directory /tmp/staging/ does not exist; Imports will fail!
Aug 21 17:49:48.522053 np0000007925 devstack@g-api.service[100048]: DEBUG glance_store.location [-] Registering scheme swift with {'store': , 'location_class': , 'store_entry': 'swift'} {{(pid=100048) register_scheme_map /opt/stack/data/venv/lib/python3.12/site-packages/glance_store/location.py:146}}
Aug 21 17:49:48.522101 np0000007925 devstack@g-api.service[100049]: DEBUG glance_store.location [-] Registering scheme swift+http with {'store': , 'location_class': , 'store_entry': 'swift'} {{(pid=100049) register_scheme_map /opt/stack/data/venv/lib/python3.12/site-packages/glance_store/location.py:146}}
Aug 21 17:49:48.522139 np0000007925 devstack@g-api.service[100048]: DEBUG glance_store.location [-] Registering scheme swift+http with {'store': , 'location_class': , 'store_entry': 'swift'} {{(pid=100048) register_scheme_map /opt/stack/data/venv/lib/python3.12/site-packages/glance_store/location.py:146}}
Aug 21 17:49:48.522139 np0000007925 devstack@g-api.service[100048]: DEBUG glance_store.location [-] Registering scheme swift+https with {'store': , 'location_class': , 'store_entry': 'swift'} {{(pid=100048) register_scheme_map /opt/stack/data/venv/lib/python3.12/site-packages/glance_store/location.py:146}}
Aug 21 17:49:48.522208 np0000007925 devstack@g-api.service[100049]: DEBUG glance_store.location [-] Registering scheme swift+https with {'store': , 'location_class': , 'store_entry': 'swift'} {{(pid=100049) register_scheme_map /opt/stack/data/venv/lib/python3.12/site-packages/glance_store/location.py:146}}
Aug 21 17:49:48.522247 np0000007925 devstack@g-api.service[100048]: DEBUG glance_store.location [-] Registering scheme swift with {'store': , 'location_class': , 'store_entry': 'swift'} {{(pid=100048) register_scheme_map /opt/stack/data/venv/lib/python3.12/site-packages/glance_store/location.py:146}}
Aug 21 17:49:48.522286 np0000007925 devstack@g-api.service[100049]: DEBUG glance_store.location [-] Registering scheme swift with {'store': , 'location_class': , 'store_entry': 'swift'} {{(pid=100049) register_scheme_map /opt/stack/data/venv/lib/python3.12/site-packages/glance_store/location.py:146}}
Aug 21 17:49:48.522327 np0000007925 devstack@g-api.service[100048]: DEBUG glance_store.location [-] Registering scheme swift+http with {'store': , 'location_class': , 'store_entry': 'swift'} {{(pid=100048) register_scheme_map /opt/stack/data/venv/lib/python3.12/site-packages/glance_store/location.py:146}}
Aug 21 17:49:48.522366 np0000007925 devstack@g-api.service[100049]: DEBUG glance_store.location [-] Registering scheme swift+http with {'store': , 'location_class': , 'store_entry': 'swift'} {{(pid=100049) register_scheme_map /opt/stack/data/venv/lib/python3.12/site-packages/glance_store/location.py:146}}
Aug 21 17:49:48.522405 np0000007925 devstack@g-api.service[100048]: DEBUG glance_store.location [-] Registering scheme swift+config with {'store': , 'location_class': , 'store_entry': 'swift'} {{(pid=100048) register_scheme_map /opt/stack/data/venv/lib/python3.12/site-packages/glance_store/location.py:146}}
Aug 21 17:49:48.522461 np0000007925 devstack@g-api.service[100049]: DEBUG glance_store.location [-] Registering scheme swift+config with {'store': , 'location_class': , 'store_entry': 'swift'} {{(pid=100049) register_scheme_map /opt/stack/data/venv/lib/python3.12/site-packages/glance_store/location.py:146}}
Aug 21 17:49:48.522504 np0000007925 devstack@g-api.service[100048]: DEBUG glance.sqlite_migration [-] SQLite caching database not located, skipping migration {{(pid=100048) get_db_path /opt/stack/glance/glance/sqlite_migration.py:68}}
Aug 21 17:49:48.522544 np0000007925 devstack@g-api.service[100049]: DEBUG glance.sqlite_migration [-] SQLite caching database not located, skipping migration {{(pid=100049) get_db_path /opt/stack/glance/glance/sqlite_migration.py:68}}
Aug 21 17:49:48.522597 np0000007925 devstack@g-api.service[100048]: WARNING glance.common.wsgi_app [-] Import methods are enabled but staging directory /tmp/staging/ does not exist; Imports will fail!
Aug 21 17:49:48.522638 np0000007925 devstack@g-api.service[100049]: WARNING glance.common.wsgi_app [-] Import methods are enabled but staging directory /tmp/staging/ does not exist; Imports will fail!
Aug 21 17:49:48.642550 np0000007925 devstack@g-api.service[100047]: DEBUG glance.common.config [None req-b3028adf-5db2-41ca-b16a-75a2bfe8ded0 None None] Loading glance-api-keystone+cachemanagement from /etc/glance/glance-api-paste.ini {{(pid=100047) load_paste_app /opt/stack/glance/glance/common/config.py:772}}
Aug 21 17:49:48.653509 np0000007925 devstack@g-api.service[100048]: DEBUG glance.common.config [None req-cc5f173e-ecc2-46a2-896e-93e5cb3ef67d None None] Loading glance-api-keystone+cachemanagement from /etc/glance/glance-api-paste.ini {{(pid=100048) load_paste_app /opt/stack/glance/glance/common/config.py:772}}
Aug 21 17:49:48.655865 np0000007925 devstack@g-api.service[100049]: DEBUG glance.common.config [None req-51040860-ae8d-47b2-bf3d-9abf6d426be7 None None] Loading glance-api-keystone+cachemanagement from /etc/glance/glance-api-paste.ini {{(pid=100049) load_paste_app /opt/stack/glance/glance/common/config.py:772}}
Aug 21 17:49:49.212669 np0000007925 devstack@g-api.service[100048]: INFO glance.image_cache [None req-cc5f173e-ecc2-46a2-896e-93e5cb3ef67d None None] Image cache loaded driver 'centralized_db'.
Aug 21 17:49:49.218427 np0000007925 devstack@g-api.service[100047]: INFO glance.image_cache [None req-b3028adf-5db2-41ca-b16a-75a2bfe8ded0 None None] Image cache loaded driver 'centralized_db'.
Aug 21 17:49:49.220307 np0000007925 devstack@g-api.service[100049]: INFO glance.image_cache [None req-51040860-ae8d-47b2-bf3d-9abf6d426be7 None None] Image cache loaded driver 'centralized_db'.
Aug 21 17:49:49.258713 np0000007925 devstack@g-api.service[100048]: INFO dbcounter [None req-cc5f173e-ecc2-46a2-896e-93e5cb3ef67d None None] Registered counter for database glance
Aug 21 17:49:49.263581 np0000007925 devstack@g-api.service[100047]: INFO dbcounter [None req-b3028adf-5db2-41ca-b16a-75a2bfe8ded0 None None] Registered counter for database glance
Aug 21 17:49:49.267080 np0000007925 devstack@g-api.service[100049]: INFO dbcounter [None req-51040860-ae8d-47b2-bf3d-9abf6d426be7 None None] Registered counter for database glance
Aug 21 17:49:49.295476 np0000007925 devstack@g-api.service[100048]: DEBUG oslo_db.sqlalchemy.engines [None req-cc5f173e-ecc2-46a2-896e-93e5cb3ef67d None None] MySQL server mode set to STRICT_TRANS_TABLES,STRICT_ALL_TABLES,NO_ZERO_IN_DATE,NO_ZERO_DATE,ERROR_FOR_DIVISION_BY_ZERO,TRADITIONAL,NO_ENGINE_SUBSTITUTION {{(pid=100048) _check_effective_sql_mode /opt/stack/data/venv/lib/python3.12/site-packages/oslo_db/sqlalchemy/engines.py:325}}
Aug 21 17:49:49.302770 np0000007925 devstack@g-api.service[100047]: DEBUG oslo_db.sqlalchemy.engines [None req-b3028adf-5db2-41ca-b16a-75a2bfe8ded0 None None] MySQL server mode set to STRICT_TRANS_TABLES,STRICT_ALL_TABLES,NO_ZERO_IN_DATE,NO_ZERO_DATE,ERROR_FOR_DIVISION_BY_ZERO,TRADITIONAL,NO_ENGINE_SUBSTITUTION {{(pid=100047) _check_effective_sql_mode /opt/stack/data/venv/lib/python3.12/site-packages/oslo_db/sqlalchemy/engines.py:325}}
Aug 21 17:49:49.306128 np0000007925 devstack@g-api.service[100049]: DEBUG oslo_db.sqlalchemy.engines [None req-51040860-ae8d-47b2-bf3d-9abf6d426be7 None None] MySQL server mode set to STRICT_TRANS_TABLES,STRICT_ALL_TABLES,NO_ZERO_IN_DATE,NO_ZERO_DATE,ERROR_FOR_DIVISION_BY_ZERO,TRADITIONAL,NO_ENGINE_SUBSTITUTION {{(pid=100049) _check_effective_sql_mode /opt/stack/data/venv/lib/python3.12/site-packages/oslo_db/sqlalchemy/engines.py:325}}
Aug 21 17:49:49.317574 np0000007925 devstack@g-api.service[100048]: DEBUG dbcounter [-] [100048] Writer thread running {{(pid=100048) stat_writer /opt/stack/data/venv/lib/python3.12/site-packages/dbcounter.py:102}}
Aug 21 17:49:49.323366 np0000007925 devstack@g-api.service[100047]: DEBUG dbcounter [-] [100047] Writer thread running {{(pid=100047) stat_writer /opt/stack/data/venv/lib/python3.12/site-packages/dbcounter.py:102}}
Aug 21 17:49:49.325615 np0000007925 devstack@g-api.service[100047]: DEBUG glance.image_cache.drivers.centralized_db [None req-b3028adf-5db2-41ca-b16a-75a2bfe8ded0 None None] Node reference is already recorded, ignoring it {{(pid=100047) configure /opt/stack/glance/glance/image_cache/drivers/centralized_db.py:71}}
Aug 21 17:49:49.327046 np0000007925 devstack@g-api.service[100049]: DEBUG dbcounter [-] [100049] Writer thread running {{(pid=100049) stat_writer /opt/stack/data/venv/lib/python3.12/site-packages/dbcounter.py:102}}
Aug 21 17:49:49.328935 np0000007925 devstack@g-api.service[100048]: INFO glance.image_cache [None req-cc5f173e-ecc2-46a2-896e-93e5cb3ef67d None None] Image cache loaded driver 'centralized_db'.
Aug 21 17:49:49.329405 np0000007925 devstack@g-api.service[100049]: DEBUG glance.image_cache.drivers.centralized_db [None req-51040860-ae8d-47b2-bf3d-9abf6d426be7 None None] Node reference is already recorded, ignoring it {{(pid=100049) configure /opt/stack/glance/glance/image_cache/drivers/centralized_db.py:71}}
Aug 21 17:49:49.330537 np0000007925 devstack@g-api.service[100047]: INFO glance.image_cache [None req-b3028adf-5db2-41ca-b16a-75a2bfe8ded0 None None] Image cache loaded driver 'centralized_db'.
Aug 21 17:49:49.334337 np0000007925 devstack@g-api.service[100049]: INFO glance.image_cache [None req-51040860-ae8d-47b2-bf3d-9abf6d426be7 None None] Image cache loaded driver 'centralized_db'.
Aug 21 17:49:49.335155 np0000007925 devstack@g-api.service[100048]: DEBUG glance.image_cache.drivers.centralized_db [None req-cc5f173e-ecc2-46a2-896e-93e5cb3ef67d None None] Node reference is already recorded, ignoring it {{(pid=100048) configure /opt/stack/glance/glance/image_cache/drivers/centralized_db.py:71}}
Aug 21 17:49:49.336509 np0000007925 devstack@g-api.service[100047]: DEBUG glance.image_cache.drivers.centralized_db [None req-b3028adf-5db2-41ca-b16a-75a2bfe8ded0 None None] Node reference is already recorded, ignoring it {{(pid=100047) configure /opt/stack/glance/glance/image_cache/drivers/centralized_db.py:71}}
Aug 21 17:49:49.341127 np0000007925 devstack@g-api.service[100048]: DEBUG glance.api.v2.cached_images [None req-cc5f173e-ecc2-46a2-896e-93e5cb3ef67d None None] Started cache worker thread {{(pid=100048) __init__ /opt/stack/glance/glance/api/v2/cached_images.py:71}}
Aug 21 17:49:49.342033 np0000007925 devstack@g-api.service[100048]: INFO glance.image_cache [None req-cc5f173e-ecc2-46a2-896e-93e5cb3ef67d None None] Image cache loaded driver 'centralized_db'.
Aug 21 17:49:49.342096 np0000007925 devstack@g-api.service[100047]: DEBUG glance.api.v2.cached_images [None req-b3028adf-5db2-41ca-b16a-75a2bfe8ded0 None None] Started cache worker thread {{(pid=100047) __init__ /opt/stack/glance/glance/api/v2/cached_images.py:71}}
Aug 21 17:49:49.342776 np0000007925 devstack@g-api.service[100047]: INFO glance.image_cache [None req-b3028adf-5db2-41ca-b16a-75a2bfe8ded0 None None] Image cache loaded driver 'centralized_db'.
Aug 21 17:49:49.344624 np0000007925 devstack@g-api.service[100049]: DEBUG glance.image_cache.drivers.centralized_db [None req-51040860-ae8d-47b2-bf3d-9abf6d426be7 None None] Node reference is already recorded, ignoring it {{(pid=100049) configure /opt/stack/glance/glance/image_cache/drivers/centralized_db.py:71}}
Aug 21 17:49:49.349420 np0000007925 devstack@g-api.service[100049]: DEBUG glance.api.v2.cached_images [None req-51040860-ae8d-47b2-bf3d-9abf6d426be7 None None] Started cache worker thread {{(pid=100049) __init__ /opt/stack/glance/glance/api/v2/cached_images.py:71}}
Aug 21 17:49:49.350075 np0000007925 devstack@g-api.service[100049]: INFO glance.image_cache [None req-51040860-ae8d-47b2-bf3d-9abf6d426be7 None None] Image cache loaded driver 'centralized_db'.
Aug 21 17:49:49.432662 np0000007925 devstack@g-api.service[100048]: DEBUG glance.image_cache.drivers.centralized_db [None req-cc5f173e-ecc2-46a2-896e-93e5cb3ef67d None None] Node reference is already recorded, ignoring it {{(pid=100048) configure /opt/stack/glance/glance/image_cache/drivers/centralized_db.py:71}}
Aug 21 17:49:49.437030 np0000007925 devstack@g-api.service[100048]: INFO glance.api.middleware.cache_manage [None req-cc5f173e-ecc2-46a2-896e-93e5cb3ef67d None None] Initialized image cache management middleware
Aug 21 17:49:49.437176 np0000007925 devstack@g-api.service[100048]: INFO glance.image_cache [None req-cc5f173e-ecc2-46a2-896e-93e5cb3ef67d None None] Image cache loaded driver 'centralized_db'.
Aug 21 17:49:49.437978 np0000007925 devstack@g-api.service[100047]: DEBUG glance.image_cache.drivers.centralized_db [None req-b3028adf-5db2-41ca-b16a-75a2bfe8ded0 None None] Node reference is already recorded, ignoring it {{(pid=100047) configure /opt/stack/glance/glance/image_cache/drivers/centralized_db.py:71}}
Aug 21 17:49:49.442549 np0000007925 devstack@g-api.service[100047]: INFO glance.api.middleware.cache_manage [None req-b3028adf-5db2-41ca-b16a-75a2bfe8ded0 None None] Initialized image cache management middleware
Aug 21 17:49:49.442728 np0000007925 devstack@g-api.service[100047]: INFO glance.image_cache [None req-b3028adf-5db2-41ca-b16a-75a2bfe8ded0 None None] Image cache loaded driver 'centralized_db'.
Aug 21 17:49:49.442964 np0000007925 devstack@g-api.service[100048]: DEBUG glance.image_cache.drivers.centralized_db [None req-cc5f173e-ecc2-46a2-896e-93e5cb3ef67d None None] Node reference is already recorded, ignoring it {{(pid=100048) configure /opt/stack/glance/glance/image_cache/drivers/centralized_db.py:71}}
Aug 21 17:49:49.445227 np0000007925 devstack@g-api.service[100049]: DEBUG glance.image_cache.drivers.centralized_db [None req-51040860-ae8d-47b2-bf3d-9abf6d426be7 None None] Node reference is already recorded, ignoring it {{(pid=100049) configure /opt/stack/glance/glance/image_cache/drivers/centralized_db.py:71}}
Aug 21 17:49:49.446197 np0000007925 devstack@g-api.service[100048]: INFO glance.api.middleware.cache [None req-cc5f173e-ecc2-46a2-896e-93e5cb3ef67d None None] Initialized image cache middleware
Aug 21 17:49:49.449073 np0000007925 devstack@g-api.service[100047]: DEBUG glance.image_cache.drivers.centralized_db [None req-b3028adf-5db2-41ca-b16a-75a2bfe8ded0 None None] Node reference is already recorded, ignoring it {{(pid=100047) configure /opt/stack/glance/glance/image_cache/drivers/centralized_db.py:71}}
Aug 21 17:49:49.450256 np0000007925 devstack@g-api.service[100049]: INFO glance.api.middleware.cache_manage [None req-51040860-ae8d-47b2-bf3d-9abf6d426be7 None None] Initialized image cache management middleware
Aug 21 17:49:49.450390 np0000007925 devstack@g-api.service[100049]: INFO glance.image_cache [None req-51040860-ae8d-47b2-bf3d-9abf6d426be7 None None] Image cache loaded driver 'centralized_db'.
Aug 21 17:49:49.452610 np0000007925 devstack@g-api.service[100047]: INFO glance.api.middleware.cache [None req-b3028adf-5db2-41ca-b16a-75a2bfe8ded0 None None] Initialized image cache middleware
Aug 21 17:49:49.456055 np0000007925 devstack@g-api.service[100048]: DEBUG glance.common.config [None req-cc5f173e-ecc2-46a2-896e-93e5cb3ef67d None None] ******************************************************************************** {{(pid=100048) log_opt_values /opt/stack/data/venv/lib/python3.12/site-packages/oslo_config/cfg.py:3533}}
Aug 21 17:49:49.456152 np0000007925 devstack@g-api.service[100048]: DEBUG glance.common.config [None req-cc5f173e-ecc2-46a2-896e-93e5cb3ef67d None None] Configuration options gathered from: {{(pid=100048) log_opt_values /opt/stack/data/venv/lib/python3.12/site-packages/oslo_config/cfg.py:3534}}
Aug 21 17:49:49.456188 np0000007925 devstack@g-api.service[100049]: DEBUG glance.image_cache.drivers.centralized_db [None req-51040860-ae8d-47b2-bf3d-9abf6d426be7 None None] Node reference is already recorded, ignoring it {{(pid=100049) configure /opt/stack/glance/glance/image_cache/drivers/centralized_db.py:71}}
Aug 21 17:49:49.456436 np0000007925 devstack@g-api.service[100048]: DEBUG glance.common.config [None req-cc5f173e-ecc2-46a2-896e-93e5cb3ef67d None None] command line args: [] {{(pid=100048) log_opt_values /opt/stack/data/venv/lib/python3.12/site-packages/oslo_config/cfg.py:3535}}
Aug 21 17:49:49.456553 np0000007925 devstack@g-api.service[100048]: DEBUG glance.common.config [None req-cc5f173e-ecc2-46a2-896e-93e5cb3ef67d None None] config files: ['/etc/glance/glance-image-import.conf', '/etc/glance/glance-api.conf'] {{(pid=100048) log_opt_values /opt/stack/data/venv/lib/python3.12/site-packages/oslo_config/cfg.py:3536}}
Aug 21 17:49:49.456625 np0000007925 devstack@g-api.service[100048]: DEBUG glance.common.config [None req-cc5f173e-ecc2-46a2-896e-93e5cb3ef67d None None] ================================================================================ {{(pid=100048) log_opt_values /opt/stack/data/venv/lib/python3.12/site-packages/oslo_config/cfg.py:3541}}
Aug 21 17:49:49.456756 np0000007925 devstack@g-api.service[100048]: DEBUG glance.common.config [None req-cc5f173e-ecc2-46a2-896e-93e5cb3ef67d None None] allow_anonymous_access = False {{(pid=100048) log_opt_values /opt/stack/data/venv/lib/python3.12/site-packages/oslo_config/cfg.py:3549}}
Aug 21 17:49:49.456830 np0000007925 devstack@g-api.service[100048]: DEBUG glance.common.config [None req-cc5f173e-ecc2-46a2-896e-93e5cb3ef67d None None] api_limit_max = 1000 {{(pid=100048) log_opt_values /opt/stack/data/venv/lib/python3.12/site-packages/oslo_config/cfg.py:3549}}
Aug 21 17:49:49.456943 np0000007925 devstack@g-api.service[100048]: DEBUG glance.common.config [None req-cc5f173e-ecc2-46a2-896e-93e5cb3ef67d None None] config_dir = [] {{(pid=100048) log_opt_values /opt/stack/data/venv/lib/python3.12/site-packages/oslo_config/cfg.py:3549}}
Aug 21 17:49:49.457019 np0000007925 devstack@g-api.service[100048]: DEBUG glance.common.config [None req-cc5f173e-ecc2-46a2-896e-93e5cb3ef67d None None] config_file = ['/etc/glance/glance-image-import.conf', '/etc/glance/glance-api.conf'] {{(pid=100048) log_opt_values /opt/stack/data/venv/lib/python3.12/site-packages/oslo_config/cfg.py:3549}}
Aug 21 17:49:49.457153 np0000007925 devstack@g-api.service[100048]: DEBUG glance.common.config [None req-cc5f173e-ecc2-46a2-896e-93e5cb3ef67d None None] config_source = [] {{(pid=100048) log_opt_values /opt/stack/data/venv/lib/python3.12/site-packages/oslo_config/cfg.py:3549}}
Aug 21 17:49:49.457301 np0000007925 devstack@g-api.service[100048]: DEBUG glance.common.config [None req-cc5f173e-ecc2-46a2-896e-93e5cb3ef67d None None] control_exchange = glance {{(pid=100048) log_opt_values /opt/stack/data/venv/lib/python3.12/site-packages/oslo_config/cfg.py:3549}}
Aug 21 17:49:49.457388 np0000007925 devstack@g-api.service[100048]: DEBUG glance.common.config [None req-cc5f173e-ecc2-46a2-896e-93e5cb3ef67d None None] debug = True {{(pid=100048) log_opt_values /opt/stack/data/venv/lib/python3.12/site-packages/oslo_config/cfg.py:3549}}
Aug 21 17:49:49.457544 np0000007925 devstack@g-api.service[100048]: DEBUG glance.common.config [None req-cc5f173e-ecc2-46a2-896e-93e5cb3ef67d None None] default_log_levels = ['amqp=WARN', 'boto=WARN', 'sqlalchemy=WARN', 'suds=INFO', 'oslo.messaging=INFO', 'oslo_messaging=INFO', 'iso8601=WARN', 'requests.packages.urllib3.connectionpool=WARN', 'urllib3.connectionpool=WARN', 'websocket=WARN', 'requests.packages.urllib3.util.retry=WARN', 'urllib3.util.retry=WARN', 'keystonemiddleware=WARN', 'routes.middleware=WARN', 'stevedore=WARN', 'taskflow=WARN', 'keystoneauth=WARN', 'oslo.cache=INFO', 'oslo_policy=INFO', 'dogpile.core.dogpile=INFO'] {{(pid=100048) log_opt_values /opt/stack/data/venv/lib/python3.12/site-packages/oslo_config/cfg.py:3549}}
Aug 21 17:49:49.457641 np0000007925 devstack@g-api.service[100048]: DEBUG glance.common.config [None req-cc5f173e-ecc2-46a2-896e-93e5cb3ef67d None None] default_publisher_id = image.localhost {{(pid=100048) log_opt_values /opt/stack/data/venv/lib/python3.12/site-packages/oslo_config/cfg.py:3549}}
Aug 21 17:49:49.457730 np0000007925 devstack@g-api.service[100048]: DEBUG glance.common.config [None req-cc5f173e-ecc2-46a2-896e-93e5cb3ef67d None None] delayed_delete = False {{(pid=100048) log_opt_values /opt/stack/data/venv/lib/python3.12/site-packages/oslo_config/cfg.py:3549}}
Aug 21 17:49:49.457825 np0000007925 devstack@g-api.service[100048]: DEBUG glance.common.config [None req-cc5f173e-ecc2-46a2-896e-93e5cb3ef67d None None] digest_algorithm = sha256 {{(pid=100048) log_opt_values /opt/stack/data/venv/lib/python3.12/site-packages/oslo_config/cfg.py:3549}}
Aug 21 17:49:49.457930 np0000007925 devstack@g-api.service[100048]: DEBUG glance.common.config [None req-cc5f173e-ecc2-46a2-896e-93e5cb3ef67d None None] disabled_notifications = [] {{(pid=100048) log_opt_values /opt/stack/data/venv/lib/python3.12/site-packages/oslo_config/cfg.py:3549}}
Aug 21 17:49:49.458022 np0000007925 devstack@g-api.service[100048]: DEBUG glance.common.config [None req-cc5f173e-ecc2-46a2-896e-93e5cb3ef67d None None] do_secure_hash = True {{(pid=100048) log_opt_values /opt/stack/data/venv/lib/python3.12/site-packages/oslo_config/cfg.py:3549}}
Aug 21 17:49:49.458124 np0000007925 devstack@g-api.service[100048]: DEBUG glance.common.config [None req-cc5f173e-ecc2-46a2-896e-93e5cb3ef67d None None] enabled_backends = None {{(pid=100048) log_opt_values /opt/stack/data/venv/lib/python3.12/site-packages/oslo_config/cfg.py:3549}}
Aug 21 17:49:49.458231 np0000007925 devstack@g-api.service[100048]: DEBUG glance.common.config [None req-cc5f173e-ecc2-46a2-896e-93e5cb3ef67d None None] enabled_import_methods = ['glance-direct', 'web-download', 'copy-image'] {{(pid=100048) log_opt_values /opt/stack/data/venv/lib/python3.12/site-packages/oslo_config/cfg.py:3549}}
Aug 21 17:49:49.458319 np0000007925 devstack@g-api.service[100048]: DEBUG glance.common.config [None req-cc5f173e-ecc2-46a2-896e-93e5cb3ef67d None None] fatal_deprecations = False {{(pid=100048) log_opt_values /opt/stack/data/venv/lib/python3.12/site-packages/oslo_config/cfg.py:3549}}
Aug 21 17:49:49.458412 np0000007925 devstack@g-api.service[100048]: DEBUG glance.common.config [None req-cc5f173e-ecc2-46a2-896e-93e5cb3ef67d None None] hashing_algorithm = sha512 {{(pid=100048) log_opt_values /opt/stack/data/venv/lib/python3.12/site-packages/oslo_config/cfg.py:3549}}
Aug 21 17:49:49.458498 np0000007925 devstack@g-api.service[100048]: DEBUG glance.common.config [None req-cc5f173e-ecc2-46a2-896e-93e5cb3ef67d None None] http_retries = 3 {{(pid=100048) log_opt_values /opt/stack/data/venv/lib/python3.12/site-packages/oslo_config/cfg.py:3549}}
Aug 21 17:49:49.458590 np0000007925 devstack@g-api.service[100048]: DEBUG glance.common.config [None req-cc5f173e-ecc2-46a2-896e-93e5cb3ef67d None None] image_cache_dir = /opt/stack/data/glance/cache/ {{(pid=100048) log_opt_values /opt/stack/data/venv/lib/python3.12/site-packages/oslo_config/cfg.py:3549}}
Aug 21 17:49:49.458684 np0000007925 devstack@g-api.service[100048]: DEBUG glance.common.config [None req-cc5f173e-ecc2-46a2-896e-93e5cb3ef67d None None] image_cache_driver = centralized_db {{(pid=100048) log_opt_values /opt/stack/data/venv/lib/python3.12/site-packages/oslo_config/cfg.py:3549}}
Aug 21 17:49:49.458772 np0000007925 devstack@g-api.service[100048]: DEBUG glance.common.config [None req-cc5f173e-ecc2-46a2-896e-93e5cb3ef67d None None] image_cache_max_size = 10737418240 {{(pid=100048) log_opt_values /opt/stack/data/venv/lib/python3.12/site-packages/oslo_config/cfg.py:3549}}
Aug 21 17:49:49.458863 np0000007925 devstack@g-api.service[100048]: DEBUG glance.common.config [None req-cc5f173e-ecc2-46a2-896e-93e5cb3ef67d None None] image_cache_sqlite_db = cache.db {{(pid=100048) log_opt_values /opt/stack/data/venv/lib/python3.12/site-packages/oslo_config/cfg.py:3549}}
Aug 21 17:49:49.458969 np0000007925 devstack@g-api.service[100048]: DEBUG glance.common.config [None req-cc5f173e-ecc2-46a2-896e-93e5cb3ef67d None None] image_cache_stall_time = 86400 {{(pid=100048) log_opt_values /opt/stack/data/venv/lib/python3.12/site-packages/oslo_config/cfg.py:3549}}
Aug 21 17:49:49.459070 np0000007925 devstack@g-api.service[100048]: DEBUG glance.common.config [None req-cc5f173e-ecc2-46a2-896e-93e5cb3ef67d None None] image_location_quota = 10 {{(pid=100048) log_opt_values /opt/stack/data/venv/lib/python3.12/site-packages/oslo_config/cfg.py:3549}}
Aug 21 17:49:49.459155 np0000007925 devstack@g-api.service[100048]: DEBUG glance.common.config [None req-cc5f173e-ecc2-46a2-896e-93e5cb3ef67d None None] image_member_quota = 128 {{(pid=100048) log_opt_values /opt/stack/data/venv/lib/python3.12/site-packages/oslo_config/cfg.py:3549}}
Aug 21 17:49:49.459242 np0000007925 devstack@g-api.service[100048]: DEBUG glance.common.config [None req-cc5f173e-ecc2-46a2-896e-93e5cb3ef67d None None] image_property_quota = 128 {{(pid=100048) log_opt_values /opt/stack/data/venv/lib/python3.12/site-packages/oslo_config/cfg.py:3549}}
Aug 21 17:49:49.459328 np0000007925 devstack@g-api.service[100048]: DEBUG glance.common.config [None req-cc5f173e-ecc2-46a2-896e-93e5cb3ef67d None None] image_size_cap = 1099511627776 {{(pid=100048) log_opt_values /opt/stack/data/venv/lib/python3.12/site-packages/oslo_config/cfg.py:3549}}
Aug 21 17:49:49.459414 np0000007925 devstack@g-api.service[100048]: DEBUG glance.common.config [None req-cc5f173e-ecc2-46a2-896e-93e5cb3ef67d None None] image_tag_quota = 128 {{(pid=100048) log_opt_values /opt/stack/data/venv/lib/python3.12/site-packages/oslo_config/cfg.py:3549}}
Aug 21 17:49:49.459449 np0000007925 devstack@g-api.service[100049]: INFO glance.api.middleware.cache [None req-51040860-ae8d-47b2-bf3d-9abf6d426be7 None None] Initialized image cache middleware
Aug 21 17:49:49.459506 np0000007925 devstack@g-api.service[100048]: DEBUG glance.common.config [None req-cc5f173e-ecc2-46a2-896e-93e5cb3ef67d None None] instance_format = [instance: %(uuid)s] {{(pid=100048) log_opt_values /opt/stack/data/venv/lib/python3.12/site-packages/oslo_config/cfg.py:3549}}
Aug 21 17:49:49.459599 np0000007925 devstack@g-api.service[100048]: DEBUG glance.common.config [None req-cc5f173e-ecc2-46a2-896e-93e5cb3ef67d None None] instance_uuid_format = [instance: %(uuid)s] {{(pid=100048) log_opt_values /opt/stack/data/venv/lib/python3.12/site-packages/oslo_config/cfg.py:3549}}
Aug 21 17:49:49.459689 np0000007925 devstack@g-api.service[100048]: DEBUG glance.common.config [None req-cc5f173e-ecc2-46a2-896e-93e5cb3ef67d None None] limit_param_default = 25 {{(pid=100048) log_opt_values /opt/stack/data/venv/lib/python3.12/site-packages/oslo_config/cfg.py:3549}}
Aug 21 17:49:49.459785 np0000007925 devstack@g-api.service[100048]: DEBUG glance.common.config [None req-cc5f173e-ecc2-46a2-896e-93e5cb3ef67d None None] log_color = False {{(pid=100048) log_opt_values /opt/stack/data/venv/lib/python3.12/site-packages/oslo_config/cfg.py:3549}}
Aug 21 17:49:49.459875 np0000007925 devstack@g-api.service[100048]: DEBUG glance.common.config [None req-cc5f173e-ecc2-46a2-896e-93e5cb3ef67d None None] log_config_append = None {{(pid=100048) log_opt_values /opt/stack/data/venv/lib/python3.12/site-packages/oslo_config/cfg.py:3549}}
Aug 21 17:49:49.459985 np0000007925 devstack@g-api.service[100048]: DEBUG glance.common.config [None req-cc5f173e-ecc2-46a2-896e-93e5cb3ef67d None None] log_date_format = %Y-%m-%d %H:%M:%S {{(pid=100048) log_opt_values /opt/stack/data/venv/lib/python3.12/site-packages/oslo_config/cfg.py:3549}}
Aug 21 17:49:49.460084 np0000007925 devstack@g-api.service[100048]: DEBUG glance.common.config [None req-cc5f173e-ecc2-46a2-896e-93e5cb3ef67d None None] log_dir = None {{(pid=100048) log_opt_values /opt/stack/data/venv/lib/python3.12/site-packages/oslo_config/cfg.py:3549}}
Aug 21 17:49:49.460171 np0000007925 devstack@g-api.service[100048]: DEBUG glance.common.config [None req-cc5f173e-ecc2-46a2-896e-93e5cb3ef67d None None] log_file = None {{(pid=100048) log_opt_values /opt/stack/data/venv/lib/python3.12/site-packages/oslo_config/cfg.py:3549}}
Aug 21 17:49:49.460258 np0000007925 devstack@g-api.service[100048]: DEBUG glance.common.config [None req-cc5f173e-ecc2-46a2-896e-93e5cb3ef67d None None] log_rotate_interval = 1 {{(pid=100048) log_opt_values /opt/stack/data/venv/lib/python3.12/site-packages/oslo_config/cfg.py:3549}}
Aug 21 17:49:49.460351 np0000007925 devstack@g-api.service[100048]: DEBUG glance.common.config [None req-cc5f173e-ecc2-46a2-896e-93e5cb3ef67d None None] log_rotate_interval_type = days {{(pid=100048) log_opt_values /opt/stack/data/venv/lib/python3.12/site-packages/oslo_config/cfg.py:3549}}
Aug 21 17:49:49.460442 np0000007925 devstack@g-api.service[100048]: DEBUG glance.common.config [None req-cc5f173e-ecc2-46a2-896e-93e5cb3ef67d None None] log_rotation_type = none {{(pid=100048) log_opt_values /opt/stack/data/venv/lib/python3.12/site-packages/oslo_config/cfg.py:3549}}
Aug 21 17:49:49.460508 np0000007925 devstack@g-api.service[100048]: DEBUG glance.common.config [None req-cc5f173e-ecc2-46a2-896e-93e5cb3ef67d None None] logging_context_format_string = %(color)s%(levelname)s %(name)s [%(global_request_id)s %(request_id)s %(project_name)s %(user_name)s%(color)s] %(instance)s%(color)s%(message)s {{(pid=100048) log_opt_values /opt/stack/data/venv/lib/python3.12/site-packages/oslo_config/cfg.py:3549}}
Aug 21 17:49:49.460571 np0000007925 devstack@g-api.service[100048]: DEBUG glance.common.config [None req-cc5f173e-ecc2-46a2-896e-93e5cb3ef67d None None] logging_debug_format_suffix = {{(pid=%(process)d) %(funcName)s %(pathname)s:%(lineno)d}} {{(pid=100048) log_opt_values /opt/stack/data/venv/lib/python3.12/site-packages/oslo_config/cfg.py:3549}}
Aug 21 17:49:49.460673 np0000007925 devstack@g-api.service[100048]: DEBUG glance.common.config [None req-cc5f173e-ecc2-46a2-896e-93e5cb3ef67d None None] logging_default_format_string = %(color)s%(levelname)s %(name)s [-%(color)s] %(instance)s%(color)s%(message)s {{(pid=100048) log_opt_values /opt/stack/data/venv/lib/python3.12/site-packages/oslo_config/cfg.py:3549}}
Aug 21 17:49:49.460764 np0000007925 devstack@g-api.service[100048]: DEBUG glance.common.config [None req-cc5f173e-ecc2-46a2-896e-93e5cb3ef67d None None] logging_exception_prefix = ERROR %(name)s %(instance)s {{(pid=100048) log_opt_values /opt/stack/data/venv/lib/python3.12/site-packages/oslo_config/cfg.py:3549}}
Aug 21 17:49:49.460836 np0000007925 devstack@g-api.service[100048]: DEBUG glance.common.config [None req-cc5f173e-ecc2-46a2-896e-93e5cb3ef67d None None] logging_user_identity_format = %(user)s %(project)s %(domain)s %(system_scope)s %(user_domain)s %(project_domain)s {{(pid=100048) log_opt_values /opt/stack/data/venv/lib/python3.12/site-packages/oslo_config/cfg.py:3549}}
Aug 21 17:49:49.460912 np0000007925 devstack@g-api.service[100048]: DEBUG glance.common.config [None req-cc5f173e-ecc2-46a2-896e-93e5cb3ef67d None None] max_logfile_count = 30 {{(pid=100048) log_opt_values /opt/stack/data/venv/lib/python3.12/site-packages/oslo_config/cfg.py:3549}}
Aug 21 17:49:49.461016 np0000007925 devstack@g-api.service[100048]: DEBUG glance.common.config [None req-cc5f173e-ecc2-46a2-896e-93e5cb3ef67d None None] max_logfile_size_mb = 200 {{(pid=100048) log_opt_values /opt/stack/data/venv/lib/python3.12/site-packages/oslo_config/cfg.py:3549}}
Aug 21 17:49:49.461112 np0000007925 devstack@g-api.service[100048]: DEBUG glance.common.config [None req-cc5f173e-ecc2-46a2-896e-93e5cb3ef67d None None] max_request_id_length = 64 {{(pid=100048) log_opt_values /opt/stack/data/venv/lib/python3.12/site-packages/oslo_config/cfg.py:3549}}
Aug 21 17:49:49.461202 np0000007925 devstack@g-api.service[100048]: DEBUG glance.common.config [None req-cc5f173e-ecc2-46a2-896e-93e5cb3ef67d None None] metadata_encryption_key = **** {{(pid=100048) log_opt_values /opt/stack/data/venv/lib/python3.12/site-packages/oslo_config/cfg.py:3549}}
Aug 21 17:49:49.461291 np0000007925 devstack@g-api.service[100048]: DEBUG glance.common.config [None req-cc5f173e-ecc2-46a2-896e-93e5cb3ef67d None None] node_staging_uri = file:///tmp/staging/ {{(pid=100048) log_opt_values /opt/stack/data/venv/lib/python3.12/site-packages/oslo_config/cfg.py:3549}}
Aug 21 17:49:49.461374 np0000007925 devstack@g-api.service[100048]: DEBUG glance.common.config [None req-cc5f173e-ecc2-46a2-896e-93e5cb3ef67d None None] property_protection_file = None {{(pid=100048) log_opt_values /opt/stack/data/venv/lib/python3.12/site-packages/oslo_config/cfg.py:3549}}
Aug 21 17:49:49.461464 np0000007925 devstack@g-api.service[100048]: DEBUG glance.common.config [None req-cc5f173e-ecc2-46a2-896e-93e5cb3ef67d None None] property_protection_rule_format = roles {{(pid=100048) log_opt_values /opt/stack/data/venv/lib/python3.12/site-packages/oslo_config/cfg.py:3549}}
Aug 21 17:49:49.461555 np0000007925 devstack@g-api.service[100048]: DEBUG glance.common.config [None req-cc5f173e-ecc2-46a2-896e-93e5cb3ef67d None None] public_endpoint = https://10.4.3.177/image {{(pid=100048) log_opt_values /opt/stack/data/venv/lib/python3.12/site-packages/oslo_config/cfg.py:3549}}
Aug 21 17:49:49.461641 np0000007925 devstack@g-api.service[100048]: DEBUG glance.common.config [None req-cc5f173e-ecc2-46a2-896e-93e5cb3ef67d None None] publish_errors = False {{(pid=100048) log_opt_values /opt/stack/data/venv/lib/python3.12/site-packages/oslo_config/cfg.py:3549}}
Aug 21 17:49:49.461728 np0000007925 devstack@g-api.service[100048]: DEBUG glance.common.config [None req-cc5f173e-ecc2-46a2-896e-93e5cb3ef67d None None] pydev_worker_debug_host = None {{(pid=100048) log_opt_values /opt/stack/data/venv/lib/python3.12/site-packages/oslo_config/cfg.py:3549}}
Aug 21 17:49:49.461851 np0000007925 devstack@g-api.service[100048]: DEBUG glance.common.config [None req-cc5f173e-ecc2-46a2-896e-93e5cb3ef67d None None] pydev_worker_debug_port = 5678 {{(pid=100048) log_opt_values /opt/stack/data/venv/lib/python3.12/site-packages/oslo_config/cfg.py:3549}}
Aug 21 17:49:49.461960 np0000007925 devstack@g-api.service[100048]: DEBUG glance.common.config [None req-cc5f173e-ecc2-46a2-896e-93e5cb3ef67d None None] rate_limit_burst = 0 {{(pid=100048) log_opt_values /opt/stack/data/venv/lib/python3.12/site-packages/oslo_config/cfg.py:3549}}
Aug 21 17:49:49.462051 np0000007925 devstack@g-api.service[100048]: DEBUG glance.common.config [None req-cc5f173e-ecc2-46a2-896e-93e5cb3ef67d None None] rate_limit_except_level = CRITICAL {{(pid=100048) log_opt_values /opt/stack/data/venv/lib/python3.12/site-packages/oslo_config/cfg.py:3549}}
Aug 21 17:49:49.462152 np0000007925 devstack@g-api.service[100048]: DEBUG glance.common.config [None req-cc5f173e-ecc2-46a2-896e-93e5cb3ef67d None None] rate_limit_interval = 0 {{(pid=100048) log_opt_values /opt/stack/data/venv/lib/python3.12/site-packages/oslo_config/cfg.py:3549}}
Aug 21 17:49:49.462238 np0000007925 devstack@g-api.service[100048]: DEBUG glance.common.config [None req-cc5f173e-ecc2-46a2-896e-93e5cb3ef67d None None] scrub_pool_size = 1 {{(pid=100048) log_opt_values /opt/stack/data/venv/lib/python3.12/site-packages/oslo_config/cfg.py:3549}}
Aug 21 17:49:49.462358 np0000007925 devstack@g-api.service[100048]: DEBUG glance.common.config [None req-cc5f173e-ecc2-46a2-896e-93e5cb3ef67d None None] scrub_time = 0 {{(pid=100048) log_opt_values /opt/stack/data/venv/lib/python3.12/site-packages/oslo_config/cfg.py:3549}}
Aug 21 17:49:49.462447 np0000007925 devstack@g-api.service[100048]: DEBUG glance.common.config [None req-cc5f173e-ecc2-46a2-896e-93e5cb3ef67d None None] shell_completion = None {{(pid=100048) log_opt_values /opt/stack/data/venv/lib/python3.12/site-packages/oslo_config/cfg.py:3549}}
Aug 21 17:49:49.462542 np0000007925 devstack@g-api.service[100048]: DEBUG glance.common.config [None req-cc5f173e-ecc2-46a2-896e-93e5cb3ef67d None None] show_image_direct_url = False {{(pid=100048) log_opt_values /opt/stack/data/venv/lib/python3.12/site-packages/oslo_config/cfg.py:3549}}
Aug 21 17:49:49.462758 np0000007925 devstack@g-api.service[100048]: WARNING oslo_config.cfg [None req-cc5f173e-ecc2-46a2-896e-93e5cb3ef67d None None] Deprecated: Option "show_multiple_locations" from group "DEFAULT" is deprecated for removal (Use of this option, deprecated since Newton, is a security risk and will be removed once we figure out a way to satisfy those use cases that currently require it. An earlier announcement that the same functionality can be achieved with greater granularity by using policies is incorrect. You cannot work around this option via policy configuration at the present time, though that is the direction we believe the fix will take. Please keep an eye on the Glance release notes to stay up to date on progress in addressing this issue.). Its value may be silently ignored in the future.
Aug 21 17:49:49.462828 np0000007925 devstack@g-api.service[100048]: DEBUG glance.common.config [None req-cc5f173e-ecc2-46a2-896e-93e5cb3ef67d None None] show_multiple_locations = False {{(pid=100048) log_opt_values /opt/stack/data/venv/lib/python3.12/site-packages/oslo_config/cfg.py:3549}}
Aug 21 17:49:49.462937 np0000007925 devstack@g-api.service[100048]: DEBUG glance.common.config [None req-cc5f173e-ecc2-46a2-896e-93e5cb3ef67d None None] syslog_log_facility = LOG_USER {{(pid=100048) log_opt_values /opt/stack/data/venv/lib/python3.12/site-packages/oslo_config/cfg.py:3549}}
Aug 21 17:49:49.463029 np0000007925 devstack@g-api.service[100048]: DEBUG glance.common.config [None req-cc5f173e-ecc2-46a2-896e-93e5cb3ef67d None None] transport_url = **** {{(pid=100048) log_opt_values /opt/stack/data/venv/lib/python3.12/site-packages/oslo_config/cfg.py:3549}}
Aug 21 17:49:49.463124 np0000007925 devstack@g-api.service[100048]: DEBUG glance.common.config [None req-cc5f173e-ecc2-46a2-896e-93e5cb3ef67d None None] use_journal = False {{(pid=100048) log_opt_values /opt/stack/data/venv/lib/python3.12/site-packages/oslo_config/cfg.py:3549}}
Aug 21 17:49:49.463213 np0000007925 devstack@g-api.service[100048]: DEBUG glance.common.config [None req-cc5f173e-ecc2-46a2-896e-93e5cb3ef67d None None] use_json = False {{(pid=100048) log_opt_values /opt/stack/data/venv/lib/python3.12/site-packages/oslo_config/cfg.py:3549}}
Aug 21 17:49:49.463303 np0000007925 devstack@g-api.service[100048]: DEBUG glance.common.config [None req-cc5f173e-ecc2-46a2-896e-93e5cb3ef67d None None] use_keystone_limits = True {{(pid=100048) log_opt_values /opt/stack/data/venv/lib/python3.12/site-packages/oslo_config/cfg.py:3549}}
Aug 21 17:49:49.463388 np0000007925 devstack@g-api.service[100048]: DEBUG glance.common.config [None req-cc5f173e-ecc2-46a2-896e-93e5cb3ef67d None None] use_stderr = False {{(pid=100048) log_opt_values /opt/stack/data/venv/lib/python3.12/site-packages/oslo_config/cfg.py:3549}}
Aug 21 17:49:49.463479 np0000007925 devstack@g-api.service[100048]: DEBUG glance.common.config [None req-cc5f173e-ecc2-46a2-896e-93e5cb3ef67d None None] use_syslog = False {{(pid=100048) log_opt_values /opt/stack/data/venv/lib/python3.12/site-packages/oslo_config/cfg.py:3549}}
Aug 21 17:49:49.463570 np0000007925 devstack@g-api.service[100048]: DEBUG glance.common.config [None req-cc5f173e-ecc2-46a2-896e-93e5cb3ef67d None None] user_storage_quota = 0 {{(pid=100048) log_opt_values /opt/stack/data/venv/lib/python3.12/site-packages/oslo_config/cfg.py:3549}}
Aug 21 17:49:49.463658 np0000007925 devstack@g-api.service[100048]: DEBUG glance.common.config [None req-cc5f173e-ecc2-46a2-896e-93e5cb3ef67d None None] worker_self_reference_url = http://127.0.0.1:60999 {{(pid=100048) log_opt_values /opt/stack/data/venv/lib/python3.12/site-packages/oslo_config/cfg.py:3549}}
Aug 21 17:49:49.463760 np0000007925 devstack@g-api.service[100048]: DEBUG glance.common.config [None req-cc5f173e-ecc2-46a2-896e-93e5cb3ef67d None None] oslo_concurrency.disable_process_locking = False {{(pid=100048) log_opt_values /opt/stack/data/venv/lib/python3.12/site-packages/oslo_config/cfg.py:3560}}
Aug 21 17:49:49.463858 np0000007925 devstack@g-api.service[100048]: DEBUG glance.common.config [None req-cc5f173e-ecc2-46a2-896e-93e5cb3ef67d None None] oslo_concurrency.lock_path = /opt/stack/data/glance/locks {{(pid=100048) log_opt_values /opt/stack/data/venv/lib/python3.12/site-packages/oslo_config/cfg.py:3560}}
Aug 21 17:49:49.463974 np0000007925 devstack@g-api.service[100048]: DEBUG glance.common.config [None req-cc5f173e-ecc2-46a2-896e-93e5cb3ef67d None None] oslo_middleware.enable_proxy_headers_parsing = False {{(pid=100048) log_opt_values /opt/stack/data/venv/lib/python3.12/site-packages/oslo_config/cfg.py:3560}}
Aug 21 17:49:49.464073 np0000007925 devstack@g-api.service[100048]: DEBUG glance.common.config [None req-cc5f173e-ecc2-46a2-896e-93e5cb3ef67d None None] oslo_middleware.http_basic_auth_user_file = /etc/htpasswd {{(pid=100048) log_opt_values /opt/stack/data/venv/lib/python3.12/site-packages/oslo_config/cfg.py:3560}}
Aug 21 17:49:49.464166 np0000007925 devstack@g-api.service[100048]: DEBUG glance.common.config [None req-cc5f173e-ecc2-46a2-896e-93e5cb3ef67d None None] paste_deploy.config_file = None {{(pid=100048) log_opt_values /opt/stack/data/venv/lib/python3.12/site-packages/oslo_config/cfg.py:3560}}
Aug 21 17:49:49.464258 np0000007925 devstack@g-api.service[100048]: DEBUG glance.common.config [None req-cc5f173e-ecc2-46a2-896e-93e5cb3ef67d None None] paste_deploy.flavor = keystone+cachemanagement {{(pid=100048) log_opt_values /opt/stack/data/venv/lib/python3.12/site-packages/oslo_config/cfg.py:3560}}
Aug 21 17:49:49.464382 np0000007925 devstack@g-api.service[100048]: DEBUG glance.common.config [None req-cc5f173e-ecc2-46a2-896e-93e5cb3ef67d None None] image_format.container_formats = ['ami', 'ari', 'aki', 'bare', 'ovf', 'ova', 'docker', 'compressed'] {{(pid=100048) log_opt_values /opt/stack/data/venv/lib/python3.12/site-packages/oslo_config/cfg.py:3560}}
Aug 21 17:49:49.464504 np0000007925 devstack@g-api.service[100048]: DEBUG glance.common.config [None req-cc5f173e-ecc2-46a2-896e-93e5cb3ef67d None None] image_format.disk_formats = ['ami', 'ari', 'aki', 'vhd', 'vhdx', 'vmdk', 'raw', 'qcow2', 'vdi', 'iso', 'ploop'] {{(pid=100048) log_opt_values /opt/stack/data/venv/lib/python3.12/site-packages/oslo_config/cfg.py:3560}}
Aug 21 17:49:49.464595 np0000007925 devstack@g-api.service[100048]: DEBUG glance.common.config [None req-cc5f173e-ecc2-46a2-896e-93e5cb3ef67d None None] image_format.gpt_safety_checks_nonfatal = [] {{(pid=100048) log_opt_values /opt/stack/data/venv/lib/python3.12/site-packages/oslo_config/cfg.py:3560}}
Aug 21 17:49:49.464688 np0000007925 devstack@g-api.service[100048]: DEBUG glance.common.config [None req-cc5f173e-ecc2-46a2-896e-93e5cb3ef67d None None] image_format.require_image_format_match = True {{(pid=100048) log_opt_values /opt/stack/data/venv/lib/python3.12/site-packages/oslo_config/cfg.py:3560}}
Aug 21 17:49:49.464787 np0000007925 devstack@g-api.service[100048]: DEBUG glance.common.config [None req-cc5f173e-ecc2-46a2-896e-93e5cb3ef67d None None] image_format.vmdk_allowed_types = ['streamOptimized', 'monolithicSparse'] {{(pid=100048) log_opt_values /opt/stack/data/venv/lib/python3.12/site-packages/oslo_config/cfg.py:3560}}
Aug 21 17:49:49.464887 np0000007925 devstack@g-api.service[100048]: DEBUG glance.common.config [None req-cc5f173e-ecc2-46a2-896e-93e5cb3ef67d None None] task.task_executor = taskflow {{(pid=100048) log_opt_values /opt/stack/data/venv/lib/python3.12/site-packages/oslo_config/cfg.py:3560}}
Aug 21 17:49:49.464999 np0000007925 devstack@g-api.service[100048]: DEBUG glance.common.config [None req-cc5f173e-ecc2-46a2-896e-93e5cb3ef67d None None] task.task_time_to_live = 48 {{(pid=100048) log_opt_values /opt/stack/data/venv/lib/python3.12/site-packages/oslo_config/cfg.py:3560}}
Aug 21 17:49:49.465094 np0000007925 devstack@g-api.service[100048]: DEBUG glance.common.config [None req-cc5f173e-ecc2-46a2-896e-93e5cb3ef67d None None] task.work_dir = None {{(pid=100048) log_opt_values /opt/stack/data/venv/lib/python3.12/site-packages/oslo_config/cfg.py:3560}}
Aug 21 17:49:49.465193 np0000007925 devstack@g-api.service[100048]: DEBUG glance.common.config [None req-cc5f173e-ecc2-46a2-896e-93e5cb3ef67d None None] wsgi.python_interpreter = /opt/stack/data/venv/bin/python3 {{(pid=100048) log_opt_values /opt/stack/data/venv/lib/python3.12/site-packages/oslo_config/cfg.py:3560}}
Aug 21 17:49:49.465283 np0000007925 devstack@g-api.service[100048]: DEBUG glance.common.config [None req-cc5f173e-ecc2-46a2-896e-93e5cb3ef67d None None] wsgi.task_pool_threads = 16 {{(pid=100048) log_opt_values /opt/stack/data/venv/lib/python3.12/site-packages/oslo_config/cfg.py:3560}}
Aug 21 17:49:49.465376 np0000007925 devstack@g-api.service[100048]: DEBUG glance.common.config [None req-cc5f173e-ecc2-46a2-896e-93e5cb3ef67d None None] import_filtering_opts.allowed_hosts = [] {{(pid=100048) log_opt_values /opt/stack/data/venv/lib/python3.12/site-packages/oslo_config/cfg.py:3560}}
Aug 21 17:49:49.465469 np0000007925 devstack@g-api.service[100048]: DEBUG glance.common.config [None req-cc5f173e-ecc2-46a2-896e-93e5cb3ef67d None None] import_filtering_opts.allowed_ports = [80, 443] {{(pid=100048) log_opt_values /opt/stack/data/venv/lib/python3.12/site-packages/oslo_config/cfg.py:3560}}
Aug 21 17:49:49.465569 np0000007925 devstack@g-api.service[100048]: DEBUG glance.common.config [None req-cc5f173e-ecc2-46a2-896e-93e5cb3ef67d None None] import_filtering_opts.allowed_schemes = ['http', 'https'] {{(pid=100048) log_opt_values /opt/stack/data/venv/lib/python3.12/site-packages/oslo_config/cfg.py:3560}}
Aug 21 17:49:49.465647 np0000007925 devstack@g-api.service[100047]: DEBUG glance.common.config [None req-b3028adf-5db2-41ca-b16a-75a2bfe8ded0 None None] ******************************************************************************** {{(pid=100047) log_opt_values /opt/stack/data/venv/lib/python3.12/site-packages/oslo_config/cfg.py:3533}}
