Aug 21 17:55:46.729488 np0000007925 devstack@placement-api.service[90300]: [pid: 90300|app: 0|req: 242/729] 10.4.3.177 () {68 vars in 1625 bytes} [Fri Aug 21 17:55:46 2026] GET /placement/allocation_candidates?limit=1000&resources=DISK_GB%3A1%2CMEMORY_MB%3A192%2CVCPU%3A1&root_required=%21COMPUTE_STATUS_DISABLED => generated 2492 bytes in 52 msecs (HTTP/1.1 200) 8 headers in 297 bytes (1 switches on core 0)
Aug 21 17:55:46.804936 np0000007925 devstack@placement-api.service[90301]: DEBUG placement.requestlog [req-7e23a98c-ee62-4a51-92a9-da5f96bcd5d1 req-8e2b6983-af7d-4f13-b9bc-b3a9bd8c8d6a None None] Starting request: 10.4.3.177 "GET /placement/allocations/2577ab84-8eeb-4fe4-a486-839c04792d36" {{(pid=90301) __call__ /opt/stack/placement/placement/requestlog.py:55}}
Aug 21 17:55:46.810953 np0000007925 devstack@placement-api.service[90301]: INFO placement.requestlog [req-7e23a98c-ee62-4a51-92a9-da5f96bcd5d1 req-8e2b6983-af7d-4f13-b9bc-b3a9bd8c8d6a service nova] 10.4.3.177 "GET /placement/allocations/2577ab84-8eeb-4fe4-a486-839c04792d36" status: 200 len: 19 microversion: 1.28
Aug 21 17:55:46.811238 np0000007925 devstack@placement-api.service[90301]: [pid: 90301|app: 0|req: 246/730] 10.4.3.177 () {68 vars in 1501 bytes} [Fri Aug 21 17:55:46 2026] GET /placement/allocations/2577ab84-8eeb-4fe4-a486-839c04792d36 => generated 19 bytes in 10 msecs (HTTP/1.1 200) 8 headers in 295 bytes (1 switches on core 0)
Aug 21 17:55:46.849264 np0000007925 devstack@placement-api.service[90299]: DEBUG placement.requestlog [req-7e23a98c-ee62-4a51-92a9-da5f96bcd5d1 req-5220bdb1-5822-4e3d-9611-d2d442a784de None None] Starting request: 10.4.3.177 "PUT /placement/allocations/2577ab84-8eeb-4fe4-a486-839c04792d36" {{(pid=90299) __call__ /opt/stack/placement/placement/requestlog.py:55}}
Aug 21 17:55:46.907287 np0000007925 devstack@placement-api.service[90299]: DEBUG placement.handlers.allocation [req-7e23a98c-ee62-4a51-92a9-da5f96bcd5d1 req-5220bdb1-5822-4e3d-9611-d2d442a784de service nova] Successfully wrote allocations [, , ] {{(pid=90299) _update_consumers_and_create_allocations /opt/stack/placement/placement/handlers/allocation.py:462}}
Aug 21 17:55:46.909600 np0000007925 devstack@placement-api.service[90299]: INFO placement.requestlog [req-7e23a98c-ee62-4a51-92a9-da5f96bcd5d1 req-5220bdb1-5822-4e3d-9611-d2d442a784de service nova] 10.4.3.177 "PUT /placement/allocations/2577ab84-8eeb-4fe4-a486-839c04792d36" status: 204 len: 0 microversion: 1.36
Aug 21 17:55:46.910097 np0000007925 devstack@placement-api.service[90299]: [pid: 90299|app: 0|req: 243/731] 10.4.3.177 () {72 vars in 1554 bytes} [Fri Aug 21 17:55:46 2026] PUT /placement/allocations/2577ab84-8eeb-4fe4-a486-839c04792d36 => generated 0 bytes in 61 msecs (HTTP/1.1 204) 5 headers in 199 bytes (1 switches on core 0)
Aug 21 17:55:47.185534 np0000007925 devstack@placement-api.service[90300]: DEBUG placement.requestlog [req-7e23a98c-ee62-4a51-92a9-da5f96bcd5d1 req-b3c2ccbf-2d60-46ca-9f13-d9e3c3bc8d6a None None] Starting request: 10.4.3.177 "GET /placement/allocations/2577ab84-8eeb-4fe4-a486-839c04792d36" {{(pid=90300) __call__ /opt/stack/placement/placement/requestlog.py:55}}
Aug 21 17:55:47.196624 np0000007925 devstack@placement-api.service[90300]: INFO placement.requestlog [req-7e23a98c-ee62-4a51-92a9-da5f96bcd5d1 req-b3c2ccbf-2d60-46ca-9f13-d9e3c3bc8d6a service nova] 10.4.3.177 "GET /placement/allocations/2577ab84-8eeb-4fe4-a486-839c04792d36" status: 200 len: 258 microversion: 1.28
Aug 21 17:55:47.196853 np0000007925 devstack@placement-api.service[90300]: [pid: 90300|app: 0|req: 243/732] 10.4.3.177 () {68 vars in 1499 bytes} [Fri Aug 21 17:55:47 2026] GET /placement/allocations/2577ab84-8eeb-4fe4-a486-839c04792d36 => generated 258 bytes in 11 msecs (HTTP/1.1 200) 8 headers in 296 bytes (1 switches on core 0)
Aug 21 17:55:47.324502 np0000007925 devstack@placement-api.service[90301]: DEBUG placement.requestlog [req-7e23a98c-ee62-4a51-92a9-da5f96bcd5d1 req-aa3c90a7-b315-4f5e-b19e-793efda3aa26 None None] Starting request: 10.4.3.177 "GET /placement/resource_providers/54cd1cc9-be92-44da-8959-06ee1f0ca16f/allocations" {{(pid=90301) __call__ /opt/stack/placement/placement/requestlog.py:55}}
Aug 21 17:55:47.341036 np0000007925 devstack@placement-api.service[90301]: INFO placement.requestlog [req-7e23a98c-ee62-4a51-92a9-da5f96bcd5d1 req-aa3c90a7-b315-4f5e-b19e-793efda3aa26 service nova] 10.4.3.177 "GET /placement/resource_providers/54cd1cc9-be92-44da-8959-06ee1f0ca16f/allocations" status: 200 len: 625 microversion: 1.0
Aug 21 17:55:47.341282 np0000007925 devstack@placement-api.service[90301]: [pid: 90301|app: 0|req: 247/733] 10.4.3.177 () {66 vars in 1512 bytes} [Fri Aug 21 17:55:47 2026] GET /placement/resource_providers/54cd1cc9-be92-44da-8959-06ee1f0ca16f/allocations => generated 625 bytes in 17 msecs (HTTP/1.1 200) 6 headers in 224 bytes (1 switches on core 0)
Aug 21 17:55:47.394999 np0000007925 devstack@placement-api.service[90299]: DEBUG placement.requestlog [req-7e23a98c-ee62-4a51-92a9-da5f96bcd5d1 req-eb521ae3-71fd-4cc2-8d03-4988e77ee9c9 None None] Starting request: 10.4.3.177 "GET /placement/allocations/2577ab84-8eeb-4fe4-a486-839c04792d36" {{(pid=90299) __call__ /opt/stack/placement/placement/requestlog.py:55}}
Aug 21 17:55:47.403300 np0000007925 devstack@placement-api.service[90299]: INFO placement.requestlog [req-7e23a98c-ee62-4a51-92a9-da5f96bcd5d1 req-eb521ae3-71fd-4cc2-8d03-4988e77ee9c9 service nova] 10.4.3.177 "GET /placement/allocations/2577ab84-8eeb-4fe4-a486-839c04792d36" status: 200 len: 258 microversion: 1.28
Aug 21 17:55:47.403513 np0000007925 devstack@placement-api.service[90299]: [pid: 90299|app: 0|req: 244/734] 10.4.3.177 () {68 vars in 1499 bytes} [Fri Aug 21 17:55:47 2026] GET /placement/allocations/2577ab84-8eeb-4fe4-a486-839c04792d36 => generated 258 bytes in 9 msecs (HTTP/1.1 200) 8 headers in 296 bytes (1 switches on core 0)
Aug 21 17:55:47.461689 np0000007925 devstack@placement-api.service[90300]: DEBUG placement.requestlog [req-2a8718c1-acad-45d8-b7ab-a5baaafcb827 req-e4b8b5e3-4ff9-47fe-beda-ba4254ef4b48 None None] Starting request: 10.4.3.177 "GET /placement/allocation_candidates?limit=1000&resources=DISK_GB%3A1%2CMEMORY_MB%3A192%2CVCPU%3A1&root_required=%21COMPUTE_STATUS_DISABLED" {{(pid=90300) __call__ /opt/stack/placement/placement/requestlog.py:55}}
Aug 21 17:55:47.469258 np0000007925 devstack@placement-api.service[90301]: DEBUG placement.requestlog [req-7e23a98c-ee62-4a51-92a9-da5f96bcd5d1 req-f98b3c9e-b412-4cdd-9aaf-6a42eb17a52d None None] Starting request: 10.4.3.177 "GET /placement/allocations/dea6a9ef-7bc4-4a72-9a52-4c75639a53fb" {{(pid=90301) __call__ /opt/stack/placement/placement/requestlog.py:55}}
Aug 21 17:55:47.479392 np0000007925 devstack@placement-api.service[90300]: DEBUG placement.objects.research_context [req-2a8718c1-acad-45d8-b7ab-a5baaafcb827 req-e4b8b5e3-4ff9-47fe-beda-ba4254ef4b48 service nova] getting providers with 1 DISK_GB {{(pid=90300) __init__ /opt/stack/placement/placement/objects/research_context.py:137}}
Aug 21 17:55:47.482529 np0000007925 devstack@placement-api.service[90300]: DEBUG placement.objects.research_context [req-2a8718c1-acad-45d8-b7ab-a5baaafcb827 req-e4b8b5e3-4ff9-47fe-beda-ba4254ef4b48 service nova] getting providers with 192 MEMORY_MB {{(pid=90300) __init__ /opt/stack/placement/placement/objects/research_context.py:137}}
Aug 21 17:55:47.484820 np0000007925 devstack@placement-api.service[90300]: DEBUG placement.objects.research_context [req-2a8718c1-acad-45d8-b7ab-a5baaafcb827 req-e4b8b5e3-4ff9-47fe-beda-ba4254ef4b48 service nova] getting providers with 1 VCPU {{(pid=90300) __init__ /opt/stack/placement/placement/objects/research_context.py:137}}
Aug 21 17:55:47.487653 np0000007925 devstack@placement-api.service[90300]: DEBUG placement.objects.research_context [req-2a8718c1-acad-45d8-b7ab-a5baaafcb827 req-e4b8b5e3-4ff9-47fe-beda-ba4254ef4b48 service nova] found 1 providers with available 1 DISK_GB {{(pid=90300) get_provider_ids_matching /opt/stack/placement/placement/objects/research_context.py:566}}
Aug 21 17:55:47.487653 np0000007925 devstack@placement-api.service[90300]: DEBUG placement.objects.research_context [req-2a8718c1-acad-45d8-b7ab-a5baaafcb827 req-e4b8b5e3-4ff9-47fe-beda-ba4254ef4b48 service nova] found 1 providers with available 192 MEMORY_MB {{(pid=90300) get_provider_ids_matching /opt/stack/placement/placement/objects/research_context.py:566}}
Aug 21 17:55:47.487817 np0000007925 devstack@placement-api.service[90300]: DEBUG placement.objects.research_context [req-2a8718c1-acad-45d8-b7ab-a5baaafcb827 req-e4b8b5e3-4ff9-47fe-beda-ba4254ef4b48 service nova] found 1 providers after filtering by previous result {{(pid=90300) get_provider_ids_matching /opt/stack/placement/placement/objects/research_context.py:597}}
Aug 21 17:55:47.487817 np0000007925 devstack@placement-api.service[90300]: DEBUG placement.objects.research_context [req-2a8718c1-acad-45d8-b7ab-a5baaafcb827 req-e4b8b5e3-4ff9-47fe-beda-ba4254ef4b48 service nova] found 1 providers with available 1 VCPU {{(pid=90300) get_provider_ids_matching /opt/stack/placement/placement/objects/research_context.py:566}}
Aug 21 17:55:47.487966 np0000007925 devstack@placement-api.service[90300]: DEBUG placement.objects.research_context [req-2a8718c1-acad-45d8-b7ab-a5baaafcb827 req-e4b8b5e3-4ff9-47fe-beda-ba4254ef4b48 service nova] found 1 providers after filtering by previous result {{(pid=90300) get_provider_ids_matching /opt/stack/placement/placement/objects/research_context.py:597}}
Aug 21 17:55:47.493443 np0000007925 devstack@placement-api.service[90300]: DEBUG placement.objects.allocation_candidate [req-2a8718c1-acad-45d8-b7ab-a5baaafcb827 req-e4b8b5e3-4ff9-47fe-beda-ba4254ef4b48 service nova] RequestGroup(use_same_provider=False, resources={DISK_GB:1, MEMORY_MB:192, VCPU:1}, traits=(), aggregates=[]) (suffix '') returned 1 matches {{(pid=90300) _get_by_requests /opt/stack/placement/placement/objects/allocation_candidate.py:158}}
Aug 21 17:55:47.493443 np0000007925 devstack@placement-api.service[90300]: DEBUG placement.objects.allocation_candidate [req-2a8718c1-acad-45d8-b7ab-a5baaafcb827 req-e4b8b5e3-4ff9-47fe-beda-ba4254ef4b48 service nova] Merging candidates yields 1 allocation requests and 1 provider summaries {{(pid=90300) _merge_candidates /opt/stack/placement/placement/objects/allocation_candidate.py:973}}
Aug 21 17:55:47.494173 np0000007925 devstack@placement-api.service[90301]: INFO placement.requestlog [req-7e23a98c-ee62-4a51-92a9-da5f96bcd5d1 req-f98b3c9e-b412-4cdd-9aaf-6a42eb17a52d service nova] 10.4.3.177 "GET /placement/allocations/dea6a9ef-7bc4-4a72-9a52-4c75639a53fb" status: 200 len: 244 microversion: 1.28
Aug 21 17:55:47.494350 np0000007925 devstack@placement-api.service[90300]: INFO placement.requestlog [req-2a8718c1-acad-45d8-b7ab-a5baaafcb827 req-e4b8b5e3-4ff9-47fe-beda-ba4254ef4b48 service nova] 10.4.3.177 "GET /placement/allocation_candidates?limit=1000&resources=DISK_GB%3A1%2CMEMORY_MB%3A192%2CVCPU%3A1&root_required=%21COMPUTE_STATUS_DISABLED" status: 200 len: 2493 microversion: 1.36
Aug 21 17:55:47.494538 np0000007925 devstack@placement-api.service[90301]: [pid: 90301|app: 0|req: 248/735] 10.4.3.177 () {68 vars in 1499 bytes} [Fri Aug 21 17:55:47 2026] GET /placement/allocations/dea6a9ef-7bc4-4a72-9a52-4c75639a53fb => generated 244 bytes in 25 msecs (HTTP/1.1 200) 8 headers in 296 bytes (1 switches on core 0)
Aug 21 17:55:47.494592 np0000007925 devstack@placement-api.service[90300]: [pid: 90300|app: 0|req: 244/736] 10.4.3.177 () {68 vars in 1625 bytes} [Fri Aug 21 17:55:47 2026] GET /placement/allocation_candidates?limit=1000&resources=DISK_GB%3A1%2CMEMORY_MB%3A192%2CVCPU%3A1&root_required=%21COMPUTE_STATUS_DISABLED => generated 2493 bytes in 33 msecs (HTTP/1.1 200) 8 headers in 297 bytes (1 switches on core 0)
Aug 21 17:55:47.537642 np0000007925 devstack@placement-api.service[90299]: DEBUG placement.requestlog [req-0333dd64-f814-47c3-b406-4d3461983b3c req-98a60b4e-0a4b-4376-84ee-8fe702317e39 None None] Starting request: 10.4.3.177 "GET /placement/allocation_candidates?limit=1000&resources=DISK_GB%3A1%2CMEMORY_MB%3A192%2CVCPU%3A1&root_required=%21COMPUTE_STATUS_DISABLED" {{(pid=90299) __call__ /opt/stack/placement/placement/requestlog.py:55}}
Aug 21 17:55:47.543951 np0000007925 devstack@placement-api.service[90301]: DEBUG placement.requestlog [req-7e23a98c-ee62-4a51-92a9-da5f96bcd5d1 req-c720cdb3-ebb6-4a66-b2c0-d5ba59405856 None None] Starting request: 10.4.3.177 "GET /placement/allocations/6c4f72b3-bcf8-48b2-999c-27283ad1fff8" {{(pid=90301) __call__ /opt/stack/placement/placement/requestlog.py:55}}
Aug 21 17:55:47.547398 np0000007925 devstack@placement-api.service[90300]: DEBUG placement.requestlog [req-2a8718c1-acad-45d8-b7ab-a5baaafcb827 req-9178c0a9-4e1e-45e9-83a1-add8c3b699f4 None None] Starting request: 10.4.3.177 "GET /placement/allocations/d511160f-5dc0-45cc-bf1d-3b65f8162a14" {{(pid=90300) __call__ /opt/stack/placement/placement/requestlog.py:55}}
Aug 21 17:55:47.555030 np0000007925 devstack@placement-api.service[90300]: INFO placement.requestlog [req-2a8718c1-acad-45d8-b7ab-a5baaafcb827 req-9178c0a9-4e1e-45e9-83a1-add8c3b699f4 service nova] 10.4.3.177 "GET /placement/allocations/d511160f-5dc0-45cc-bf1d-3b65f8162a14" status: 200 len: 19 microversion: 1.28
Aug 21 17:55:47.555030 np0000007925 devstack@placement-api.service[90300]: [pid: 90300|app: 0|req: 245/737] 10.4.3.177 () {68 vars in 1501 bytes} [Fri Aug 21 17:55:47 2026] GET /placement/allocations/d511160f-5dc0-45cc-bf1d-3b65f8162a14 => generated 19 bytes in 7 msecs (HTTP/1.1 200) 8 headers in 295 bytes (1 switches on core 0)
Aug 21 17:55:47.556707 np0000007925 devstack@placement-api.service[90301]: INFO placement.requestlog [req-7e23a98c-ee62-4a51-92a9-da5f96bcd5d1 req-c720cdb3-ebb6-4a66-b2c0-d5ba59405856 service nova] 10.4.3.177 "GET /placement/allocations/6c4f72b3-bcf8-48b2-999c-27283ad1fff8" status: 200 len: 258 microversion: 1.28
Aug 21 17:55:47.556959 np0000007925 devstack@placement-api.service[90301]: [pid: 90301|app: 0|req: 249/738] 10.4.3.177 () {68 vars in 1499 bytes} [Fri Aug 21 17:55:47 2026] GET /placement/allocations/6c4f72b3-bcf8-48b2-999c-27283ad1fff8 => generated 258 bytes in 13 msecs (HTTP/1.1 200) 8 headers in 296 bytes (1 switches on core 0)
Aug 21 17:55:47.558137 np0000007925 devstack@placement-api.service[90299]: DEBUG placement.objects.research_context [req-0333dd64-f814-47c3-b406-4d3461983b3c req-98a60b4e-0a4b-4376-84ee-8fe702317e39 service nova] getting providers with 1 DISK_GB {{(pid=90299) __init__ /opt/stack/placement/placement/objects/research_context.py:137}}
Aug 21 17:55:47.561695 np0000007925 devstack@placement-api.service[90299]: DEBUG placement.objects.research_context [req-0333dd64-f814-47c3-b406-4d3461983b3c req-98a60b4e-0a4b-4376-84ee-8fe702317e39 service nova] getting providers with 192 MEMORY_MB {{(pid=90299) __init__ /opt/stack/placement/placement/objects/research_context.py:137}}
Aug 21 17:55:47.567678 np0000007925 devstack@placement-api.service[90299]: DEBUG placement.objects.research_context [req-0333dd64-f814-47c3-b406-4d3461983b3c req-98a60b4e-0a4b-4376-84ee-8fe702317e39 service nova] getting providers with 1 VCPU {{(pid=90299) __init__ /opt/stack/placement/placement/objects/research_context.py:137}}
Aug 21 17:55:47.570477 np0000007925 devstack@placement-api.service[90299]: DEBUG placement.objects.research_context [req-0333dd64-f814-47c3-b406-4d3461983b3c req-98a60b4e-0a4b-4376-84ee-8fe702317e39 service nova] found 1 providers with available 1 DISK_GB {{(pid=90299) get_provider_ids_matching /opt/stack/placement/placement/objects/research_context.py:566}}
Aug 21 17:55:47.571568 np0000007925 devstack@placement-api.service[90299]: DEBUG placement.objects.research_context [req-0333dd64-f814-47c3-b406-4d3461983b3c req-98a60b4e-0a4b-4376-84ee-8fe702317e39 service nova] found 1 providers with available 192 MEMORY_MB {{(pid=90299) get_provider_ids_matching /opt/stack/placement/placement/objects/research_context.py:566}}
Aug 21 17:55:47.571665 np0000007925 devstack@placement-api.service[90299]: DEBUG placement.objects.research_context [req-0333dd64-f814-47c3-b406-4d3461983b3c req-98a60b4e-0a4b-4376-84ee-8fe702317e39 service nova] found 1 providers after filtering by previous result {{(pid=90299) get_provider_ids_matching /opt/stack/placement/placement/objects/research_context.py:597}}
Aug 21 17:55:47.571748 np0000007925 devstack@placement-api.service[90299]: DEBUG placement.objects.research_context [req-0333dd64-f814-47c3-b406-4d3461983b3c req-98a60b4e-0a4b-4376-84ee-8fe702317e39 service nova] found 1 providers with available 1 VCPU {{(pid=90299) get_provider_ids_matching /opt/stack/placement/placement/objects/research_context.py:566}}
Aug 21 17:55:47.571878 np0000007925 devstack@placement-api.service[90299]: DEBUG placement.objects.research_context [req-0333dd64-f814-47c3-b406-4d3461983b3c req-98a60b4e-0a4b-4376-84ee-8fe702317e39 service nova] found 1 providers after filtering by previous result {{(pid=90299) get_provider_ids_matching /opt/stack/placement/placement/objects/research_context.py:597}}
Aug 21 17:55:47.582602 np0000007925 devstack@placement-api.service[90299]: DEBUG placement.objects.allocation_candidate [req-0333dd64-f814-47c3-b406-4d3461983b3c req-98a60b4e-0a4b-4376-84ee-8fe702317e39 service nova] RequestGroup(use_same_provider=False, resources={DISK_GB:1, MEMORY_MB:192, VCPU:1}, traits=(), aggregates=[]) (suffix '') returned 1 matches {{(pid=90299) _get_by_requests /opt/stack/placement/placement/objects/allocation_candidate.py:158}}
Aug 21 17:55:47.584360 np0000007925 devstack@placement-api.service[90299]: DEBUG placement.objects.allocation_candidate [req-0333dd64-f814-47c3-b406-4d3461983b3c req-98a60b4e-0a4b-4376-84ee-8fe702317e39 service nova] Merging candidates yields 1 allocation requests and 1 provider summaries {{(pid=90299) _merge_candidates /opt/stack/placement/placement/objects/allocation_candidate.py:973}}
Aug 21 17:55:47.586038 np0000007925 devstack@placement-api.service[90299]: INFO placement.requestlog [req-0333dd64-f814-47c3-b406-4d3461983b3c req-98a60b4e-0a4b-4376-84ee-8fe702317e39 service nova] 10.4.3.177 "GET /placement/allocation_candidates?limit=1000&resources=DISK_GB%3A1%2CMEMORY_MB%3A192%2CVCPU%3A1&root_required=%21COMPUTE_STATUS_DISABLED" status: 200 len: 2493 microversion: 1.36
Aug 21 17:55:47.586428 np0000007925 devstack@placement-api.service[90299]: [pid: 90299|app: 0|req: 245/739] 10.4.3.177 () {68 vars in 1625 bytes} [Fri Aug 21 17:55:47 2026] GET /placement/allocation_candidates?limit=1000&resources=DISK_GB%3A1%2CMEMORY_MB%3A192%2CVCPU%3A1&root_required=%21COMPUTE_STATUS_DISABLED => generated 2493 bytes in 49 msecs (HTTP/1.1 200) 8 headers in 297 bytes (1 switches on core 0)
Aug 21 17:55:47.587481 np0000007925 devstack@placement-api.service[90300]: DEBUG placement.requestlog [req-2a8718c1-acad-45d8-b7ab-a5baaafcb827 req-2ea23a0c-ae54-4fda-bb82-597e37621412 None None] Starting request: 10.4.3.177 "PUT /placement/allocations/d511160f-5dc0-45cc-bf1d-3b65f8162a14" {{(pid=90300) __call__ /opt/stack/placement/placement/requestlog.py:55}}
Aug 21 17:55:47.591240 np0000007925 devstack@placement-api.service[90301]: DEBUG placement.requestlog [req-7e23a98c-ee62-4a51-92a9-da5f96bcd5d1 req-67f9ae07-b534-4196-925f-5995f31a6750 None None] Starting request: 10.4.3.177 "GET /placement/allocations/4ba25239-b9cf-462f-8a8c-4394c36cf35a" {{(pid=90301) __call__ /opt/stack/placement/placement/requestlog.py:55}}
Aug 21 17:55:47.598016 np0000007925 devstack@placement-api.service[90301]: INFO placement.requestlog [req-7e23a98c-ee62-4a51-92a9-da5f96bcd5d1 req-67f9ae07-b534-4196-925f-5995f31a6750 service nova] 10.4.3.177 "GET /placement/allocations/4ba25239-b9cf-462f-8a8c-4394c36cf35a" status: 200 len: 258 microversion: 1.28
Aug 21 17:55:47.598221 np0000007925 devstack@placement-api.service[90301]: [pid: 90301|app: 0|req: 250/740] 10.4.3.177 () {68 vars in 1499 bytes} [Fri Aug 21 17:55:47 2026] GET /placement/allocations/4ba25239-b9cf-462f-8a8c-4394c36cf35a => generated 258 bytes in 7 msecs (HTTP/1.1 200) 8 headers in 296 bytes (1 switches on core 0)
Aug 21 17:55:47.623239 np0000007925 devstack@placement-api.service[90300]: DEBUG placement.handlers.allocation [req-2a8718c1-acad-45d8-b7ab-a5baaafcb827 req-2ea23a0c-ae54-4fda-bb82-597e37621412 service nova] Successfully wrote allocations [, , ] {{(pid=90300) _update_consumers_and_create_allocations /opt/stack/placement/placement/handlers/allocation.py:462}}
Aug 21 17:55:47.625448 np0000007925 devstack@placement-api.service[90300]: INFO placement.requestlog [req-2a8718c1-acad-45d8-b7ab-a5baaafcb827 req-2ea23a0c-ae54-4fda-bb82-597e37621412 service nova] 10.4.3.177 "PUT /placement/allocations/d511160f-5dc0-45cc-bf1d-3b65f8162a14" status: 204 len: 0 microversion: 1.36
Aug 21 17:55:47.625448 np0000007925 devstack@placement-api.service[90300]: [pid: 90300|app: 0|req: 246/741] 10.4.3.177 () {72 vars in 1554 bytes} [Fri Aug 21 17:55:47 2026] PUT /placement/allocations/d511160f-5dc0-45cc-bf1d-3b65f8162a14 => generated 0 bytes in 38 msecs (HTTP/1.1 204) 5 headers in 199 bytes (1 switches on core 0)
Aug 21 17:55:47.647740 np0000007925 devstack@placement-api.service[90299]: DEBUG placement.requestlog [req-0333dd64-f814-47c3-b406-4d3461983b3c req-abf7585d-5bc5-4f48-9d49-38fef5dbafe0 None None] Starting request: 10.4.3.177 "GET /placement/allocations/82cbf621-2f35-4cce-bd97-27088b7fe407" {{(pid=90299) __call__ /opt/stack/placement/placement/requestlog.py:55}}
Aug 21 17:55:47.649027 np0000007925 devstack@placement-api.service[90301]: DEBUG placement.requestlog [req-7e23a98c-ee62-4a51-92a9-da5f96bcd5d1 req-c8db92b0-9d35-4f15-a290-ea5f66e9b721 None None] Starting request: 10.4.3.177 "GET /placement/allocations/a73ebff9-802e-4c68-8f42-359a40f0fc0f" {{(pid=90301) __call__ /opt/stack/placement/placement/requestlog.py:55}}
Aug 21 17:55:47.656866 np0000007925 devstack@placement-api.service[90299]: INFO placement.requestlog [req-0333dd64-f814-47c3-b406-4d3461983b3c req-abf7585d-5bc5-4f48-9d49-38fef5dbafe0 service nova] 10.4.3.177 "GET /placement/allocations/82cbf621-2f35-4cce-bd97-27088b7fe407" status: 200 len: 19 microversion: 1.28
Aug 21 17:55:47.656866 np0000007925 devstack@placement-api.service[90299]: [pid: 90299|app: 0|req: 246/742] 10.4.3.177 () {68 vars in 1501 bytes} [Fri Aug 21 17:55:47 2026] GET /placement/allocations/82cbf621-2f35-4cce-bd97-27088b7fe407 => generated 19 bytes in 9 msecs (HTTP/1.1 200) 8 headers in 295 bytes (1 switches on core 0)
Aug 21 17:55:47.666069 np0000007925 devstack@placement-api.service[90301]: INFO placement.requestlog [req-7e23a98c-ee62-4a51-92a9-da5f96bcd5d1 req-c8db92b0-9d35-4f15-a290-ea5f66e9b721 service nova] 10.4.3.177 "GET /placement/allocations/a73ebff9-802e-4c68-8f42-359a40f0fc0f" status: 200 len: 244 microversion: 1.28
Aug 21 17:55:47.666462 np0000007925 devstack@placement-api.service[90301]: [pid: 90301|app: 0|req: 251/743] 10.4.3.177 () {68 vars in 1499 bytes} [Fri Aug 21 17:55:47 2026] GET /placement/allocations/a73ebff9-802e-4c68-8f42-359a40f0fc0f => generated 244 bytes in 17 msecs (HTTP/1.1 200) 8 headers in 296 bytes (1 switches on core 0)
Aug 21 17:55:47.689576 np0000007925 devstack@placement-api.service[90300]: DEBUG placement.requestlog [req-0333dd64-f814-47c3-b406-4d3461983b3c req-0119e1a5-ba73-4eb7-ba33-69cdd2e46ef6 None None] Starting request: 10.4.3.177 "PUT /placement/allocations/82cbf621-2f35-4cce-bd97-27088b7fe407" {{(pid=90300) __call__ /opt/stack/placement/placement/requestlog.py:55}}
Aug 21 17:55:47.728548 np0000007925 devstack@placement-api.service[90299]: DEBUG placement.requestlog [req-7e23a98c-ee62-4a51-92a9-da5f96bcd5d1 req-ba424770-1e9a-403a-b164-64b1ce700b29 None None] Starting request: 10.4.3.177 "GET /placement/allocations/ca42829d-7900-42b5-9434-6d0ad8e5ee37" {{(pid=90299) __call__ /opt/stack/placement/placement/requestlog.py:55}}
Aug 21 17:55:47.744933 np0000007925 devstack@placement-api.service[90299]: INFO placement.requestlog [req-7e23a98c-ee62-4a51-92a9-da5f96bcd5d1 req-ba424770-1e9a-403a-b164-64b1ce700b29 service nova] 10.4.3.177 "GET /placement/allocations/ca42829d-7900-42b5-9434-6d0ad8e5ee37" status: 200 len: 258 microversion: 1.28
Aug 21 17:55:47.744933 np0000007925 devstack@placement-api.service[90299]: [pid: 90299|app: 0|req: 247/744] 10.4.3.177 () {68 vars in 1499 bytes} [Fri Aug 21 17:55:47 2026] GET /placement/allocations/ca42829d-7900-42b5-9434-6d0ad8e5ee37 => generated 258 bytes in 16 msecs (HTTP/1.1 200) 8 headers in 296 bytes (1 switches on core 0)
Aug 21 17:55:47.754038 np0000007925 devstack@placement-api.service[90300]: DEBUG placement.handlers.allocation [req-0333dd64-f814-47c3-b406-4d3461983b3c req-0119e1a5-ba73-4eb7-ba33-69cdd2e46ef6 service nova] Successfully wrote allocations [, , ] {{(pid=90300) _update_consumers_and_create_allocations /opt/stack/placement/placement/handlers/allocation.py:462}}
Aug 21 17:55:47.759286 np0000007925 devstack@placement-api.service[90300]: INFO placement.requestlog [req-0333dd64-f814-47c3-b406-4d3461983b3c req-0119e1a5-ba73-4eb7-ba33-69cdd2e46ef6 service nova] 10.4.3.177 "PUT /placement/allocations/82cbf621-2f35-4cce-bd97-27088b7fe407" status: 204 len: 0 microversion: 1.36
Aug 21 17:55:47.759559 np0000007925 devstack@placement-api.service[90300]: [pid: 90300|app: 0|req: 247/745] 10.4.3.177 () {72 vars in 1554 bytes} [Fri Aug 21 17:55:47 2026] PUT /placement/allocations/82cbf621-2f35-4cce-bd97-27088b7fe407 => generated 0 bytes in 70 msecs (HTTP/1.1 204) 5 headers in 199 bytes (1 switches on core 0)
Aug 21 17:55:47.862812 np0000007925 devstack@placement-api.service[90301]: DEBUG placement.requestlog [req-2a8718c1-acad-45d8-b7ab-a5baaafcb827 req-fa774c5b-96f1-4dcf-9cd4-de24f6dbb4a2 None None] Starting request: 10.4.3.177 "GET /placement/allocations/d511160f-5dc0-45cc-bf1d-3b65f8162a14" {{(pid=90301) __call__ /opt/stack/placement/placement/requestlog.py:55}}
Aug 21 17:55:47.878282 np0000007925 devstack@placement-api.service[90301]: INFO placement.requestlog [req-2a8718c1-acad-45d8-b7ab-a5baaafcb827 req-fa774c5b-96f1-4dcf-9cd4-de24f6dbb4a2 service nova] 10.4.3.177 "GET /placement/allocations/d511160f-5dc0-45cc-bf1d-3b65f8162a14" status: 200 len: 258 microversion: 1.28
Aug 21 17:55:47.878560 np0000007925 devstack@placement-api.service[90301]: [pid: 90301|app: 0|req: 252/746] 10.4.3.177 () {68 vars in 1499 bytes} [Fri Aug 21 17:55:47 2026] GET /placement/allocations/d511160f-5dc0-45cc-bf1d-3b65f8162a14 => generated 258 bytes in 16 msecs (HTTP/1.1 200) 8 headers in 296 bytes (1 switches on core 0)
Aug 21 17:55:48.000221 np0000007925 devstack@placement-api.service[90299]: DEBUG placement.requestlog [req-2a8718c1-acad-45d8-b7ab-a5baaafcb827 req-93a41684-852c-4c46-bdf5-3b48845d523e None None] Starting request: 10.4.3.177 "GET /placement/resource_providers/54cd1cc9-be92-44da-8959-06ee1f0ca16f/allocations" {{(pid=90299) __call__ /opt/stack/placement/placement/requestlog.py:55}}
Aug 21 17:55:48.021940 np0000007925 devstack@placement-api.service[90299]: INFO placement.requestlog [req-2a8718c1-acad-45d8-b7ab-a5baaafcb827 req-93a41684-852c-4c46-bdf5-3b48845d523e service nova] 10.4.3.177 "GET /placement/resource_providers/54cd1cc9-be92-44da-8959-06ee1f0ca16f/allocations" status: 200 len: 825 microversion: 1.0
Aug 21 17:55:48.021940 np0000007925 devstack@placement-api.service[90299]: [pid: 90299|app: 0|req: 248/747] 10.4.3.177 () {66 vars in 1512 bytes} [Fri Aug 21 17:55:47 2026] GET /placement/resource_providers/54cd1cc9-be92-44da-8959-06ee1f0ca16f/allocations => generated 825 bytes in 19 msecs (HTTP/1.1 200) 6 headers in 224 bytes (1 switches on core 0)
Aug 21 17:55:48.036269 np0000007925 devstack@placement-api.service[90300]: DEBUG placement.requestlog [req-0333dd64-f814-47c3-b406-4d3461983b3c req-a07a8362-20bd-4d7b-b42f-c6b155e67df1 None None] Starting request: 10.4.3.177 "GET /placement/allocations/82cbf621-2f35-4cce-bd97-27088b7fe407" {{(pid=90300) __call__ /opt/stack/placement/placement/requestlog.py:55}}
Aug 21 17:55:48.043973 np0000007925 devstack@placement-api.service[90300]: INFO placement.requestlog [req-0333dd64-f814-47c3-b406-4d3461983b3c req-a07a8362-20bd-4d7b-b42f-c6b155e67df1 service nova] 10.4.3.177 "GET /placement/allocations/82cbf621-2f35-4cce-bd97-27088b7fe407" status: 200 len: 258 microversion: 1.28
Aug 21 17:55:48.044196 np0000007925 devstack@placement-api.service[90300]: [pid: 90300|app: 0|req: 248/748] 10.4.3.177 () {68 vars in 1499 bytes} [Fri Aug 21 17:55:48 2026] GET /placement/allocations/82cbf621-2f35-4cce-bd97-27088b7fe407 => generated 258 bytes in 8 msecs (HTTP/1.1 200) 8 headers in 296 bytes (1 switches on core 0)
Aug 21 17:55:48.063712 np0000007925 devstack@placement-api.service[90301]: DEBUG placement.requestlog [req-2a8718c1-acad-45d8-b7ab-a5baaafcb827 req-0e8d9b0e-33e5-4da1-895f-c140cab063c5 None None] Starting request: 10.4.3.177 "GET /placement/allocations/d511160f-5dc0-45cc-bf1d-3b65f8162a14" {{(pid=90301) __call__ /opt/stack/placement/placement/requestlog.py:55}}
Aug 21 17:55:48.071002 np0000007925 devstack@placement-api.service[90301]: INFO placement.requestlog [req-2a8718c1-acad-45d8-b7ab-a5baaafcb827 req-0e8d9b0e-33e5-4da1-895f-c140cab063c5 service nova] 10.4.3.177 "GET /placement/allocations/d511160f-5dc0-45cc-bf1d-3b65f8162a14" status: 200 len: 258 microversion: 1.28
Aug 21 17:55:48.071002 np0000007925 devstack@placement-api.service[90301]: [pid: 90301|app: 0|req: 253/749] 10.4.3.177 () {68 vars in 1499 bytes} [Fri Aug 21 17:55:48 2026] GET /placement/allocations/d511160f-5dc0-45cc-bf1d-3b65f8162a14 => generated 258 bytes in 7 msecs (HTTP/1.1 200) 8 headers in 296 bytes (1 switches on core 0)
Aug 21 17:55:48.129009 np0000007925 devstack@placement-api.service[90299]: DEBUG placement.requestlog [req-2a8718c1-acad-45d8-b7ab-a5baaafcb827 req-b9c64eac-cf0e-4ffc-a05e-a4ca26a1261d None None] Starting request: 10.4.3.177 "GET /placement/allocations/dea6a9ef-7bc4-4a72-9a52-4c75639a53fb" {{(pid=90299) __call__ /opt/stack/placement/placement/requestlog.py:55}}
Aug 21 17:55:48.139202 np0000007925 devstack@placement-api.service[90299]: INFO placement.requestlog [req-2a8718c1-acad-45d8-b7ab-a5baaafcb827 req-b9c64eac-cf0e-4ffc-a05e-a4ca26a1261d service nova] 10.4.3.177 "GET /placement/allocations/dea6a9ef-7bc4-4a72-9a52-4c75639a53fb" status: 200 len: 244 microversion: 1.28
Aug 21 17:55:48.139520 np0000007925 devstack@placement-api.service[90299]: [pid: 90299|app: 0|req: 249/750] 10.4.3.177 () {68 vars in 1499 bytes} [Fri Aug 21 17:55:48 2026] GET /placement/allocations/dea6a9ef-7bc4-4a72-9a52-4c75639a53fb => generated 244 bytes in 11 msecs (HTTP/1.1 200) 8 headers in 296 bytes (1 switches on core 0)
Aug 21 17:55:48.191493 np0000007925 devstack@placement-api.service[90300]: DEBUG placement.requestlog [req-2a8718c1-acad-45d8-b7ab-a5baaafcb827 req-6f2e5d6f-9b2e-43da-90fe-3c4b8134a2db None None] Starting request: 10.4.3.177 "GET /placement/allocations/4ba25239-b9cf-462f-8a8c-4394c36cf35a" {{(pid=90300) __call__ /opt/stack/placement/placement/requestlog.py:55}}
Aug 21 17:55:48.208940 np0000007925 devstack@placement-api.service[90300]: INFO placement.requestlog [req-2a8718c1-acad-45d8-b7ab-a5baaafcb827 req-6f2e5d6f-9b2e-43da-90fe-3c4b8134a2db service nova] 10.4.3.177 "GET /placement/allocations/4ba25239-b9cf-462f-8a8c-4394c36cf35a" status: 200 len: 258 microversion: 1.28
Aug 21 17:55:48.209300 np0000007925 devstack@placement-api.service[90300]: [pid: 90300|app: 0|req: 249/751] 10.4.3.177 () {68 vars in 1499 bytes} [Fri Aug 21 17:55:48 2026] GET /placement/allocations/4ba25239-b9cf-462f-8a8c-4394c36cf35a => generated 258 bytes in 18 msecs (HTTP/1.1 200) 8 headers in 296 bytes (1 switches on core 0)
Aug 21 17:55:48.264586 np0000007925 devstack@placement-api.service[90301]: DEBUG placement.requestlog [req-2a8718c1-acad-45d8-b7ab-a5baaafcb827 req-c4ebcf44-f791-4f25-abdd-440eb6fb346c None None] Starting request: 10.4.3.177 "GET /placement/allocations/a73ebff9-802e-4c68-8f42-359a40f0fc0f" {{(pid=90301) __call__ /opt/stack/placement/placement/requestlog.py:55}}
Aug 21 17:55:48.275225 np0000007925 devstack@placement-api.service[90301]: INFO placement.requestlog [req-2a8718c1-acad-45d8-b7ab-a5baaafcb827 req-c4ebcf44-f791-4f25-abdd-440eb6fb346c service nova] 10.4.3.177 "GET /placement/allocations/a73ebff9-802e-4c68-8f42-359a40f0fc0f" status: 200 len: 244 microversion: 1.28
Aug 21 17:55:48.275630 np0000007925 devstack@placement-api.service[90301]: [pid: 90301|app: 0|req: 254/752] 10.4.3.177 () {68 vars in 1499 bytes} [Fri Aug 21 17:55:48 2026] GET /placement/allocations/a73ebff9-802e-4c68-8f42-359a40f0fc0f => generated 244 bytes in 11 msecs (HTTP/1.1 200) 8 headers in 296 bytes (1 switches on core 0)
Aug 21 17:55:48.309314 np0000007925 devstack@placement-api.service[90299]: DEBUG placement.requestlog [req-2a8718c1-acad-45d8-b7ab-a5baaafcb827 req-f5f85386-fb7c-41c3-8ded-f617385912c8 None None] Starting request: 10.4.3.177 "GET /placement/allocations/ca42829d-7900-42b5-9434-6d0ad8e5ee37" {{(pid=90299) __call__ /opt/stack/placement/placement/requestlog.py:55}}
Aug 21 17:55:48.320828 np0000007925 devstack@placement-api.service[90299]: INFO placement.requestlog [req-2a8718c1-acad-45d8-b7ab-a5baaafcb827 req-f5f85386-fb7c-41c3-8ded-f617385912c8 service nova] 10.4.3.177 "GET /placement/allocations/ca42829d-7900-42b5-9434-6d0ad8e5ee37" status: 200 len: 258 microversion: 1.28
Aug 21 17:55:48.321266 np0000007925 devstack@placement-api.service[90299]: [pid: 90299|app: 0|req: 250/753] 10.4.3.177 () {68 vars in 1499 bytes} [Fri Aug 21 17:55:48 2026] GET /placement/allocations/ca42829d-7900-42b5-9434-6d0ad8e5ee37 => generated 258 bytes in 12 msecs (HTTP/1.1 200) 8 headers in 296 bytes (1 switches on core 0)
Aug 21 17:55:48.391167 np0000007925 devstack@placement-api.service[90300]: DEBUG placement.requestlog [req-2a8718c1-acad-45d8-b7ab-a5baaafcb827 req-18ef6088-75ea-4238-9fab-c1d0d9b8cfdd None None] Starting request: 10.4.3.177 "GET /placement/allocations/2577ab84-8eeb-4fe4-a486-839c04792d36" {{(pid=90300) __call__ /opt/stack/placement/placement/requestlog.py:55}}
Aug 21 17:55:48.400247 np0000007925 devstack@placement-api.service[90300]: INFO placement.requestlog [req-2a8718c1-acad-45d8-b7ab-a5baaafcb827 req-18ef6088-75ea-4238-9fab-c1d0d9b8cfdd service nova] 10.4.3.177 "GET /placement/allocations/2577ab84-8eeb-4fe4-a486-839c04792d36" status: 200 len: 258 microversion: 1.28
Aug 21 17:55:48.400247 np0000007925 devstack@placement-api.service[90300]: [pid: 90300|app: 0|req: 250/754] 10.4.3.177 () {68 vars in 1499 bytes} [Fri Aug 21 17:55:48 2026] GET /placement/allocations/2577ab84-8eeb-4fe4-a486-839c04792d36 => generated 258 bytes in 8 msecs (HTTP/1.1 200) 8 headers in 296 bytes (1 switches on core 0)
Aug 21 17:55:48.426595 np0000007925 devstack@placement-api.service[90301]: DEBUG placement.requestlog [req-2a8718c1-acad-45d8-b7ab-a5baaafcb827 req-f849f406-2055-4daf-a108-5bc84b48a257 None None] Starting request: 10.4.3.177 "GET /placement/allocations/6c4f72b3-bcf8-48b2-999c-27283ad1fff8" {{(pid=90301) __call__ /opt/stack/placement/placement/requestlog.py:55}}
Aug 21 17:55:48.437453 np0000007925 devstack@placement-api.service[90301]: INFO placement.requestlog [req-2a8718c1-acad-45d8-b7ab-a5baaafcb827 req-f849f406-2055-4daf-a108-5bc84b48a257 service nova] 10.4.3.177 "GET /placement/allocations/6c4f72b3-bcf8-48b2-999c-27283ad1fff8" status: 200 len: 258 microversion: 1.28
Aug 21 17:55:48.437727 np0000007925 devstack@placement-api.service[90301]: [pid: 90301|app: 0|req: 255/755] 10.4.3.177 () {68 vars in 1499 bytes} [Fri Aug 21 17:55:48 2026] GET /placement/allocations/6c4f72b3-bcf8-48b2-999c-27283ad1fff8 => generated 258 bytes in 11 msecs (HTTP/1.1 200) 8 headers in 296 bytes (1 switches on core 0)
Aug 21 17:55:48.474273 np0000007925 devstack@placement-api.service[90299]: DEBUG placement.requestlog [req-2a8718c1-acad-45d8-b7ab-a5baaafcb827 req-adb7b99a-4ad2-4fcc-961f-078e0da8c942 None None] Starting request: 10.4.3.177 "GET /placement/allocations/82cbf621-2f35-4cce-bd97-27088b7fe407" {{(pid=90299) __call__ /opt/stack/placement/placement/requestlog.py:55}}
Aug 21 17:55:48.483219 np0000007925 devstack@placement-api.service[90299]: INFO placement.requestlog [req-2a8718c1-acad-45d8-b7ab-a5baaafcb827 req-adb7b99a-4ad2-4fcc-961f-078e0da8c942 service nova] 10.4.3.177 "GET /placement/allocations/82cbf621-2f35-4cce-bd97-27088b7fe407" status: 200 len: 258 microversion: 1.28
Aug 21 17:55:48.483219 np0000007925 devstack@placement-api.service[90299]: [pid: 90299|app: 0|req: 251/756] 10.4.3.177 () {68 vars in 1499 bytes} [Fri Aug 21 17:55:48 2026] GET /placement/allocations/82cbf621-2f35-4cce-bd97-27088b7fe407 => generated 258 bytes in 9 msecs (HTTP/1.1 200) 8 headers in 296 bytes (1 switches on core 0)
Aug 21 17:55:48.632408 np0000007925 devstack@placement-api.service[90300]: DEBUG placement.requestlog [req-0333dd64-f814-47c3-b406-4d3461983b3c req-c990fcab-208e-494e-b98a-6ef2caea3320 None None] Starting request: 10.4.3.177 "GET /placement/resource_providers/54cd1cc9-be92-44da-8959-06ee1f0ca16f/allocations" {{(pid=90300) __call__ /opt/stack/placement/placement/requestlog.py:55}}
Aug 21 17:55:48.646646 np0000007925 devstack@placement-api.service[90300]: INFO placement.requestlog [req-0333dd64-f814-47c3-b406-4d3461983b3c req-c990fcab-208e-494e-b98a-6ef2caea3320 service nova] 10.4.3.177 "GET /placement/resource_providers/54cd1cc9-be92-44da-8959-06ee1f0ca16f/allocations" status: 200 len: 825 microversion: 1.0
Aug 21 17:55:48.646646 np0000007925 devstack@placement-api.service[90300]: [pid: 90300|app: 0|req: 251/757] 10.4.3.177 () {66 vars in 1512 bytes} [Fri Aug 21 17:55:48 2026] GET /placement/resource_providers/54cd1cc9-be92-44da-8959-06ee1f0ca16f/allocations => generated 825 bytes in 14 msecs (HTTP/1.1 200) 6 headers in 224 bytes (1 switches on core 0)
Aug 21 17:55:48.710912 np0000007925 devstack@placement-api.service[90301]: DEBUG placement.requestlog [req-0333dd64-f814-47c3-b406-4d3461983b3c req-6585f395-c7a7-45b8-9a7a-6abbcab8c2b5 None None] Starting request: 10.4.3.177 "GET /placement/allocations/d511160f-5dc0-45cc-bf1d-3b65f8162a14" {{(pid=90301) __call__ /opt/stack/placement/placement/requestlog.py:55}}
Aug 21 17:55:48.720867 np0000007925 devstack@placement-api.service[90301]: INFO placement.requestlog [req-0333dd64-f814-47c3-b406-4d3461983b3c req-6585f395-c7a7-45b8-9a7a-6abbcab8c2b5 service nova] 10.4.3.177 "GET /placement/allocations/d511160f-5dc0-45cc-bf1d-3b65f8162a14" status: 200 len: 258 microversion: 1.28
Aug 21 17:55:48.721330 np0000007925 devstack@placement-api.service[90301]: [pid: 90301|app: 0|req: 256/758] 10.4.3.177 () {68 vars in 1499 bytes} [Fri Aug 21 17:55:48 2026] GET /placement/allocations/d511160f-5dc0-45cc-bf1d-3b65f8162a14 => generated 258 bytes in 10 msecs (HTTP/1.1 200) 8 headers in 296 bytes (1 switches on core 0)
Aug 21 17:55:48.804234 np0000007925 devstack@placement-api.service[90299]: DEBUG placement.requestlog [req-0333dd64-f814-47c3-b406-4d3461983b3c req-0c2cb003-0174-4c93-a9fe-1066aa129a3e None None] Starting request: 10.4.3.177 "GET /placement/allocations/dea6a9ef-7bc4-4a72-9a52-4c75639a53fb" {{(pid=90299) __call__ /opt/stack/placement/placement/requestlog.py:55}}
Aug 21 17:55:48.820576 np0000007925 devstack@placement-api.service[90299]: INFO placement.requestlog [req-0333dd64-f814-47c3-b406-4d3461983b3c req-0c2cb003-0174-4c93-a9fe-1066aa129a3e service nova] 10.4.3.177 "GET /placement/allocations/dea6a9ef-7bc4-4a72-9a52-4c75639a53fb" status: 200 len: 244 microversion: 1.28
Aug 21 17:55:48.820732 np0000007925 devstack@placement-api.service[90299]: [pid: 90299|app: 0|req: 252/759] 10.4.3.177 () {68 vars in 1499 bytes} [Fri Aug 21 17:55:48 2026] GET /placement/allocations/dea6a9ef-7bc4-4a72-9a52-4c75639a53fb => generated 244 bytes in 17 msecs (HTTP/1.1 200) 8 headers in 296 bytes (1 switches on core 0)
Aug 21 17:55:48.876942 np0000007925 devstack@placement-api.service[90300]: DEBUG placement.requestlog [req-0333dd64-f814-47c3-b406-4d3461983b3c req-a7e08018-5556-4056-bda0-8fbe7f33f488 None None] Starting request: 10.4.3.177 "GET /placement/allocations/4ba25239-b9cf-462f-8a8c-4394c36cf35a" {{(pid=90300) __call__ /opt/stack/placement/placement/requestlog.py:55}}
Aug 21 17:55:48.888096 np0000007925 devstack@placement-api.service[90300]: INFO placement.requestlog [req-0333dd64-f814-47c3-b406-4d3461983b3c req-a7e08018-5556-4056-bda0-8fbe7f33f488 service nova] 10.4.3.177 "GET /placement/allocations/4ba25239-b9cf-462f-8a8c-4394c36cf35a" status: 200 len: 258 microversion: 1.28
Aug 21 17:55:48.888307 np0000007925 devstack@placement-api.service[90300]: [pid: 90300|app: 0|req: 252/760] 10.4.3.177 () {68 vars in 1499 bytes} [Fri Aug 21 17:55:48 2026] GET /placement/allocations/4ba25239-b9cf-462f-8a8c-4394c36cf35a => generated 258 bytes in 12 msecs (HTTP/1.1 200) 8 headers in 296 bytes (1 switches on core 0)
Aug 21 17:55:48.942482 np0000007925 devstack@placement-api.service[90301]: DEBUG placement.requestlog [req-0333dd64-f814-47c3-b406-4d3461983b3c req-ffa59790-9c2b-400d-baaf-d51111776862 None None] Starting request: 10.4.3.177 "GET /placement/allocations/a73ebff9-802e-4c68-8f42-359a40f0fc0f" {{(pid=90301) __call__ /opt/stack/placement/placement/requestlog.py:55}}
Aug 21 17:55:48.950075 np0000007925 devstack@placement-api.service[90301]: INFO placement.requestlog [req-0333dd64-f814-47c3-b406-4d3461983b3c req-ffa59790-9c2b-400d-baaf-d51111776862 service nova] 10.4.3.177 "GET /placement/allocations/a73ebff9-802e-4c68-8f42-359a40f0fc0f" status: 200 len: 244 microversion: 1.28
Aug 21 17:55:48.950237 np0000007925 devstack@placement-api.service[90301]: [pid: 90301|app: 0|req: 257/761] 10.4.3.177 () {68 vars in 1499 bytes} [Fri Aug 21 17:55:48 2026] GET /placement/allocations/a73ebff9-802e-4c68-8f42-359a40f0fc0f => generated 244 bytes in 8 msecs (HTTP/1.1 200) 8 headers in 296 bytes (1 switches on core 0)
Aug 21 17:55:49.022305 np0000007925 devstack@placement-api.service[90299]: DEBUG placement.requestlog [req-0333dd64-f814-47c3-b406-4d3461983b3c req-1c0ffd86-1564-47e1-8240-3d3244133a51 None None] Starting request: 10.4.3.177 "GET /placement/allocations/ca42829d-7900-42b5-9434-6d0ad8e5ee37" {{(pid=90299) __call__ /opt/stack/placement/placement/requestlog.py:55}}
Aug 21 17:55:49.030667 np0000007925 devstack@placement-api.service[90299]: INFO placement.requestlog [req-0333dd64-f814-47c3-b406-4d3461983b3c req-1c0ffd86-1564-47e1-8240-3d3244133a51 service nova] 10.4.3.177 "GET /placement/allocations/ca42829d-7900-42b5-9434-6d0ad8e5ee37" status: 200 len: 258 microversion: 1.28
Aug 21 17:55:49.032097 np0000007925 devstack@placement-api.service[90299]: [pid: 90299|app: 0|req: 253/762] 10.4.3.177 () {68 vars in 1499 bytes} [Fri Aug 21 17:55:49 2026] GET /placement/allocations/ca42829d-7900-42b5-9434-6d0ad8e5ee37 => generated 258 bytes in 10 msecs (HTTP/1.1 200) 8 headers in 296 bytes (1 switches on core 0)
Aug 21 17:55:49.111477 np0000007925 devstack@placement-api.service[90300]: DEBUG placement.requestlog [req-0333dd64-f814-47c3-b406-4d3461983b3c req-4467025b-4470-48e0-a45c-e2c7b25ff71e None None] Starting request: 10.4.3.177 "GET /placement/allocations/2577ab84-8eeb-4fe4-a486-839c04792d36" {{(pid=90300) __call__ /opt/stack/placement/placement/requestlog.py:55}}
Aug 21 17:55:49.123535 np0000007925 devstack@placement-api.service[90300]: INFO placement.requestlog [req-0333dd64-f814-47c3-b406-4d3461983b3c req-4467025b-4470-48e0-a45c-e2c7b25ff71e service nova] 10.4.3.177 "GET /placement/allocations/2577ab84-8eeb-4fe4-a486-839c04792d36" status: 200 len: 258 microversion: 1.28
Aug 21 17:55:49.123609 np0000007925 devstack@placement-api.service[90300]: [pid: 90300|app: 0|req: 253/763] 10.4.3.177 () {68 vars in 1499 bytes} [Fri Aug 21 17:55:49 2026] GET /placement/allocations/2577ab84-8eeb-4fe4-a486-839c04792d36 => generated 258 bytes in 12 msecs (HTTP/1.1 200) 8 headers in 296 bytes (1 switches on core 0)
Aug 21 17:55:49.213964 np0000007925 devstack@placement-api.service[90301]: DEBUG placement.requestlog [req-0333dd64-f814-47c3-b406-4d3461983b3c req-1194c225-32ac-4e7e-96ca-526b3eefd4e2 None None] Starting request: 10.4.3.177 "GET /placement/allocations/6c4f72b3-bcf8-48b2-999c-27283ad1fff8" {{(pid=90301) __call__ /opt/stack/placement/placement/requestlog.py:55}}
Aug 21 17:55:49.234549 np0000007925 devstack@placement-api.service[90301]: INFO placement.requestlog [req-0333dd64-f814-47c3-b406-4d3461983b3c req-1194c225-32ac-4e7e-96ca-526b3eefd4e2 service nova] 10.4.3.177 "GET /placement/allocations/6c4f72b3-bcf8-48b2-999c-27283ad1fff8" status: 200 len: 258 microversion: 1.28
Aug 21 17:55:49.234840 np0000007925 devstack@placement-api.service[90301]: [pid: 90301|app: 0|req: 258/764] 10.4.3.177 () {68 vars in 1499 bytes} [Fri Aug 21 17:55:49 2026] GET /placement/allocations/6c4f72b3-bcf8-48b2-999c-27283ad1fff8 => generated 258 bytes in 21 msecs (HTTP/1.1 200) 8 headers in 296 bytes (1 switches on core 0)
Aug 21 17:55:49.295462 np0000007925 devstack@placement-api.service[90299]: DEBUG placement.requestlog [req-0333dd64-f814-47c3-b406-4d3461983b3c req-8566d0a2-82cc-4e4f-b764-c7dea6ad18f8 None None] Starting request: 10.4.3.177 "GET /placement/allocations/82cbf621-2f35-4cce-bd97-27088b7fe407" {{(pid=90299) __call__ /opt/stack/placement/placement/requestlog.py:55}}
Aug 21 17:55:49.314822 np0000007925 devstack@placement-api.service[90299]: INFO placement.requestlog [req-0333dd64-f814-47c3-b406-4d3461983b3c req-8566d0a2-82cc-4e4f-b764-c7dea6ad18f8 service nova] 10.4.3.177 "GET /placement/allocations/82cbf621-2f35-4cce-bd97-27088b7fe407" status: 200 len: 258 microversion: 1.28
Aug 21 17:55:49.315097 np0000007925 devstack@placement-api.service[90299]: [pid: 90299|app: 0|req: 254/765] 10.4.3.177 () {68 vars in 1499 bytes} [Fri Aug 21 17:55:49 2026] GET /placement/allocations/82cbf621-2f35-4cce-bd97-27088b7fe407 => generated 258 bytes in 20 msecs (HTTP/1.1 200) 8 headers in 296 bytes (1 switches on core 0)
Aug 21 17:55:53.156847 np0000007925 devstack@placement-api.service[90300]: DEBUG placement.requestlog [req-18052a8b-c5eb-4d15-8367-25b409b42343 req-a1136b78-b8a5-4051-be35-a7e1b2ef7efa None None] Starting request: 10.4.3.177 "GET /placement/resource_providers/54cd1cc9-be92-44da-8959-06ee1f0ca16f/allocations" {{(pid=90300) __call__ /opt/stack/placement/placement/requestlog.py:55}}
Aug 21 17:55:53.168463 np0000007925 devstack@placement-api.service[90300]: INFO placement.requestlog [req-18052a8b-c5eb-4d15-8367-25b409b42343 req-a1136b78-b8a5-4051-be35-a7e1b2ef7efa service nova] 10.4.3.177 "GET /placement/resource_providers/54cd1cc9-be92-44da-8959-06ee1f0ca16f/allocations" status: 200 len: 825 microversion: 1.0
Aug 21 17:55:53.168682 np0000007925 devstack@placement-api.service[90300]: [pid: 90300|app: 0|req: 254/766] 10.4.3.177 () {66 vars in 1512 bytes} [Fri Aug 21 17:55:53 2026] GET /placement/resource_providers/54cd1cc9-be92-44da-8959-06ee1f0ca16f/allocations => generated 825 bytes in 12 msecs (HTTP/1.1 200) 6 headers in 224 bytes (1 switches on core 0)
Aug 21 17:55:53.197612 np0000007925 devstack@placement-api.service[90301]: DEBUG placement.requestlog [req-18052a8b-c5eb-4d15-8367-25b409b42343 req-ea7ddeca-6e2b-4036-8c27-23c08c61443a None None] Starting request: 10.4.3.177 "GET /placement/allocations/d511160f-5dc0-45cc-bf1d-3b65f8162a14" {{(pid=90301) __call__ /opt/stack/placement/placement/requestlog.py:55}}
Aug 21 17:55:53.204196 np0000007925 devstack@placement-api.service[90301]: INFO placement.requestlog [req-18052a8b-c5eb-4d15-8367-25b409b42343 req-ea7ddeca-6e2b-4036-8c27-23c08c61443a service nova] 10.4.3.177 "GET /placement/allocations/d511160f-5dc0-45cc-bf1d-3b65f8162a14" status: 200 len: 258 microversion: 1.28
Aug 21 17:55:53.204485 np0000007925 devstack@placement-api.service[90301]: [pid: 90301|app: 0|req: 259/767] 10.4.3.177 () {68 vars in 1499 bytes} [Fri Aug 21 17:55:53 2026] GET /placement/allocations/d511160f-5dc0-45cc-bf1d-3b65f8162a14 => generated 258 bytes in 7 msecs (HTTP/1.1 200) 8 headers in 296 bytes (1 switches on core 0)
Aug 21 17:55:53.232692 np0000007925 devstack@placement-api.service[90299]: DEBUG placement.requestlog [req-18052a8b-c5eb-4d15-8367-25b409b42343 req-4c14fc9b-ad48-4d42-9b01-47e03a535385 None None] Starting request: 10.4.3.177 "GET /placement/allocations/dea6a9ef-7bc4-4a72-9a52-4c75639a53fb" {{(pid=90299) __call__ /opt/stack/placement/placement/requestlog.py:55}}
Aug 21 17:55:53.240153 np0000007925 devstack@placement-api.service[90299]: INFO placement.requestlog [req-18052a8b-c5eb-4d15-8367-25b409b42343 req-4c14fc9b-ad48-4d42-9b01-47e03a535385 service nova] 10.4.3.177 "GET /placement/allocations/dea6a9ef-7bc4-4a72-9a52-4c75639a53fb" status: 200 len: 244 microversion: 1.28
Aug 21 17:55:53.240355 np0000007925 devstack@placement-api.service[90299]: [pid: 90299|app: 0|req: 255/768] 10.4.3.177 () {68 vars in 1499 bytes} [Fri Aug 21 17:55:53 2026] GET /placement/allocations/dea6a9ef-7bc4-4a72-9a52-4c75639a53fb => generated 244 bytes in 8 msecs (HTTP/1.1 200) 8 headers in 296 bytes (1 switches on core 0)
Aug 21 17:55:53.267509 np0000007925 devstack@placement-api.service[90300]: DEBUG placement.requestlog [req-18052a8b-c5eb-4d15-8367-25b409b42343 req-ceb8b2a1-6aca-4507-8cb5-9f0324908671 None None] Starting request: 10.4.3.177 "GET /placement/allocations/4ba25239-b9cf-462f-8a8c-4394c36cf35a" {{(pid=90300) __call__ /opt/stack/placement/placement/requestlog.py:55}}
Aug 21 17:55:53.274645 np0000007925 devstack@placement-api.service[90300]: INFO placement.requestlog [req-18052a8b-c5eb-4d15-8367-25b409b42343 req-ceb8b2a1-6aca-4507-8cb5-9f0324908671 service nova] 10.4.3.177 "GET /placement/allocations/4ba25239-b9cf-462f-8a8c-4394c36cf35a" status: 200 len: 258 microversion: 1.28
Aug 21 17:55:53.275031 np0000007925 devstack@placement-api.service[90300]: [pid: 90300|app: 0|req: 255/769] 10.4.3.177 () {68 vars in 1499 bytes} [Fri Aug 21 17:55:53 2026] GET /placement/allocations/4ba25239-b9cf-462f-8a8c-4394c36cf35a => generated 258 bytes in 7 msecs (HTTP/1.1 200) 8 headers in 296 bytes (1 switches on core 0)
