Jun 13 00:22:14.771124 np0000002765 devstack@c-api.service[99368]: DEBUG cinder.volume.api [None req-c433a8d0-1e2d-4f17-97b9-a8c5f3d30d13 tempest-VolumesDeleteCascade-326127369 tempest-VolumesDeleteCascade-326127369-project-member] Task 'cinder.volume.flows.api.create_volume.EntryCreateTask;volume:create' (576bdae2-81f8-426b-bd2d-1d29a269085f) transitioned into state 'SUCCESS' from state 'RUNNING' with result '{'volume_id': '7588c951-87e8-48da-b310-e0b4567fb86e', 'volume_properties': VolumeProperties(attach_status='detached',availability_zone='nova',cgsnapshot_id=None,consistencygroup_id=None,display_description=None,display_name='tempest-VolumesDeleteCascade-Volume-1462690801',encryption_key_id=None,group_id=None,group_type_id=,metadata={},multiattach=False,project_id='dd03db5d46bd47579aace6b8d2fd84bd',qos_specs=None,replication_status=,reservations=['aa58805d-9b6e-4fc2-974c-ae4030d8355e','2ee768ef-35bd-4218-81db-c058423dcad8','0a19fd2b-45e0-4db4-a3ad-3fa097a74ffe','8a53069e-0c3f-49ed-aabd-c2e87e4d0a43'],size=1,snapshot_id=None,source_replicaid=,source_volid=None,status='creating',user_id='93085eb13ec944708db68d6e1b527ea1',volume_type_id=913f8514-29bc-4192-84ee-fcfcb8e9fd5b), 'volume': Volume(_name_id=None,admin_metadata=,attach_status='detached',availability_zone='nova',bootable=False,cluster=,cluster_name=None,consistencygroup=,consistencygroup_id=None,created_at=2026-06-13T00:22:14Z,deleted=False,deleted_at=None,display_description=None,display_name='tempest-VolumesDeleteCascade-Volume-1462690801',ec2_id=None,encryption_key_id=None,glance_metadata=,group=,group_id=None,host=None,id=7588c951-87e8-48da-b310-e0b4567fb86e,launched_at=None,metadata={},migration_status=None,multiattach=False,previous_status=None,project_id='dd03db5d46bd47579aace6b8d2fd84bd',provider_auth=None,provider_geometry=None,provider_id=None,provider_location=None,replication_driver_data=None,replication_extended_status=None,replication_status=None,scheduled_at=None,service_uuid=None,shared_targets=True,size=1,snapshot_id=None,snapshots=,source_volid=None,status='creating',terminated_at=None,updated_at=None,use_quota=True,user_id='93085eb13ec944708db68d6e1b527ea1',volume_attachment=VolumeAttachmentList,volume_type=VolumeType(913f8514-29bc-4192-84ee-fcfcb8e9fd5b),volume_type_id=913f8514-29bc-4192-84ee-fcfcb8e9fd5b)}' {{(pid=99368) _task_receiver /opt/stack/data/venv/lib/python3.12/site-packages/taskflow/listeners/logging.py:218}}
Jun 13 00:22:14.771911 np0000002765 devstack@c-api.service[99368]: DEBUG cinder.volume.api [None req-c433a8d0-1e2d-4f17-97b9-a8c5f3d30d13 tempest-VolumesDeleteCascade-326127369 tempest-VolumesDeleteCascade-326127369-project-member] Task 'cinder.volume.flows.api.create_volume.QuotaCommitTask;volume:create' (6dc6551a-73f7-4c77-bd8e-31cd82794c0f) transitioned into state 'RUNNING' from state 'PENDING' {{(pid=99368) _task_receiver /opt/stack/data/venv/lib/python3.12/site-packages/taskflow/listeners/logging.py:242}}
Jun 13 00:22:14.795164 np0000002765 devstack@c-api.service[99368]: DEBUG cinder.volume.api [None req-c433a8d0-1e2d-4f17-97b9-a8c5f3d30d13 tempest-VolumesDeleteCascade-326127369 tempest-VolumesDeleteCascade-326127369-project-member] Task 'cinder.volume.flows.api.create_volume.QuotaCommitTask;volume:create' (6dc6551a-73f7-4c77-bd8e-31cd82794c0f) transitioned into state 'SUCCESS' from state 'RUNNING' with result '{'volume_properties': VolumeProperties(attach_status='detached',availability_zone='nova',cgsnapshot_id=None,consistencygroup_id=None,display_description=None,display_name='tempest-VolumesDeleteCascade-Volume-1462690801',encryption_key_id=None,group_id=None,group_type_id=,metadata={},multiattach=False,project_id='dd03db5d46bd47579aace6b8d2fd84bd',qos_specs=None,replication_status=,reservations=['aa58805d-9b6e-4fc2-974c-ae4030d8355e','2ee768ef-35bd-4218-81db-c058423dcad8','0a19fd2b-45e0-4db4-a3ad-3fa097a74ffe','8a53069e-0c3f-49ed-aabd-c2e87e4d0a43'],size=1,snapshot_id=None,source_replicaid=,source_volid=None,status='creating',user_id='93085eb13ec944708db68d6e1b527ea1',volume_type_id=913f8514-29bc-4192-84ee-fcfcb8e9fd5b)}' {{(pid=99368) _task_receiver /opt/stack/data/venv/lib/python3.12/site-packages/taskflow/listeners/logging.py:218}}
Jun 13 00:22:14.796073 np0000002765 devstack@c-api.service[99368]: DEBUG cinder.volume.api [None req-c433a8d0-1e2d-4f17-97b9-a8c5f3d30d13 tempest-VolumesDeleteCascade-326127369 tempest-VolumesDeleteCascade-326127369-project-member] Task 'cinder.volume.flows.api.create_volume.VolumeCastTask;volume:create' (5c831426-fecc-44b1-99ae-9cbf3af05bc1) transitioned into state 'RUNNING' from state 'PENDING' {{(pid=99368) _task_receiver /opt/stack/data/venv/lib/python3.12/site-packages/taskflow/listeners/logging.py:242}}
Jun 13 00:22:14.810698 np0000002765 devstack@c-api.service[99368]: DEBUG cinder.volume.api [None req-c433a8d0-1e2d-4f17-97b9-a8c5f3d30d13 tempest-VolumesDeleteCascade-326127369 tempest-VolumesDeleteCascade-326127369-project-member] Task 'cinder.volume.flows.api.create_volume.VolumeCastTask;volume:create' (5c831426-fecc-44b1-99ae-9cbf3af05bc1) transitioned into state 'SUCCESS' from state 'RUNNING' with result 'None' {{(pid=99368) _task_receiver /opt/stack/data/venv/lib/python3.12/site-packages/taskflow/listeners/logging.py:218}}
Jun 13 00:22:14.812745 np0000002765 devstack@c-api.service[99368]: DEBUG cinder.volume.api [None req-c433a8d0-1e2d-4f17-97b9-a8c5f3d30d13 tempest-VolumesDeleteCascade-326127369 tempest-VolumesDeleteCascade-326127369-project-member] Flow 'volume_create_api' (00ace7a9-39a0-4a47-aaac-b3c9803c4a81) transitioned into state 'SUCCESS' from state 'RUNNING' {{(pid=99368) _flow_receiver /opt/stack/data/venv/lib/python3.12/site-packages/taskflow/listeners/logging.py:160}}
Jun 13 00:22:14.812745 np0000002765 devstack@c-api.service[99368]: INFO cinder.volume.api [None req-c433a8d0-1e2d-4f17-97b9-a8c5f3d30d13 tempest-VolumesDeleteCascade-326127369 tempest-VolumesDeleteCascade-326127369-project-member] Create volume request issued successfully.
Jun 13 00:22:14.816139 np0000002765 devstack@c-api.service[99368]: INFO cinder.api.openstack.wsgi [None req-c433a8d0-1e2d-4f17-97b9-a8c5f3d30d13 tempest-VolumesDeleteCascade-326127369 tempest-VolumesDeleteCascade-326127369-project-member] https://10.4.3.196/volume/v3/volumes returned with HTTP 202
Jun 13 00:22:14.816139 np0000002765 devstack@c-api.service[99368]: [pid: 99368|app: 0|req: 85/276] 10.4.3.196 () {68 vars in 1258 bytes} [Sat Jun 13 00:22:14 2026] POST /volume/v3/volumes => generated 751 bytes in 517 msecs (HTTP/1.1 202) 7 headers in 291 bytes (1 switches on core 0)
Jun 13 00:22:14.834700 np0000002765 devstack@c-api.service[99367]: DEBUG cinder.api.middleware.request_id [None req-44aba460-a57b-4830-9486-ff9ea1dd583d None None] RequestId filter calling following filter/app {{(pid=99367) _context_setter /opt/stack/cinder/cinder/api/middleware/request_id.py:62}}
Jun 13 00:22:14.837482 np0000002765 devstack@c-api.service[99367]: INFO cinder.api.openstack.wsgi [None req-44aba460-a57b-4830-9486-ff9ea1dd583d tempest-VolumesDeleteCascade-326127369 tempest-VolumesDeleteCascade-326127369-project-member] GET https://10.4.3.196/volume/v3/volumes/7588c951-87e8-48da-b310-e0b4567fb86e
Jun 13 00:22:14.843070 np0000002765 devstack@c-api.service[99367]: DEBUG cinder.api.openstack.wsgi [None req-44aba460-a57b-4830-9486-ff9ea1dd583d tempest-VolumesDeleteCascade-326127369 tempest-VolumesDeleteCascade-326127369-project-member] Empty body provided in request {{(pid=99367) get_body /opt/stack/cinder/cinder/api/openstack/wsgi.py:725}}
Jun 13 00:22:14.843070 np0000002765 devstack@c-api.service[99367]: DEBUG cinder.api.openstack.wsgi [None req-44aba460-a57b-4830-9486-ff9ea1dd583d tempest-VolumesDeleteCascade-326127369 tempest-VolumesDeleteCascade-326127369-project-member] Calling method 'show' {{(pid=99367) _process_stack /opt/stack/cinder/cinder/api/openstack/wsgi.py:878}}
Jun 13 00:22:14.854339 np0000002765 devstack@c-api.service[99367]: /opt/stack/data/venv/lib/python3.12/site-packages/oslo_context/context.py:102: DeprecationWarning: Policy enforcement is depending on the value of is_admin. This key is deprecated. Please update your policy file to use the standard policy values.
Jun 13 00:22:14.854339 np0000002765 devstack@c-api.service[99367]: warnings.warn(
Jun 13 00:22:14.865992 np0000002765 devstack@c-api.service[99367]: INFO cinder.volume.api [None req-44aba460-a57b-4830-9486-ff9ea1dd583d tempest-VolumesDeleteCascade-326127369 tempest-VolumesDeleteCascade-326127369-project-member] Volume info retrieved successfully.
Jun 13 00:22:14.872594 np0000002765 devstack@c-api.service[99367]: INFO cinder.api.openstack.wsgi [None req-44aba460-a57b-4830-9486-ff9ea1dd583d tempest-VolumesDeleteCascade-326127369 tempest-VolumesDeleteCascade-326127369-project-member] https://10.4.3.196/volume/v3/volumes/7588c951-87e8-48da-b310-e0b4567fb86e returned with HTTP 200
Jun 13 00:22:14.873864 np0000002765 devstack@c-api.service[99367]: [pid: 99367|app: 0|req: 96/277] 10.4.3.196 () {66 vars in 1348 bytes} [Sat Jun 13 00:22:14 2026] GET /volume/v3/volumes/7588c951-87e8-48da-b310-e0b4567fb86e => generated 819 bytes in 40 msecs (HTTP/1.1 200) 7 headers in 285 bytes (1 switches on core 0)
Jun 13 00:22:14.984804 np0000002765 devstack@c-api.service[99369]: DEBUG cinder.api.middleware.request_id [None req-6d66f432-3a96-4a93-8bad-b5a6aa9cf05b None None] RequestId filter calling following filter/app {{(pid=99369) _context_setter /opt/stack/cinder/cinder/api/middleware/request_id.py:62}}
Jun 13 00:22:14.984804 np0000002765 devstack@c-api.service[99369]: INFO cinder.api.openstack.wsgi [None req-6d66f432-3a96-4a93-8bad-b5a6aa9cf05b None None] GET https://10.4.3.196/volume//
Jun 13 00:22:14.984804 np0000002765 devstack@c-api.service[99369]: DEBUG cinder.api.openstack.wsgi [None req-6d66f432-3a96-4a93-8bad-b5a6aa9cf05b None None] Empty body provided in request {{(pid=99369) get_body /opt/stack/cinder/cinder/api/openstack/wsgi.py:725}}
Jun 13 00:22:14.984804 np0000002765 devstack@c-api.service[99369]: DEBUG cinder.api.openstack.wsgi [None req-6d66f432-3a96-4a93-8bad-b5a6aa9cf05b None None] Calling method 'all' {{(pid=99369) _process_stack /opt/stack/cinder/cinder/api/openstack/wsgi.py:878}}
Jun 13 00:22:14.984804 np0000002765 devstack@c-api.service[99369]: INFO cinder.api.openstack.wsgi [None req-6d66f432-3a96-4a93-8bad-b5a6aa9cf05b None None] https://10.4.3.196/volume// returned with HTTP 300
Jun 13 00:22:14.984804 np0000002765 devstack@c-api.service[99369]: [pid: 99369|app: 0|req: 97/278] 10.4.3.196 () {66 vars in 1428 bytes} [Sat Jun 13 00:22:14 2026] GET /volume/ => generated 386 bytes in 2 msecs (HTTP/1.1 300) 7 headers in 299 bytes (1 switches on core 0)
Jun 13 00:22:14.997447 np0000002765 devstack@c-api.service[99368]: DEBUG cinder.api.middleware.request_id [req-a05880f7-38f6-4ef4-bb94-4680b0c6fa72 req-d92faf80-67a5-4093-b10e-1460abf1caf2 None None] RequestId filter calling following filter/app {{(pid=99368) _context_setter /opt/stack/cinder/cinder/api/middleware/request_id.py:62}}
Jun 13 00:22:15.001791 np0000002765 devstack@c-api.service[99368]: INFO cinder.api.openstack.wsgi [req-a05880f7-38f6-4ef4-bb94-4680b0c6fa72 req-d92faf80-67a5-4093-b10e-1460abf1caf2 tempest-TestMultiAttachVolumeSwap-411790954 tempest-TestMultiAttachVolumeSwap-411790954-project-member] POST https://10.4.3.196/volume/v3/attachments
Jun 13 00:22:15.002327 np0000002765 devstack@c-api.service[99368]: DEBUG cinder.api.openstack.wsgi [req-a05880f7-38f6-4ef4-bb94-4680b0c6fa72 req-d92faf80-67a5-4093-b10e-1460abf1caf2 tempest-TestMultiAttachVolumeSwap-411790954 tempest-TestMultiAttachVolumeSwap-411790954-project-member] Action: 'create', calling method: version_select, body: {"attachment": {"volume_uuid": "d66b09d9-a7ab-48d1-b701-9d97f7b59ba7", "connector": null, "instance_uuid": "dfaff6d3-94b5-437f-8291-b2910e0713ea"}} {{(pid=99368) _process_stack /opt/stack/cinder/cinder/api/openstack/wsgi.py:876}}
Jun 13 00:22:15.023499 np0000002765 devstack@c-api.service[99368]: /opt/stack/data/venv/lib/python3.12/site-packages/oslo_context/context.py:102: DeprecationWarning: Policy enforcement is depending on the value of is_admin. This key is deprecated. Please update your policy file to use the standard policy values.
Jun 13 00:22:15.023499 np0000002765 devstack@c-api.service[99368]: warnings.warn(
Jun 13 00:22:15.055694 np0000002765 devstack@c-api.service[99368]: WARNING cinder.volume.api [req-a05880f7-38f6-4ef4-bb94-4680b0c6fa72 req-d92faf80-67a5-4093-b10e-1460abf1caf2 tempest-TestMultiAttachVolumeSwap-411790954 tempest-TestMultiAttachVolumeSwap-411790954-project-member] Using volume_admin_metadata to set Read Only mode is deprecated! Please use the mode argument in attachment-create.
Jun 13 00:22:15.062047 np0000002765 devstack@c-api.service[99368]: INFO cinder.api.openstack.wsgi [req-a05880f7-38f6-4ef4-bb94-4680b0c6fa72 req-d92faf80-67a5-4093-b10e-1460abf1caf2 tempest-TestMultiAttachVolumeSwap-411790954 tempest-TestMultiAttachVolumeSwap-411790954-project-member] https://10.4.3.196/volume/v3/attachments returned with HTTP 200
Jun 13 00:22:15.062683 np0000002765 devstack@c-api.service[99368]: [pid: 99368|app: 0|req: 86/279] 10.4.3.196 () {74 vars in 1594 bytes} [Sat Jun 13 00:22:14 2026] POST /volume/v3/attachments => generated 271 bytes in 66 msecs (HTTP/1.1 200) 7 headers in 286 bytes (1 switches on core 0)
Jun 13 00:22:15.202992 np0000002765 devstack@c-api.service[99367]: DEBUG cinder.api.middleware.request_id [None req-caf94ebe-002d-48d6-930b-52352001d526 None None] RequestId filter calling following filter/app {{(pid=99367) _context_setter /opt/stack/cinder/cinder/api/middleware/request_id.py:62}}
Jun 13 00:22:15.208264 np0000002765 devstack@c-api.service[99367]: INFO cinder.api.openstack.wsgi [None req-caf94ebe-002d-48d6-930b-52352001d526 tempest-TaggedBootDevicesTest_v242-961343010 tempest-TaggedBootDevicesTest_v242-961343010-project-member] GET https://10.4.3.196/volume/v3/volumes/218ccf4c-e991-4c7c-8ac2-9cffed063739
Jun 13 00:22:15.209190 np0000002765 devstack@c-api.service[99367]: DEBUG cinder.api.openstack.wsgi [None req-caf94ebe-002d-48d6-930b-52352001d526 tempest-TaggedBootDevicesTest_v242-961343010 tempest-TaggedBootDevicesTest_v242-961343010-project-member] Empty body provided in request {{(pid=99367) get_body /opt/stack/cinder/cinder/api/openstack/wsgi.py:725}}
Jun 13 00:22:15.210004 np0000002765 devstack@c-api.service[99367]: DEBUG cinder.api.openstack.wsgi [None req-caf94ebe-002d-48d6-930b-52352001d526 tempest-TaggedBootDevicesTest_v242-961343010 tempest-TaggedBootDevicesTest_v242-961343010-project-member] Calling method 'show' {{(pid=99367) _process_stack /opt/stack/cinder/cinder/api/openstack/wsgi.py:878}}
Jun 13 00:22:15.218397 np0000002765 devstack@c-api.service[99367]: /opt/stack/data/venv/lib/python3.12/site-packages/oslo_context/context.py:102: DeprecationWarning: Policy enforcement is depending on the value of is_admin. This key is deprecated. Please update your policy file to use the standard policy values.
Jun 13 00:22:15.218397 np0000002765 devstack@c-api.service[99367]: warnings.warn(
Jun 13 00:22:15.223755 np0000002765 devstack@c-api.service[99367]: INFO cinder.volume.api [None req-caf94ebe-002d-48d6-930b-52352001d526 tempest-TaggedBootDevicesTest_v242-961343010 tempest-TaggedBootDevicesTest_v242-961343010-project-member] Volume info retrieved successfully.
Jun 13 00:22:15.230224 np0000002765 devstack@c-api.service[99367]: INFO cinder.api.openstack.wsgi [None req-caf94ebe-002d-48d6-930b-52352001d526 tempest-TaggedBootDevicesTest_v242-961343010 tempest-TaggedBootDevicesTest_v242-961343010-project-member] https://10.4.3.196/volume/v3/volumes/218ccf4c-e991-4c7c-8ac2-9cffed063739 returned with HTTP 200
Jun 13 00:22:15.231059 np0000002765 devstack@c-api.service[99367]: [pid: 99367|app: 0|req: 97/280] 10.4.3.196 () {66 vars in 1348 bytes} [Sat Jun 13 00:22:15 2026] GET /volume/v3/volumes/218ccf4c-e991-4c7c-8ac2-9cffed063739 => generated 910 bytes in 29 msecs (HTTP/1.1 200) 7 headers in 285 bytes (1 switches on core 0)
Jun 13 00:22:15.311733 np0000002765 devstack@c-api.service[99369]: DEBUG cinder.api.middleware.request_id [None req-b139d914-a440-4a5e-995f-927610dd6e86 None None] RequestId filter calling following filter/app {{(pid=99369) _context_setter /opt/stack/cinder/cinder/api/middleware/request_id.py:62}}
Jun 13 00:22:15.313044 np0000002765 devstack@c-api.service[99369]: INFO cinder.api.openstack.wsgi [None req-b139d914-a440-4a5e-995f-927610dd6e86 tempest-AttachSCSIVolumeTestJSON-1862360211 tempest-AttachSCSIVolumeTestJSON-1862360211-project-member] DELETE https://10.4.3.196/volume/v3/volumes/dbc2ee23-a938-4752-9ced-d4bd378c4c63
Jun 13 00:22:15.313242 np0000002765 devstack@c-api.service[99369]: DEBUG cinder.api.openstack.wsgi [None req-b139d914-a440-4a5e-995f-927610dd6e86 tempest-AttachSCSIVolumeTestJSON-1862360211 tempest-AttachSCSIVolumeTestJSON-1862360211-project-member] Empty body provided in request {{(pid=99369) get_body /opt/stack/cinder/cinder/api/openstack/wsgi.py:725}}
Jun 13 00:22:15.313437 np0000002765 devstack@c-api.service[99369]: DEBUG cinder.api.openstack.wsgi [None req-b139d914-a440-4a5e-995f-927610dd6e86 tempest-AttachSCSIVolumeTestJSON-1862360211 tempest-AttachSCSIVolumeTestJSON-1862360211-project-member] Calling method 'delete' {{(pid=99369) _process_stack /opt/stack/cinder/cinder/api/openstack/wsgi.py:878}}
Jun 13 00:22:15.313601 np0000002765 devstack@c-api.service[99369]: INFO cinder.api.v3.volumes [None req-b139d914-a440-4a5e-995f-927610dd6e86 tempest-AttachSCSIVolumeTestJSON-1862360211 tempest-AttachSCSIVolumeTestJSON-1862360211-project-member] Delete volume with id: dbc2ee23-a938-4752-9ced-d4bd378c4c63
Jun 13 00:22:15.324786 np0000002765 devstack@c-api.service[99369]: /opt/stack/data/venv/lib/python3.12/site-packages/oslo_context/context.py:102: DeprecationWarning: Policy enforcement is depending on the value of is_admin. This key is deprecated. Please update your policy file to use the standard policy values.
Jun 13 00:22:15.324786 np0000002765 devstack@c-api.service[99369]: warnings.warn(
Jun 13 00:22:15.326540 np0000002765 devstack@c-api.service[99369]: INFO cinder.volume.api [None req-b139d914-a440-4a5e-995f-927610dd6e86 tempest-AttachSCSIVolumeTestJSON-1862360211 tempest-AttachSCSIVolumeTestJSON-1862360211-project-member] Volume info retrieved successfully.
Jun 13 00:22:15.350697 np0000002765 devstack@c-api.service[99369]: INFO cinder.volume.api [None req-b139d914-a440-4a5e-995f-927610dd6e86 tempest-AttachSCSIVolumeTestJSON-1862360211 tempest-AttachSCSIVolumeTestJSON-1862360211-project-member] Delete volume request issued successfully.
Jun 13 00:22:15.351083 np0000002765 devstack@c-api.service[99369]: INFO cinder.api.openstack.wsgi [None req-b139d914-a440-4a5e-995f-927610dd6e86 tempest-AttachSCSIVolumeTestJSON-1862360211 tempest-AttachSCSIVolumeTestJSON-1862360211-project-member] https://10.4.3.196/volume/v3/volumes/dbc2ee23-a938-4752-9ced-d4bd378c4c63 returned with HTTP 202
Jun 13 00:22:15.351628 np0000002765 devstack@c-api.service[99369]: [pid: 99369|app: 0|req: 98/281] 10.4.3.196 () {66 vars in 1351 bytes} [Sat Jun 13 00:22:15 2026] DELETE /volume/v3/volumes/dbc2ee23-a938-4752-9ced-d4bd378c4c63 => generated 0 bytes in 41 msecs (HTTP/1.1 202) 6 headers in 233 bytes (1 switches on core 0)
Jun 13 00:22:15.360640 np0000002765 devstack@c-api.service[99368]: DEBUG cinder.api.middleware.request_id [None req-df96155f-fef3-4b00-b417-32ffe2a09d7c None None] RequestId filter calling following filter/app {{(pid=99368) _context_setter /opt/stack/cinder/cinder/api/middleware/request_id.py:62}}
Jun 13 00:22:15.363602 np0000002765 devstack@c-api.service[99368]: INFO cinder.api.openstack.wsgi [None req-df96155f-fef3-4b00-b417-32ffe2a09d7c tempest-AttachSCSIVolumeTestJSON-1862360211 tempest-AttachSCSIVolumeTestJSON-1862360211-project-member] GET https://10.4.3.196/volume/v3/volumes/dbc2ee23-a938-4752-9ced-d4bd378c4c63
Jun 13 00:22:15.363602 np0000002765 devstack@c-api.service[99368]: DEBUG cinder.api.openstack.wsgi [None req-df96155f-fef3-4b00-b417-32ffe2a09d7c tempest-AttachSCSIVolumeTestJSON-1862360211 tempest-AttachSCSIVolumeTestJSON-1862360211-project-member] Empty body provided in request {{(pid=99368) get_body /opt/stack/cinder/cinder/api/openstack/wsgi.py:725}}
Jun 13 00:22:15.363602 np0000002765 devstack@c-api.service[99368]: DEBUG cinder.api.openstack.wsgi [None req-df96155f-fef3-4b00-b417-32ffe2a09d7c tempest-AttachSCSIVolumeTestJSON-1862360211 tempest-AttachSCSIVolumeTestJSON-1862360211-project-member] Calling method 'show' {{(pid=99368) _process_stack /opt/stack/cinder/cinder/api/openstack/wsgi.py:878}}
Jun 13 00:22:15.371899 np0000002765 devstack@c-api.service[99368]: /opt/stack/data/venv/lib/python3.12/site-packages/oslo_context/context.py:102: DeprecationWarning: Policy enforcement is depending on the value of is_admin. This key is deprecated. Please update your policy file to use the standard policy values.
Jun 13 00:22:15.371899 np0000002765 devstack@c-api.service[99368]: warnings.warn(
Jun 13 00:22:15.376578 np0000002765 devstack@c-api.service[99368]: INFO cinder.volume.api [None req-df96155f-fef3-4b00-b417-32ffe2a09d7c tempest-AttachSCSIVolumeTestJSON-1862360211 tempest-AttachSCSIVolumeTestJSON-1862360211-project-member] Volume info retrieved successfully.
Jun 13 00:22:15.382706 np0000002765 devstack@c-api.service[99368]: INFO cinder.api.openstack.wsgi [None req-df96155f-fef3-4b00-b417-32ffe2a09d7c tempest-AttachSCSIVolumeTestJSON-1862360211 tempest-AttachSCSIVolumeTestJSON-1862360211-project-member] https://10.4.3.196/volume/v3/volumes/dbc2ee23-a938-4752-9ced-d4bd378c4c63 returned with HTTP 200
Jun 13 00:22:15.383308 np0000002765 devstack@c-api.service[99368]: [pid: 99368|app: 0|req: 87/282] 10.4.3.196 () {66 vars in 1348 bytes} [Sat Jun 13 00:22:15 2026] GET /volume/v3/volumes/dbc2ee23-a938-4752-9ced-d4bd378c4c63 => generated 845 bytes in 23 msecs (HTTP/1.1 200) 7 headers in 285 bytes (1 switches on core 0)
Jun 13 00:22:15.464336 np0000002765 devstack@c-api.service[99367]: DEBUG cinder.api.middleware.request_id [None req-09c396e4-c586-4e24-8776-487c6f52f2ad None None] RequestId filter calling following filter/app {{(pid=99367) _context_setter /opt/stack/cinder/cinder/api/middleware/request_id.py:62}}
Jun 13 00:22:15.466244 np0000002765 devstack@c-api.service[99367]: INFO cinder.api.openstack.wsgi [None req-09c396e4-c586-4e24-8776-487c6f52f2ad tempest-TestMultiAttachVolumeSwap-411790954 tempest-TestMultiAttachVolumeSwap-411790954-project-member] GET https://10.4.3.196/volume/v3/volumes/d66b09d9-a7ab-48d1-b701-9d97f7b59ba7
Jun 13 00:22:15.466450 np0000002765 devstack@c-api.service[99367]: DEBUG cinder.api.openstack.wsgi [None req-09c396e4-c586-4e24-8776-487c6f52f2ad tempest-TestMultiAttachVolumeSwap-411790954 tempest-TestMultiAttachVolumeSwap-411790954-project-member] Empty body provided in request {{(pid=99367) get_body /opt/stack/cinder/cinder/api/openstack/wsgi.py:725}}
Jun 13 00:22:15.466638 np0000002765 devstack@c-api.service[99367]: DEBUG cinder.api.openstack.wsgi [None req-09c396e4-c586-4e24-8776-487c6f52f2ad tempest-TestMultiAttachVolumeSwap-411790954 tempest-TestMultiAttachVolumeSwap-411790954-project-member] Calling method 'show' {{(pid=99367) _process_stack /opt/stack/cinder/cinder/api/openstack/wsgi.py:878}}
Jun 13 00:22:15.481527 np0000002765 devstack@c-api.service[99367]: /opt/stack/data/venv/lib/python3.12/site-packages/oslo_context/context.py:102: DeprecationWarning: Policy enforcement is depending on the value of is_admin. This key is deprecated. Please update your policy file to use the standard policy values.
Jun 13 00:22:15.481527 np0000002765 devstack@c-api.service[99367]: warnings.warn(
Jun 13 00:22:15.486171 np0000002765 devstack@c-api.service[99367]: INFO cinder.volume.api [None req-09c396e4-c586-4e24-8776-487c6f52f2ad tempest-TestMultiAttachVolumeSwap-411790954 tempest-TestMultiAttachVolumeSwap-411790954-project-member] Volume info retrieved successfully.
Jun 13 00:22:15.491337 np0000002765 devstack@c-api.service[99367]: INFO cinder.api.openstack.wsgi [None req-09c396e4-c586-4e24-8776-487c6f52f2ad tempest-TestMultiAttachVolumeSwap-411790954 tempest-TestMultiAttachVolumeSwap-411790954-project-member] https://10.4.3.196/volume/v3/volumes/d66b09d9-a7ab-48d1-b701-9d97f7b59ba7 returned with HTTP 200
Jun 13 00:22:15.491816 np0000002765 devstack@c-api.service[99367]: [pid: 99367|app: 0|req: 98/283] 10.4.3.196 () {66 vars in 1348 bytes} [Sat Jun 13 00:22:15 2026] GET /volume/v3/volumes/d66b09d9-a7ab-48d1-b701-9d97f7b59ba7 => generated 1162 bytes in 28 msecs (HTTP/1.1 200) 7 headers in 286 bytes (1 switches on core 0)
Jun 13 00:22:15.578798 np0000002765 devstack@c-api.service[99369]: DEBUG cinder.api.middleware.request_id [None req-59a550f8-0dcc-4260-b2a9-383eb4d4af50 None None] RequestId filter calling following filter/app {{(pid=99369) _context_setter /opt/stack/cinder/cinder/api/middleware/request_id.py:62}}
Jun 13 00:22:15.580935 np0000002765 devstack@c-api.service[99369]: INFO cinder.api.openstack.wsgi [None req-59a550f8-0dcc-4260-b2a9-383eb4d4af50 tempest-ServerActionsTestOtherA-452905961 tempest-ServerActionsTestOtherA-452905961-project-member] POST https://10.4.3.196/volume/v3/volumes
Jun 13 00:22:15.581408 np0000002765 devstack@c-api.service[99369]: DEBUG cinder.api.openstack.wsgi [None req-59a550f8-0dcc-4260-b2a9-383eb4d4af50 tempest-ServerActionsTestOtherA-452905961 tempest-ServerActionsTestOtherA-452905961-project-member] Action: 'create', calling method: create, body: {"volume": {"size": 1, "display_name": "tempest-ServerActionsTestOtherA-volume-1433925060"}} {{(pid=99369) _process_stack /opt/stack/cinder/cinder/api/openstack/wsgi.py:876}}
Jun 13 00:22:15.583482 np0000002765 devstack@c-api.service[99369]: DEBUG cinder.api.v3.volumes [None req-59a550f8-0dcc-4260-b2a9-383eb4d4af50 tempest-ServerActionsTestOtherA-452905961 tempest-ServerActionsTestOtherA-452905961-project-member] Create volume request body: {'volume': {'size': 1, 'display_name': 'tempest-ServerActionsTestOtherA-volume-1433925060'}} {{(pid=99369) create /opt/stack/cinder/cinder/api/v3/volumes.py:371}}
Jun 13 00:22:15.583615 np0000002765 devstack@c-api.service[99369]: INFO cinder.api.v3.volumes [None req-59a550f8-0dcc-4260-b2a9-383eb4d4af50 tempest-ServerActionsTestOtherA-452905961 tempest-ServerActionsTestOtherA-452905961-project-member] Create volume of 1 GB
Jun 13 00:22:15.588669 np0000002765 devstack@c-api.service[99369]: INFO cinder.volume.api [None req-59a550f8-0dcc-4260-b2a9-383eb4d4af50 tempest-ServerActionsTestOtherA-452905961 tempest-ServerActionsTestOtherA-452905961-project-member] Availability Zones retrieved successfully.
Jun 13 00:22:15.596863 np0000002765 devstack@c-api.service[99369]: DEBUG cinder.volume.api [None req-59a550f8-0dcc-4260-b2a9-383eb4d4af50 tempest-ServerActionsTestOtherA-452905961 tempest-ServerActionsTestOtherA-452905961-project-member] Flow 'volume_create_api' (2d22e579-7a3f-4b53-92df-5091499f9c6c) transitioned into state 'RUNNING' from state 'PENDING' {{(pid=99369) _flow_receiver /opt/stack/data/venv/lib/python3.12/site-packages/taskflow/listeners/logging.py:160}}
Jun 13 00:22:15.599471 np0000002765 devstack@c-api.service[99368]: DEBUG cinder.api.middleware.request_id [None req-fb803a43-6932-49fa-b5d6-d7119a18e18a None None] RequestId filter calling following filter/app {{(pid=99368) _context_setter /opt/stack/cinder/cinder/api/middleware/request_id.py:62}}
Jun 13 00:22:15.599996 np0000002765 devstack@c-api.service[99368]: INFO cinder.api.openstack.wsgi [None req-fb803a43-6932-49fa-b5d6-d7119a18e18a None None] GET https://10.4.3.196/volume//
Jun 13 00:22:15.600484 np0000002765 devstack@c-api.service[99368]: DEBUG cinder.api.openstack.wsgi [None req-fb803a43-6932-49fa-b5d6-d7119a18e18a None None] Empty body provided in request {{(pid=99368) get_body /opt/stack/cinder/cinder/api/openstack/wsgi.py:725}}
Jun 13 00:22:15.600484 np0000002765 devstack@c-api.service[99368]: DEBUG cinder.api.openstack.wsgi [None req-fb803a43-6932-49fa-b5d6-d7119a18e18a None None] Calling method 'all' {{(pid=99368) _process_stack /opt/stack/cinder/cinder/api/openstack/wsgi.py:878}}
Jun 13 00:22:15.600897 np0000002765 devstack@c-api.service[99368]: INFO cinder.api.openstack.wsgi [None req-fb803a43-6932-49fa-b5d6-d7119a18e18a None None] https://10.4.3.196/volume// returned with HTTP 300
Jun 13 00:22:15.601527 np0000002765 devstack@c-api.service[99368]: [pid: 99368|app: 0|req: 88/284] 10.4.3.196 () {66 vars in 1426 bytes} [Sat Jun 13 00:22:15 2026] GET /volume/ => generated 386 bytes in 2 msecs (HTTP/1.1 300) 7 headers in 299 bytes (1 switches on core 0)
Jun 13 00:22:15.601670 np0000002765 devstack@c-api.service[99369]: DEBUG cinder.volume.api [None req-59a550f8-0dcc-4260-b2a9-383eb4d4af50 tempest-ServerActionsTestOtherA-452905961 tempest-ServerActionsTestOtherA-452905961-project-member] Task 'cinder.volume.flows.api.create_volume.ExtractVolumeRequestTask;volume:create' (cbada04f-423c-4902-b64c-e7c365ad70ec) transitioned into state 'RUNNING' from state 'PENDING' {{(pid=99369) _task_receiver /opt/stack/data/venv/lib/python3.12/site-packages/taskflow/listeners/logging.py:242}}
Jun 13 00:22:15.603147 np0000002765 devstack@c-api.service[99369]: DEBUG cinder.volume.flows.api.create_volume [None req-59a550f8-0dcc-4260-b2a9-383eb4d4af50 tempest-ServerActionsTestOtherA-452905961 tempest-ServerActionsTestOtherA-452905961-project-member] Validating volume size '1' using validate_int {{(pid=99369) _extract_size /opt/stack/cinder/cinder/volume/flows/api/create_volume.py:226}}
Jun 13 00:22:15.609005 np0000002765 devstack@c-api.service[99367]: DEBUG cinder.api.middleware.request_id [req-a05880f7-38f6-4ef4-bb94-4680b0c6fa72 req-bc98471d-e72c-405e-b39d-cc811e2b926c None None] RequestId filter calling following filter/app {{(pid=99367) _context_setter /opt/stack/cinder/cinder/api/middleware/request_id.py:62}}
Jun 13 00:22:15.611401 np0000002765 devstack@c-api.service[99367]: INFO cinder.api.openstack.wsgi [req-a05880f7-38f6-4ef4-bb94-4680b0c6fa72 req-bc98471d-e72c-405e-b39d-cc811e2b926c tempest-TestMultiAttachVolumeSwap-411790954 tempest-TestMultiAttachVolumeSwap-411790954-project-member] GET https://10.4.3.196/volume/v3/volumes/d66b09d9-a7ab-48d1-b701-9d97f7b59ba7
Jun 13 00:22:15.611571 np0000002765 devstack@c-api.service[99367]: DEBUG cinder.api.openstack.wsgi [req-a05880f7-38f6-4ef4-bb94-4680b0c6fa72 req-bc98471d-e72c-405e-b39d-cc811e2b926c tempest-TestMultiAttachVolumeSwap-411790954 tempest-TestMultiAttachVolumeSwap-411790954-project-member] Empty body provided in request {{(pid=99367) get_body /opt/stack/cinder/cinder/api/openstack/wsgi.py:725}}
Jun 13 00:22:15.611784 np0000002765 devstack@c-api.service[99367]: DEBUG cinder.api.openstack.wsgi [req-a05880f7-38f6-4ef4-bb94-4680b0c6fa72 req-bc98471d-e72c-405e-b39d-cc811e2b926c tempest-TestMultiAttachVolumeSwap-411790954 tempest-TestMultiAttachVolumeSwap-411790954-project-member] Calling method 'show' {{(pid=99367) _process_stack /opt/stack/cinder/cinder/api/openstack/wsgi.py:878}}
Jun 13 00:22:15.623108 np0000002765 devstack@c-api.service[99367]: /opt/stack/data/venv/lib/python3.12/site-packages/oslo_context/context.py:102: DeprecationWarning: Policy enforcement is depending on the value of is_admin. This key is deprecated. Please update your policy file to use the standard policy values.
Jun 13 00:22:15.623108 np0000002765 devstack@c-api.service[99367]: warnings.warn(
Jun 13 00:22:15.626081 np0000002765 devstack@c-api.service[99369]: DEBUG cinder.volume.api [None req-59a550f8-0dcc-4260-b2a9-383eb4d4af50 tempest-ServerActionsTestOtherA-452905961 tempest-ServerActionsTestOtherA-452905961-project-member] Task 'cinder.volume.flows.api.create_volume.ExtractVolumeRequestTask;volume:create' (cbada04f-423c-4902-b64c-e7c365ad70ec) transitioned into state 'SUCCESS' from state 'RUNNING' with result '{'size': 1, 'snapshot_id': None, 'source_volid': None, 'volume_type': VolumeType(created_at=2026-06-13T00:18:18Z,deleted=False,deleted_at=None,description=None,extra_specs={volume_backend_name='storpool'},id=913f8514-29bc-4192-84ee-fcfcb8e9fd5b,is_public=True,name='storpool',projects=[],qos_specs=,qos_specs_id=None,updated_at=None), 'volume_type_id': '913f8514-29bc-4192-84ee-fcfcb8e9fd5b', 'encryption_key_id': None, 'qos_specs': None, 'consistencygroup_id': None, 'cgsnapshot_id': None, 'group_id': None, 'replication_status': 'disabled', 'refresh_az': False, 'backup_id': None, 'multiattach': False, 'availability_zones': ['nova']}' {{(pid=99369) _task_receiver /opt/stack/data/venv/lib/python3.12/site-packages/taskflow/listeners/logging.py:218}}
Jun 13 00:22:15.626439 np0000002765 devstack@c-api.service[99367]: INFO cinder.volume.api [req-a05880f7-38f6-4ef4-bb94-4680b0c6fa72 req-bc98471d-e72c-405e-b39d-cc811e2b926c tempest-TestMultiAttachVolumeSwap-411790954 tempest-TestMultiAttachVolumeSwap-411790954-project-member] Volume info retrieved successfully.
Jun 13 00:22:15.626743 np0000002765 devstack@c-api.service[99369]: DEBUG cinder.volume.api [None req-59a550f8-0dcc-4260-b2a9-383eb4d4af50 tempest-ServerActionsTestOtherA-452905961 tempest-ServerActionsTestOtherA-452905961-project-member] Task 'cinder.volume.flows.api.create_volume.QuotaReserveTask;volume:create' (d25b6f12-c73b-43bd-b876-bca98f6d5c86) transitioned into state 'RUNNING' from state 'PENDING' {{(pid=99369) _task_receiver /opt/stack/data/venv/lib/python3.12/site-packages/taskflow/listeners/logging.py:242}}
Jun 13 00:22:15.631256 np0000002765 devstack@c-api.service[99367]: INFO cinder.api.openstack.wsgi [req-a05880f7-38f6-4ef4-bb94-4680b0c6fa72 req-bc98471d-e72c-405e-b39d-cc811e2b926c tempest-TestMultiAttachVolumeSwap-411790954 tempest-TestMultiAttachVolumeSwap-411790954-project-member] https://10.4.3.196/volume/v3/volumes/d66b09d9-a7ab-48d1-b701-9d97f7b59ba7 returned with HTTP 200
Jun 13 00:22:15.631850 np0000002765 devstack@c-api.service[99367]: [pid: 99367|app: 0|req: 99/285] 10.4.3.196 () {70 vars in 1639 bytes} [Sat Jun 13 00:22:15 2026] GET /volume/v3/volumes/d66b09d9-a7ab-48d1-b701-9d97f7b59ba7 => generated 1342 bytes in 23 msecs (HTTP/1.1 200) 7 headers in 287 bytes (1 switches on core 0)
Jun 13 00:22:15.676189 np0000002765 devstack@c-api.service[99369]: DEBUG cinder.quota [None req-59a550f8-0dcc-4260-b2a9-383eb4d4af50 tempest-ServerActionsTestOtherA-452905961 tempest-ServerActionsTestOtherA-452905961-project-member] Created reservations ['3b7835ba-957b-473c-a212-1fb9a6b86149', '3b71ae83-3599-4c81-8d19-e488c50fb23d', '646bc8cb-d795-4a1a-a9f2-dce51838300f', '075b49ed-ba95-42a8-a741-43fbb948328f'] {{(pid=99369) reserve /opt/stack/cinder/cinder/quota.py:752}}
Jun 13 00:22:15.676868 np0000002765 devstack@c-api.service[99369]: DEBUG cinder.volume.api [None req-59a550f8-0dcc-4260-b2a9-383eb4d4af50 tempest-ServerActionsTestOtherA-452905961 tempest-ServerActionsTestOtherA-452905961-project-member] Task 'cinder.volume.flows.api.create_volume.QuotaReserveTask;volume:create' (d25b6f12-c73b-43bd-b876-bca98f6d5c86) transitioned into state 'SUCCESS' from state 'RUNNING' with result '{'reservations': ['3b7835ba-957b-473c-a212-1fb9a6b86149', '3b71ae83-3599-4c81-8d19-e488c50fb23d', '646bc8cb-d795-4a1a-a9f2-dce51838300f', '075b49ed-ba95-42a8-a741-43fbb948328f']}' {{(pid=99369) _task_receiver /opt/stack/data/venv/lib/python3.12/site-packages/taskflow/listeners/logging.py:218}}
Jun 13 00:22:15.677623 np0000002765 devstack@c-api.service[99369]: DEBUG cinder.volume.api [None req-59a550f8-0dcc-4260-b2a9-383eb4d4af50 tempest-ServerActionsTestOtherA-452905961 tempest-ServerActionsTestOtherA-452905961-project-member] Task 'cinder.volume.flows.api.create_volume.EntryCreateTask;volume:create' (fdd55f98-bf92-4012-b88b-2bddd880f807) transitioned into state 'RUNNING' from state 'PENDING' {{(pid=99369) _task_receiver /opt/stack/data/venv/lib/python3.12/site-packages/taskflow/listeners/logging.py:242}}
Jun 13 00:22:15.693968 np0000002765 devstack@c-api.service[99369]: DEBUG cinder.volume.api [None req-59a550f8-0dcc-4260-b2a9-383eb4d4af50 tempest-ServerActionsTestOtherA-452905961 tempest-ServerActionsTestOtherA-452905961-project-member] Task 'cinder.volume.flows.api.create_volume.EntryCreateTask;volume:create' (fdd55f98-bf92-4012-b88b-2bddd880f807) transitioned into state 'SUCCESS' from state 'RUNNING' with result '{'volume_id': '9da1e447-f901-45de-9683-696d8fa23714', 'volume_properties': VolumeProperties(attach_status='detached',availability_zone='nova',cgsnapshot_id=None,consistencygroup_id=None,display_description=None,display_name='tempest-ServerActionsTestOtherA-volume-1433925060',encryption_key_id=None,group_id=None,group_type_id=,metadata={},multiattach=False,project_id='8f05b86d70a04b8c9b46492628d5a67b',qos_specs=None,replication_status=,reservations=['3b7835ba-957b-473c-a212-1fb9a6b86149','3b71ae83-3599-4c81-8d19-e488c50fb23d','646bc8cb-d795-4a1a-a9f2-dce51838300f','075b49ed-ba95-42a8-a741-43fbb948328f'],size=1,snapshot_id=None,source_replicaid=,source_volid=None,status='creating',user_id='7d9b5445b768489e8031358594c686b8',volume_type_id=913f8514-29bc-4192-84ee-fcfcb8e9fd5b), 'volume': Volume(_name_id=None,admin_metadata=,attach_status='detached',availability_zone='nova',bootable=False,cluster=,cluster_name=None,consistencygroup=,consistencygroup_id=None,created_at=2026-06-13T00:22:15Z,deleted=False,deleted_at=None,display_description=None,display_name='tempest-ServerActionsTestOtherA-volume-1433925060',ec2_id=None,encryption_key_id=None,glance_metadata=,group=,group_id=None,host=None,id=9da1e447-f901-45de-9683-696d8fa23714,launched_at=None,metadata={},migration_status=None,multiattach=False,previous_status=None,project_id='8f05b86d70a04b8c9b46492628d5a67b',provider_auth=None,provider_geometry=None,provider_id=None,provider_location=None,replication_driver_data=None,replication_extended_status=None,replication_status=None,scheduled_at=None,service_uuid=None,shared_targets=True,size=1,snapshot_id=None,snapshots=,source_volid=None,status='creating',terminated_at=None,updated_at=None,use_quota=True,user_id='7d9b5445b768489e8031358594c686b8',volume_attachment=VolumeAttachmentList,volume_type=VolumeType(913f8514-29bc-4192-84ee-fcfcb8e9fd5b),volume_type_id=913f8514-29bc-4192-84ee-fcfcb8e9fd5b)}' {{(pid=99369) _task_receiver /opt/stack/data/venv/lib/python3.12/site-packages/taskflow/listeners/logging.py:218}}
Jun 13 00:22:15.694726 np0000002765 devstack@c-api.service[99369]: DEBUG cinder.volume.api [None req-59a550f8-0dcc-4260-b2a9-383eb4d4af50 tempest-ServerActionsTestOtherA-452905961 tempest-ServerActionsTestOtherA-452905961-project-member] Task 'cinder.volume.flows.api.create_volume.QuotaCommitTask;volume:create' (f3ddca6b-cffe-4fde-bff3-b9e1fd0ac49c) transitioned into state 'RUNNING' from state 'PENDING' {{(pid=99369) _task_receiver /opt/stack/data/venv/lib/python3.12/site-packages/taskflow/listeners/logging.py:242}}
Jun 13 00:22:15.716382 np0000002765 devstack@c-api.service[99369]: DEBUG cinder.volume.api [None req-59a550f8-0dcc-4260-b2a9-383eb4d4af50 tempest-ServerActionsTestOtherA-452905961 tempest-ServerActionsTestOtherA-452905961-project-member] Task 'cinder.volume.flows.api.create_volume.QuotaCommitTask;volume:create' (f3ddca6b-cffe-4fde-bff3-b9e1fd0ac49c) transitioned into state 'SUCCESS' from state 'RUNNING' with result '{'volume_properties': VolumeProperties(attach_status='detached',availability_zone='nova',cgsnapshot_id=None,consistencygroup_id=None,display_description=None,display_name='tempest-ServerActionsTestOtherA-volume-1433925060',encryption_key_id=None,group_id=None,group_type_id=,metadata={},multiattach=False,project_id='8f05b86d70a04b8c9b46492628d5a67b',qos_specs=None,replication_status=,reservations=['3b7835ba-957b-473c-a212-1fb9a6b86149','3b71ae83-3599-4c81-8d19-e488c50fb23d','646bc8cb-d795-4a1a-a9f2-dce51838300f','075b49ed-ba95-42a8-a741-43fbb948328f'],size=1,snapshot_id=None,source_replicaid=,source_volid=None,status='creating',user_id='7d9b5445b768489e8031358594c686b8',volume_type_id=913f8514-29bc-4192-84ee-fcfcb8e9fd5b)}' {{(pid=99369) _task_receiver /opt/stack/data/venv/lib/python3.12/site-packages/taskflow/listeners/logging.py:218}}
Jun 13 00:22:15.717036 np0000002765 devstack@c-api.service[99368]: DEBUG cinder.api.middleware.request_id [req-a05880f7-38f6-4ef4-bb94-4680b0c6fa72 req-7644efc8-6655-45ca-9924-fbbfea089e97 None None] RequestId filter calling following filter/app {{(pid=99368) _context_setter /opt/stack/cinder/cinder/api/middleware/request_id.py:62}}
Jun 13 00:22:15.717338 np0000002765 devstack@c-api.service[99369]: DEBUG cinder.volume.api [None req-59a550f8-0dcc-4260-b2a9-383eb4d4af50 tempest-ServerActionsTestOtherA-452905961 tempest-ServerActionsTestOtherA-452905961-project-member] Task 'cinder.volume.flows.api.create_volume.VolumeCastTask;volume:create' (9a738a0a-8822-42d6-999d-10ee0f0254a0) transitioned into state 'RUNNING' from state 'PENDING' {{(pid=99369) _task_receiver /opt/stack/data/venv/lib/python3.12/site-packages/taskflow/listeners/logging.py:242}}
Jun 13 00:22:15.719046 np0000002765 devstack@c-api.service[99368]: INFO cinder.api.openstack.wsgi [req-a05880f7-38f6-4ef4-bb94-4680b0c6fa72 req-7644efc8-6655-45ca-9924-fbbfea089e97 tempest-TestMultiAttachVolumeSwap-411790954 tempest-TestMultiAttachVolumeSwap-411790954-project-member] PUT https://10.4.3.196/volume/v3/attachments/c46bbb2b-86fb-4dd4-be64-f3e3c88dd52f
Jun 13 00:22:15.719415 np0000002765 devstack@c-api.service[99368]: DEBUG cinder.api.openstack.wsgi [req-a05880f7-38f6-4ef4-bb94-4680b0c6fa72 req-7644efc8-6655-45ca-9924-fbbfea089e97 tempest-TestMultiAttachVolumeSwap-411790954 tempest-TestMultiAttachVolumeSwap-411790954-project-member] Action: 'update', calling method: version_select, body: {"attachment": {"connector": {"platform": "x86_64", "os_type": "linux", "ip": "10.4.3.196", "host": "np0000002765", "multipath": true, "enforce_multipath": true, "initiator": "iqn.2016-04.com.open-iscsi:ce2155bf33f", "do_local_attach": false, "uuid": "8515de1c-ba7e-467b-adde-6d9f8a8dbc1f", "system uuid": "7a347053-91be-4755-b990-ca4ee06e6649", "nvme_native_multipath": false, "mountpoint": "/dev/vdb"}}} {{(pid=99368) _process_stack /opt/stack/cinder/cinder/api/openstack/wsgi.py:876}}
Jun 13 00:22:15.728073 np0000002765 devstack@c-api.service[99368]: DEBUG cinder.coordination [req-a05880f7-38f6-4ef4-bb94-4680b0c6fa72 req-7644efc8-6655-45ca-9924-fbbfea089e97 tempest-TestMultiAttachVolumeSwap-411790954 tempest-TestMultiAttachVolumeSwap-411790954-project-member] Acquiring lock "cinder-attachment_update-d66b09d9-a7ab-48d1-b701-9d97f7b59ba7-np0000002765" by "attachment_update" {{(pid=99368) __acquire /opt/stack/cinder/cinder/coordination.py:138}}
Jun 13 00:22:15.731549 np0000002765 devstack@c-api.service[99369]: DEBUG cinder.volume.api [None req-59a550f8-0dcc-4260-b2a9-383eb4d4af50 tempest-ServerActionsTestOtherA-452905961 tempest-ServerActionsTestOtherA-452905961-project-member] Task 'cinder.volume.flows.api.create_volume.VolumeCastTask;volume:create' (9a738a0a-8822-42d6-999d-10ee0f0254a0) transitioned into state 'SUCCESS' from state 'RUNNING' with result 'None' {{(pid=99369) _task_receiver /opt/stack/data/venv/lib/python3.12/site-packages/taskflow/listeners/logging.py:218}}
Jun 13 00:22:15.732917 np0000002765 devstack@c-api.service[99369]: DEBUG cinder.volume.api [None req-59a550f8-0dcc-4260-b2a9-383eb4d4af50 tempest-ServerActionsTestOtherA-452905961 tempest-ServerActionsTestOtherA-452905961-project-member] Flow 'volume_create_api' (2d22e579-7a3f-4b53-92df-5091499f9c6c) transitioned into state 'SUCCESS' from state 'RUNNING' {{(pid=99369) _flow_receiver /opt/stack/data/venv/lib/python3.12/site-packages/taskflow/listeners/logging.py:160}}
Jun 13 00:22:15.732917 np0000002765 devstack@c-api.service[99369]: INFO cinder.volume.api [None req-59a550f8-0dcc-4260-b2a9-383eb4d4af50 tempest-ServerActionsTestOtherA-452905961 tempest-ServerActionsTestOtherA-452905961-project-member] Create volume request issued successfully.
Jun 13 00:22:15.733807 np0000002765 devstack@c-api.service[99369]: INFO cinder.api.openstack.wsgi [None req-59a550f8-0dcc-4260-b2a9-383eb4d4af50 tempest-ServerActionsTestOtherA-452905961 tempest-ServerActionsTestOtherA-452905961-project-member] https://10.4.3.196/volume/v3/volumes returned with HTTP 202
Jun 13 00:22:15.734660 np0000002765 devstack@c-api.service[99369]: [pid: 99369|app: 0|req: 99/286] 10.4.3.196 () {68 vars in 1258 bytes} [Sat Jun 13 00:22:15 2026] POST /volume/v3/volumes => generated 754 bytes in 156 msecs (HTTP/1.1 202) 7 headers in 291 bytes (1 switches on core 0)
Jun 13 00:22:15.742946 np0000002765 devstack@c-api.service[99368]: DEBUG cinder.coordination [req-a05880f7-38f6-4ef4-bb94-4680b0c6fa72 req-7644efc8-6655-45ca-9924-fbbfea089e97 tempest-TestMultiAttachVolumeSwap-411790954 tempest-TestMultiAttachVolumeSwap-411790954-project-member] Lock "cinder-attachment_update-d66b09d9-a7ab-48d1-b701-9d97f7b59ba7-np0000002765" acquired by "attachment_update" :: waited 0.015s {{(pid=99368) __acquire /opt/stack/cinder/cinder/coordination.py:141}}
Jun 13 00:22:15.743852 np0000002765 devstack@c-api.service[99368]: /opt/stack/data/venv/lib/python3.12/site-packages/oslo_context/context.py:102: DeprecationWarning: Policy enforcement is depending on the value of is_admin. This key is deprecated. Please update your policy file to use the standard policy values.
Jun 13 00:22:15.743852 np0000002765 devstack@c-api.service[99368]: warnings.warn(
Jun 13 00:22:15.890977 np0000002765 devstack@c-api.service[99367]: DEBUG cinder.api.middleware.request_id [None req-676ea9e8-6854-4c81-9c7c-980fd9c2d62c None None] RequestId filter calling following filter/app {{(pid=99367) _context_setter /opt/stack/cinder/cinder/api/middleware/request_id.py:62}}
Jun 13 00:22:15.893129 np0000002765 devstack@c-api.service[99367]: INFO cinder.api.openstack.wsgi [None req-676ea9e8-6854-4c81-9c7c-980fd9c2d62c tempest-VolumesDeleteCascade-326127369 tempest-VolumesDeleteCascade-326127369-project-member] GET https://10.4.3.196/volume/v3/volumes/7588c951-87e8-48da-b310-e0b4567fb86e
Jun 13 00:22:15.893444 np0000002765 devstack@c-api.service[99367]: DEBUG cinder.api.openstack.wsgi [None req-676ea9e8-6854-4c81-9c7c-980fd9c2d62c tempest-VolumesDeleteCascade-326127369 tempest-VolumesDeleteCascade-326127369-project-member] Empty body provided in request {{(pid=99367) get_body /opt/stack/cinder/cinder/api/openstack/wsgi.py:725}}
Jun 13 00:22:15.894246 np0000002765 devstack@c-api.service[99367]: DEBUG cinder.api.openstack.wsgi [None req-676ea9e8-6854-4c81-9c7c-980fd9c2d62c tempest-VolumesDeleteCascade-326127369 tempest-VolumesDeleteCascade-326127369-project-member] Calling method 'show' {{(pid=99367) _process_stack /opt/stack/cinder/cinder/api/openstack/wsgi.py:878}}
Jun 13 00:22:15.903743 np0000002765 devstack@c-api.service[99367]: /opt/stack/data/venv/lib/python3.12/site-packages/oslo_context/context.py:102: DeprecationWarning: Policy enforcement is depending on the value of is_admin. This key is deprecated. Please update your policy file to use the standard policy values.
Jun 13 00:22:15.903743 np0000002765 devstack@c-api.service[99367]: warnings.warn(
Jun 13 00:22:15.909680 np0000002765 devstack@c-api.service[99367]: INFO cinder.volume.api [None req-676ea9e8-6854-4c81-9c7c-980fd9c2d62c tempest-VolumesDeleteCascade-326127369 tempest-VolumesDeleteCascade-326127369-project-member] Volume info retrieved successfully.
Jun 13 00:22:15.917090 np0000002765 devstack@c-api.service[99367]: INFO cinder.api.openstack.wsgi [None req-676ea9e8-6854-4c81-9c7c-980fd9c2d62c tempest-VolumesDeleteCascade-326127369 tempest-VolumesDeleteCascade-326127369-project-member] https://10.4.3.196/volume/v3/volumes/7588c951-87e8-48da-b310-e0b4567fb86e returned with HTTP 200
Jun 13 00:22:15.917643 np0000002765 devstack@c-api.service[99367]: [pid: 99367|app: 0|req: 100/287] 10.4.3.196 () {66 vars in 1348 bytes} [Sat Jun 13 00:22:15 2026] GET /volume/v3/volumes/7588c951-87e8-48da-b310-e0b4567fb86e => generated 844 bytes in 29 msecs (HTTP/1.1 200) 7 headers in 285 bytes (1 switches on core 0)
Jun 13 00:22:15.934616 np0000002765 devstack@c-api.service[99369]: DEBUG cinder.api.middleware.request_id [None req-625249f4-f87d-4208-8f5e-ca49b25051e4 None None] RequestId filter calling following filter/app {{(pid=99369) _context_setter /opt/stack/cinder/cinder/api/middleware/request_id.py:62}}
Jun 13 00:22:15.936621 np0000002765 devstack@c-api.service[99369]: INFO cinder.api.openstack.wsgi [None req-625249f4-f87d-4208-8f5e-ca49b25051e4 tempest-VolumesDeleteCascade-326127369 tempest-VolumesDeleteCascade-326127369-project-member] POST https://10.4.3.196/volume/v3/snapshots
Jun 13 00:22:15.936982 np0000002765 devstack@c-api.service[99369]: DEBUG cinder.api.openstack.wsgi [None req-625249f4-f87d-4208-8f5e-ca49b25051e4 tempest-VolumesDeleteCascade-326127369 tempest-VolumesDeleteCascade-326127369-project-member] Action: 'create', calling method: create, body: {"snapshot": {"volume_id": "7588c951-87e8-48da-b310-e0b4567fb86e", "name": "tempest-VolumesDeleteCascade-Snapshot-1431731678"}} {{(pid=99369) _process_stack /opt/stack/cinder/cinder/api/openstack/wsgi.py:876}}
Jun 13 00:22:15.946521 np0000002765 devstack@c-api.service[99369]: /opt/stack/data/venv/lib/python3.12/site-packages/oslo_context/context.py:102: DeprecationWarning: Policy enforcement is depending on the value of is_admin. This key is deprecated. Please update your policy file to use the standard policy values.
Jun 13 00:22:15.946521 np0000002765 devstack@c-api.service[99369]: warnings.warn(
Jun 13 00:22:15.947012 np0000002765 devstack@c-api.service[99369]: INFO cinder.volume.api [None req-625249f4-f87d-4208-8f5e-ca49b25051e4 tempest-VolumesDeleteCascade-326127369 tempest-VolumesDeleteCascade-326127369-project-member] Volume info retrieved successfully.
