Jun 13 00:17:58.577435 np0000002765 nova-scheduler[95810]: DEBUG cotyledon.oslo_config_glue [-] oslo_limit.cafile = None {{(pid=95810) log_opt_values /opt/stack/data/venv/lib/python3.12/site-packages/oslo_config/cfg.py:3253}}
Jun 13 00:17:58.577435 np0000002765 nova-scheduler[95810]: DEBUG cotyledon.oslo_config_glue [-] oslo_limit.certfile = None {{(pid=95810) log_opt_values /opt/stack/data/venv/lib/python3.12/site-packages/oslo_config/cfg.py:3253}}
Jun 13 00:17:58.577435 np0000002765 nova-scheduler[95810]: DEBUG cotyledon.oslo_config_glue [-] oslo_limit.collect_timing = False {{(pid=95810) log_opt_values /opt/stack/data/venv/lib/python3.12/site-packages/oslo_config/cfg.py:3253}}
Jun 13 00:17:58.577435 np0000002765 nova-scheduler[95810]: DEBUG cotyledon.oslo_config_glue [-] oslo_limit.connect_retries = None {{(pid=95810) log_opt_values /opt/stack/data/venv/lib/python3.12/site-packages/oslo_config/cfg.py:3253}}
Jun 13 00:17:58.577435 np0000002765 nova-scheduler[95810]: DEBUG cotyledon.oslo_config_glue [-] oslo_limit.connect_retry_delay = None {{(pid=95810) log_opt_values /opt/stack/data/venv/lib/python3.12/site-packages/oslo_config/cfg.py:3253}}
Jun 13 00:17:58.577703 np0000002765 nova-scheduler[95810]: DEBUG cotyledon.oslo_config_glue [-] oslo_limit.endpoint_id = None {{(pid=95810) log_opt_values /opt/stack/data/venv/lib/python3.12/site-packages/oslo_config/cfg.py:3253}}
Jun 13 00:17:58.577703 np0000002765 nova-scheduler[95810]: DEBUG cotyledon.oslo_config_glue [-] oslo_limit.endpoint_interface = public {{(pid=95810) log_opt_values /opt/stack/data/venv/lib/python3.12/site-packages/oslo_config/cfg.py:3253}}
Jun 13 00:17:58.577703 np0000002765 nova-scheduler[95810]: DEBUG cotyledon.oslo_config_glue [-] oslo_limit.endpoint_override = None {{(pid=95810) log_opt_values /opt/stack/data/venv/lib/python3.12/site-packages/oslo_config/cfg.py:3253}}
Jun 13 00:17:58.577703 np0000002765 nova-scheduler[95810]: DEBUG cotyledon.oslo_config_glue [-] oslo_limit.endpoint_region_name = None {{(pid=95810) log_opt_values /opt/stack/data/venv/lib/python3.12/site-packages/oslo_config/cfg.py:3253}}
Jun 13 00:17:58.577703 np0000002765 nova-scheduler[95810]: DEBUG cotyledon.oslo_config_glue [-] oslo_limit.endpoint_service_name = None {{(pid=95810) log_opt_values /opt/stack/data/venv/lib/python3.12/site-packages/oslo_config/cfg.py:3253}}
Jun 13 00:17:58.577703 np0000002765 nova-scheduler[95810]: DEBUG cotyledon.oslo_config_glue [-] oslo_limit.endpoint_service_type = None {{(pid=95810) log_opt_values /opt/stack/data/venv/lib/python3.12/site-packages/oslo_config/cfg.py:3253}}
Jun 13 00:17:58.577703 np0000002765 nova-scheduler[95810]: DEBUG cotyledon.oslo_config_glue [-] oslo_limit.insecure = False {{(pid=95810) log_opt_values /opt/stack/data/venv/lib/python3.12/site-packages/oslo_config/cfg.py:3253}}
Jun 13 00:17:58.577703 np0000002765 nova-scheduler[95810]: DEBUG cotyledon.oslo_config_glue [-] oslo_limit.keyfile = None {{(pid=95810) log_opt_values /opt/stack/data/venv/lib/python3.12/site-packages/oslo_config/cfg.py:3253}}
Jun 13 00:17:58.577703 np0000002765 nova-scheduler[95810]: DEBUG cotyledon.oslo_config_glue [-] oslo_limit.max_version = None {{(pid=95810) log_opt_values /opt/stack/data/venv/lib/python3.12/site-packages/oslo_config/cfg.py:3253}}
Jun 13 00:17:58.577915 np0000002765 nova-scheduler[95810]: DEBUG cotyledon.oslo_config_glue [-] oslo_limit.min_version = None {{(pid=95810) log_opt_values /opt/stack/data/venv/lib/python3.12/site-packages/oslo_config/cfg.py:3253}}
Jun 13 00:17:58.577915 np0000002765 nova-scheduler[95810]: DEBUG cotyledon.oslo_config_glue [-] oslo_limit.region_name = None {{(pid=95810) log_opt_values /opt/stack/data/venv/lib/python3.12/site-packages/oslo_config/cfg.py:3253}}
Jun 13 00:17:58.577915 np0000002765 nova-scheduler[95810]: DEBUG cotyledon.oslo_config_glue [-] oslo_limit.retriable_status_codes = None {{(pid=95810) log_opt_values /opt/stack/data/venv/lib/python3.12/site-packages/oslo_config/cfg.py:3253}}
Jun 13 00:17:58.577915 np0000002765 nova-scheduler[95810]: DEBUG cotyledon.oslo_config_glue [-] oslo_limit.service_name = None {{(pid=95810) log_opt_values /opt/stack/data/venv/lib/python3.12/site-packages/oslo_config/cfg.py:3253}}
Jun 13 00:17:58.577915 np0000002765 nova-scheduler[95810]: DEBUG cotyledon.oslo_config_glue [-] oslo_limit.service_type = None {{(pid=95810) log_opt_values /opt/stack/data/venv/lib/python3.12/site-packages/oslo_config/cfg.py:3253}}
Jun 13 00:17:58.577915 np0000002765 nova-scheduler[95810]: DEBUG cotyledon.oslo_config_glue [-] oslo_limit.split_loggers = False {{(pid=95810) log_opt_values /opt/stack/data/venv/lib/python3.12/site-packages/oslo_config/cfg.py:3253}}
Jun 13 00:17:58.577915 np0000002765 nova-scheduler[95810]: DEBUG cotyledon.oslo_config_glue [-] oslo_limit.status_code_retries = None {{(pid=95810) log_opt_values /opt/stack/data/venv/lib/python3.12/site-packages/oslo_config/cfg.py:3253}}
Jun 13 00:17:58.577915 np0000002765 nova-scheduler[95810]: DEBUG cotyledon.oslo_config_glue [-] oslo_limit.status_code_retry_delay = None {{(pid=95810) log_opt_values /opt/stack/data/venv/lib/python3.12/site-packages/oslo_config/cfg.py:3253}}
Jun 13 00:17:58.577915 np0000002765 nova-scheduler[95810]: DEBUG cotyledon.oslo_config_glue [-] oslo_limit.timeout = None {{(pid=95810) log_opt_values /opt/stack/data/venv/lib/python3.12/site-packages/oslo_config/cfg.py:3253}}
Jun 13 00:17:58.578134 np0000002765 nova-scheduler[95810]: DEBUG cotyledon.oslo_config_glue [-] oslo_limit.valid_interfaces = None {{(pid=95810) log_opt_values /opt/stack/data/venv/lib/python3.12/site-packages/oslo_config/cfg.py:3253}}
Jun 13 00:17:58.578134 np0000002765 nova-scheduler[95810]: DEBUG cotyledon.oslo_config_glue [-] oslo_limit.version = None {{(pid=95810) log_opt_values /opt/stack/data/venv/lib/python3.12/site-packages/oslo_config/cfg.py:3253}}
Jun 13 00:17:58.578134 np0000002765 nova-scheduler[95810]: DEBUG cotyledon.oslo_config_glue [-] oslo_reports.file_event_handler = None {{(pid=95810) log_opt_values /opt/stack/data/venv/lib/python3.12/site-packages/oslo_config/cfg.py:3253}}
Jun 13 00:17:58.578134 np0000002765 nova-scheduler[95810]: DEBUG cotyledon.oslo_config_glue [-] oslo_reports.file_event_handler_interval = 1 {{(pid=95810) log_opt_values /opt/stack/data/venv/lib/python3.12/site-packages/oslo_config/cfg.py:3253}}
Jun 13 00:17:58.578134 np0000002765 nova-scheduler[95810]: DEBUG cotyledon.oslo_config_glue [-] oslo_reports.log_dir = None {{(pid=95810) log_opt_values /opt/stack/data/venv/lib/python3.12/site-packages/oslo_config/cfg.py:3253}}
Jun 13 00:17:58.578134 np0000002765 nova-scheduler[95810]: DEBUG cotyledon.oslo_config_glue [-] ******************************************************************************** {{(pid=95810) log_opt_values /opt/stack/data/venv/lib/python3.12/site-packages/oslo_config/cfg.py:3260}}
Jun 13 00:17:58.578134 np0000002765 nova-scheduler[95810]: DEBUG cotyledon._service_worker [-] Run service ServiceWrapper(2) [95810] {{(pid=95810) wait_forever /opt/stack/data/venv/lib/python3.12/site-packages/cotyledon/_service_worker.py:218}}
Jun 13 00:17:58.578134 np0000002765 nova-scheduler[95810]: INFO nova.service [-] Starting scheduler node (version 33.1.0)
Jun 13 00:17:58.578134 np0000002765 nova-scheduler[95810]: INFO dbcounter [None req-7c0bb45f-9bf7-49de-a02c-12ea32c049e3 None None] Registered counter for database nova_cell0
Jun 13 00:17:58.578327 np0000002765 nova-scheduler[95806]: DEBUG dbcounter [-] [95806] Writer thread running {{(pid=95806) stat_writer /opt/stack/data/venv/lib/python3.12/site-packages/dbcounter.py:102}}
Jun 13 00:17:58.584304 np0000002765 nova-scheduler[95806]: DEBUG nova.service [None req-3b6c2feb-9803-4e69-92ae-cfbef498ec29 None None] Creating RPC server for service: nova-scheduler on topic: scheduler {{(pid=95806) start /opt/stack/nova/nova/service.py:196}}
Jun 13 00:17:58.594848 np0000002765 nova-scheduler[95808]: DEBUG oslo_db.sqlalchemy.engines [None req-15e480d2-713d-4f13-bc65-9a0ccbcbb43d None None] MySQL server mode set to STRICT_TRANS_TABLES,STRICT_ALL_TABLES,NO_ZERO_IN_DATE,NO_ZERO_DATE,ERROR_FOR_DIVISION_BY_ZERO,TRADITIONAL,NO_ENGINE_SUBSTITUTION {{(pid=95808) _check_effective_sql_mode /opt/stack/data/venv/lib/python3.12/site-packages/oslo_db/sqlalchemy/engines.py:325}}
Jun 13 00:17:58.606248 np0000002765 nova-scheduler[95808]: DEBUG dbcounter [-] [95808] Writer thread running {{(pid=95808) stat_writer /opt/stack/data/venv/lib/python3.12/site-packages/dbcounter.py:102}}
Jun 13 00:17:58.609701 np0000002765 nova-scheduler[95808]: DEBUG nova.service [None req-15e480d2-713d-4f13-bc65-9a0ccbcbb43d None None] Creating RPC server for service: nova-scheduler on topic: scheduler {{(pid=95808) start /opt/stack/nova/nova/service.py:196}}
Jun 13 00:17:58.615444 np0000002765 nova-scheduler[95810]: DEBUG oslo_db.sqlalchemy.engines [None req-7c0bb45f-9bf7-49de-a02c-12ea32c049e3 None None] MySQL server mode set to STRICT_TRANS_TABLES,STRICT_ALL_TABLES,NO_ZERO_IN_DATE,NO_ZERO_DATE,ERROR_FOR_DIVISION_BY_ZERO,TRADITIONAL,NO_ENGINE_SUBSTITUTION {{(pid=95810) _check_effective_sql_mode /opt/stack/data/venv/lib/python3.12/site-packages/oslo_db/sqlalchemy/engines.py:325}}
Jun 13 00:17:58.617278 np0000002765 nova-scheduler[95806]: DEBUG nova.service [None req-3b6c2feb-9803-4e69-92ae-cfbef498ec29 None None] Join ServiceGroup membership for this service scheduler {{(pid=95806) start /opt/stack/nova/nova/service.py:222}}
Jun 13 00:17:58.617660 np0000002765 nova-scheduler[95806]: DEBUG nova.servicegroup.drivers.db [None req-3b6c2feb-9803-4e69-92ae-cfbef498ec29 None None] DB_Driver: join new ServiceGroup member np0000002765 to the scheduler group, service = {{(pid=95806) join /opt/stack/nova/nova/servicegroup/drivers/db.py:44}}
Jun 13 00:17:58.625819 np0000002765 nova-scheduler[95810]: DEBUG dbcounter [-] [95810] Writer thread running {{(pid=95810) stat_writer /opt/stack/data/venv/lib/python3.12/site-packages/dbcounter.py:102}}
Jun 13 00:17:58.629124 np0000002765 nova-scheduler[95810]: DEBUG nova.service [None req-7c0bb45f-9bf7-49de-a02c-12ea32c049e3 None None] Creating RPC server for service: nova-scheduler on topic: scheduler {{(pid=95810) start /opt/stack/nova/nova/service.py:196}}
Jun 13 00:17:58.633774 np0000002765 nova-scheduler[95808]: DEBUG nova.service [None req-15e480d2-713d-4f13-bc65-9a0ccbcbb43d None None] Join ServiceGroup membership for this service scheduler {{(pid=95808) start /opt/stack/nova/nova/service.py:222}}
Jun 13 00:17:58.634097 np0000002765 nova-scheduler[95808]: DEBUG nova.servicegroup.drivers.db [None req-15e480d2-713d-4f13-bc65-9a0ccbcbb43d None None] DB_Driver: join new ServiceGroup member np0000002765 to the scheduler group, service = {{(pid=95808) join /opt/stack/nova/nova/servicegroup/drivers/db.py:44}}
Jun 13 00:17:58.650043 np0000002765 nova-scheduler[95810]: DEBUG nova.service [None req-7c0bb45f-9bf7-49de-a02c-12ea32c049e3 None None] Join ServiceGroup membership for this service scheduler {{(pid=95810) start /opt/stack/nova/nova/service.py:222}}
Jun 13 00:17:58.650334 np0000002765 nova-scheduler[95810]: DEBUG nova.servicegroup.drivers.db [None req-7c0bb45f-9bf7-49de-a02c-12ea32c049e3 None None] DB_Driver: join new ServiceGroup member np0000002765 to the scheduler group, service = {{(pid=95810) join /opt/stack/nova/nova/servicegroup/drivers/db.py:44}}
Jun 13 00:18:03.630752 np0000002765 nova-scheduler[95806]: DEBUG oslo.service.backend._threading.loopingcall [-] Fixed interval looping call 'nova.servicegroup.drivers.db.DbDriver._report_state' sleeping for 119.99 seconds {{(pid=95806) _run_loop /opt/stack/data/venv/lib/python3.12/site-packages/oslo_service/backend/_threading/loopingcall.py:125}}
Jun 13 00:18:03.644517 np0000002765 nova-scheduler[95808]: DEBUG oslo.service.backend._threading.loopingcall [-] Fixed interval looping call 'nova.servicegroup.drivers.db.DbDriver._report_state' sleeping for 119.99 seconds {{(pid=95808) _run_loop /opt/stack/data/venv/lib/python3.12/site-packages/oslo_service/backend/_threading/loopingcall.py:125}}
Jun 13 00:18:03.663090 np0000002765 nova-scheduler[95810]: DEBUG oslo.service.backend._threading.loopingcall [-] Fixed interval looping call 'nova.servicegroup.drivers.db.DbDriver._report_state' sleeping for 119.99 seconds {{(pid=95810) _run_loop /opt/stack/data/venv/lib/python3.12/site-packages/oslo_service/backend/_threading/loopingcall.py:125}}
Jun 13 00:18:07.120491 np0000002765 nova-scheduler[94608]: DEBUG dbcounter [-] [94608] Writing DB stats nova_api:SELECT=3 {{(pid=94608) stat_writer /opt/stack/data/venv/lib/python3.12/site-packages/dbcounter.py:115}}
Jun 13 00:18:07.275843 np0000002765 nova-scheduler[94608]: DEBUG dbcounter [-] [94608] Writing DB stats nova_cell0:SELECT=1 {{(pid=94608) stat_writer /opt/stack/data/venv/lib/python3.12/site-packages/dbcounter.py:115}}
Jun 13 00:18:07.281321 np0000002765 nova-scheduler[94608]: DEBUG dbcounter [-] [94608] Writing DB stats nova_cell1:SELECT=1 {{(pid=94608) stat_writer /opt/stack/data/venv/lib/python3.12/site-packages/dbcounter.py:115}}
Jun 13 00:18:13.627721 np0000002765 nova-scheduler[95806]: DEBUG dbcounter [-] [95806] Writing DB stats nova_cell0:SELECT=4,nova_cell0:INSERT=1,nova_cell0:UPDATE=1 {{(pid=95806) stat_writer /opt/stack/data/venv/lib/python3.12/site-packages/dbcounter.py:115}}
Jun 13 00:18:13.642265 np0000002765 nova-scheduler[95808]: DEBUG dbcounter [-] [95808] Writing DB stats nova_cell0:SELECT=3 {{(pid=95808) stat_writer /opt/stack/data/venv/lib/python3.12/site-packages/dbcounter.py:115}}
Jun 13 00:18:13.660260 np0000002765 nova-scheduler[95810]: DEBUG dbcounter [-] [95810] Writing DB stats nova_cell0:SELECT=3 {{(pid=95810) stat_writer /opt/stack/data/venv/lib/python3.12/site-packages/dbcounter.py:115}}
Jun 13 00:18:29.652790 np0000002765 nova-scheduler[95810]: DEBUG oslo.service.backend._threading.loopingcall [None req-600a4da5-3689-4dc5-b15b-0d028347ecc6 None None] Dynamic interval looping call 'nova.service.Service.periodic_tasks' sleeping for 60.00 seconds {{(pid=95810) _run_loop /opt/stack/data/venv/lib/python3.12/site-packages/oslo_service/backend/_threading/loopingcall.py:125}}
Jun 13 00:18:30.636578 np0000002765 nova-scheduler[95808]: DEBUG oslo.service.backend._threading.loopingcall [None req-b46316fc-17d4-402c-b8b8-7ab630cb6ae4 None None] Dynamic interval looping call 'nova.service.Service.periodic_tasks' sleeping for 60.00 seconds {{(pid=95808) _run_loop /opt/stack/data/venv/lib/python3.12/site-packages/oslo_service/backend/_threading/loopingcall.py:125}}
Jun 13 00:18:55.620528 np0000002765 nova-scheduler[95806]: DEBUG oslo.service.backend._threading.loopingcall [None req-4ac910cf-1f7f-4144-a0d6-c8873c02deb6 None None] Dynamic interval looping call 'nova.service.Service.periodic_tasks' sleeping for 60.00 seconds {{(pid=95806) _run_loop /opt/stack/data/venv/lib/python3.12/site-packages/oslo_service/backend/_threading/loopingcall.py:125}}
Jun 13 00:19:29.653212 np0000002765 nova-scheduler[95810]: DEBUG oslo.service.backend._threading.loopingcall [None req-600a4da5-3689-4dc5-b15b-0d028347ecc6 None None] Dynamic interval looping call 'nova.service.Service.periodic_tasks' sleeping for 60.00 seconds {{(pid=95810) _run_loop /opt/stack/data/venv/lib/python3.12/site-packages/oslo_service/backend/_threading/loopingcall.py:125}}
Jun 13 00:19:30.637035 np0000002765 nova-scheduler[95808]: DEBUG oslo.service.backend._threading.loopingcall [None req-b46316fc-17d4-402c-b8b8-7ab630cb6ae4 None None] Dynamic interval looping call 'nova.service.Service.periodic_tasks' sleeping for 60.00 seconds {{(pid=95808) _run_loop /opt/stack/data/venv/lib/python3.12/site-packages/oslo_service/backend/_threading/loopingcall.py:125}}
Jun 13 00:19:55.621050 np0000002765 nova-scheduler[95806]: DEBUG oslo.service.backend._threading.loopingcall [None req-4ac910cf-1f7f-4144-a0d6-c8873c02deb6 None None] Dynamic interval looping call 'nova.service.Service.periodic_tasks' sleeping for 60.00 seconds {{(pid=95806) _run_loop /opt/stack/data/venv/lib/python3.12/site-packages/oslo_service/backend/_threading/loopingcall.py:125}}
Jun 13 00:20:03.627388 np0000002765 nova-scheduler[95806]: DEBUG oslo.service.backend._threading.loopingcall [-] Fixed interval looping call 'nova.servicegroup.drivers.db.DbDriver._report_state' sleeping for 119.99 seconds {{(pid=95806) _run_loop /opt/stack/data/venv/lib/python3.12/site-packages/oslo_service/backend/_threading/loopingcall.py:125}}
Jun 13 00:20:03.638313 np0000002765 nova-scheduler[95808]: DEBUG oslo.service.backend._threading.loopingcall [-] Fixed interval looping call 'nova.servicegroup.drivers.db.DbDriver._report_state' sleeping for 120.00 seconds {{(pid=95808) _run_loop /opt/stack/data/venv/lib/python3.12/site-packages/oslo_service/backend/_threading/loopingcall.py:125}}
Jun 13 00:20:03.657209 np0000002765 nova-scheduler[95810]: DEBUG oslo.service.backend._threading.loopingcall [-] Fixed interval looping call 'nova.servicegroup.drivers.db.DbDriver._report_state' sleeping for 120.00 seconds {{(pid=95810) _run_loop /opt/stack/data/venv/lib/python3.12/site-packages/oslo_service/backend/_threading/loopingcall.py:125}}
Jun 13 00:20:13.624429 np0000002765 nova-scheduler[95806]: DEBUG dbcounter [-] [95806] Writing DB stats nova_cell0:SELECT=1,nova_cell0:UPDATE=1 {{(pid=95806) stat_writer /opt/stack/data/venv/lib/python3.12/site-packages/dbcounter.py:115}}
Jun 13 00:20:13.636450 np0000002765 nova-scheduler[95808]: DEBUG dbcounter [-] [95808] Writing DB stats nova_cell0:SELECT=1 {{(pid=95808) stat_writer /opt/stack/data/venv/lib/python3.12/site-packages/dbcounter.py:115}}
Jun 13 00:20:13.655235 np0000002765 nova-scheduler[95810]: DEBUG dbcounter [-] [95810] Writing DB stats nova_cell0:SELECT=1 {{(pid=95810) stat_writer /opt/stack/data/venv/lib/python3.12/site-packages/dbcounter.py:115}}
Jun 13 00:20:29.653748 np0000002765 nova-scheduler[95810]: DEBUG oslo.service.backend._threading.loopingcall [None req-600a4da5-3689-4dc5-b15b-0d028347ecc6 None None] Dynamic interval looping call 'nova.service.Service.periodic_tasks' sleeping for 60.00 seconds {{(pid=95810) _run_loop /opt/stack/data/venv/lib/python3.12/site-packages/oslo_service/backend/_threading/loopingcall.py:125}}
Jun 13 00:20:30.637545 np0000002765 nova-scheduler[95808]: DEBUG oslo.service.backend._threading.loopingcall [None req-b46316fc-17d4-402c-b8b8-7ab630cb6ae4 None None] Dynamic interval looping call 'nova.service.Service.periodic_tasks' sleeping for 60.00 seconds {{(pid=95808) _run_loop /opt/stack/data/venv/lib/python3.12/site-packages/oslo_service/backend/_threading/loopingcall.py:125}}
Jun 13 00:20:44.946426 np0000002765 nova-scheduler[95806]: DEBUG nova.scheduler.manager [None req-bf979c1f-8de0-482e-90c0-e914b608b07f tempest-ServersNegativeTestJSON-897970705 tempest-ServersNegativeTestJSON-897970705-project-member] Starting to schedule for instances: ['a1376e37-e95a-4c5a-acde-7c7f910676a9'] {{(pid=95806) select_destinations /opt/stack/nova/nova/scheduler/manager.py:210}}
Jun 13 00:20:44.946859 np0000002765 nova-scheduler[95806]: DEBUG nova.scheduler.request_filter [None req-bf979c1f-8de0-482e-90c0-e914b608b07f tempest-ServersNegativeTestJSON-897970705 tempest-ServersNegativeTestJSON-897970705-project-member] compute_status_filter request filter added forbidden trait COMPUTE_STATUS_DISABLED {{(pid=95806) compute_status_filter /opt/stack/nova/nova/scheduler/request_filter.py:253}}
Jun 13 00:20:44.947007 np0000002765 nova-scheduler[95806]: DEBUG nova.scheduler.request_filter [None req-bf979c1f-8de0-482e-90c0-e914b608b07f tempest-ServersNegativeTestJSON-897970705 tempest-ServersNegativeTestJSON-897970705-project-member] Request filter 'compute_status_filter' took 0.0 seconds {{(pid=95806) wrapper /opt/stack/nova/nova/scheduler/request_filter.py:46}}
Jun 13 00:20:44.947235 np0000002765 nova-scheduler[95806]: DEBUG nova.scheduler.request_filter [None req-bf979c1f-8de0-482e-90c0-e914b608b07f tempest-ServersNegativeTestJSON-897970705 tempest-ServersNegativeTestJSON-897970705-project-member] Request filter 'accelerators_filter' took 0.0 seconds {{(pid=95806) wrapper /opt/stack/nova/nova/scheduler/request_filter.py:46}}
Jun 13 00:20:44.947712 np0000002765 nova-scheduler[95806]: DEBUG nova.scheduler.request_filter [None req-bf979c1f-8de0-482e-90c0-e914b608b07f tempest-ServersNegativeTestJSON-897970705 tempest-ServersNegativeTestJSON-897970705-project-member] Request filter 'packed_virtqueue_filter' took 0.0 seconds {{(pid=95806) wrapper /opt/stack/nova/nova/scheduler/request_filter.py:46}}
Jun 13 00:20:44.948023 np0000002765 nova-scheduler[95806]: DEBUG nova.scheduler.request_filter [None req-bf979c1f-8de0-482e-90c0-e914b608b07f tempest-ServersNegativeTestJSON-897970705 tempest-ServersNegativeTestJSON-897970705-project-member] Request filter 'remote_managed_ports_filter' took 0.0 seconds {{(pid=95806) wrapper /opt/stack/nova/nova/scheduler/request_filter.py:46}}
Jun 13 00:20:44.948168 np0000002765 nova-scheduler[95806]: DEBUG nova.scheduler.request_filter [None req-bf979c1f-8de0-482e-90c0-e914b608b07f tempest-ServersNegativeTestJSON-897970705 tempest-ServersNegativeTestJSON-897970705-project-member] ephemeral_encryption_filter skipped {{(pid=95806) ephemeral_encryption_filter /opt/stack/nova/nova/scheduler/request_filter.py:426}}
Jun 13 00:20:44.948307 np0000002765 nova-scheduler[95806]: DEBUG nova.scheduler.request_filter [None req-bf979c1f-8de0-482e-90c0-e914b608b07f tempest-ServersNegativeTestJSON-897970705 tempest-ServersNegativeTestJSON-897970705-project-member] virtio_sound_filter skipped {{(pid=95806) virtio_sound_filter /opt/stack/nova/nova/scheduler/request_filter.py:460}}
Jun 13 00:20:44.948431 np0000002765 nova-scheduler[95806]: DEBUG nova.scheduler.request_filter [None req-bf979c1f-8de0-482e-90c0-e914b608b07f tempest-ServersNegativeTestJSON-897970705 tempest-ServersNegativeTestJSON-897970705-project-member] tpm_secret_security_filter skipped {{(pid=95806) tpm_secret_security_filter /opt/stack/nova/nova/scheduler/request_filter.py:477}}
Jun 13 00:20:45.948394 np0000002765 nova-scheduler[95806]: INFO nova.utils [None req-bf979c1f-8de0-482e-90c0-e914b608b07f tempest-ServersNegativeTestJSON-897970705 tempest-ServersNegativeTestJSON-897970705-project-member] The cell worker thread pool ForkProcess-1.cell_worker is initialized
Jun 13 00:20:45.949002 np0000002765 nova-scheduler[95806]: DEBUG oslo_concurrency.lockutils [None req-bf979c1f-8de0-482e-90c0-e914b608b07f tempest-ServersNegativeTestJSON-897970705 tempest-ServersNegativeTestJSON-897970705-project-member] Acquiring lock "def99b71-314c-413b-8a82-a8652d4d9043" by "nova.context.set_target_cell..get_or_set_cached_cell_and_set_connections" {{(pid=95806) inner /opt/stack/data/venv/lib/python3.12/site-packages/oslo_concurrency/lockutils.py:511}}
Jun 13 00:20:45.949002 np0000002765 nova-scheduler[95806]: DEBUG oslo_concurrency.lockutils [None req-bf979c1f-8de0-482e-90c0-e914b608b07f tempest-ServersNegativeTestJSON-897970705 tempest-ServersNegativeTestJSON-897970705-project-member] Lock "def99b71-314c-413b-8a82-a8652d4d9043" acquired by "nova.context.set_target_cell..get_or_set_cached_cell_and_set_connections" :: waited 0.000s {{(pid=95806) inner /opt/stack/data/venv/lib/python3.12/site-packages/oslo_concurrency/lockutils.py:524}}
Jun 13 00:20:45.950860 np0000002765 nova-scheduler[95806]: DEBUG oslo_concurrency.lockutils [None req-bf979c1f-8de0-482e-90c0-e914b608b07f tempest-ServersNegativeTestJSON-897970705 tempest-ServersNegativeTestJSON-897970705-project-member] Lock "def99b71-314c-413b-8a82-a8652d4d9043" "released" by "nova.context.set_target_cell..get_or_set_cached_cell_and_set_connections" :: held 0.002s {{(pid=95806) inner /opt/stack/data/venv/lib/python3.12/site-packages/oslo_concurrency/lockutils.py:543}}
Jun 13 00:20:45.954135 np0000002765 nova-scheduler[95806]: INFO dbcounter [None req-bf979c1f-8de0-482e-90c0-e914b608b07f tempest-ServersNegativeTestJSON-897970705 tempest-ServersNegativeTestJSON-897970705-project-member] Registered counter for database nova_cell1
Jun 13 00:20:46.024242 np0000002765 nova-scheduler[95806]: DEBUG oslo_db.sqlalchemy.engines [None req-bf979c1f-8de0-482e-90c0-e914b608b07f tempest-ServersNegativeTestJSON-897970705 tempest-ServersNegativeTestJSON-897970705-project-member] MySQL server mode set to STRICT_TRANS_TABLES,STRICT_ALL_TABLES,NO_ZERO_IN_DATE,NO_ZERO_DATE,ERROR_FOR_DIVISION_BY_ZERO,TRADITIONAL,NO_ENGINE_SUBSTITUTION {{(pid=95806) _check_effective_sql_mode /opt/stack/data/venv/lib/python3.12/site-packages/oslo_db/sqlalchemy/engines.py:325}}
Jun 13 00:20:46.025228 np0000002765 nova-scheduler[95808]: DEBUG nova.scheduler.manager [None req-e8bac205-c50d-4729-a82f-4e854ed9a329 tempest-DeleteServersTestJSON-484342526 tempest-DeleteServersTestJSON-484342526-project-member] Starting to schedule for instances: ['ed67689e-7254-461c-a81e-fcf8d1d8a589'] {{(pid=95808) select_destinations /opt/stack/nova/nova/scheduler/manager.py:210}}
Jun 13 00:20:46.025741 np0000002765 nova-scheduler[95808]: DEBUG nova.scheduler.request_filter [None req-e8bac205-c50d-4729-a82f-4e854ed9a329 tempest-DeleteServersTestJSON-484342526 tempest-DeleteServersTestJSON-484342526-project-member] compute_status_filter request filter added forbidden trait COMPUTE_STATUS_DISABLED {{(pid=95808) compute_status_filter /opt/stack/nova/nova/scheduler/request_filter.py:253}}
Jun 13 00:20:46.025916 np0000002765 nova-scheduler[95808]: DEBUG nova.scheduler.request_filter [None req-e8bac205-c50d-4729-a82f-4e854ed9a329 tempest-DeleteServersTestJSON-484342526 tempest-DeleteServersTestJSON-484342526-project-member] Request filter 'compute_status_filter' took 0.0 seconds {{(pid=95808) wrapper /opt/stack/nova/nova/scheduler/request_filter.py:46}}
Jun 13 00:20:46.026383 np0000002765 nova-scheduler[95808]: DEBUG nova.scheduler.request_filter [None req-e8bac205-c50d-4729-a82f-4e854ed9a329 tempest-DeleteServersTestJSON-484342526 tempest-DeleteServersTestJSON-484342526-project-member] Request filter 'accelerators_filter' took 0.0 seconds {{(pid=95808) wrapper /opt/stack/nova/nova/scheduler/request_filter.py:46}}
Jun 13 00:20:46.028377 np0000002765 nova-scheduler[95808]: DEBUG nova.scheduler.request_filter [None req-e8bac205-c50d-4729-a82f-4e854ed9a329 tempest-DeleteServersTestJSON-484342526 tempest-DeleteServersTestJSON-484342526-project-member] Request filter 'packed_virtqueue_filter' took 0.0 seconds {{(pid=95808) wrapper /opt/stack/nova/nova/scheduler/request_filter.py:46}}
Jun 13 00:20:46.028377 np0000002765 nova-scheduler[95808]: DEBUG nova.scheduler.request_filter [None req-e8bac205-c50d-4729-a82f-4e854ed9a329 tempest-DeleteServersTestJSON-484342526 tempest-DeleteServersTestJSON-484342526-project-member] Request filter 'remote_managed_ports_filter' took 0.0 seconds {{(pid=95808) wrapper /opt/stack/nova/nova/scheduler/request_filter.py:46}}
Jun 13 00:20:46.028377 np0000002765 nova-scheduler[95808]: DEBUG nova.scheduler.request_filter [None req-e8bac205-c50d-4729-a82f-4e854ed9a329 tempest-DeleteServersTestJSON-484342526 tempest-DeleteServersTestJSON-484342526-project-member] ephemeral_encryption_filter skipped {{(pid=95808) ephemeral_encryption_filter /opt/stack/nova/nova/scheduler/request_filter.py:426}}
Jun 13 00:20:46.028377 np0000002765 nova-scheduler[95808]: DEBUG nova.scheduler.request_filter [None req-e8bac205-c50d-4729-a82f-4e854ed9a329 tempest-DeleteServersTestJSON-484342526 tempest-DeleteServersTestJSON-484342526-project-member] virtio_sound_filter skipped {{(pid=95808) virtio_sound_filter /opt/stack/nova/nova/scheduler/request_filter.py:460}}
Jun 13 00:20:46.028377 np0000002765 nova-scheduler[95808]: DEBUG nova.scheduler.request_filter [None req-e8bac205-c50d-4729-a82f-4e854ed9a329 tempest-DeleteServersTestJSON-484342526 tempest-DeleteServersTestJSON-484342526-project-member] tpm_secret_security_filter skipped {{(pid=95808) tpm_secret_security_filter /opt/stack/nova/nova/scheduler/request_filter.py:477}}
Jun 13 00:20:46.032194 np0000002765 nova-scheduler[95806]: DEBUG dbcounter [-] [95806] Writer thread running {{(pid=95806) stat_writer /opt/stack/data/venv/lib/python3.12/site-packages/dbcounter.py:102}}
Jun 13 00:20:46.057441 np0000002765 nova-scheduler[95806]: DEBUG oslo_db.sqlalchemy.engines [None req-bf979c1f-8de0-482e-90c0-e914b608b07f tempest-ServersNegativeTestJSON-897970705 tempest-ServersNegativeTestJSON-897970705-project-member] Parent process 94608 forked (95806) with an open database connection, which is being discarded and recreated. {{(pid=95806) checkout /opt/stack/data/venv/lib/python3.12/site-packages/oslo_db/sqlalchemy/engines.py:402}}
Jun 13 00:20:46.098418 np0000002765 nova-scheduler[95806]: DEBUG dbcounter [-] [95806] Writer thread running {{(pid=95806) stat_writer /opt/stack/data/venv/lib/python3.12/site-packages/dbcounter.py:102}}
Jun 13 00:20:46.106903 np0000002765 nova-scheduler[95806]: DEBUG oslo_concurrency.lockutils [None req-bf979c1f-8de0-482e-90c0-e914b608b07f tempest-ServersNegativeTestJSON-897970705 tempest-ServersNegativeTestJSON-897970705-project-member] Acquiring lock "def99b71-314c-413b-8a82-a8652d4d9043" by "nova.context.set_target_cell..get_or_set_cached_cell_and_set_connections" {{(pid=95806) inner /opt/stack/data/venv/lib/python3.12/site-packages/oslo_concurrency/lockutils.py:511}}
Jun 13 00:20:46.106903 np0000002765 nova-scheduler[95806]: DEBUG oslo_concurrency.lockutils [None req-bf979c1f-8de0-482e-90c0-e914b608b07f tempest-ServersNegativeTestJSON-897970705 tempest-ServersNegativeTestJSON-897970705-project-member] Lock "def99b71-314c-413b-8a82-a8652d4d9043" acquired by "nova.context.set_target_cell..get_or_set_cached_cell_and_set_connections" :: waited 0.000s {{(pid=95806) inner /opt/stack/data/venv/lib/python3.12/site-packages/oslo_concurrency/lockutils.py:524}}
Jun 13 00:20:46.106903 np0000002765 nova-scheduler[95806]: DEBUG oslo_concurrency.lockutils [None req-bf979c1f-8de0-482e-90c0-e914b608b07f tempest-ServersNegativeTestJSON-897970705 tempest-ServersNegativeTestJSON-897970705-project-member] Lock "def99b71-314c-413b-8a82-a8652d4d9043" "released" by "nova.context.set_target_cell..get_or_set_cached_cell_and_set_connections" :: held 0.000s {{(pid=95806) inner /opt/stack/data/venv/lib/python3.12/site-packages/oslo_concurrency/lockutils.py:543}}
Jun 13 00:20:46.109023 np0000002765 nova-scheduler[95806]: DEBUG oslo_concurrency.lockutils [None req-bf979c1f-8de0-482e-90c0-e914b608b07f tempest-ServersNegativeTestJSON-897970705 tempest-ServersNegativeTestJSON-897970705-project-member] Acquiring lock "('np0000002765', 'np0000002765')" by "nova.scheduler.host_manager.HostState.update.._locked_update" {{(pid=95806) inner /opt/stack/data/venv/lib/python3.12/site-packages/oslo_concurrency/lockutils.py:511}}
Jun 13 00:20:46.109174 np0000002765 nova-scheduler[95806]: DEBUG oslo_concurrency.lockutils [None req-bf979c1f-8de0-482e-90c0-e914b608b07f tempest-ServersNegativeTestJSON-897970705 tempest-ServersNegativeTestJSON-897970705-project-member] Lock "('np0000002765', 'np0000002765')" acquired by "nova.scheduler.host_manager.HostState.update.._locked_update" :: waited 0.000s {{(pid=95806) inner /opt/stack/data/venv/lib/python3.12/site-packages/oslo_concurrency/lockutils.py:524}}
Jun 13 00:20:46.110684 np0000002765 nova-scheduler[95806]: DEBUG nova.scheduler.host_manager [None req-bf979c1f-8de0-482e-90c0-e914b608b07f tempest-ServersNegativeTestJSON-897970705 tempest-ServersNegativeTestJSON-897970705-project-member] Update host state from compute node: ComputeNode(cpu_allocation_ratio=4.0,cpu_info='{"arch": "x86_64", "model": "EPYC-Milan", "vendor": "AMD", "topology": {"cells": 1, "sockets": 12, "cores": 1, "threads": 1}, "maxphysaddr": {"mode": "emulate", "bits": 40}, "features": ["rdtscp", "adx", "cmp_legacy", "fsrm", "pae", "flushbyasid", "clwb", "nx", "avx", "msr", "npt", "perfctr_core", "wbnoinvd", "ibrs", "pni", "amd-stibp", "ibpb", "syscall", "misalignsse", "gds-no", "ssse3", "pfthreshold", "popcnt", "tsc-deadline", "sse", "abm", "sha-ni", "bmi2", "v-vmsave-vmload", "osvw", "cx16", "ssbd", "lbrv", "fpu", "virt-ssbd", "movbe", "aes", "topoext", "sse4.1", "sse4.2", "vpclmulqdq", "pge", "pse36", "pclmuldq", "fma", "fxsr", "pku", "lfence-always-serializing", "rdseed", "fsgsbase", "rdctl-no", "mca", "clflush", "umip", "amd-ssbd", "3dnowprefetch", "pcid", "spec-ctrl", "no-nested-data-bp", "apic", "pause-filter", "mmx", "sep", "avx2", "arch-capabilities", "pschange-mc-no", "vmcb-clean", "mmxext", "xsaveopt", "xsaves", "erms", "mtrr", "xsave", "tsc", "stibp", "svme-addr-chk", "vaes", "rdpid", "cx8", "clflushopt", "vme", "pdpe1gb", "sse2", "arat", "rdrand", "invpcid", "f16c", "mce", "cr8legacy", "hypervisor", "svm", "x2apic", "lahf_lm", "bmi1", "pse", "xsaveerptr", "smep", "nrip-save", "amd-psfd", "pat", "fxsr_opt", "mds-no", "tsc_adjust", "skip-l1dfl-vmentry", "lm", "xgetbv1", "tsc-scale", "de", "vgif", "null-sel-clr-base", "xsavec", "cmov", "clzero", "sse4a", "stibp-always-on", "smap"]}',created_at=2026-06-13T00:18:23Z,current_workload=0,deleted=False,deleted_at=None,disk_allocation_ratio=1.0,disk_available_least=74,free_disk_gb=95,free_ram_mb=23518,host='np0000002765',host_ip=10.4.3.196,hypervisor_hostname='np0000002765',hypervisor_type='QEMU',hypervisor_version=8002002,id=1,local_gb=95,local_gb_used=0,mapped=1,memory_mb=24030,memory_mb_used=512,metrics='[]',numa_topology='{"nova_object.name": "NUMATopology", "nova_object.namespace": "nova", "nova_object.version": "1.2", "nova_object.data": {"cells": [{"nova_object.name": "NUMACell", "nova_object.namespace": "nova", "nova_object.version": "1.5", "nova_object.data": {"id": 0, "cpuset": [0, 1, 2, 3, 4, 5, 6, 7, 8, 9, 10, 11], "pcpuset": [0, 1, 2, 3, 4, 5, 6, 7, 8, 9, 10, 11], "memory": 24030, "cpu_usage": 0, "memory_usage": 0, "pinned_cpus": [], "siblings": [[6], [2], [5], [11], [8], [4], [1], [7], [10], [0], [3], [9]], "mempages": [{"nova_object.name": "NUMAPagesTopology", "nova_object.namespace": "nova", "nova_object.version": "1.1", "nova_object.data": {"size_kb": 4, "total": 6151799, "used": 0, "reserved": 0}, "nova_object.changes": ["total", "reserved", "size_kb", "used"]}, {"nova_object.name": "NUMAPagesTopology", "nova_object.namespace": "nova", "nova_object.version": "1.1", "nova_object.data": {"size_kb": 2048, "total": 0, "used": 0, "reserved": 0}, "nova_object.changes": ["total", "reserved", "size_kb", "used"]}, {"nova_object.name": "NUMAPagesTopology", "nova_object.namespace": "nova", "nova_object.version": "1.1", "nova_object.data": {"size_kb": 1048576, "total": 0, "used": 0, "reserved": 0}, "nova_object.changes": ["total", "reserved", "size_kb", "used"]}], "network_metadata": {"nova_object.name": "NetworkMetadata", "nova_object.namespace": "nova", "nova_object.version": "1.0", "nova_object.data": {"physnets": [], "tunneled": false}, "nova_object.changes": ["tunneled", "physnets"]}, "socket": null}, "nova_object.changes": ["cpuset", "pinned_cpus", "siblings", "memory", "id", "pcpuset", "mempages", "cpu_usage", "network_metadata", "memory_usage", "socket"]}]}, "nova_object.changes": ["cells"]}',pci_device_pools=PciDevicePoolList,ram_allocation_ratio=1.0,running_vms=0,service_id=3,stats={failed_builds='0',uptime=' 00:20:10 up 24 min, 2 users, load average: 1.28, 1.32, 0.76
Jun 13 00:20:46.110684 np0000002765 nova-scheduler[95806]: '},supported_hv_specs=[HVSpec,HVSpec,HVSpec,HVSpec,HVSpec,HVSpec,HVSpec,HVSpec,HVSpec,HVSpec,HVSpec,HVSpec,HVSpec,HVSpec,HVSpec,HVSpec,HVSpec,HVSpec,HVSpec,HVSpec,HVSpec,HVSpec,HVSpec,HVSpec,HVSpec],updated_at=2026-06-13T00:20:12Z,uuid=3ed1c774-616d-44ba-bfd0-c86a9ef607e3,vcpus=12,vcpus_used=0) {{(pid=95806) _locked_update /opt/stack/nova/nova/scheduler/host_manager.py:168}}
Jun 13 00:20:46.111477 np0000002765 nova-scheduler[95806]: DEBUG nova.scheduler.host_manager [None req-bf979c1f-8de0-482e-90c0-e914b608b07f tempest-ServersNegativeTestJSON-897970705 tempest-ServersNegativeTestJSON-897970705-project-member] Update host state with aggregates: [] {{(pid=95806) _locked_update /opt/stack/nova/nova/scheduler/host_manager.py:171}}
Jun 13 00:20:46.111625 np0000002765 nova-scheduler[95806]: DEBUG nova.scheduler.host_manager [None req-bf979c1f-8de0-482e-90c0-e914b608b07f tempest-ServersNegativeTestJSON-897970705 tempest-ServersNegativeTestJSON-897970705-project-member] Update host state with service dict: {'id': 3, 'uuid': 'e4f2cb03-a6c7-4ede-add8-93ddcf6afcf4', 'host': 'np0000002765', 'binary': 'nova-compute', 'topic': 'compute', 'report_count': 2, 'disabled': False, 'disabled_reason': None, 'last_seen_up': datetime.datetime(2026, 6, 13, 0, 20, 32, tzinfo=datetime.timezone.utc), 'forced_down': False, 'version': 72, 'created_at': datetime.datetime(2026, 6, 13, 0, 18, 21, tzinfo=datetime.timezone.utc), 'updated_at': datetime.datetime(2026, 6, 13, 0, 20, 32, tzinfo=datetime.timezone.utc), 'deleted_at': None, 'deleted': False} {{(pid=95806) _locked_update /opt/stack/nova/nova/scheduler/host_manager.py:174}}
Jun 13 00:20:46.111781 np0000002765 nova-scheduler[95806]: DEBUG nova.scheduler.host_manager [None req-bf979c1f-8de0-482e-90c0-e914b608b07f tempest-ServersNegativeTestJSON-897970705 tempest-ServersNegativeTestJSON-897970705-project-member] Update host state with instances: [] {{(pid=95806) _locked_update /opt/stack/nova/nova/scheduler/host_manager.py:177}}
Jun 13 00:20:46.111936 np0000002765 nova-scheduler[95806]: DEBUG oslo_concurrency.lockutils [None req-bf979c1f-8de0-482e-90c0-e914b608b07f tempest-ServersNegativeTestJSON-897970705 tempest-ServersNegativeTestJSON-897970705-project-member] Lock "('np0000002765', 'np0000002765')" "released" by "nova.scheduler.host_manager.HostState.update.._locked_update" :: held 0.003s {{(pid=95806) inner /opt/stack/data/venv/lib/python3.12/site-packages/oslo_concurrency/lockutils.py:543}}
Jun 13 00:20:46.112433 np0000002765 nova-scheduler[95806]: DEBUG nova.filters [None req-bf979c1f-8de0-482e-90c0-e914b608b07f tempest-ServersNegativeTestJSON-897970705 tempest-ServersNegativeTestJSON-897970705-project-member] Starting with 1 host(s) {{(pid=95806) get_filtered_objects /opt/stack/nova/nova/filters.py:70}}
Jun 13 00:20:46.112695 np0000002765 nova-scheduler[95806]: DEBUG nova.filters [None req-bf979c1f-8de0-482e-90c0-e914b608b07f tempest-ServersNegativeTestJSON-897970705 tempest-ServersNegativeTestJSON-897970705-project-member] Filter ComputeFilter returned 1 host(s) {{(pid=95806) get_filtered_objects /opt/stack/nova/nova/filters.py:102}}
Jun 13 00:20:46.112814 np0000002765 nova-scheduler[95806]: DEBUG nova.filters [None req-bf979c1f-8de0-482e-90c0-e914b608b07f tempest-ServersNegativeTestJSON-897970705 tempest-ServersNegativeTestJSON-897970705-project-member] Filter ComputeCapabilitiesFilter returned 1 host(s) {{(pid=95806) get_filtered_objects /opt/stack/nova/nova/filters.py:102}}
Jun 13 00:20:46.113175 np0000002765 nova-scheduler[95806]: DEBUG nova.filters [None req-bf979c1f-8de0-482e-90c0-e914b608b07f tempest-ServersNegativeTestJSON-897970705 tempest-ServersNegativeTestJSON-897970705-project-member] Filter ImagePropertiesFilter returned 1 host(s) {{(pid=95806) get_filtered_objects /opt/stack/nova/nova/filters.py:102}}
Jun 13 00:20:46.113644 np0000002765 nova-scheduler[95806]: DEBUG nova.filters [None req-bf979c1f-8de0-482e-90c0-e914b608b07f tempest-ServersNegativeTestJSON-897970705 tempest-ServersNegativeTestJSON-897970705-project-member] Filter ServerGroupAntiAffinityFilter returned 1 host(s) {{(pid=95806) get_filtered_objects /opt/stack/nova/nova/filters.py:102}}
Jun 13 00:20:46.113644 np0000002765 nova-scheduler[95806]: DEBUG nova.filters [None req-bf979c1f-8de0-482e-90c0-e914b608b07f tempest-ServersNegativeTestJSON-897970705 tempest-ServersNegativeTestJSON-897970705-project-member] Filter ServerGroupAffinityFilter returned 1 host(s) {{(pid=95806) get_filtered_objects /opt/stack/nova/nova/filters.py:102}}
Jun 13 00:20:46.113644 np0000002765 nova-scheduler[95806]: DEBUG nova.filters [None req-bf979c1f-8de0-482e-90c0-e914b608b07f tempest-ServersNegativeTestJSON-897970705 tempest-ServersNegativeTestJSON-897970705-project-member] Filter SameHostFilter returned 1 host(s) {{(pid=95806) get_filtered_objects /opt/stack/nova/nova/filters.py:102}}
Jun 13 00:20:46.115338 np0000002765 nova-scheduler[95806]: DEBUG nova.filters [None req-bf979c1f-8de0-482e-90c0-e914b608b07f tempest-ServersNegativeTestJSON-897970705 tempest-ServersNegativeTestJSON-897970705-project-member] Filter DifferentHostFilter returned 1 host(s) {{(pid=95806) get_filtered_objects /opt/stack/nova/nova/filters.py:102}}
Jun 13 00:20:46.115338 np0000002765 nova-scheduler[95806]: DEBUG nova.scheduler.manager [None req-bf979c1f-8de0-482e-90c0-e914b608b07f tempest-ServersNegativeTestJSON-897970705 tempest-ServersNegativeTestJSON-897970705-project-member] Filtered [(np0000002765, np0000002765) ram: 23518MB disk: 75776MB io_ops: 0 instances: 0, allocation_candidates: 1] {{(pid=95806) _get_sorted_hosts /opt/stack/nova/nova/scheduler/manager.py:743}}
Jun 13 00:20:46.115338 np0000002765 nova-scheduler[95806]: DEBUG nova.scheduler.manager [None req-bf979c1f-8de0-482e-90c0-e914b608b07f tempest-ServersNegativeTestJSON-897970705 tempest-ServersNegativeTestJSON-897970705-project-member] Weighed [WeighedHost [host: (np0000002765, np0000002765) ram: 23518MB disk: 75776MB io_ops: 0 instances: 0, allocation_candidates: 1, weight: 0.0]] {{(pid=95806) _get_sorted_hosts /opt/stack/nova/nova/scheduler/manager.py:765}}
Jun 13 00:20:46.115338 np0000002765 nova-scheduler[95806]: DEBUG nova.scheduler.utils [None req-bf979c1f-8de0-482e-90c0-e914b608b07f tempest-ServersNegativeTestJSON-897970705 tempest-ServersNegativeTestJSON-897970705-project-member] Attempting to claim resources in the placement API for instance a1376e37-e95a-4c5a-acde-7c7f910676a9 {{(pid=95806) claim_resources /opt/stack/nova/nova/scheduler/utils.py:1345}}
Jun 13 00:20:46.166501 np0000002765 nova-scheduler[95808]: INFO nova.utils [None req-e8bac205-c50d-4729-a82f-4e854ed9a329 tempest-DeleteServersTestJSON-484342526 tempest-DeleteServersTestJSON-484342526-project-member] The cell worker thread pool ForkProcess-2.cell_worker is initialized
Jun 13 00:20:46.166601 np0000002765 nova-scheduler[95808]: DEBUG oslo_concurrency.lockutils [None req-e8bac205-c50d-4729-a82f-4e854ed9a329 tempest-DeleteServersTestJSON-484342526 tempest-DeleteServersTestJSON-484342526-project-member] Acquiring lock "def99b71-314c-413b-8a82-a8652d4d9043" by "nova.context.set_target_cell..get_or_set_cached_cell_and_set_connections" {{(pid=95808) inner /opt/stack/data/venv/lib/python3.12/site-packages/oslo_concurrency/lockutils.py:511}}
Jun 13 00:20:46.166804 np0000002765 nova-scheduler[95808]: DEBUG oslo_concurrency.lockutils [None req-e8bac205-c50d-4729-a82f-4e854ed9a329 tempest-DeleteServersTestJSON-484342526 tempest-DeleteServersTestJSON-484342526-project-member] Lock "def99b71-314c-413b-8a82-a8652d4d9043" acquired by "nova.context.set_target_cell..get_or_set_cached_cell_and_set_connections" :: waited 0.000s {{(pid=95808) inner /opt/stack/data/venv/lib/python3.12/site-packages/oslo_concurrency/lockutils.py:524}}
Jun 13 00:20:46.169006 np0000002765 nova-scheduler[95808]: DEBUG oslo_concurrency.lockutils [None req-e8bac205-c50d-4729-a82f-4e854ed9a329 tempest-DeleteServersTestJSON-484342526 tempest-DeleteServersTestJSON-484342526-project-member] Lock "def99b71-314c-413b-8a82-a8652d4d9043" "released" by "nova.context.set_target_cell..get_or_set_cached_cell_and_set_connections" :: held 0.002s {{(pid=95808) inner /opt/stack/data/venv/lib/python3.12/site-packages/oslo_concurrency/lockutils.py:543}}
Jun 13 00:20:46.171255 np0000002765 nova-scheduler[95808]: INFO dbcounter [None req-e8bac205-c50d-4729-a82f-4e854ed9a329 tempest-DeleteServersTestJSON-484342526 tempest-DeleteServersTestJSON-484342526-project-member] Registered counter for database nova_cell1
Jun 13 00:20:46.217379 np0000002765 nova-scheduler[95808]: DEBUG oslo_db.sqlalchemy.engines [None req-e8bac205-c50d-4729-a82f-4e854ed9a329 tempest-DeleteServersTestJSON-484342526 tempest-DeleteServersTestJSON-484342526-project-member] MySQL server mode set to STRICT_TRANS_TABLES,STRICT_ALL_TABLES,NO_ZERO_IN_DATE,NO_ZERO_DATE,ERROR_FOR_DIVISION_BY_ZERO,TRADITIONAL,NO_ENGINE_SUBSTITUTION {{(pid=95808) _check_effective_sql_mode /opt/stack/data/venv/lib/python3.12/site-packages/oslo_db/sqlalchemy/engines.py:325}}
Jun 13 00:20:46.226396 np0000002765 nova-scheduler[95808]: DEBUG dbcounter [-] [95808] Writer thread running {{(pid=95808) stat_writer /opt/stack/data/venv/lib/python3.12/site-packages/dbcounter.py:102}}
Jun 13 00:20:46.264298 np0000002765 nova-scheduler[95810]: DEBUG nova.scheduler.manager [None req-84d67585-c432-4da1-8aa9-e9e3aedee1fd tempest-ServerActionsTestOtherA-452905961 tempest-ServerActionsTestOtherA-452905961-project-member] Starting to schedule for instances: ['5c20803c-6c5c-47c3-9659-f418a8858b3e'] {{(pid=95810) select_destinations /opt/stack/nova/nova/scheduler/manager.py:210}}
Jun 13 00:20:46.264853 np0000002765 nova-scheduler[95810]: DEBUG nova.scheduler.request_filter [None req-84d67585-c432-4da1-8aa9-e9e3aedee1fd tempest-ServerActionsTestOtherA-452905961 tempest-ServerActionsTestOtherA-452905961-project-member] compute_status_filter request filter added forbidden trait COMPUTE_STATUS_DISABLED {{(pid=95810) compute_status_filter /opt/stack/nova/nova/scheduler/request_filter.py:253}}
Jun 13 00:20:46.265287 np0000002765 nova-scheduler[95810]: DEBUG nova.scheduler.request_filter [None req-84d67585-c432-4da1-8aa9-e9e3aedee1fd tempest-ServerActionsTestOtherA-452905961 tempest-ServerActionsTestOtherA-452905961-project-member] Request filter 'compute_status_filter' took 0.0 seconds {{(pid=95810) wrapper /opt/stack/nova/nova/scheduler/request_filter.py:46}}
Jun 13 00:20:46.265329 np0000002765 nova-scheduler[95810]: DEBUG nova.scheduler.request_filter [None req-84d67585-c432-4da1-8aa9-e9e3aedee1fd tempest-ServerActionsTestOtherA-452905961 tempest-ServerActionsTestOtherA-452905961-project-member] Request filter 'accelerators_filter' took 0.0 seconds {{(pid=95810) wrapper /opt/stack/nova/nova/scheduler/request_filter.py:46}}
Jun 13 00:20:46.265754 np0000002765 nova-scheduler[95810]: DEBUG nova.scheduler.request_filter [None req-84d67585-c432-4da1-8aa9-e9e3aedee1fd tempest-ServerActionsTestOtherA-452905961 tempest-ServerActionsTestOtherA-452905961-project-member] Request filter 'packed_virtqueue_filter' took 0.0 seconds {{(pid=95810) wrapper /opt/stack/nova/nova/scheduler/request_filter.py:46}}
Jun 13 00:20:46.266161 np0000002765 nova-scheduler[95810]: DEBUG nova.scheduler.request_filter [None req-84d67585-c432-4da1-8aa9-e9e3aedee1fd tempest-ServerActionsTestOtherA-452905961 tempest-ServerActionsTestOtherA-452905961-project-member] Request filter 'remote_managed_ports_filter' took 0.0 seconds {{(pid=95810) wrapper /opt/stack/nova/nova/scheduler/request_filter.py:46}}
Jun 13 00:20:46.266348 np0000002765 nova-scheduler[95810]: DEBUG nova.scheduler.request_filter [None req-84d67585-c432-4da1-8aa9-e9e3aedee1fd tempest-ServerActionsTestOtherA-452905961 tempest-ServerActionsTestOtherA-452905961-project-member] ephemeral_encryption_filter skipped {{(pid=95810) ephemeral_encryption_filter /opt/stack/nova/nova/scheduler/request_filter.py:426}}
Jun 13 00:20:46.266534 np0000002765 nova-scheduler[95810]: DEBUG nova.scheduler.request_filter [None req-84d67585-c432-4da1-8aa9-e9e3aedee1fd tempest-ServerActionsTestOtherA-452905961 tempest-ServerActionsTestOtherA-452905961-project-member] virtio_sound_filter skipped {{(pid=95810) virtio_sound_filter /opt/stack/nova/nova/scheduler/request_filter.py:460}}
Jun 13 00:20:46.266702 np0000002765 nova-scheduler[95810]: DEBUG nova.scheduler.request_filter [None req-84d67585-c432-4da1-8aa9-e9e3aedee1fd tempest-ServerActionsTestOtherA-452905961 tempest-ServerActionsTestOtherA-452905961-project-member] tpm_secret_security_filter skipped {{(pid=95810) tpm_secret_security_filter /opt/stack/nova/nova/scheduler/request_filter.py:477}}
Jun 13 00:20:46.300147 np0000002765 nova-scheduler[95808]: DEBUG dbcounter [-] [95808] Writer thread running {{(pid=95808) stat_writer /opt/stack/data/venv/lib/python3.12/site-packages/dbcounter.py:102}}
Jun 13 00:20:46.301777 np0000002765 nova-scheduler[95806]: DEBUG nova.scheduler.manager [None req-bf979c1f-8de0-482e-90c0-e914b608b07f tempest-ServersNegativeTestJSON-897970705 tempest-ServersNegativeTestJSON-897970705-project-member] [instance: a1376e37-e95a-4c5a-acde-7c7f910676a9] Selected host: (np0000002765, np0000002765) ram: 23518MB disk: 75776MB io_ops: 0 instances: 0, allocation_candidates: 1 {{(pid=95806) _consume_selected_host /opt/stack/nova/nova/scheduler/manager.py:625}}
Jun 13 00:20:46.302075 np0000002765 nova-scheduler[95806]: DEBUG oslo_concurrency.lockutils [None req-bf979c1f-8de0-482e-90c0-e914b608b07f tempest-ServersNegativeTestJSON-897970705 tempest-ServersNegativeTestJSON-897970705-project-member] Acquiring lock "('np0000002765', 'np0000002765')" by "nova.scheduler.host_manager.HostState.consume_from_request.._locked" {{(pid=95806) inner /opt/stack/data/venv/lib/python3.12/site-packages/oslo_concurrency/lockutils.py:511}}
Jun 13 00:20:46.302264 np0000002765 nova-scheduler[95806]: DEBUG oslo_concurrency.lockutils [None req-bf979c1f-8de0-482e-90c0-e914b608b07f tempest-ServersNegativeTestJSON-897970705 tempest-ServersNegativeTestJSON-897970705-project-member] Lock "('np0000002765', 'np0000002765')" acquired by "nova.scheduler.host_manager.HostState.consume_from_request.._locked" :: waited 0.000s {{(pid=95806) inner /opt/stack/data/venv/lib/python3.12/site-packages/oslo_concurrency/lockutils.py:524}}
