Jun 13 00:17:41.336416 np0000002765 devstack@neutron-api.service[90068]: DEBUG neutron.plugins.ml2.drivers.ovn.mech_driver.ovsdb.ovsdb_monitor [-] Hash Ring: Node 8a1c93cf51f45eb18d039dff424ed05f (host: np0000002765) handling event "create" for row 8e5b7c80-61c8-4dd0-9390-f6e08b7b319a (table: Logical_Router) {{(pid=90068) notify /opt/stack/neutron/neutron/plugins/ml2/drivers/ovn/mech_driver/ovsdb/ovsdb_monitor.py:1015}}
Jun 13 00:17:41.340505 np0000002765 devstack@neutron-api.service[90068]: DEBUG neutron.plugins.ml2.drivers.ovn.mech_driver.ovsdb.ovsdb_monitor [-] Hash Ring: Node 8a1c93cf51f45eb18d039dff424ed05f (host: np0000002765) handling event "create" for row 4ba2ee54-9520-4c50-a932-ce9c187af0c9 (table: Datapath_Binding) {{(pid=90068) notify /opt/stack/neutron/neutron/plugins/ml2/drivers/ovn/mech_driver/ovsdb/ovsdb_monitor.py:1015}}
Jun 13 00:17:41.355595 np0000002765 devstack@neutron-api.service[90067]: DEBUG neutron.plugins.ml2.drivers.ovn.mech_driver.ovsdb.ovsdb_monitor [-] Hash Ring: Node d46143b55bb359629bc2b755e93a6b95 (host: np0000002765) handling event "create" for row 4ba2ee54-9520-4c50-a932-ce9c187af0c9 (table: Datapath_Binding) {{(pid=90067) notify /opt/stack/neutron/neutron/plugins/ml2/drivers/ovn/mech_driver/ovsdb/ovsdb_monitor.py:1015}}
Jun 13 00:17:41.444857 np0000002765 devstack@neutron-api.service[90067]: INFO neutron.db.ovn_revision_numbers_db [None req-6c665056-e872-4034-9798-14decdb649c2 admin admin] Successfully bumped revision number for resource 87d34e4a-1460-4d40-9f80-b8f0e6c7639f (type: routers) to 1
Jun 13 00:17:41.456625 np0000002765 devstack@neutron-api.service[90067]: DEBUG neutron_lib.callbacks.manager [None req-6c665056-e872-4034-9798-14decdb649c2 admin admin] Publish callbacks [] for router (None), before_response {{(pid=90067) _notify_loop /opt/stack/data/venv/lib/python3.12/site-packages/neutron_lib/callbacks/manager.py:184}}
Jun 13 00:17:41.457238 np0000002765 devstack@neutron-api.service[90067]: [pid: 90067|app: 0|req: 6/14] 10.4.3.196 () {68 vars in 1323 bytes} [Sat Jun 13 00:17:41 2026] POST /networking/v2.0/routers => generated 599 bytes in 236 msecs (HTTP/1.1 201) 4 headers in 162 bytes (1 switches on core 0)
Jun 13 00:17:41.715218 np0000002765 devstack@neutron-api.service[90069]: DEBUG neutron.api.wsgi [None req-fae83ed4-1ec0-41f4-806f-33e8bb1d472b admin admin] Missing Content-Type {{(pid=90069) get_content_type /opt/stack/neutron/neutron/api/wsgi.py:80}}
Jun 13 00:17:41.715785 np0000002765 devstack@neutron-api.service[90069]: DEBUG neutron.api.wsgi [None req-fae83ed4-1ec0-41f4-806f-33e8bb1d472b admin admin] https://10.4.3.196/networking/v2.0/extensions returned with HTTP 200 {{(pid=90069) __call__ /opt/stack/neutron/neutron/api/wsgi.py:540}}
Jun 13 00:17:41.716220 np0000002765 devstack@neutron-api.service[90069]: [pid: 90069|app: 0|req: 5/15] 10.4.3.196 () {64 vars in 1292 bytes} [Sat Jun 13 00:17:41 2026] GET /networking/v2.0/extensions => generated 15873 bytes in 4 msecs (HTTP/1.1 200) 4 headers in 159 bytes (1 switches on core 0)
Jun 13 00:17:42.021471 np0000002765 devstack@neutron-api.service[90068]: DEBUG neutron.api.v2.base [None req-40426a59-9378-44eb-af1a-4cce789619ca admin admin] Request body: {'network': {'name': 'public', 'is_default': True, 'provider:network_type': 'flat', 'router:external': True, 'provider:physical_network': 'public', 'admin_state_up': True}} {{(pid=90068) prepare_request_body /opt/stack/neutron/neutron/api/v2/base.py:727}}
Jun 13 00:17:42.035313 np0000002765 devstack@neutron-api.service[90068]: DEBUG neutron.pecan_wsgi.hooks.quota_enforcement [None req-40426a59-9378-44eb-af1a-4cce789619ca admin admin] Made reservation on behalf of 90a2f250ecf447ebb0dd7b96b17b12c9 for: {'network': 1} {{(pid=90068) before /opt/stack/neutron/neutron/pecan_wsgi/hooks/quota_enforcement.py:66}}
Jun 13 00:17:42.038830 np0000002765 devstack@neutron-api.service[90068]: DEBUG neutron_lib.callbacks.manager [None req-40426a59-9378-44eb-af1a-4cce789619ca admin admin] Publish callbacks ['neutron.plugins.ml2.plugin.SecurityGroupDbMixin._ensure_default_security_group_handler-477414'] for network (None), before_create {{(pid=90068) _notify_loop /opt/stack/data/venv/lib/python3.12/site-packages/neutron_lib/callbacks/manager.py:184}}
Jun 13 00:17:42.073444 np0000002765 devstack@neutron-api.service[90068]: DEBUG neutron.plugins.ml2.drivers.type_flat [None req-40426a59-9378-44eb-af1a-4cce789619ca admin admin] Reserving flat network on physical network public {{(pid=90068) reserve_provider_segment /opt/stack/neutron/neutron/plugins/ml2/drivers/type_flat.py:100}}
Jun 13 00:17:42.086267 np0000002765 devstack@neutron-api.service[90068]: DEBUG neutron_lib.callbacks.manager [None req-40426a59-9378-44eb-af1a-4cce789619ca admin admin] Publish callbacks ['neutron.services.segments.db._add_segment_host_mapping_for_segment-8129013343766', 'neutron.plugins.ml2.plugin.Ml2Plugin._handle_segment_change-226156'] for segment (a7e87f3a-948b-4f63-91b3-f6809420dc91), precommit_create {{(pid=90068) _notify_loop /opt/stack/data/venv/lib/python3.12/site-packages/neutron_lib/callbacks/manager.py:184}}
Jun 13 00:17:42.086513 np0000002765 devstack@neutron-api.service[90068]: DEBUG neutron_lib.callbacks.manager [None req-40426a59-9378-44eb-af1a-4cce789619ca admin admin] Unsubscribe: segment precommit_create {{(pid=90068) unsubscribe /opt/stack/data/venv/lib/python3.12/site-packages/neutron_lib/callbacks/manager.py:90}}
Jun 13 00:17:42.086757 np0000002765 devstack@neutron-api.service[90068]: INFO neutron.db.segments_db [None req-40426a59-9378-44eb-af1a-4cce789619ca admin admin] Added segment a7e87f3a-948b-4f63-91b3-f6809420dc91 of type flat for network c7c72d10-5ddc-42ce-8b0e-edc3a392b4f8
Jun 13 00:17:42.132547 np0000002765 devstack@neutron-api.service[90068]: DEBUG neutron_lib.callbacks.manager [None req-40426a59-9378-44eb-af1a-4cce789619ca admin admin] Publish callbacks ['neutron.services.auto_allocate.db._ensure_external_network_default_value_callback-8129010719978'] for network (c7c72d10-5ddc-42ce-8b0e-edc3a392b4f8), precommit_create {{(pid=90068) _notify_loop /opt/stack/data/venv/lib/python3.12/site-packages/neutron_lib/callbacks/manager.py:184}}
Jun 13 00:17:42.158222 np0000002765 devstack@neutron-api.service[90068]: DEBUG neutron.plugins.ml2.drivers.ovn.mech_driver.mech_driver [None req-40426a59-9378-44eb-af1a-4cce789619ca admin admin] Validating network segment with type flat, segmentation ID None, physical network public {{(pid=90068) _validate_network_segments /opt/stack/neutron/neutron/plugins/ml2/drivers/ovn/mech_driver/mech_driver.py:643}}
Jun 13 00:17:42.158384 np0000002765 devstack@neutron-api.service[90068]: DEBUG neutron.db.ovn_revision_numbers_db [None req-40426a59-9378-44eb-af1a-4cce789619ca admin admin] create_initial_revision uuid=c7c72d10-5ddc-42ce-8b0e-edc3a392b4f8, type=networks, rev=-1 {{(pid=90068) create_initial_revision /opt/stack/neutron/neutron/db/ovn_revision_numbers_db.py:98}}
Jun 13 00:17:42.177030 np0000002765 devstack@neutron-api.service[90068]: DEBUG neutron_lib.callbacks.manager [None req-40426a59-9378-44eb-af1a-4cce789619ca admin admin] Publish callbacks ['neutron.plugins.ml2.ovo_rpc._ObjectChangeHandler.handle_event-1424011'] for network (c7c72d10-5ddc-42ce-8b0e-edc3a392b4f8), after_create {{(pid=90068) _notify_loop /opt/stack/data/venv/lib/python3.12/site-packages/neutron_lib/callbacks/manager.py:184}}
Jun 13 00:17:42.223706 np0000002765 devstack@neutron-api.service[90068]: DEBUG neutron.api.rpc.handlers.resources_rpc [None req-40426a59-9378-44eb-af1a-4cce789619ca admin admin] Pushing event updated for resources: {'Network': ['ID=c7c72d10-5ddc-42ce-8b0e-edc3a392b4f8,revision_number=1']} {{(pid=90068) push /opt/stack/neutron/neutron/api/rpc/handlers/resources_rpc.py:237}}
Jun 13 00:17:42.230469 np0000002765 devstack@neutron-api.service[90068]: DEBUG neutron.api.rpc.callbacks.version_manager [None req-40426a59-9378-44eb-af1a-4cce789619ca admin admin] Tracked resource versions report:
Jun 13 00:17:42.230469 np0000002765 devstack@neutron-api.service[90068]: pushed versions:
Jun 13 00:17:42.230469 np0000002765 devstack@neutron-api.service[90068]: { 'AddressGroup': {'1.2'},
Jun 13 00:17:42.230469 np0000002765 devstack@neutron-api.service[90068]: 'Agent': {'1.1'},
Jun 13 00:17:42.230469 np0000002765 devstack@neutron-api.service[90068]: 'ConntrackHelper': {'1.0'},
Jun 13 00:17:42.230469 np0000002765 devstack@neutron-api.service[90068]: 'LocalIPAssociation': {'1.0'},
Jun 13 00:17:42.230469 np0000002765 devstack@neutron-api.service[90068]: 'Log': {'1.0'},
Jun 13 00:17:42.230469 np0000002765 devstack@neutron-api.service[90068]: 'NDPProxy': {'1.0'},
Jun 13 00:17:42.230469 np0000002765 devstack@neutron-api.service[90068]: 'Network': {'1.3'},
Jun 13 00:17:42.230469 np0000002765 devstack@neutron-api.service[90068]: 'Port': {'1.11'},
Jun 13 00:17:42.230469 np0000002765 devstack@neutron-api.service[90068]: 'PortForwarding': {'1.3'},
Jun 13 00:17:42.230469 np0000002765 devstack@neutron-api.service[90068]: 'QosPolicy': {'1.10'},
Jun 13 00:17:42.230469 np0000002765 devstack@neutron-api.service[90068]: 'SecurityGroup': {'1.6'},
Jun 13 00:17:42.230469 np0000002765 devstack@neutron-api.service[90068]: 'SecurityGroupRule': {'1.3'},
Jun 13 00:17:42.230469 np0000002765 devstack@neutron-api.service[90068]: 'SubPort': {'1.0'},
Jun 13 00:17:42.230469 np0000002765 devstack@neutron-api.service[90068]: 'Subnet': {'1.2'},
Jun 13 00:17:42.230469 np0000002765 devstack@neutron-api.service[90068]: 'Trunk': {'1.1'}}
Jun 13 00:17:42.230469 np0000002765 devstack@neutron-api.service[90068]: consumer versions:
Jun 13 00:17:42.230469 np0000002765 devstack@neutron-api.service[90068]: { OVN Controller Gateway agent@np0000002765: {},
Jun 13 00:17:42.230469 np0000002765 devstack@neutron-api.service[90068]: OVN Neutron agent@np0000002765: {}}
Jun 13 00:17:42.230469 np0000002765 devstack@neutron-api.service[90068]: {{(pid=90068) report /opt/stack/neutron/neutron/api/rpc/callbacks/version_manager.py:183}}
Jun 13 00:17:42.251159 np0000002765 devstack@neutron-api.service[90068]: DEBUG ovsdbapp.backend.ovs_idl.transaction [-] Running txn n=1 command(idx=0): AddNetworkCommand(_result=None, network_uuid=c7c72d10-5ddc-42ce-8b0e-edc3a392b4f8, may_exist=True, columns={'external_ids': {'neutron:network_name': 'public', 'neutron:mtu': '1430', 'neutron:revision_number': '1', 'neutron:availability_zone_hints': '', 'neutron:provnet-network-type': 'flat', 'neutron:provnet-physical-network': 'public'}, 'other_config': {'mcast_snoop': 'false', 'mcast_flood_unregistered': 'false', 'vlan-passthru': 'false', 'fdb_age_threshold': '300', 'broadcast-arps-to-all-routers': 'true'}}) {{(pid=90068) do_commit /opt/stack/data/venv/lib/python3.12/site-packages/ovsdbapp/backend/ovs_idl/transaction.py:89}}
Jun 13 00:17:42.251628 np0000002765 devstack@neutron-api.service[90068]: DEBUG neutron.common.ovn.utils [-] OVS persist_uuid supported=True {{(pid=90068) ovs_persist_uuid_supported /opt/stack/neutron/neutron/common/ovn/utils.py:1544}}
Jun 13 00:17:42.251976 np0000002765 devstack@neutron-api.service[90068]: DEBUG ovsdbapp.backend.ovs_idl.transaction [-] Running txn n=1 command(idx=1): AddLSwitchPortCommand(_result=None, lport=provnet-a7e87f3a-948b-4f63-91b3-f6809420dc91, lswitch=neutron-c7c72d10-5ddc-42ce-8b0e-edc3a392b4f8, may_exist=True, network_uuid=c7c72d10-5ddc-42ce-8b0e-edc3a392b4f8, columns={'addresses': ['unknown'], 'external_ids': {'neutron:provnet-physical-network': 'public'}, 'type': 'localnet', 'tag_request': None, 'options': {'network_name': 'public', 'mcast_flood_reports': 'true', 'mcast_flood': 'false', 'localnet_learn_fdb': 'false'}}) {{(pid=90068) do_commit /opt/stack/data/venv/lib/python3.12/site-packages/ovsdbapp/backend/ovs_idl/transaction.py:89}}
Jun 13 00:17:42.252394 np0000002765 devstack@neutron-api.service[90068]: ERROR ovsdbapp.backend.ovs_idl.vlog [-] attempting to write bad value to column tag_request (ovsdb error: expected integer, got ): ovs.db.error.Error: ovsdb error: expected integer, got
Jun 13 00:17:42.256221 np0000002765 devstack@neutron-api.service[90069]: DEBUG neutron.plugins.ml2.drivers.ovn.mech_driver.ovsdb.ovsdb_monitor [-] Hash Ring: Node 408b9625fc705a0b9d01acd48be40ce6 (host: np0000002765) handling event "create" for row c7c72d10-5ddc-42ce-8b0e-edc3a392b4f8 (table: Logical_Switch) {{(pid=90069) notify /opt/stack/neutron/neutron/plugins/ml2/drivers/ovn/mech_driver/ovsdb/ovsdb_monitor.py:1015}}
Jun 13 00:17:42.256292 np0000002765 devstack@neutron-api.service[90067]: DEBUG neutron.plugins.ml2.drivers.ovn.mech_driver.ovsdb.ovsdb_monitor [-] Hash Ring: Node d46143b55bb359629bc2b755e93a6b95 (host: np0000002765) handling event "create" for row c7c72d10-5ddc-42ce-8b0e-edc3a392b4f8 (table: Logical_Switch) {{(pid=90067) notify /opt/stack/neutron/neutron/plugins/ml2/drivers/ovn/mech_driver/ovsdb/ovsdb_monitor.py:1015}}
Jun 13 00:17:42.256633 np0000002765 devstack@neutron-api.service[90067]: DEBUG neutron.plugins.ml2.drivers.ovn.mech_driver.ovsdb.ovsdb_monitor [-] Hash Ring: Node d46143b55bb359629bc2b755e93a6b95 (host: np0000002765) handling event "create" for row bc548188-61e5-4388-9fe0-848700b5faba (table: Logical_Switch_Port) {{(pid=90067) notify /opt/stack/neutron/neutron/plugins/ml2/drivers/ovn/mech_driver/ovsdb/ovsdb_monitor.py:1015}}
Jun 13 00:17:42.257022 np0000002765 devstack@neutron-api.service[90067]: DEBUG neutron.plugins.ml2.drivers.ovn.mech_driver.ovsdb.ovsdb_monitor [-] Hash Ring: Node d46143b55bb359629bc2b755e93a6b95 (host: np0000002765) handling event "update" for row bc548188-61e5-4388-9fe0-848700b5faba (table: Logical_Switch_Port) {{(pid=90067) notify /opt/stack/neutron/neutron/plugins/ml2/drivers/ovn/mech_driver/ovsdb/ovsdb_monitor.py:1015}}
Jun 13 00:17:42.260844 np0000002765 devstack@neutron-api.service[90069]: DEBUG neutron.plugins.ml2.drivers.ovn.mech_driver.ovsdb.ovsdb_monitor [-] Hash Ring: Node 408b9625fc705a0b9d01acd48be40ce6 (host: np0000002765) handling event "create" for row b11eced5-2bd3-4421-88cd-cda22b8ded07 (table: Port_Binding) {{(pid=90069) notify /opt/stack/neutron/neutron/plugins/ml2/drivers/ovn/mech_driver/ovsdb/ovsdb_monitor.py:1015}}
Jun 13 00:17:42.261421 np0000002765 devstack@neutron-api.service[90067]: DEBUG neutron.plugins.ml2.drivers.ovn.mech_driver.ovsdb.ovsdb_monitor [-] Hash Ring: Node d46143b55bb359629bc2b755e93a6b95 (host: np0000002765) handling event "create" for row a9c81338-ac80-4939-824e-f310caab23e9 (table: Datapath_Binding) {{(pid=90067) notify /opt/stack/neutron/neutron/plugins/ml2/drivers/ovn/mech_driver/ovsdb/ovsdb_monitor.py:1015}}
Jun 13 00:17:42.261667 np0000002765 devstack@neutron-api.service[90067]: DEBUG neutron.plugins.ml2.drivers.ovn.mech_driver.ovsdb.ovsdb_monitor [-] Hash Ring: Node d46143b55bb359629bc2b755e93a6b95 (host: np0000002765) handling event "create" for row b11eced5-2bd3-4421-88cd-cda22b8ded07 (table: Port_Binding) {{(pid=90067) notify /opt/stack/neutron/neutron/plugins/ml2/drivers/ovn/mech_driver/ovsdb/ovsdb_monitor.py:1015}}
Jun 13 00:17:42.469306 np0000002765 devstack@neutron-api.service[90068]: DEBUG neutron.plugins.ml2.drivers.ovn.mech_driver.ovsdb.ovsdb_monitor [-] Hash Ring: Node 8a1c93cf51f45eb18d039dff424ed05f (host: np0000002765) handling event "create" for row a9c81338-ac80-4939-824e-f310caab23e9 (table: Datapath_Binding) {{(pid=90068) notify /opt/stack/neutron/neutron/plugins/ml2/drivers/ovn/mech_driver/ovsdb/ovsdb_monitor.py:1015}}
Jun 13 00:17:42.493160 np0000002765 devstack@neutron-api.service[90068]: INFO neutron.db.ovn_revision_numbers_db [None req-40426a59-9378-44eb-af1a-4cce789619ca admin admin] Successfully bumped revision number for resource c7c72d10-5ddc-42ce-8b0e-edc3a392b4f8 (type: networks) to 1
Jun 13 00:17:42.546045 np0000002765 devstack@neutron-api.service[90068]: DEBUG neutron_lib.callbacks.manager [None req-40426a59-9378-44eb-af1a-4cce789619ca admin admin] Publish callbacks ['neutron.plugins.ml2.plugin.SecurityGroupDbMixin._ensure_default_security_group_handler-477414'] for port (None), before_create {{(pid=90068) _notify_loop /opt/stack/data/venv/lib/python3.12/site-packages/neutron_lib/callbacks/manager.py:184}}
Jun 13 00:17:42.651887 np0000002765 devstack@neutron-api.service[90068]: DEBUG neutron_lib.callbacks.manager [None req-40426a59-9378-44eb-af1a-4cce789619ca admin admin] Publish callbacks ['neutron.plugins.ml2.drivers.ovn.mech_driver.mech_driver.OVNMechanismDriver._validate_allowed_address_pairs-1916322'] for allowed_address_pair (7bdf8983-71ef-4b56-b99d-728b9e2c969b), before_create {{(pid=90068) _notify_loop /opt/stack/data/venv/lib/python3.12/site-packages/neutron_lib/callbacks/manager.py:184}}
Jun 13 00:17:42.652685 np0000002765 devstack@neutron-api.service[90068]: DEBUG neutron_lib.callbacks.manager [None req-40426a59-9378-44eb-af1a-4cce789619ca admin admin] Publish callbacks [] for port (7bdf8983-71ef-4b56-b99d-728b9e2c969b), precommit_create {{(pid=90068) _notify_loop /opt/stack/data/venv/lib/python3.12/site-packages/neutron_lib/callbacks/manager.py:184}}
Jun 13 00:17:42.652917 np0000002765 devstack@neutron-api.service[90068]: DEBUG neutron.plugins.ml2.drivers.ovn.mech_driver.mech_driver [None req-40426a59-9378-44eb-af1a-4cce789619ca admin admin] No provisioning block for port 7bdf8983-71ef-4b56-b99d-728b9e2c969b since it does not have a host {{(pid=90068) _is_port_provisioning_required /opt/stack/neutron/neutron/plugins/ml2/drivers/ovn/mech_driver/mech_driver.py:896}}
Jun 13 00:17:42.653072 np0000002765 devstack@neutron-api.service[90068]: DEBUG neutron.db.ovn_revision_numbers_db [None req-40426a59-9378-44eb-af1a-4cce789619ca admin admin] create_initial_revision uuid=7bdf8983-71ef-4b56-b99d-728b9e2c969b, type=ports, rev=-1 {{(pid=90068) create_initial_revision /opt/stack/neutron/neutron/db/ovn_revision_numbers_db.py:98}}
Jun 13 00:17:42.695605 np0000002765 devstack@neutron-api.service[90068]: DEBUG neutron_lib.callbacks.manager [None req-40426a59-9378-44eb-af1a-4cce789619ca admin admin] Publish callbacks ['neutron.plugins.ml2.ovo_rpc._ObjectChangeHandler.handle_event-1424058'] for port (7bdf8983-71ef-4b56-b99d-728b9e2c969b), after_create {{(pid=90068) _notify_loop /opt/stack/data/venv/lib/python3.12/site-packages/neutron_lib/callbacks/manager.py:184}}
Jun 13 00:17:42.749997 np0000002765 devstack@neutron-api.service[90068]: DEBUG neutron.api.rpc.handlers.resources_rpc [None req-40426a59-9378-44eb-af1a-4cce789619ca admin admin] Pushing event updated for resources: {'Port': ['ID=7bdf8983-71ef-4b56-b99d-728b9e2c969b,revision_number=1']} {{(pid=90068) push /opt/stack/neutron/neutron/api/rpc/handlers/resources_rpc.py:237}}
Jun 13 00:17:42.791760 np0000002765 devstack@neutron-api.service[90068]: DEBUG neutron.plugins.ml2.drivers.ovn.mech_driver.ovsdb.commands [None req-40426a59-9378-44eb-af1a-4cce789619ca admin admin] Converting tag [] to a tag_request {{(pid=90068) _tag_column_to_tag_request /opt/stack/neutron/neutron/plugins/ml2/drivers/ovn/mech_driver/ovsdb/commands.py:205}}
Jun 13 00:17:42.792341 np0000002765 devstack@neutron-api.service[90068]: DEBUG ovsdbapp.backend.ovs_idl.transaction [-] Running txn n=1 command(idx=0): AddLSwitchPortCommand(_result=None, lport=7bdf8983-71ef-4b56-b99d-728b9e2c969b, lswitch=neutron-c7c72d10-5ddc-42ce-8b0e-edc3a392b4f8, may_exist=True, network_uuid=c7c72d10-5ddc-42ce-8b0e-edc3a392b4f8, columns={'addresses': ['fa:16:3e:9e:05:65'], 'external_ids': {'neutron:port_name': '', 'neutron:device_id': 'ovnmeta-c7c72d10-5ddc-42ce-8b0e-edc3a392b4f8', 'neutron:project_id': '90a2f250ecf447ebb0dd7b96b17b12c9', 'neutron:cidrs': '', 'neutron:device_owner': 'network:distributed', 'neutron:subnet_pool_addr_scope4': '', 'neutron:subnet_pool_addr_scope6': '', 'neutron:network_name': 'neutron-c7c72d10-5ddc-42ce-8b0e-edc3a392b4f8', 'neutron:security_group_ids': '', 'neutron:revision_number': '1', 'neutron:vnic_type': 'normal', 'neutron:port_capabilities': '', 'neutron:mtu': '1430'}, 'parent_name': [], 'enabled': True, 'options': {}, 'type': 'localport', 'port_security': [], 'dhcpv4_options': [], 'dhcpv6_options': [], 'tag_request': []}) {{(pid=90068) do_commit /opt/stack/data/venv/lib/python3.12/site-packages/ovsdbapp/backend/ovs_idl/transaction.py:89}}
Jun 13 00:17:42.792737 np0000002765 devstack@neutron-api.service[90068]: DEBUG ovsdbapp.backend.ovs_idl.transaction [-] Running txn n=1 command(idx=1): QoSDelCommand(_result=None, switch=neutron-c7c72d10-5ddc-42ce-8b0e-edc3a392b4f8, conditions=[('direction', '=', 'to-lport'), ('priority', '=', 2002), ('match', '=', 'outport == "7bdf8983-71ef-4b56-b99d-728b9e2c969b"')], if_exists=True) {{(pid=90068) do_commit /opt/stack/data/venv/lib/python3.12/site-packages/ovsdbapp/backend/ovs_idl/transaction.py:89}}
Jun 13 00:17:42.792876 np0000002765 devstack@neutron-api.service[90068]: DEBUG ovsdbapp.backend.ovs_idl.transaction [-] Running txn n=1 command(idx=2): QoSDelCommand(_result=None, switch=neutron-c7c72d10-5ddc-42ce-8b0e-edc3a392b4f8, conditions=[('direction', '=', 'from-lport'), ('priority', '=', 2002), ('match', '=', 'inport == "7bdf8983-71ef-4b56-b99d-728b9e2c969b"')], if_exists=True) {{(pid=90068) do_commit /opt/stack/data/venv/lib/python3.12/site-packages/ovsdbapp/backend/ovs_idl/transaction.py:89}}
Jun 13 00:17:42.793051 np0000002765 devstack@neutron-api.service[90068]: DEBUG ovsdbapp.backend.ovs_idl.transaction [-] Running txn n=1 command(idx=3): UpdateLSwitchPortQosOptionsCommand(_result=None, lport=AddLSwitchPortCommand(_result=34dc3119-a918-4481-8f79-f7cf0a34f703, lport=7bdf8983-71ef-4b56-b99d-728b9e2c969b, lswitch=neutron-c7c72d10-5ddc-42ce-8b0e-edc3a392b4f8, may_exist=True, network_uuid=c7c72d10-5ddc-42ce-8b0e-edc3a392b4f8, columns={'addresses': ['fa:16:3e:9e:05:65'], 'external_ids': {'neutron:port_name': '', 'neutron:device_id': 'ovnmeta-c7c72d10-5ddc-42ce-8b0e-edc3a392b4f8', 'neutron:project_id': '90a2f250ecf447ebb0dd7b96b17b12c9', 'neutron:cidrs': '', 'neutron:device_owner': 'network:distributed', 'neutron:subnet_pool_addr_scope4': '', 'neutron:subnet_pool_addr_scope6': '', 'neutron:network_name': 'neutron-c7c72d10-5ddc-42ce-8b0e-edc3a392b4f8', 'neutron:security_group_ids': '', 'neutron:revision_number': '1', 'neutron:vnic_type': 'normal', 'neutron:port_capabilities': '', 'neutron:mtu': '1430'}, 'parent_name': [], 'enabled': True, 'options': {}, 'type': 'localport', 'port_security': [], 'tag_request': []}), if_exists=True, qos={'qos_max_rate': None, 'qos_burst': None, 'qos_min_rate': None}) {{(pid=90068) do_commit /opt/stack/data/venv/lib/python3.12/site-packages/ovsdbapp/backend/ovs_idl/transaction.py:89}}
Jun 13 00:17:42.799181 np0000002765 devstack@neutron-api.service[90067]: DEBUG neutron.plugins.ml2.drivers.ovn.mech_driver.ovsdb.ovsdb_monitor [-] Hash Ring: Node d46143b55bb359629bc2b755e93a6b95 (host: np0000002765) handling event "create" for row e3562ad5-d0fe-4b03-9a58-34a32f6c53e6 (table: Port_Binding) {{(pid=90067) notify /opt/stack/neutron/neutron/plugins/ml2/drivers/ovn/mech_driver/ovsdb/ovsdb_monitor.py:1015}}
Jun 13 00:17:42.799272 np0000002765 devstack@neutron-api.service[90069]: DEBUG neutron.plugins.ml2.drivers.ovn.mech_driver.ovsdb.ovsdb_monitor [-] Hash Ring: Node 408b9625fc705a0b9d01acd48be40ce6 (host: np0000002765) handling event "update" for row c7c72d10-5ddc-42ce-8b0e-edc3a392b4f8 (table: Logical_Switch) {{(pid=90069) notify /opt/stack/neutron/neutron/plugins/ml2/drivers/ovn/mech_driver/ovsdb/ovsdb_monitor.py:1015}}
Jun 13 00:17:42.799789 np0000002765 devstack@neutron-api.service[90067]: DEBUG neutron.plugins.ml2.drivers.ovn.mech_driver.ovsdb.ovsdb_monitor [-] Hash Ring: Node d46143b55bb359629bc2b755e93a6b95 (host: np0000002765) handling event "update" for row c7c72d10-5ddc-42ce-8b0e-edc3a392b4f8 (table: Logical_Switch) {{(pid=90067) notify /opt/stack/neutron/neutron/plugins/ml2/drivers/ovn/mech_driver/ovsdb/ovsdb_monitor.py:1015}}
Jun 13 00:17:42.800020 np0000002765 devstack@neutron-api.service[90067]: DEBUG neutron.plugins.ml2.drivers.ovn.mech_driver.ovsdb.ovsdb_monitor [-] Hash Ring: Node d46143b55bb359629bc2b755e93a6b95 (host: np0000002765) handling event "create" for row a34847d3-9653-47df-be84-6f608b723386 (table: Logical_Switch_Port) {{(pid=90067) notify /opt/stack/neutron/neutron/plugins/ml2/drivers/ovn/mech_driver/ovsdb/ovsdb_monitor.py:1015}}
Jun 13 00:17:42.800969 np0000002765 devstack@neutron-api.service[90067]: DEBUG ovsdbapp.backend.ovs_idl.event [-] Matched CREATE: LogicalSwitchPortCreateEvent(events=('create',), table='Logical_Switch_Port', conditions=[], old_conditions=None), priority=20 to row=Logical_Switch_Port(uuid=a34847d3-9653-47df-be84-6f608b723386, addresses=['fa:16:3e:9e:05:65'], dhcpv4_options=[], dhcpv6_options=[], dynamic_addresses=[], enabled=True, external_ids={'neutron:cidrs': '', 'neutron:device_id': 'ovnmeta-c7c72d10-5ddc-42ce-8b0e-edc3a392b4f8', 'neutron:device_owner': 'network:distributed', 'neutron:mtu': '1430', 'neutron:network_name': 'neutron-c7c72d10-5ddc-42ce-8b0e-edc3a392b4f8', 'neutron:port_capabilities': '', 'neutron:port_name': '', 'neutron:project_id': '90a2f250ecf447ebb0dd7b96b17b12c9', 'neutron:revision_number': '1', 'neutron:security_group_ids': '', 'neutron:subnet_pool_addr_scope4': '', 'neutron:subnet_pool_addr_scope6': '', 'neutron:vnic_type': 'normal'}, ha_chassis_group=[], mirror_rules=[], name='7bdf8983-71ef-4b56-b99d-728b9e2c969b', options={}, parent_name=[], port_security=[], tag=[], tag_request=[], type='localport', up=[]) old= {{(pid=90067) matches /opt/stack/data/venv/lib/python3.12/site-packages/ovsdbapp/backend/ovs_idl/event.py:55}}
Jun 13 00:17:42.801697 np0000002765 devstack@neutron-api.service[90069]: DEBUG neutron.plugins.ml2.drivers.ovn.mech_driver.ovsdb.ovsdb_monitor [-] Hash Ring: Node 408b9625fc705a0b9d01acd48be40ce6 (host: np0000002765) handling event "create" for row e3562ad5-d0fe-4b03-9a58-34a32f6c53e6 (table: Port_Binding) {{(pid=90069) notify /opt/stack/neutron/neutron/plugins/ml2/drivers/ovn/mech_driver/ovsdb/ovsdb_monitor.py:1015}}
Jun 13 00:17:42.802720 np0000002765 devstack@neutron-api.service[90067]: INFO neutron.plugins.ml2.drivers.ovn.mech_driver.mech_driver [None req-c0b25683-5bdf-46fa-8b8d-e942bcc88bb6 None None] OVN reports status down for port: 7bdf8983-71ef-4b56-b99d-728b9e2c969b
Jun 13 00:17:42.803121 np0000002765 devstack@neutron-api.service[90067]: DEBUG neutron.plugins.ml2.drivers.ovn.mech_driver.ovsdb.ovsdb_monitor [-] Hash Ring: Node d46143b55bb359629bc2b755e93a6b95 (host: np0000002765) handling event "update" for row a34847d3-9653-47df-be84-6f608b723386 (table: Logical_Switch_Port) {{(pid=90067) notify /opt/stack/neutron/neutron/plugins/ml2/drivers/ovn/mech_driver/ovsdb/ovsdb_monitor.py:1015}}
Jun 13 00:17:42.832401 np0000002765 devstack@neutron-api.service[90067]: DEBUG neutron.db.provisioning_blocks [None req-c0b25683-5bdf-46fa-8b8d-e942bcc88bb6 None None] Transition to ACTIVE for port object 7bdf8983-71ef-4b56-b99d-728b9e2c969b will not be triggered until provisioned by entity L2. {{(pid=90067) add_provisioning_component /opt/stack/neutron/neutron/db/provisioning_blocks.py:74}}
Jun 13 00:17:42.856308 np0000002765 devstack@neutron-api.service[90067]: DEBUG neutron.plugins.ml2.plugin [None req-c0b25683-5bdf-46fa-8b8d-e942bcc88bb6 None None] Current status of the port 7bdf8983-71ef-4b56-b99d-728b9e2c969b is: DOWN; New status is: DOWN {{(pid=90067) _update_individual_port_db_status /opt/stack/neutron/neutron/plugins/ml2/plugin.py:2470}}
Jun 13 00:17:42.857378 np0000002765 devstack@neutron-api.service[90067]: DEBUG ovsdbapp.backend.ovs_idl.transaction [-] Running txn n=1 command(idx=0): DbRemoveCommand(_result=None, table=Logical_Switch_Port, record=7bdf8983-71ef-4b56-b99d-728b9e2c969b, column=external_ids, values=('neutron:host_id',), keyvalues={}, if_exists=True) {{(pid=90067) do_commit /opt/stack/data/venv/lib/python3.12/site-packages/ovsdbapp/backend/ovs_idl/transaction.py:89}}
Jun 13 00:17:42.859660 np0000002765 devstack@neutron-api.service[90068]: INFO neutron.db.ovn_revision_numbers_db [None req-40426a59-9378-44eb-af1a-4cce789619ca admin admin] Successfully bumped revision number for resource 7bdf8983-71ef-4b56-b99d-728b9e2c969b (type: ports) to 1
Jun 13 00:17:42.875758 np0000002765 devstack@neutron-api.service[90068]: DEBUG neutron.pecan_wsgi.hooks.policy_enforcement [None req-40426a59-9378-44eb-af1a-4cce789619ca admin admin] Attributes excluded by policy engine: ['standard_attr_id'] {{(pid=90068) _exclude_attributes_by_policy /opt/stack/neutron/neutron/pecan_wsgi/hooks/policy_enforcement.py:256}}
Jun 13 00:17:42.876190 np0000002765 devstack@neutron-api.service[90068]: DEBUG neutron_lib.callbacks.manager [None req-40426a59-9378-44eb-af1a-4cce789619ca admin admin] Publish callbacks [] for network (None), before_response {{(pid=90068) _notify_loop /opt/stack/data/venv/lib/python3.12/site-packages/neutron_lib/callbacks/manager.py:184}}
Jun 13 00:17:42.887928 np0000002765 devstack@neutron-api.service[90068]: [pid: 90068|app: 0|req: 5/16] 10.4.3.196 () {68 vars in 1327 bytes} [Sat Jun 13 00:17:42 2026] POST /networking/v2.0/networks => generated 679 bytes in 869 msecs (HTTP/1.1 201) 4 headers in 162 bytes (1 switches on core 0)
Jun 13 00:17:43.194199 np0000002765 devstack@neutron-api.service[90067]: DEBUG neutron.pecan_wsgi.hooks.policy_enforcement [None req-fd7af298-3dfd-41b1-a4d2-b37d9e7d571c admin admin] Attributes excluded by policy engine: ['standard_attr_id', 'shared'] {{(pid=90067) _exclude_attributes_by_policy /opt/stack/neutron/neutron/pecan_wsgi/hooks/policy_enforcement.py:256}}
Jun 13 00:17:43.194199 np0000002765 devstack@neutron-api.service[90067]: [pid: 90067|app: 0|req: 7/17] 10.4.3.196 () {64 vars in 1381 bytes} [Sat Jun 13 00:17:43 2026] GET /networking/v2.0/subnets/af2cf78d-bfba-422c-ae23-bbf4088cae67 => generated 666 bytes in 22 msecs (HTTP/1.1 200) 4 headers in 157 bytes (1 switches on core 0)
Jun 13 00:17:43.208641 np0000002765 devstack@neutron-api.service[90069]: DEBUG neutron.api.wsgi [None req-ae7046d8-8630-4fa9-8a71-3dde29fc4190 admin admin] Missing Content-Type {{(pid=90069) get_content_type /opt/stack/neutron/neutron/api/wsgi.py:80}}
Jun 13 00:17:43.530367 np0000002765 devstack@neutron-api.service[90069]: [pid: 90069|app: 0|req: 6/18] 10.4.3.196 () {64 vars in 1381 bytes} [Sat Jun 13 00:17:43 2026] GET /networking/v2.0/routers/87d34e4a-1460-4d40-9f80-b8f0e6c7639f => generated 599 bytes in 324 msecs (HTTP/1.1 200) 4 headers in 157 bytes (1 switches on core 0)
Jun 13 00:17:43.675192 np0000002765 devstack@neutron-api.service[90068]: DEBUG neutron_lib.callbacks.manager [None req-19f5b546-da9f-407d-935b-486299acb9f4 admin admin] Publish callbacks ['neutron.plugins.ml2.plugin.SecurityGroupDbMixin._ensure_default_security_group_handler-477414'] for port (None), before_create {{(pid=90068) _notify_loop /opt/stack/data/venv/lib/python3.12/site-packages/neutron_lib/callbacks/manager.py:184}}
Jun 13 00:17:43.778827 np0000002765 devstack@neutron-api.service[90068]: DEBUG neutron.db.db_base_plugin_common [None req-19f5b546-da9f-407d-935b-486299acb9f4 admin admin] Allocated IP 10.1.0.1 (5e30f8d3-ca27-4d80-892e-338407dee26b/af2cf78d-bfba-422c-ae23-bbf4088cae67/40fc668f-9625-4568-825b-7802aea636c3) {{(pid=90068) _store_ip_allocation /opt/stack/neutron/neutron/db/db_base_plugin_common.py:131}}
Jun 13 00:17:43.838938 np0000002765 devstack@neutron-api.service[90068]: DEBUG neutron_lib.callbacks.manager [None req-19f5b546-da9f-407d-935b-486299acb9f4 admin admin] Publish callbacks ['neutron.plugins.ml2.drivers.ovn.mech_driver.mech_driver.OVNMechanismDriver._validate_allowed_address_pairs-1916322'] for allowed_address_pair (40fc668f-9625-4568-825b-7802aea636c3), before_create {{(pid=90068) _notify_loop /opt/stack/data/venv/lib/python3.12/site-packages/neutron_lib/callbacks/manager.py:184}}
Jun 13 00:17:43.839597 np0000002765 devstack@neutron-api.service[90068]: DEBUG neutron_lib.callbacks.manager [None req-19f5b546-da9f-407d-935b-486299acb9f4 admin admin] Publish callbacks [] for port (40fc668f-9625-4568-825b-7802aea636c3), precommit_create {{(pid=90068) _notify_loop /opt/stack/data/venv/lib/python3.12/site-packages/neutron_lib/callbacks/manager.py:184}}
Jun 13 00:17:43.839760 np0000002765 devstack@neutron-api.service[90068]: DEBUG neutron.plugins.ml2.drivers.ovn.mech_driver.mech_driver [None req-19f5b546-da9f-407d-935b-486299acb9f4 admin admin] No provisioning block for port 40fc668f-9625-4568-825b-7802aea636c3 since it does not have a host {{(pid=90068) _is_port_provisioning_required /opt/stack/neutron/neutron/plugins/ml2/drivers/ovn/mech_driver/mech_driver.py:896}}
Jun 13 00:17:43.839879 np0000002765 devstack@neutron-api.service[90068]: DEBUG neutron.db.ovn_revision_numbers_db [None req-19f5b546-da9f-407d-935b-486299acb9f4 admin admin] create_initial_revision uuid=40fc668f-9625-4568-825b-7802aea636c3, type=ports, rev=-1 {{(pid=90068) create_initial_revision /opt/stack/neutron/neutron/db/ovn_revision_numbers_db.py:98}}
Jun 13 00:17:43.904072 np0000002765 devstack@neutron-api.service[90068]: DEBUG neutron.db.ovn_revision_numbers_db [None req-19f5b546-da9f-407d-935b-486299acb9f4 admin admin] create_initial_revision uuid=40fc668f-9625-4568-825b-7802aea636c3, type=router_ports, rev=-1 {{(pid=90068) create_initial_revision /opt/stack/neutron/neutron/db/ovn_revision_numbers_db.py:98}}
Jun 13 00:17:43.927712 np0000002765 devstack@neutron-api.service[90068]: DEBUG neutron_lib.callbacks.manager [None req-19f5b546-da9f-407d-935b-486299acb9f4 admin admin] Publish callbacks ['neutron.plugins.ml2.ovo_rpc._ObjectChangeHandler.handle_event-1424058'] for port (40fc668f-9625-4568-825b-7802aea636c3), after_create {{(pid=90068) _notify_loop /opt/stack/data/venv/lib/python3.12/site-packages/neutron_lib/callbacks/manager.py:184}}
Jun 13 00:17:43.948156 np0000002765 devstack@neutron-api.service[90068]: DEBUG neutron.api.rpc.handlers.resources_rpc [None req-19f5b546-da9f-407d-935b-486299acb9f4 admin admin] Pushing event updated for resources: {'Port': ['ID=40fc668f-9625-4568-825b-7802aea636c3,revision_number=1']} {{(pid=90068) push /opt/stack/neutron/neutron/api/rpc/handlers/resources_rpc.py:237}}
Jun 13 00:17:44.005595 np0000002765 devstack@neutron-api.service[90068]: DEBUG neutron.plugins.ml2.drivers.ovn.mech_driver.ovsdb.commands [None req-19f5b546-da9f-407d-935b-486299acb9f4 admin admin] Converting tag [] to a tag_request {{(pid=90068) _tag_column_to_tag_request /opt/stack/neutron/neutron/plugins/ml2/drivers/ovn/mech_driver/ovsdb/commands.py:205}}
Jun 13 00:17:44.006268 np0000002765 devstack@neutron-api.service[90068]: DEBUG ovsdbapp.backend.ovs_idl.transaction [-] Running txn n=1 command(idx=0): AddLSwitchPortCommand(_result=None, lport=40fc668f-9625-4568-825b-7802aea636c3, lswitch=neutron-5e30f8d3-ca27-4d80-892e-338407dee26b, may_exist=True, network_uuid=5e30f8d3-ca27-4d80-892e-338407dee26b, columns={'addresses': ['unknown'], 'external_ids': {'neutron:port_name': '', 'neutron:device_id': '87d34e4a-1460-4d40-9f80-b8f0e6c7639f', 'neutron:project_id': '90a2f250ecf447ebb0dd7b96b17b12c9', 'neutron:cidrs': '10.1.0.1/26', 'neutron:device_owner': 'network:router_interface', 'neutron:subnet_pool_addr_scope4': '', 'neutron:subnet_pool_addr_scope6': '', 'neutron:network_name': 'neutron-5e30f8d3-ca27-4d80-892e-338407dee26b', 'neutron:security_group_ids': '', 'neutron:revision_number': '1', 'neutron:vnic_type': 'normal', 'neutron:port_capabilities': '', 'neutron:mtu': ''}, 'parent_name': [], 'enabled': True, 'options': {}, 'type': '', 'port_security': [], 'dhcpv4_options': [], 'dhcpv6_options': [], 'tag_request': []}) {{(pid=90068) do_commit /opt/stack/data/venv/lib/python3.12/site-packages/ovsdbapp/backend/ovs_idl/transaction.py:89}}
Jun 13 00:17:44.006817 np0000002765 devstack@neutron-api.service[90068]: DEBUG ovsdbapp.backend.ovs_idl.transaction [-] Running txn n=1 command(idx=1): QoSDelCommand(_result=None, switch=neutron-5e30f8d3-ca27-4d80-892e-338407dee26b, conditions=[('direction', '=', 'to-lport'), ('priority', '=', 2002), ('match', '=', 'outport == "40fc668f-9625-4568-825b-7802aea636c3"')], if_exists=True) {{(pid=90068) do_commit /opt/stack/data/venv/lib/python3.12/site-packages/ovsdbapp/backend/ovs_idl/transaction.py:89}}
Jun 13 00:17:44.007016 np0000002765 devstack@neutron-api.service[90068]: DEBUG ovsdbapp.backend.ovs_idl.transaction [-] Running txn n=1 command(idx=2): QoSDelCommand(_result=None, switch=neutron-5e30f8d3-ca27-4d80-892e-338407dee26b, conditions=[('direction', '=', 'from-lport'), ('priority', '=', 2002), ('match', '=', 'inport == "40fc668f-9625-4568-825b-7802aea636c3"')], if_exists=True) {{(pid=90068) do_commit /opt/stack/data/venv/lib/python3.12/site-packages/ovsdbapp/backend/ovs_idl/transaction.py:89}}
Jun 13 00:17:44.009660 np0000002765 devstack@neutron-api.service[90068]: DEBUG neutron.plugins.ml2.drivers.ovn.mech_driver.ovsdb.ovsdb_monitor [-] Hash Ring: Node 8a1c93cf51f45eb18d039dff424ed05f (host: np0000002765) handling event "create" for row c9d6451d-5d57-4a46-af82-674217c8e17d (table: Logical_Switch_Port) {{(pid=90068) notify /opt/stack/neutron/neutron/plugins/ml2/drivers/ovn/mech_driver/ovsdb/ovsdb_monitor.py:1015}}
Jun 13 00:17:44.009735 np0000002765 devstack@neutron-api.service[90069]: DEBUG neutron.plugins.ml2.drivers.ovn.mech_driver.ovsdb.ovsdb_monitor [-] Hash Ring: Node 408b9625fc705a0b9d01acd48be40ce6 (host: np0000002765) handling event "update" for row 5e30f8d3-ca27-4d80-892e-338407dee26b (table: Logical_Switch) {{(pid=90069) notify /opt/stack/neutron/neutron/plugins/ml2/drivers/ovn/mech_driver/ovsdb/ovsdb_monitor.py:1015}}
Jun 13 00:17:44.011610 np0000002765 devstack@neutron-api.service[90068]: DEBUG ovsdbapp.backend.ovs_idl.event [-] Matched CREATE: LogicalSwitchPortCreateEvent(events=('create',), table='Logical_Switch_Port', conditions=[], old_conditions=None), priority=20 to row=Logical_Switch_Port(uuid=c9d6451d-5d57-4a46-af82-674217c8e17d, addresses=['unknown'], dhcpv4_options=[], dhcpv6_options=[], dynamic_addresses=[], enabled=True, external_ids={'neutron:cidrs': '10.1.0.1/26', 'neutron:device_id': '87d34e4a-1460-4d40-9f80-b8f0e6c7639f', 'neutron:device_owner': 'network:router_interface', 'neutron:mtu': '', 'neutron:network_name': 'neutron-5e30f8d3-ca27-4d80-892e-338407dee26b', 'neutron:port_capabilities': '', 'neutron:port_name': '', 'neutron:project_id': '90a2f250ecf447ebb0dd7b96b17b12c9', 'neutron:revision_number': '1', 'neutron:security_group_ids': '', 'neutron:subnet_pool_addr_scope4': '', 'neutron:subnet_pool_addr_scope6': '', 'neutron:vnic_type': 'normal'}, ha_chassis_group=[], mirror_rules=[], name='40fc668f-9625-4568-825b-7802aea636c3', options={}, parent_name=[], port_security=[], tag=[], tag_request=[], type='', up=[]) old= {{(pid=90068) matches /opt/stack/data/venv/lib/python3.12/site-packages/ovsdbapp/backend/ovs_idl/event.py:55}}
Jun 13 00:17:44.012105 np0000002765 devstack@neutron-api.service[90067]: DEBUG neutron.plugins.ml2.drivers.ovn.mech_driver.ovsdb.ovsdb_monitor [-] Hash Ring: Node d46143b55bb359629bc2b755e93a6b95 (host: np0000002765) handling event "create" for row d995dbd8-e5d5-4b85-b1e6-c1dbf71f885a (table: Port_Binding) {{(pid=90067) notify /opt/stack/neutron/neutron/plugins/ml2/drivers/ovn/mech_driver/ovsdb/ovsdb_monitor.py:1015}}
Jun 13 00:17:44.012704 np0000002765 devstack@neutron-api.service[90067]: DEBUG neutron.plugins.ml2.drivers.ovn.mech_driver.ovsdb.ovsdb_monitor [-] Hash Ring: Node d46143b55bb359629bc2b755e93a6b95 (host: np0000002765) handling event "update" for row 5e30f8d3-ca27-4d80-892e-338407dee26b (table: Logical_Switch) {{(pid=90067) notify /opt/stack/neutron/neutron/plugins/ml2/drivers/ovn/mech_driver/ovsdb/ovsdb_monitor.py:1015}}
Jun 13 00:17:44.013040 np0000002765 devstack@neutron-api.service[90067]: DEBUG neutron.plugins.ml2.drivers.ovn.mech_driver.ovsdb.ovsdb_monitor [-] Hash Ring: Node d46143b55bb359629bc2b755e93a6b95 (host: np0000002765) handling event "create" for row c9d6451d-5d57-4a46-af82-674217c8e17d (table: Logical_Switch_Port) {{(pid=90067) notify /opt/stack/neutron/neutron/plugins/ml2/drivers/ovn/mech_driver/ovsdb/ovsdb_monitor.py:1015}}
Jun 13 00:17:44.013479 np0000002765 devstack@neutron-api.service[90068]: INFO neutron.plugins.ml2.drivers.ovn.mech_driver.mech_driver [None req-d1537128-4220-4241-9b8b-a1574b59c4c6 None None] OVN reports status down for port: 40fc668f-9625-4568-825b-7802aea636c3
Jun 13 00:17:44.014268 np0000002765 devstack@neutron-api.service[90067]: DEBUG ovsdbapp.backend.ovs_idl.event [-] Matched CREATE: LogicalSwitchPortCreateEvent(events=('create',), table='Logical_Switch_Port', conditions=[], old_conditions=None), priority=20 to row=Logical_Switch_Port(uuid=c9d6451d-5d57-4a46-af82-674217c8e17d, addresses=['unknown'], dhcpv4_options=[], dhcpv6_options=[], dynamic_addresses=[], enabled=True, external_ids={'neutron:cidrs': '10.1.0.1/26', 'neutron:device_id': '87d34e4a-1460-4d40-9f80-b8f0e6c7639f', 'neutron:device_owner': 'network:router_interface', 'neutron:mtu': '', 'neutron:network_name': 'neutron-5e30f8d3-ca27-4d80-892e-338407dee26b', 'neutron:port_capabilities': '', 'neutron:port_name': '', 'neutron:project_id': '90a2f250ecf447ebb0dd7b96b17b12c9', 'neutron:revision_number': '1', 'neutron:security_group_ids': '', 'neutron:subnet_pool_addr_scope4': '', 'neutron:subnet_pool_addr_scope6': '', 'neutron:vnic_type': 'normal'}, ha_chassis_group=[], mirror_rules=[], name='40fc668f-9625-4568-825b-7802aea636c3', options={}, parent_name=[], port_security=[], tag=[], tag_request=[], type='', up=[]) old= {{(pid=90067) matches /opt/stack/data/venv/lib/python3.12/site-packages/ovsdbapp/backend/ovs_idl/event.py:55}}
Jun 13 00:17:44.014879 np0000002765 devstack@neutron-api.service[90068]: DEBUG neutron.plugins.ml2.drivers.ovn.mech_driver.ovsdb.ovsdb_monitor [-] Hash Ring: Node 8a1c93cf51f45eb18d039dff424ed05f (host: np0000002765) handling event "update" for row c9d6451d-5d57-4a46-af82-674217c8e17d (table: Logical_Switch_Port) {{(pid=90068) notify /opt/stack/neutron/neutron/plugins/ml2/drivers/ovn/mech_driver/ovsdb/ovsdb_monitor.py:1015}}
Jun 13 00:17:44.014927 np0000002765 devstack@neutron-api.service[90067]: INFO neutron.plugins.ml2.drivers.ovn.mech_driver.mech_driver [None req-c0b25683-5bdf-46fa-8b8d-e942bcc88bb6 None None] OVN reports status down for port: 40fc668f-9625-4568-825b-7802aea636c3
Jun 13 00:17:44.015530 np0000002765 devstack@neutron-api.service[90067]: DEBUG neutron.plugins.ml2.drivers.ovn.mech_driver.ovsdb.ovsdb_monitor [-] Hash Ring: Node d46143b55bb359629bc2b755e93a6b95 (host: np0000002765) handling event "update" for row c9d6451d-5d57-4a46-af82-674217c8e17d (table: Logical_Switch_Port) {{(pid=90067) notify /opt/stack/neutron/neutron/plugins/ml2/drivers/ovn/mech_driver/ovsdb/ovsdb_monitor.py:1015}}
Jun 13 00:17:44.036682 np0000002765 devstack@neutron-api.service[90067]: DEBUG neutron.db.provisioning_blocks [None req-c0b25683-5bdf-46fa-8b8d-e942bcc88bb6 None None] Transition to ACTIVE for port object 40fc668f-9625-4568-825b-7802aea636c3 will not be triggered until provisioned by entity L2. {{(pid=90067) add_provisioning_component /opt/stack/neutron/neutron/db/provisioning_blocks.py:74}}
Jun 13 00:17:44.041087 np0000002765 devstack@neutron-api.service[90068]: INFO neutron.db.ovn_revision_numbers_db [None req-19f5b546-da9f-407d-935b-486299acb9f4 admin admin] Successfully bumped revision number for resource 40fc668f-9625-4568-825b-7802aea636c3 (type: ports) to 1
Jun 13 00:17:44.048608 np0000002765 devstack@neutron-api.service[90068]: DEBUG neutron_lib.callbacks.manager [None req-19f5b546-da9f-407d-935b-486299acb9f4 admin admin] Publish callbacks [] for router_interface (87d34e4a-1460-4d40-9f80-b8f0e6c7639f), before_create {{(pid=90068) _notify_loop /opt/stack/data/venv/lib/python3.12/site-packages/neutron_lib/callbacks/manager.py:184}}
Jun 13 00:17:44.055494 np0000002765 devstack@neutron-api.service[90067]: DEBUG neutron.plugins.ml2.plugin [None req-c0b25683-5bdf-46fa-8b8d-e942bcc88bb6 None None] Current status of the port 40fc668f-9625-4568-825b-7802aea636c3 is: DOWN; New status is: DOWN {{(pid=90067) _update_individual_port_db_status /opt/stack/neutron/neutron/plugins/ml2/plugin.py:2470}}
Jun 13 00:17:44.056428 np0000002765 devstack@neutron-api.service[90067]: DEBUG ovsdbapp.backend.ovs_idl.transaction [-] Running txn n=1 command(idx=0): DbRemoveCommand(_result=None, table=Logical_Switch_Port, record=40fc668f-9625-4568-825b-7802aea636c3, column=external_ids, values=('neutron:host_id',), keyvalues={}, if_exists=True) {{(pid=90067) do_commit /opt/stack/data/venv/lib/python3.12/site-packages/ovsdbapp/backend/ovs_idl/transaction.py:89}}
Jun 13 00:17:44.158313 np0000002765 devstack@neutron-api.service[90068]: DEBUG neutron.db.provisioning_blocks [None req-d1537128-4220-4241-9b8b-a1574b59c4c6 None None] Ignored duplicate provisioning block setup for port 40fc668f-9625-4568-825b-7802aea636c3 by entity L2. {{(pid=90068) add_provisioning_component /opt/stack/neutron/neutron/db/provisioning_blocks.py:69}}
Jun 13 00:17:44.224426 np0000002765 devstack@neutron-api.service[90068]: DEBUG neutron.plugins.ml2.plugin [None req-d1537128-4220-4241-9b8b-a1574b59c4c6 None None] Current status of the port 40fc668f-9625-4568-825b-7802aea636c3 is: DOWN; New status is: DOWN {{(pid=90068) _update_individual_port_db_status /opt/stack/neutron/neutron/plugins/ml2/plugin.py:2470}}
Jun 13 00:17:44.226309 np0000002765 devstack@neutron-api.service[90068]: DEBUG ovsdbapp.backend.ovs_idl.transaction [-] Running txn n=1 command(idx=0): DbRemoveCommand(_result=None, table=Logical_Switch_Port, record=40fc668f-9625-4568-825b-7802aea636c3, column=external_ids, values=('neutron:host_id',), keyvalues={}, if_exists=True) {{(pid=90068) do_commit /opt/stack/data/venv/lib/python3.12/site-packages/ovsdbapp/backend/ovs_idl/transaction.py:89}}
Jun 13 00:17:44.282709 np0000002765 devstack@neutron-api.service[90068]: DEBUG neutron_lib.callbacks.manager [None req-19f5b546-da9f-407d-935b-486299acb9f4 admin admin] Publish callbacks ['neutron.plugins.ml2.plugin.SecurityGroupDbMixin._ensure_default_security_group_handler-477414', 'neutron.services.ovn_l3.plugin.OVNL3RouterPlugin._port_update-8129010722406', 'neutron.db.l3_db.L3_NAT_dbonly_mixin._prevent_internal_ip_change_for_fip-8129013191660'] for port (40fc668f-9625-4568-825b-7802aea636c3), before_update {{(pid=90068) _notify_loop /opt/stack/data/venv/lib/python3.12/site-packages/neutron_lib/callbacks/manager.py:184}}
Jun 13 00:17:44.626928 np0000002765 devstack@neutron-api.service[90068]: DEBUG neutron_lib.callbacks.manager [None req-19f5b546-da9f-407d-935b-486299acb9f4 admin admin] Publish callbacks [] for port (40fc668f-9625-4568-825b-7802aea636c3), precommit_update {{(pid=90068) _notify_loop /opt/stack/data/venv/lib/python3.12/site-packages/neutron_lib/callbacks/manager.py:184}}
Jun 13 00:17:44.627194 np0000002765 devstack@neutron-api.service[90068]: DEBUG neutron.plugins.ml2.drivers.ovn.mech_driver.mech_driver [None req-19f5b546-da9f-407d-935b-486299acb9f4 admin admin] No provisioning block for port 40fc668f-9625-4568-825b-7802aea636c3 since it does not have a host {{(pid=90068) _is_port_provisioning_required /opt/stack/neutron/neutron/plugins/ml2/drivers/ovn/mech_driver/mech_driver.py:896}}
Jun 13 00:17:44.676639 np0000002765 devstack@neutron-api.service[90068]: DEBUG neutron_lib.callbacks.manager [None req-19f5b546-da9f-407d-935b-486299acb9f4 admin admin] Publish callbacks ['neutron.plugins.ml2.ovo_rpc._ObjectChangeHandler.handle_event-1424058', 'neutron.services.ovn_l3.plugin.OVNL3RouterPlugin._port_update-8129010722406'] for port (40fc668f-9625-4568-825b-7802aea636c3), after_update {{(pid=90068) _notify_loop /opt/stack/data/venv/lib/python3.12/site-packages/neutron_lib/callbacks/manager.py:184}}
Jun 13 00:17:44.712653 np0000002765 devstack@neutron-api.service[90068]: DEBUG neutron.api.rpc.handlers.resources_rpc [None req-19f5b546-da9f-407d-935b-486299acb9f4 admin admin] Pushing event updated for resources: {'Port': ['ID=40fc668f-9625-4568-825b-7802aea636c3,revision_number=1']} {{(pid=90068) push /opt/stack/neutron/neutron/api/rpc/handlers/resources_rpc.py:237}}
Jun 13 00:17:44.807275 np0000002765 devstack@neutron-api.service[90068]: DEBUG neutron.plugins.ml2.drivers.ovn.mech_driver.ovsdb.commands [None req-19f5b546-da9f-407d-935b-486299acb9f4 admin admin] Converting tag [] to a tag_request {{(pid=90068) _tag_column_to_tag_request /opt/stack/neutron/neutron/plugins/ml2/drivers/ovn/mech_driver/ovsdb/commands.py:205}}
