Jul 29 13:49:15.166814 np0000006080 devstack@c-api.service[97028]: DEBUG cinder.api.openstack.wsgi [req-529dbe7b-4349-4516-83e6-6da6c6852445 req-3eefa1c1-e5b9-4e9c-8713-c2c41729f72b tempest-AttachVolumeTestJSON-1132226956 tempest-AttachVolumeTestJSON-1132226956-project-member] Action: 'create', calling method: version_select, body: {"attachment": {"volume_uuid": "b472b208-88ef-4dc1-962d-efcb4f3cc3b7", "connector": null, "instance_uuid": "ddf5430e-edbe-4b54-98b7-c3df08e3c969"}} {{(pid=97028) _process_stack /opt/stack/cinder/cinder/api/openstack/wsgi.py:876}}
Jul 29 13:49:15.181873 np0000006080 devstack@c-api.service[97028]: /opt/stack/data/venv/lib/python3.12/site-packages/oslo_context/context.py:102: DeprecationWarning: Policy enforcement is depending on the value of is_admin. This key is deprecated. Please update your policy file to use the standard policy values.
Jul 29 13:49:15.181873 np0000006080 devstack@c-api.service[97028]: warnings.warn(
Jul 29 13:49:15.231212 np0000006080 devstack@c-api.service[97028]: INFO cinder.api.openstack.wsgi [req-529dbe7b-4349-4516-83e6-6da6c6852445 req-3eefa1c1-e5b9-4e9c-8713-c2c41729f72b tempest-AttachVolumeTestJSON-1132226956 tempest-AttachVolumeTestJSON-1132226956-project-member] https://10.4.3.218/volume/v3/attachments returned with HTTP 200
Jul 29 13:49:15.232548 np0000006080 devstack@c-api.service[97028]: [pid: 97028|app: 0|req: 152/460] 10.4.3.218 () {74 vars in 1594 bytes} [Wed Jul 29 13:49:15 2026] POST /volume/v3/attachments => generated 273 bytes in 71 msecs (HTTP/1.1 200) 7 headers in 286 bytes (1 switches on core 0)
Jul 29 13:49:15.275392 np0000006080 devstack@c-api.service[97029]: DEBUG cinder.api.middleware.request_id [None req-637bb1e1-ad6c-4533-a5a1-cbe313698e64 None None] RequestId filter calling following filter/app {{(pid=97029) _context_setter /opt/stack/cinder/cinder/api/middleware/request_id.py:62}}
Jul 29 13:49:15.277892 np0000006080 devstack@c-api.service[97029]: INFO cinder.api.openstack.wsgi [None req-637bb1e1-ad6c-4533-a5a1-cbe313698e64 tempest-AttachVolumeTestJSON-1132226956 tempest-AttachVolumeTestJSON-1132226956-project-member] GET https://10.4.3.218/volume/v3/volumes/b472b208-88ef-4dc1-962d-efcb4f3cc3b7
Jul 29 13:49:15.278202 np0000006080 devstack@c-api.service[97029]: DEBUG cinder.api.openstack.wsgi [None req-637bb1e1-ad6c-4533-a5a1-cbe313698e64 tempest-AttachVolumeTestJSON-1132226956 tempest-AttachVolumeTestJSON-1132226956-project-member] Empty body provided in request {{(pid=97029) get_body /opt/stack/cinder/cinder/api/openstack/wsgi.py:725}}
Jul 29 13:49:15.278476 np0000006080 devstack@c-api.service[97029]: DEBUG cinder.api.openstack.wsgi [None req-637bb1e1-ad6c-4533-a5a1-cbe313698e64 tempest-AttachVolumeTestJSON-1132226956 tempest-AttachVolumeTestJSON-1132226956-project-member] Calling method 'show' {{(pid=97029) _process_stack /opt/stack/cinder/cinder/api/openstack/wsgi.py:878}}
Jul 29 13:49:15.294213 np0000006080 devstack@c-api.service[97029]: /opt/stack/data/venv/lib/python3.12/site-packages/oslo_context/context.py:102: DeprecationWarning: Policy enforcement is depending on the value of is_admin. This key is deprecated. Please update your policy file to use the standard policy values.
Jul 29 13:49:15.294213 np0000006080 devstack@c-api.service[97029]: warnings.warn(
Jul 29 13:49:15.299377 np0000006080 devstack@c-api.service[97029]: INFO cinder.volume.api [None req-637bb1e1-ad6c-4533-a5a1-cbe313698e64 tempest-AttachVolumeTestJSON-1132226956 tempest-AttachVolumeTestJSON-1132226956-project-member] Volume info retrieved successfully.
Jul 29 13:49:15.310834 np0000006080 devstack@c-api.service[97030]: DEBUG cinder.api.middleware.request_id [None req-7aca2300-32aa-4d1f-87bf-e818b6de31f3 None None] RequestId filter calling following filter/app {{(pid=97030) _context_setter /opt/stack/cinder/cinder/api/middleware/request_id.py:62}}
Jul 29 13:49:15.311213 np0000006080 devstack@c-api.service[97030]: INFO cinder.api.openstack.wsgi [None req-7aca2300-32aa-4d1f-87bf-e818b6de31f3 None None] GET https://10.4.3.218/volume//
Jul 29 13:49:15.311387 np0000006080 devstack@c-api.service[97030]: DEBUG cinder.api.openstack.wsgi [None req-7aca2300-32aa-4d1f-87bf-e818b6de31f3 None None] Empty body provided in request {{(pid=97030) get_body /opt/stack/cinder/cinder/api/openstack/wsgi.py:725}}
Jul 29 13:49:15.311573 np0000006080 devstack@c-api.service[97030]: DEBUG cinder.api.openstack.wsgi [None req-7aca2300-32aa-4d1f-87bf-e818b6de31f3 None None] Calling method 'all' {{(pid=97030) _process_stack /opt/stack/cinder/cinder/api/openstack/wsgi.py:878}}
Jul 29 13:49:15.311914 np0000006080 devstack@c-api.service[97030]: INFO cinder.api.openstack.wsgi [None req-7aca2300-32aa-4d1f-87bf-e818b6de31f3 None None] https://10.4.3.218/volume// returned with HTTP 300
Jul 29 13:49:15.312230 np0000006080 devstack@c-api.service[97030]: [pid: 97030|app: 0|req: 152/461] 10.4.3.218 () {66 vars in 1426 bytes} [Wed Jul 29 13:49:15 2026] GET /volume/ => generated 386 bytes in 2 msecs (HTTP/1.1 300) 7 headers in 299 bytes (1 switches on core 0)
Jul 29 13:49:15.313038 np0000006080 devstack@c-api.service[97029]: INFO cinder.api.openstack.wsgi [None req-637bb1e1-ad6c-4533-a5a1-cbe313698e64 tempest-AttachVolumeTestJSON-1132226956 tempest-AttachVolumeTestJSON-1132226956-project-member] https://10.4.3.218/volume/v3/volumes/b472b208-88ef-4dc1-962d-efcb4f3cc3b7 returned with HTTP 200
Jul 29 13:49:15.314960 np0000006080 devstack@c-api.service[97029]: [pid: 97029|app: 0|req: 158/462] 10.4.3.218 () {66 vars in 1348 bytes} [Wed Jul 29 13:49:15 2026] GET /volume/v3/volumes/b472b208-88ef-4dc1-962d-efcb4f3cc3b7 => generated 842 bytes in 41 msecs (HTTP/1.1 200) 7 headers in 285 bytes (1 switches on core 0)
Jul 29 13:49:15.326279 np0000006080 devstack@c-api.service[97028]: DEBUG cinder.api.middleware.request_id [req-529dbe7b-4349-4516-83e6-6da6c6852445 req-635dbb84-a509-449c-bc53-607186aaac31 None None] RequestId filter calling following filter/app {{(pid=97028) _context_setter /opt/stack/cinder/cinder/api/middleware/request_id.py:62}}
Jul 29 13:49:15.329769 np0000006080 devstack@c-api.service[97028]: INFO cinder.api.openstack.wsgi [req-529dbe7b-4349-4516-83e6-6da6c6852445 req-635dbb84-a509-449c-bc53-607186aaac31 tempest-AttachVolumeTestJSON-1132226956 tempest-AttachVolumeTestJSON-1132226956-project-member] GET https://10.4.3.218/volume/v3/volumes/b472b208-88ef-4dc1-962d-efcb4f3cc3b7
Jul 29 13:49:15.331266 np0000006080 devstack@c-api.service[97028]: DEBUG cinder.api.openstack.wsgi [req-529dbe7b-4349-4516-83e6-6da6c6852445 req-635dbb84-a509-449c-bc53-607186aaac31 tempest-AttachVolumeTestJSON-1132226956 tempest-AttachVolumeTestJSON-1132226956-project-member] Empty body provided in request {{(pid=97028) get_body /opt/stack/cinder/cinder/api/openstack/wsgi.py:725}}
Jul 29 13:49:15.334932 np0000006080 devstack@c-api.service[97028]: DEBUG cinder.api.openstack.wsgi [req-529dbe7b-4349-4516-83e6-6da6c6852445 req-635dbb84-a509-449c-bc53-607186aaac31 tempest-AttachVolumeTestJSON-1132226956 tempest-AttachVolumeTestJSON-1132226956-project-member] Calling method 'show' {{(pid=97028) _process_stack /opt/stack/cinder/cinder/api/openstack/wsgi.py:878}}
Jul 29 13:49:15.343096 np0000006080 devstack@c-api.service[97028]: /opt/stack/data/venv/lib/python3.12/site-packages/oslo_context/context.py:102: DeprecationWarning: Policy enforcement is depending on the value of is_admin. This key is deprecated. Please update your policy file to use the standard policy values.
Jul 29 13:49:15.343096 np0000006080 devstack@c-api.service[97028]: warnings.warn(
Jul 29 13:49:15.347572 np0000006080 devstack@c-api.service[97028]: INFO cinder.volume.api [req-529dbe7b-4349-4516-83e6-6da6c6852445 req-635dbb84-a509-449c-bc53-607186aaac31 tempest-AttachVolumeTestJSON-1132226956 tempest-AttachVolumeTestJSON-1132226956-project-member] Volume info retrieved successfully.
Jul 29 13:49:15.353392 np0000006080 devstack@c-api.service[97028]: INFO cinder.api.openstack.wsgi [req-529dbe7b-4349-4516-83e6-6da6c6852445 req-635dbb84-a509-449c-bc53-607186aaac31 tempest-AttachVolumeTestJSON-1132226956 tempest-AttachVolumeTestJSON-1132226956-project-member] https://10.4.3.218/volume/v3/volumes/b472b208-88ef-4dc1-962d-efcb4f3cc3b7 returned with HTTP 200
Jul 29 13:49:15.353767 np0000006080 devstack@c-api.service[97028]: [pid: 97028|app: 0|req: 153/463] 10.4.3.218 () {70 vars in 1639 bytes} [Wed Jul 29 13:49:15 2026] GET /volume/v3/volumes/b472b208-88ef-4dc1-962d-efcb4f3cc3b7 => generated 1023 bytes in 30 msecs (HTTP/1.1 200) 7 headers in 287 bytes (1 switches on core 0)
Jul 29 13:49:15.365949 np0000006080 devstack@c-api.service[97030]: DEBUG cinder.api.middleware.request_id [None req-3188cd69-b4cd-4719-9f96-92367926efe3 None None] RequestId filter calling following filter/app {{(pid=97030) _context_setter /opt/stack/cinder/cinder/api/middleware/request_id.py:62}}
Jul 29 13:49:15.462183 np0000006080 devstack@c-api.service[97029]: DEBUG cinder.api.middleware.request_id [req-529dbe7b-4349-4516-83e6-6da6c6852445 req-65c96590-4f7c-42e9-8e28-707181ca0b4f None None] RequestId filter calling following filter/app {{(pid=97029) _context_setter /opt/stack/cinder/cinder/api/middleware/request_id.py:62}}
Jul 29 13:49:15.464242 np0000006080 devstack@c-api.service[97029]: INFO cinder.api.openstack.wsgi [req-529dbe7b-4349-4516-83e6-6da6c6852445 req-65c96590-4f7c-42e9-8e28-707181ca0b4f tempest-AttachVolumeTestJSON-1132226956 tempest-AttachVolumeTestJSON-1132226956-project-member] PUT https://10.4.3.218/volume/v3/attachments/b0f6f197-fd43-4b04-8d97-8cafeafe54c9
Jul 29 13:49:15.464674 np0000006080 devstack@c-api.service[97029]: DEBUG cinder.api.openstack.wsgi [req-529dbe7b-4349-4516-83e6-6da6c6852445 req-65c96590-4f7c-42e9-8e28-707181ca0b4f tempest-AttachVolumeTestJSON-1132226956 tempest-AttachVolumeTestJSON-1132226956-project-member] Action: 'update', calling method: version_select, body: {"attachment": {"connector": {"platform": "x86_64", "os_type": "linux", "ip": "10.4.3.218", "host": "np0000006080", "multipath": false, "enforce_multipath": true, "initiator": "iqn.2016-04.com.open-iscsi:16c3aaac1532", "do_local_attach": false, "nvme_hostid": "8633e600-e6ba-4784-8d7f-7ac8315ab962", "uuid": "8515de1c-ba7e-467b-adde-6d9f8a8dbc1f", "system uuid": "7fb9e7e2-cd5e-4c0b-aca7-adc674f9d9d3", "nqn": "nqn.2014-08.org.nvmexpress:uuid:7fb9e7e2-cd5e-4c0b-aca7-adc674f9d9d3", "nvme_native_multipath": true, "found_dsc": "", "host_ips": ["10.4.3.218", "fe80::f816:3eff:fec3:4d98", "192.168.10.6", "fe80::f816:3eff:fe4e:7c1e", "192.168.20.6", "fe80::f816:3eff:fe53:4494", "192.168.30.6", "fe80::f816:3eff:fe9d:e30b", "192.168.122.1", "172.24.5.1", "2001:db8::2", "fe80::288c:feff:fe3c:f94d", "fe80::f816:3eff:fe0e:25f1", "fe80::9cc5:76ff:fe62:f9a7", "fe80::f816:3eff:fe8a:7150", "fe80::9051:b8ff:fe29:a5fe", "fe80::f816:3eff:fe29:13a7", "fe80::f816:3eff:fe49:27d2", "fe80::cc44:f9ff:fe11:3285", "fe80::f816:3eff:feb2:b3d6", "fe80::cc24:54ff:fe39:5e12", "fe80::f816:3eff:fee3:e12e", "fe80::f816:3eff:fe53:84e6", "fe80::a45e:5bff:fe51:504b", "fe80::f816:3eff:fee7:34a0", "fe80::9416:e4ff:fe1c:15e7"], "mountpoint": "/dev/vdb"}}} {{(pid=97029) _process_stack /opt/stack/cinder/cinder/api/openstack/wsgi.py:876}}
Jul 29 13:49:15.472366 np0000006080 devstack@c-api.service[97029]: DEBUG cinder.coordination [req-529dbe7b-4349-4516-83e6-6da6c6852445 req-65c96590-4f7c-42e9-8e28-707181ca0b4f tempest-AttachVolumeTestJSON-1132226956 tempest-AttachVolumeTestJSON-1132226956-project-member] Acquiring lock "cinder-attachment_update-b472b208-88ef-4dc1-962d-efcb4f3cc3b7-np0000006080" by "attachment_update" {{(pid=97029) __acquire /opt/stack/cinder/cinder/coordination.py:138}}
Jul 29 13:49:15.477153 np0000006080 devstack@c-api.service[97029]: DEBUG cinder.coordination [req-529dbe7b-4349-4516-83e6-6da6c6852445 req-65c96590-4f7c-42e9-8e28-707181ca0b4f tempest-AttachVolumeTestJSON-1132226956 tempest-AttachVolumeTestJSON-1132226956-project-member] Lock "cinder-attachment_update-b472b208-88ef-4dc1-962d-efcb4f3cc3b7-np0000006080" acquired by "attachment_update" :: waited 0.005s {{(pid=97029) __acquire /opt/stack/cinder/cinder/coordination.py:141}}
Jul 29 13:49:15.478144 np0000006080 devstack@c-api.service[97029]: /opt/stack/data/venv/lib/python3.12/site-packages/oslo_context/context.py:102: DeprecationWarning: Policy enforcement is depending on the value of is_admin. This key is deprecated. Please update your policy file to use the standard policy values.
Jul 29 13:49:15.478144 np0000006080 devstack@c-api.service[97029]: warnings.warn(
Jul 29 13:49:15.531889 np0000006080 devstack@c-api.service[97030]: INFO cinder.api.openstack.wsgi [None req-3188cd69-b4cd-4719-9f96-92367926efe3 tempest-UserMessagesTest-63331784 tempest-UserMessagesTest-63331784-project-admin] POST https://10.4.3.218/volume/v3/types
Jul 29 13:49:15.532265 np0000006080 devstack@c-api.service[97030]: DEBUG cinder.api.openstack.wsgi [None req-3188cd69-b4cd-4719-9f96-92367926efe3 tempest-UserMessagesTest-63331784 tempest-UserMessagesTest-63331784-project-admin] Action: 'create', calling method: _create, body: {"volume_type": {"name": "tempest-UserMessagesTest-volume-type-815015733", "extra_specs": {"storage_protocol": "tempest-storage_protocol-1582909640", "vendor_name": "tempest-vendor_name-750834526"}}} {{(pid=97030) _process_stack /opt/stack/cinder/cinder/api/openstack/wsgi.py:876}}
Jul 29 13:49:15.550960 np0000006080 devstack@c-api.service[97028]: DEBUG cinder.api.middleware.request_id [None req-bb5f9f23-264b-476a-ae3e-557812965144 None None] RequestId filter calling following filter/app {{(pid=97028) _context_setter /opt/stack/cinder/cinder/api/middleware/request_id.py:62}}
Jul 29 13:49:15.560258 np0000006080 devstack@c-api.service[97030]: INFO cinder.api.openstack.wsgi [None req-3188cd69-b4cd-4719-9f96-92367926efe3 tempest-UserMessagesTest-63331784 tempest-UserMessagesTest-63331784-project-admin] https://10.4.3.218/volume/v3/types returned with HTTP 200
Jul 29 13:49:15.560605 np0000006080 devstack@c-api.service[97030]: [pid: 97030|app: 0|req: 153/464] 10.4.3.218 () {68 vars in 1253 bytes} [Wed Jul 29 13:49:15 2026] POST /volume/v3/types => generated 326 bytes in 195 msecs (HTTP/1.1 200) 7 headers in 285 bytes (1 switches on core 0)
Jul 29 13:49:15.570930 np0000006080 devstack@c-api.service[97030]: DEBUG cinder.api.middleware.request_id [None req-07e37635-61a9-4068-a207-3ceb7331454b None None] RequestId filter calling following filter/app {{(pid=97030) _context_setter /opt/stack/cinder/cinder/api/middleware/request_id.py:62}}
Jul 29 13:49:15.584810 np0000006080 devstack@c-api.service[97029]: DEBUG cinder.coordination [req-529dbe7b-4349-4516-83e6-6da6c6852445 req-65c96590-4f7c-42e9-8e28-707181ca0b4f tempest-AttachVolumeTestJSON-1132226956 tempest-AttachVolumeTestJSON-1132226956-project-member] Lock "cinder-attachment_update-b472b208-88ef-4dc1-962d-efcb4f3cc3b7-np0000006080" released by "attachment_update" :: held 0.108s {{(pid=97029) __release /opt/stack/cinder/cinder/coordination.py:152}}
Jul 29 13:49:15.585147 np0000006080 devstack@c-api.service[97029]: INFO cinder.api.openstack.wsgi [req-529dbe7b-4349-4516-83e6-6da6c6852445 req-65c96590-4f7c-42e9-8e28-707181ca0b4f tempest-AttachVolumeTestJSON-1132226956 tempest-AttachVolumeTestJSON-1132226956-project-member] https://10.4.3.218/volume/v3/attachments/b0f6f197-fd43-4b04-8d97-8cafeafe54c9 returned with HTTP 200
Jul 29 13:49:15.585714 np0000006080 devstack@c-api.service[97029]: [pid: 97029|app: 0|req: 159/465] 10.4.3.218 () {74 vars in 1705 bytes} [Wed Jul 29 13:49:15 2026] PUT /volume/v3/attachments/b0f6f197-fd43-4b04-8d97-8cafeafe54c9 => generated 535 bytes in 125 msecs (HTTP/1.1 200) 7 headers in 286 bytes (1 switches on core 0)
Jul 29 13:49:15.589782 np0000006080 devstack@c-api.service[97028]: INFO cinder.api.openstack.wsgi [None req-bb5f9f23-264b-476a-ae3e-557812965144 tempest-VolumesServicesTestJSON-502560617 tempest-VolumesServicesTestJSON-502560617-project-admin] GET https://10.4.3.218/volume/v3/os-services
Jul 29 13:49:15.590212 np0000006080 devstack@c-api.service[97028]: DEBUG cinder.api.openstack.wsgi [None req-bb5f9f23-264b-476a-ae3e-557812965144 tempest-VolumesServicesTestJSON-502560617 tempest-VolumesServicesTestJSON-502560617-project-admin] Empty body provided in request {{(pid=97028) get_body /opt/stack/cinder/cinder/api/openstack/wsgi.py:725}}
Jul 29 13:49:15.590834 np0000006080 devstack@c-api.service[97028]: DEBUG cinder.api.openstack.wsgi [None req-bb5f9f23-264b-476a-ae3e-557812965144 tempest-VolumesServicesTestJSON-502560617 tempest-VolumesServicesTestJSON-502560617-project-admin] Calling method 'index' {{(pid=97028) _process_stack /opt/stack/cinder/cinder/api/openstack/wsgi.py:878}}
Jul 29 13:49:15.601708 np0000006080 devstack@c-api.service[97028]: INFO cinder.api.openstack.wsgi [None req-bb5f9f23-264b-476a-ae3e-557812965144 tempest-VolumesServicesTestJSON-502560617 tempest-VolumesServicesTestJSON-502560617-project-admin] https://10.4.3.218/volume/v3/os-services returned with HTTP 200
Jul 29 13:49:15.603909 np0000006080 devstack@c-api.service[97028]: [pid: 97028|app: 0|req: 154/466] 10.4.3.218 () {66 vars in 1249 bytes} [Wed Jul 29 13:49:15 2026] GET /volume/v3/os-services => generated 626 bytes in 53 msecs (HTTP/1.1 200) 7 headers in 285 bytes (1 switches on core 0)
Jul 29 13:49:15.613586 np0000006080 devstack@c-api.service[97029]: DEBUG cinder.api.middleware.request_id [None req-a9e9a2ed-4942-4740-a219-51b1d1f1bdab None None] RequestId filter calling following filter/app {{(pid=97029) _context_setter /opt/stack/cinder/cinder/api/middleware/request_id.py:62}}
Jul 29 13:49:15.615499 np0000006080 devstack@c-api.service[97029]: INFO cinder.api.openstack.wsgi [None req-a9e9a2ed-4942-4740-a219-51b1d1f1bdab tempest-VolumesServicesTestJSON-502560617 tempest-VolumesServicesTestJSON-502560617-project-admin] GET https://10.4.3.218/volume/v3/os-services?host=np0000006080
Jul 29 13:49:15.615769 np0000006080 devstack@c-api.service[97029]: DEBUG cinder.api.openstack.wsgi [None req-a9e9a2ed-4942-4740-a219-51b1d1f1bdab tempest-VolumesServicesTestJSON-502560617 tempest-VolumesServicesTestJSON-502560617-project-admin] Empty body provided in request {{(pid=97029) get_body /opt/stack/cinder/cinder/api/openstack/wsgi.py:725}}
Jul 29 13:49:15.615995 np0000006080 devstack@c-api.service[97029]: DEBUG cinder.api.openstack.wsgi [None req-a9e9a2ed-4942-4740-a219-51b1d1f1bdab tempest-VolumesServicesTestJSON-502560617 tempest-VolumesServicesTestJSON-502560617-project-admin] Calling method 'index' {{(pid=97029) _process_stack /opt/stack/cinder/cinder/api/openstack/wsgi.py:878}}
Jul 29 13:49:15.616259 np0000006080 devstack@c-api.service[97029]: /opt/stack/data/venv/lib/python3.12/site-packages/oslo_context/context.py:102: DeprecationWarning: Policy enforcement is depending on the value of is_admin. This key is deprecated. Please update your policy file to use the standard policy values.
Jul 29 13:49:15.616259 np0000006080 devstack@c-api.service[97029]: warnings.warn(
Jul 29 13:49:15.622785 np0000006080 devstack@c-api.service[97029]: INFO cinder.api.openstack.wsgi [None req-a9e9a2ed-4942-4740-a219-51b1d1f1bdab tempest-VolumesServicesTestJSON-502560617 tempest-VolumesServicesTestJSON-502560617-project-admin] https://10.4.3.218/volume/v3/os-services?host=np0000006080 returned with HTTP 200
Jul 29 13:49:15.623145 np0000006080 devstack@c-api.service[97029]: [pid: 97029|app: 0|req: 160/467] 10.4.3.218 () {66 vars in 1284 bytes} [Wed Jul 29 13:49:15 2026] GET /volume/v3/os-services?host=np0000006080 => generated 626 bytes in 10 msecs (HTTP/1.1 200) 7 headers in 285 bytes (1 switches on core 0)
Jul 29 13:49:15.633164 np0000006080 devstack@c-api.service[97030]: INFO cinder.api.openstack.wsgi [None req-07e37635-61a9-4068-a207-3ceb7331454b tempest-UserMessagesTest-311800664 tempest-UserMessagesTest-311800664-project-member] POST https://10.4.3.218/volume/v3/volumes
Jul 29 13:49:15.633603 np0000006080 devstack@c-api.service[97030]: DEBUG cinder.api.openstack.wsgi [None req-07e37635-61a9-4068-a207-3ceb7331454b tempest-UserMessagesTest-311800664 tempest-UserMessagesTest-311800664-project-member] Action: 'create', calling method: create, body: {"volume": {"volume_type": "d24eb6cf-5151-493a-8ee5-dca15a2d1ed7", "size": 1, "name": "tempest-UserMessagesTest-Volume-796993072"}} {{(pid=97030) _process_stack /opt/stack/cinder/cinder/api/openstack/wsgi.py:876}}
Jul 29 13:49:15.635435 np0000006080 devstack@c-api.service[97030]: DEBUG cinder.api.v3.volumes [None req-07e37635-61a9-4068-a207-3ceb7331454b tempest-UserMessagesTest-311800664 tempest-UserMessagesTest-311800664-project-member] Create volume request body: {'volume': {'volume_type': 'd24eb6cf-5151-493a-8ee5-dca15a2d1ed7', 'size': 1, 'name': 'tempest-UserMessagesTest-Volume-796993072'}} {{(pid=97030) create /opt/stack/cinder/cinder/api/v3/volumes.py:368}}
Jul 29 13:49:15.636707 np0000006080 devstack@c-api.service[97028]: DEBUG cinder.api.middleware.request_id [None req-f236ba21-73ef-48b3-8d64-5bb32665a0b2 None None] RequestId filter calling following filter/app {{(pid=97028) _context_setter /opt/stack/cinder/cinder/api/middleware/request_id.py:62}}
Jul 29 13:49:15.641072 np0000006080 devstack@c-api.service[97028]: INFO cinder.api.openstack.wsgi [None req-f236ba21-73ef-48b3-8d64-5bb32665a0b2 tempest-VolumesServicesTestJSON-502560617 tempest-VolumesServicesTestJSON-502560617-project-admin] GET https://10.4.3.218/volume/v3/os-services?host=np0000006080&binary=cinder-scheduler
Jul 29 13:49:15.641440 np0000006080 devstack@c-api.service[97028]: DEBUG cinder.api.openstack.wsgi [None req-f236ba21-73ef-48b3-8d64-5bb32665a0b2 tempest-VolumesServicesTestJSON-502560617 tempest-VolumesServicesTestJSON-502560617-project-admin] Empty body provided in request {{(pid=97028) get_body /opt/stack/cinder/cinder/api/openstack/wsgi.py:725}}
Jul 29 13:49:15.642320 np0000006080 devstack@c-api.service[97028]: DEBUG cinder.api.openstack.wsgi [None req-f236ba21-73ef-48b3-8d64-5bb32665a0b2 tempest-VolumesServicesTestJSON-502560617 tempest-VolumesServicesTestJSON-502560617-project-admin] Calling method 'index' {{(pid=97028) _process_stack /opt/stack/cinder/cinder/api/openstack/wsgi.py:878}}
Jul 29 13:49:15.646438 np0000006080 devstack@c-api.service[97030]: INFO cinder.api.v3.volumes [None req-07e37635-61a9-4068-a207-3ceb7331454b tempest-UserMessagesTest-311800664 tempest-UserMessagesTest-311800664-project-member] Create volume of 1 GB
Jul 29 13:49:15.647068 np0000006080 devstack@c-api.service[97030]: /opt/stack/data/venv/lib/python3.12/site-packages/oslo_context/context.py:102: DeprecationWarning: Policy enforcement is depending on the value of is_admin. This key is deprecated. Please update your policy file to use the standard policy values.
Jul 29 13:49:15.647068 np0000006080 devstack@c-api.service[97030]: warnings.warn(
Jul 29 13:49:15.648979 np0000006080 devstack@c-api.service[97030]: INFO cinder.volume.api [None req-07e37635-61a9-4068-a207-3ceb7331454b tempest-UserMessagesTest-311800664 tempest-UserMessagesTest-311800664-project-member] Availability Zones retrieved successfully.
Jul 29 13:49:15.653375 np0000006080 devstack@c-api.service[97028]: INFO cinder.api.openstack.wsgi [None req-f236ba21-73ef-48b3-8d64-5bb32665a0b2 tempest-VolumesServicesTestJSON-502560617 tempest-VolumesServicesTestJSON-502560617-project-admin] https://10.4.3.218/volume/v3/os-services?host=np0000006080&binary=cinder-scheduler returned with HTTP 200
Jul 29 13:49:15.654034 np0000006080 devstack@c-api.service[97028]: [pid: 97028|app: 0|req: 155/468] 10.4.3.218 () {66 vars in 1332 bytes} [Wed Jul 29 13:49:15 2026] GET /volume/v3/os-services?host=np0000006080&binary=cinder-scheduler => generated 191 bytes in 18 msecs (HTTP/1.1 200) 7 headers in 285 bytes (1 switches on core 0)
Jul 29 13:49:15.655517 np0000006080 devstack@c-api.service[97030]: DEBUG cinder.volume.api [None req-07e37635-61a9-4068-a207-3ceb7331454b tempest-UserMessagesTest-311800664 tempest-UserMessagesTest-311800664-project-member] Flow 'volume_create_api' (e6a4bfbd-6ffd-4aac-b071-df368a750884) transitioned into state 'RUNNING' from state 'PENDING' {{(pid=97030) _flow_receiver /opt/stack/data/venv/lib/python3.12/site-packages/taskflow/listeners/logging.py:160}}
Jul 29 13:49:15.656671 np0000006080 devstack@c-api.service[97030]: DEBUG cinder.volume.api [None req-07e37635-61a9-4068-a207-3ceb7331454b tempest-UserMessagesTest-311800664 tempest-UserMessagesTest-311800664-project-member] Task 'cinder.volume.flows.api.create_volume.ExtractVolumeRequestTask;volume:create' (5613a0ad-2d55-4549-b0e9-d27b129bdc53) transitioned into state 'RUNNING' from state 'PENDING' {{(pid=97030) _task_receiver /opt/stack/data/venv/lib/python3.12/site-packages/taskflow/listeners/logging.py:242}}
Jul 29 13:49:15.659347 np0000006080 devstack@c-api.service[97030]: DEBUG cinder.volume.flows.api.create_volume [None req-07e37635-61a9-4068-a207-3ceb7331454b tempest-UserMessagesTest-311800664 tempest-UserMessagesTest-311800664-project-member] Validating volume size '1' using validate_int {{(pid=97030) _extract_size /opt/stack/cinder/cinder/volume/flows/api/create_volume.py:226}}
Jul 29 13:49:15.664465 np0000006080 devstack@c-api.service[97029]: DEBUG cinder.api.middleware.request_id [None req-7ff17c7d-9ff1-4fe2-90e1-15955d5ad98b None None] RequestId filter calling following filter/app {{(pid=97029) _context_setter /opt/stack/cinder/cinder/api/middleware/request_id.py:62}}
Jul 29 13:49:15.667381 np0000006080 devstack@c-api.service[97029]: INFO cinder.api.openstack.wsgi [None req-7ff17c7d-9ff1-4fe2-90e1-15955d5ad98b tempest-VolumesServicesTestJSON-502560617 tempest-VolumesServicesTestJSON-502560617-project-admin] GET https://10.4.3.218/volume/v3/os-services?binary=cinder-scheduler
Jul 29 13:49:15.667551 np0000006080 devstack@c-api.service[97029]: DEBUG cinder.api.openstack.wsgi [None req-7ff17c7d-9ff1-4fe2-90e1-15955d5ad98b tempest-VolumesServicesTestJSON-502560617 tempest-VolumesServicesTestJSON-502560617-project-admin] Empty body provided in request {{(pid=97029) get_body /opt/stack/cinder/cinder/api/openstack/wsgi.py:725}}
Jul 29 13:49:15.667769 np0000006080 devstack@c-api.service[97029]: DEBUG cinder.api.openstack.wsgi [None req-7ff17c7d-9ff1-4fe2-90e1-15955d5ad98b tempest-VolumesServicesTestJSON-502560617 tempest-VolumesServicesTestJSON-502560617-project-admin] Calling method 'index' {{(pid=97029) _process_stack /opt/stack/cinder/cinder/api/openstack/wsgi.py:878}}
Jul 29 13:49:15.673522 np0000006080 devstack@c-api.service[97029]: INFO cinder.api.openstack.wsgi [None req-7ff17c7d-9ff1-4fe2-90e1-15955d5ad98b tempest-VolumesServicesTestJSON-502560617 tempest-VolumesServicesTestJSON-502560617-project-admin] https://10.4.3.218/volume/v3/os-services?binary=cinder-scheduler returned with HTTP 200
Jul 29 13:49:15.673849 np0000006080 devstack@c-api.service[97029]: [pid: 97029|app: 0|req: 161/469] 10.4.3.218 () {66 vars in 1296 bytes} [Wed Jul 29 13:49:15 2026] GET /volume/v3/os-services?binary=cinder-scheduler => generated 191 bytes in 10 msecs (HTTP/1.1 200) 7 headers in 285 bytes (1 switches on core 0)
Jul 29 13:49:15.684080 np0000006080 devstack@c-api.service[97028]: DEBUG cinder.api.middleware.request_id [None req-142043bf-2237-486d-be61-ce02454df09f None None] RequestId filter calling following filter/app {{(pid=97028) _context_setter /opt/stack/cinder/cinder/api/middleware/request_id.py:62}}
Jul 29 13:49:15.690479 np0000006080 devstack@c-api.service[97030]: DEBUG cinder.volume.api [None req-07e37635-61a9-4068-a207-3ceb7331454b tempest-UserMessagesTest-311800664 tempest-UserMessagesTest-311800664-project-member] Task 'cinder.volume.flows.api.create_volume.ExtractVolumeRequestTask;volume:create' (5613a0ad-2d55-4549-b0e9-d27b129bdc53) transitioned into state 'SUCCESS' from state 'RUNNING' with result '{'size': 1, 'snapshot_id': None, 'source_volid': None, 'volume_type': VolumeType(created_at=2026-07-29T13:49:16Z,deleted=False,deleted_at=None,description=None,extra_specs={storage_protocol='tempest-storage_protocol-1582909640',vendor_name='tempest-vendor_name-750834526'},id=d24eb6cf-5151-493a-8ee5-dca15a2d1ed7,is_public=True,name='tempest-UserMessagesTest-volume-type-815015733',projects=[],qos_specs=,qos_specs_id=None,updated_at=None), 'volume_type_id': 'd24eb6cf-5151-493a-8ee5-dca15a2d1ed7', 'encryption_key_id': None, 'qos_specs': None, 'consistencygroup_id': None, 'cgsnapshot_id': None, 'group_id': None, 'replication_status': 'disabled', 'refresh_az': False, 'backup_id': None, 'multiattach': False, 'availability_zones': ['nova']}' {{(pid=97030) _task_receiver /opt/stack/data/venv/lib/python3.12/site-packages/taskflow/listeners/logging.py:218}}
Jul 29 13:49:15.691254 np0000006080 devstack@c-api.service[97030]: DEBUG cinder.volume.api [None req-07e37635-61a9-4068-a207-3ceb7331454b tempest-UserMessagesTest-311800664 tempest-UserMessagesTest-311800664-project-member] Task 'cinder.volume.flows.api.create_volume.QuotaReserveTask;volume:create' (4bb2fce0-f420-4887-a2c7-26160aad38fc) transitioned into state 'RUNNING' from state 'PENDING' {{(pid=97030) _task_receiver /opt/stack/data/venv/lib/python3.12/site-packages/taskflow/listeners/logging.py:242}}
Jul 29 13:49:15.718463 np0000006080 devstack@c-api.service[97030]: WARNING cinder.quota [None req-07e37635-61a9-4068-a207-3ceb7331454b tempest-UserMessagesTest-311800664 tempest-UserMessagesTest-311800664-project-member] Deprecated: Default quota for resource: volumes_tempest-UserMessagesTest-volume-type-815015733 is set by the default quota flag: quota_volumes_tempest-UserMessagesTest-volume-type-815015733, it is now deprecated. Please use the default quota class for default quota.
Jul 29 13:49:15.718767 np0000006080 devstack@c-api.service[97030]: WARNING cinder.quota [None req-07e37635-61a9-4068-a207-3ceb7331454b tempest-UserMessagesTest-311800664 tempest-UserMessagesTest-311800664-project-member] Deprecated: Default quota for resource: gigabytes_tempest-UserMessagesTest-volume-type-815015733 is set by the default quota flag: quota_gigabytes_tempest-UserMessagesTest-volume-type-815015733, it is now deprecated. Please use the default quota class for default quota.
Jul 29 13:49:15.745944 np0000006080 devstack@c-api.service[97028]: INFO cinder.api.openstack.wsgi [None req-142043bf-2237-486d-be61-ce02454df09f tempest-VolumesServicesTestJSON-1417032699 tempest-VolumesServicesTestJSON-1417032699-project-member] POST https://10.4.3.218/volume/v3/volumes
Jul 29 13:49:15.746810 np0000006080 devstack@c-api.service[97028]: DEBUG cinder.api.openstack.wsgi [None req-142043bf-2237-486d-be61-ce02454df09f tempest-VolumesServicesTestJSON-1417032699 tempest-VolumesServicesTestJSON-1417032699-project-member] Action: 'create', calling method: create, body: {"volume": {"size": 1, "name": "tempest-VolumesServicesTestJSON-Volume-1535339531"}} {{(pid=97028) _process_stack /opt/stack/cinder/cinder/api/openstack/wsgi.py:876}}
Jul 29 13:49:15.748169 np0000006080 devstack@c-api.service[97030]: DEBUG cinder.quota [None req-07e37635-61a9-4068-a207-3ceb7331454b tempest-UserMessagesTest-311800664 tempest-UserMessagesTest-311800664-project-member] Created reservations ['964c7938-c388-437b-9a23-183b8ae122ac', '3a9624da-81b6-495a-9523-b1c6d2c7b8dc', 'de757a91-e5d8-4b40-8dba-b6447d909be3', 'e41daf82-37f1-4112-b716-eea781cd773d'] {{(pid=97030) reserve /opt/stack/cinder/cinder/quota.py:752}}
Jul 29 13:49:15.749056 np0000006080 devstack@c-api.service[97030]: DEBUG cinder.volume.api [None req-07e37635-61a9-4068-a207-3ceb7331454b tempest-UserMessagesTest-311800664 tempest-UserMessagesTest-311800664-project-member] Task 'cinder.volume.flows.api.create_volume.QuotaReserveTask;volume:create' (4bb2fce0-f420-4887-a2c7-26160aad38fc) transitioned into state 'SUCCESS' from state 'RUNNING' with result '{'reservations': ['964c7938-c388-437b-9a23-183b8ae122ac', '3a9624da-81b6-495a-9523-b1c6d2c7b8dc', 'de757a91-e5d8-4b40-8dba-b6447d909be3', 'e41daf82-37f1-4112-b716-eea781cd773d']}' {{(pid=97030) _task_receiver /opt/stack/data/venv/lib/python3.12/site-packages/taskflow/listeners/logging.py:218}}
Jul 29 13:49:15.749845 np0000006080 devstack@c-api.service[97030]: DEBUG cinder.volume.api [None req-07e37635-61a9-4068-a207-3ceb7331454b tempest-UserMessagesTest-311800664 tempest-UserMessagesTest-311800664-project-member] Task 'cinder.volume.flows.api.create_volume.EntryCreateTask;volume:create' (a393272f-147d-4ab7-9b26-c78c577fe30a) transitioned into state 'RUNNING' from state 'PENDING' {{(pid=97030) _task_receiver /opt/stack/data/venv/lib/python3.12/site-packages/taskflow/listeners/logging.py:242}}
Jul 29 13:49:15.751133 np0000006080 devstack@c-api.service[97028]: DEBUG cinder.api.v3.volumes [None req-142043bf-2237-486d-be61-ce02454df09f tempest-VolumesServicesTestJSON-1417032699 tempest-VolumesServicesTestJSON-1417032699-project-member] Create volume request body: {'volume': {'size': 1, 'name': 'tempest-VolumesServicesTestJSON-Volume-1535339531'}} {{(pid=97028) create /opt/stack/cinder/cinder/api/v3/volumes.py:368}}
Jul 29 13:49:15.751419 np0000006080 devstack@c-api.service[97028]: INFO cinder.api.v3.volumes [None req-142043bf-2237-486d-be61-ce02454df09f tempest-VolumesServicesTestJSON-1417032699 tempest-VolumesServicesTestJSON-1417032699-project-member] Create volume of 1 GB
Jul 29 13:49:15.758280 np0000006080 devstack@c-api.service[97028]: INFO cinder.volume.api [None req-142043bf-2237-486d-be61-ce02454df09f tempest-VolumesServicesTestJSON-1417032699 tempest-VolumesServicesTestJSON-1417032699-project-member] Availability Zones retrieved successfully.
Jul 29 13:49:15.766393 np0000006080 devstack@c-api.service[97028]: DEBUG cinder.volume.api [None req-142043bf-2237-486d-be61-ce02454df09f tempest-VolumesServicesTestJSON-1417032699 tempest-VolumesServicesTestJSON-1417032699-project-member] Flow 'volume_create_api' (34fa4086-7dcb-4ad4-95ab-f9456761afa9) transitioned into state 'RUNNING' from state 'PENDING' {{(pid=97028) _flow_receiver /opt/stack/data/venv/lib/python3.12/site-packages/taskflow/listeners/logging.py:160}}
Jul 29 13:49:15.767801 np0000006080 devstack@c-api.service[97028]: DEBUG cinder.volume.api [None req-142043bf-2237-486d-be61-ce02454df09f tempest-VolumesServicesTestJSON-1417032699 tempest-VolumesServicesTestJSON-1417032699-project-member] Task 'cinder.volume.flows.api.create_volume.ExtractVolumeRequestTask;volume:create' (820b7dd2-594d-463a-bdc2-766ff444c0ce) transitioned into state 'RUNNING' from state 'PENDING' {{(pid=97028) _task_receiver /opt/stack/data/venv/lib/python3.12/site-packages/taskflow/listeners/logging.py:242}}
Jul 29 13:49:15.769111 np0000006080 devstack@c-api.service[97028]: DEBUG cinder.volume.flows.api.create_volume [None req-142043bf-2237-486d-be61-ce02454df09f tempest-VolumesServicesTestJSON-1417032699 tempest-VolumesServicesTestJSON-1417032699-project-member] Validating volume size '1' using validate_int {{(pid=97028) _extract_size /opt/stack/cinder/cinder/volume/flows/api/create_volume.py:226}}
Jul 29 13:49:15.778277 np0000006080 devstack@c-api.service[97030]: DEBUG cinder.volume.api [None req-07e37635-61a9-4068-a207-3ceb7331454b tempest-UserMessagesTest-311800664 tempest-UserMessagesTest-311800664-project-member] Task 'cinder.volume.flows.api.create_volume.EntryCreateTask;volume:create' (a393272f-147d-4ab7-9b26-c78c577fe30a) transitioned into state 'SUCCESS' from state 'RUNNING' with result '{'volume_id': 'fd0b8521-9dbe-4054-be64-6f637065e8cd', 'volume_properties': VolumeProperties(attach_status='detached',availability_zone='nova',cgsnapshot_id=None,consistencygroup_id=None,display_description=None,display_name='tempest-UserMessagesTest-Volume-796993072',encryption_key_id=None,group_id=None,group_type_id=,metadata={},multiattach=False,project_id='f07e18f9e6534db5a546a30d055c729f',qos_specs=None,replication_status=,reservations=['964c7938-c388-437b-9a23-183b8ae122ac','3a9624da-81b6-495a-9523-b1c6d2c7b8dc','de757a91-e5d8-4b40-8dba-b6447d909be3','e41daf82-37f1-4112-b716-eea781cd773d'],size=1,snapshot_id=None,source_replicaid=,source_volid=None,status='creating',user_id='a9285c45555c48e58b14e6c99638e8a5',volume_type_id=d24eb6cf-5151-493a-8ee5-dca15a2d1ed7), 'volume': Volume(_name_id=None,admin_metadata=,attach_status='detached',availability_zone='nova',bootable=False,cluster=,cluster_name=None,consistencygroup=,consistencygroup_id=None,created_at=2026-07-29T13:49:15Z,deleted=False,deleted_at=None,display_description=None,display_name='tempest-UserMessagesTest-Volume-796993072',ec2_id=None,encryption_key_id=None,glance_metadata=,group=,group_id=None,host=None,id=fd0b8521-9dbe-4054-be64-6f637065e8cd,launched_at=None,metadata={},migration_status=None,multiattach=False,previous_status=None,project_id='f07e18f9e6534db5a546a30d055c729f',provider_auth=None,provider_geometry=None,provider_id=None,provider_location=None,replication_driver_data=None,replication_extended_status=None,replication_status=None,scheduled_at=None,service_uuid=None,shared_targets=True,size=1,snapshot_id=None,snapshots=,source_volid=None,status='creating',terminated_at=None,updated_at=None,use_quota=True,user_id='a9285c45555c48e58b14e6c99638e8a5',volume_attachment=VolumeAttachmentList,volume_type=VolumeType(d24eb6cf-5151-493a-8ee5-dca15a2d1ed7),volume_type_id=d24eb6cf-5151-493a-8ee5-dca15a2d1ed7)}' {{(pid=97030) _task_receiver /opt/stack/data/venv/lib/python3.12/site-packages/taskflow/listeners/logging.py:218}}
Jul 29 13:49:15.779355 np0000006080 devstack@c-api.service[97030]: DEBUG cinder.volume.api [None req-07e37635-61a9-4068-a207-3ceb7331454b tempest-UserMessagesTest-311800664 tempest-UserMessagesTest-311800664-project-member] Task 'cinder.volume.flows.api.create_volume.QuotaCommitTask;volume:create' (736e645a-984c-4687-a08f-5899fa112f1a) transitioned into state 'RUNNING' from state 'PENDING' {{(pid=97030) _task_receiver /opt/stack/data/venv/lib/python3.12/site-packages/taskflow/listeners/logging.py:242}}
Jul 29 13:49:15.801268 np0000006080 devstack@c-api.service[97030]: DEBUG cinder.volume.api [None req-07e37635-61a9-4068-a207-3ceb7331454b tempest-UserMessagesTest-311800664 tempest-UserMessagesTest-311800664-project-member] Task 'cinder.volume.flows.api.create_volume.QuotaCommitTask;volume:create' (736e645a-984c-4687-a08f-5899fa112f1a) transitioned into state 'SUCCESS' from state 'RUNNING' with result '{'volume_properties': VolumeProperties(attach_status='detached',availability_zone='nova',cgsnapshot_id=None,consistencygroup_id=None,display_description=None,display_name='tempest-UserMessagesTest-Volume-796993072',encryption_key_id=None,group_id=None,group_type_id=,metadata={},multiattach=False,project_id='f07e18f9e6534db5a546a30d055c729f',qos_specs=None,replication_status=,reservations=['964c7938-c388-437b-9a23-183b8ae122ac','3a9624da-81b6-495a-9523-b1c6d2c7b8dc','de757a91-e5d8-4b40-8dba-b6447d909be3','e41daf82-37f1-4112-b716-eea781cd773d'],size=1,snapshot_id=None,source_replicaid=,source_volid=None,status='creating',user_id='a9285c45555c48e58b14e6c99638e8a5',volume_type_id=d24eb6cf-5151-493a-8ee5-dca15a2d1ed7)}' {{(pid=97030) _task_receiver /opt/stack/data/venv/lib/python3.12/site-packages/taskflow/listeners/logging.py:218}}
Jul 29 13:49:15.802159 np0000006080 devstack@c-api.service[97030]: DEBUG cinder.volume.api [None req-07e37635-61a9-4068-a207-3ceb7331454b tempest-UserMessagesTest-311800664 tempest-UserMessagesTest-311800664-project-member] Task 'cinder.volume.flows.api.create_volume.VolumeCastTask;volume:create' (14e567b3-1859-4529-9c3d-2540d1187843) transitioned into state 'RUNNING' from state 'PENDING' {{(pid=97030) _task_receiver /opt/stack/data/venv/lib/python3.12/site-packages/taskflow/listeners/logging.py:242}}
Jul 29 13:49:15.804930 np0000006080 devstack@c-api.service[97028]: DEBUG cinder.volume.api [None req-142043bf-2237-486d-be61-ce02454df09f tempest-VolumesServicesTestJSON-1417032699 tempest-VolumesServicesTestJSON-1417032699-project-member] Task 'cinder.volume.flows.api.create_volume.ExtractVolumeRequestTask;volume:create' (820b7dd2-594d-463a-bdc2-766ff444c0ce) transitioned into state 'SUCCESS' from state 'RUNNING' with result '{'size': 1, 'snapshot_id': None, 'source_volid': None, 'volume_type': VolumeType(created_at=2026-07-29T13:44:30Z,deleted=False,deleted_at=None,description=None,extra_specs={volume_backend_name='storpool'},id=73ef2fb3-54ed-4b4b-8139-a85ec3c62707,is_public=True,name='storpool',projects=[],qos_specs=,qos_specs_id=None,updated_at=None), 'volume_type_id': '73ef2fb3-54ed-4b4b-8139-a85ec3c62707', 'encryption_key_id': None, 'qos_specs': None, 'consistencygroup_id': None, 'cgsnapshot_id': None, 'group_id': None, 'replication_status': 'disabled', 'refresh_az': False, 'backup_id': None, 'multiattach': False, 'availability_zones': ['nova']}' {{(pid=97028) _task_receiver /opt/stack/data/venv/lib/python3.12/site-packages/taskflow/listeners/logging.py:218}}
Jul 29 13:49:15.805951 np0000006080 devstack@c-api.service[97028]: DEBUG cinder.volume.api [None req-142043bf-2237-486d-be61-ce02454df09f tempest-VolumesServicesTestJSON-1417032699 tempest-VolumesServicesTestJSON-1417032699-project-member] Task 'cinder.volume.flows.api.create_volume.QuotaReserveTask;volume:create' (03c1d455-fa6a-43b0-956a-eb14599e9f2d) transitioned into state 'RUNNING' from state 'PENDING' {{(pid=97028) _task_receiver /opt/stack/data/venv/lib/python3.12/site-packages/taskflow/listeners/logging.py:242}}
Jul 29 13:49:15.816348 np0000006080 devstack@c-api.service[97030]: DEBUG cinder.volume.api [None req-07e37635-61a9-4068-a207-3ceb7331454b tempest-UserMessagesTest-311800664 tempest-UserMessagesTest-311800664-project-member] Task 'cinder.volume.flows.api.create_volume.VolumeCastTask;volume:create' (14e567b3-1859-4529-9c3d-2540d1187843) transitioned into state 'SUCCESS' from state 'RUNNING' with result 'None' {{(pid=97030) _task_receiver /opt/stack/data/venv/lib/python3.12/site-packages/taskflow/listeners/logging.py:218}}
Jul 29 13:49:15.817578 np0000006080 devstack@c-api.service[97030]: DEBUG cinder.volume.api [None req-07e37635-61a9-4068-a207-3ceb7331454b tempest-UserMessagesTest-311800664 tempest-UserMessagesTest-311800664-project-member] Flow 'volume_create_api' (e6a4bfbd-6ffd-4aac-b071-df368a750884) transitioned into state 'SUCCESS' from state 'RUNNING' {{(pid=97030) _flow_receiver /opt/stack/data/venv/lib/python3.12/site-packages/taskflow/listeners/logging.py:160}}
Jul 29 13:49:15.818064 np0000006080 devstack@c-api.service[97030]: INFO cinder.volume.api [None req-07e37635-61a9-4068-a207-3ceb7331454b tempest-UserMessagesTest-311800664 tempest-UserMessagesTest-311800664-project-member] Create volume request issued successfully.
Jul 29 13:49:15.818631 np0000006080 devstack@c-api.service[97030]: INFO cinder.api.openstack.wsgi [None req-07e37635-61a9-4068-a207-3ceb7331454b tempest-UserMessagesTest-311800664 tempest-UserMessagesTest-311800664-project-member] https://10.4.3.218/volume/v3/volumes returned with HTTP 202
Jul 29 13:49:15.819189 np0000006080 devstack@c-api.service[97030]: [pid: 97030|app: 0|req: 154/470] 10.4.3.218 () {70 vars in 1299 bytes} [Wed Jul 29 13:49:15 2026] POST /volume/v3/volumes => generated 784 bytes in 248 msecs (HTTP/1.1 202) 7 headers in 291 bytes (1 switches on core 0)
Jul 29 13:49:15.838751 np0000006080 devstack@c-api.service[97029]: DEBUG cinder.api.middleware.request_id [None req-4d32970c-7385-4662-a4bf-ce26106d0add None None] RequestId filter calling following filter/app {{(pid=97029) _context_setter /opt/stack/cinder/cinder/api/middleware/request_id.py:62}}
Jul 29 13:49:15.846563 np0000006080 devstack@c-api.service[97029]: INFO cinder.api.openstack.wsgi [None req-4d32970c-7385-4662-a4bf-ce26106d0add tempest-UserMessagesTest-311800664 tempest-UserMessagesTest-311800664-project-member] GET https://10.4.3.218/volume/v3/volumes/fd0b8521-9dbe-4054-be64-6f637065e8cd
Jul 29 13:49:15.847042 np0000006080 devstack@c-api.service[97029]: DEBUG cinder.api.openstack.wsgi [None req-4d32970c-7385-4662-a4bf-ce26106d0add tempest-UserMessagesTest-311800664 tempest-UserMessagesTest-311800664-project-member] Empty body provided in request {{(pid=97029) get_body /opt/stack/cinder/cinder/api/openstack/wsgi.py:725}}
Jul 29 13:49:15.848273 np0000006080 devstack@c-api.service[97029]: DEBUG cinder.api.openstack.wsgi [None req-4d32970c-7385-4662-a4bf-ce26106d0add tempest-UserMessagesTest-311800664 tempest-UserMessagesTest-311800664-project-member] Calling method 'show' {{(pid=97029) _process_stack /opt/stack/cinder/cinder/api/openstack/wsgi.py:878}}
Jul 29 13:49:15.860234 np0000006080 devstack@c-api.service[97029]: /opt/stack/data/venv/lib/python3.12/site-packages/oslo_context/context.py:102: DeprecationWarning: Policy enforcement is depending on the value of is_admin. This key is deprecated. Please update your policy file to use the standard policy values.
Jul 29 13:49:15.860234 np0000006080 devstack@c-api.service[97029]: warnings.warn(
Jul 29 13:49:15.866598 np0000006080 devstack@c-api.service[97029]: INFO cinder.volume.api [None req-4d32970c-7385-4662-a4bf-ce26106d0add tempest-UserMessagesTest-311800664 tempest-UserMessagesTest-311800664-project-member] Volume info retrieved successfully.
Jul 29 13:49:15.874916 np0000006080 devstack@c-api.service[97029]: INFO cinder.api.openstack.wsgi [None req-4d32970c-7385-4662-a4bf-ce26106d0add tempest-UserMessagesTest-311800664 tempest-UserMessagesTest-311800664-project-member] https://10.4.3.218/volume/v3/volumes/fd0b8521-9dbe-4054-be64-6f637065e8cd returned with HTTP 200
Jul 29 13:49:15.875631 np0000006080 devstack@c-api.service[97029]: [pid: 97029|app: 0|req: 162/471] 10.4.3.218 () {68 vars in 1388 bytes} [Wed Jul 29 13:49:15 2026] GET /volume/v3/volumes/fd0b8521-9dbe-4054-be64-6f637065e8cd => generated 852 bytes in 38 msecs (HTTP/1.1 200) 7 headers in 285 bytes (1 switches on core 0)
Jul 29 13:49:15.909996 np0000006080 devstack@c-api.service[97028]: DEBUG cinder.quota [None req-142043bf-2237-486d-be61-ce02454df09f tempest-VolumesServicesTestJSON-1417032699 tempest-VolumesServicesTestJSON-1417032699-project-member] Created reservations ['1ccc2844-73de-406d-9c44-08538567d296', 'ddbd9064-dea6-4155-ba93-1cafb3847856', 'dde88658-8d0e-45ef-9846-0e3acb2f1736', '0240852f-d084-428e-af54-af65729ad228'] {{(pid=97028) reserve /opt/stack/cinder/cinder/quota.py:752}}
Jul 29 13:49:15.911057 np0000006080 devstack@c-api.service[97028]: DEBUG cinder.volume.api [None req-142043bf-2237-486d-be61-ce02454df09f tempest-VolumesServicesTestJSON-1417032699 tempest-VolumesServicesTestJSON-1417032699-project-member] Task 'cinder.volume.flows.api.create_volume.QuotaReserveTask;volume:create' (03c1d455-fa6a-43b0-956a-eb14599e9f2d) transitioned into state 'SUCCESS' from state 'RUNNING' with result '{'reservations': ['1ccc2844-73de-406d-9c44-08538567d296', 'ddbd9064-dea6-4155-ba93-1cafb3847856', 'dde88658-8d0e-45ef-9846-0e3acb2f1736', '0240852f-d084-428e-af54-af65729ad228']}' {{(pid=97028) _task_receiver /opt/stack/data/venv/lib/python3.12/site-packages/taskflow/listeners/logging.py:218}}
Jul 29 13:49:15.911873 np0000006080 devstack@c-api.service[97028]: DEBUG cinder.volume.api [None req-142043bf-2237-486d-be61-ce02454df09f tempest-VolumesServicesTestJSON-1417032699 tempest-VolumesServicesTestJSON-1417032699-project-member] Task 'cinder.volume.flows.api.create_volume.EntryCreateTask;volume:create' (8bfc0d31-eeea-4300-bd1b-f547e8e34da0) transitioned into state 'RUNNING' from state 'PENDING' {{(pid=97028) _task_receiver /opt/stack/data/venv/lib/python3.12/site-packages/taskflow/listeners/logging.py:242}}
Jul 29 13:49:15.919427 np0000006080 devstack@c-api.service[97030]: DEBUG cinder.api.middleware.request_id [req-529dbe7b-4349-4516-83e6-6da6c6852445 req-8cc02ee2-fd78-4907-8d2e-0fd507a03190 None None] RequestId filter calling following filter/app {{(pid=97030) _context_setter /opt/stack/cinder/cinder/api/middleware/request_id.py:62}}
Jul 29 13:49:15.921912 np0000006080 devstack@c-api.service[97030]: INFO cinder.api.openstack.wsgi [req-529dbe7b-4349-4516-83e6-6da6c6852445 req-8cc02ee2-fd78-4907-8d2e-0fd507a03190 tempest-AttachVolumeTestJSON-1132226956 tempest-AttachVolumeTestJSON-1132226956-project-member] POST https://10.4.3.218/volume/v3/attachments/b0f6f197-fd43-4b04-8d97-8cafeafe54c9/action
Jul 29 13:49:15.922237 np0000006080 devstack@c-api.service[97030]: DEBUG cinder.api.openstack.wsgi [req-529dbe7b-4349-4516-83e6-6da6c6852445 req-8cc02ee2-fd78-4907-8d2e-0fd507a03190 tempest-AttachVolumeTestJSON-1132226956 tempest-AttachVolumeTestJSON-1132226956-project-member] Action body: b'{"os-complete": null}' {{(pid=97030) get_method /opt/stack/cinder/cinder/api/openstack/wsgi.py:993}}
Jul 29 13:49:15.922411 np0000006080 devstack@c-api.service[97030]: DEBUG cinder.api.openstack.wsgi [req-529dbe7b-4349-4516-83e6-6da6c6852445 req-8cc02ee2-fd78-4907-8d2e-0fd507a03190 tempest-AttachVolumeTestJSON-1132226956 tempest-AttachVolumeTestJSON-1132226956-project-member] Action: 'action', calling method: complete, body: {"os-complete": null} {{(pid=97030) _process_stack /opt/stack/cinder/cinder/api/openstack/wsgi.py:876}}
