Jul 29 13:44:33.748027 np0000006080 devstack@g-api.service[99756]: DEBUG glance_store.location [-] Registering scheme swift with {'store': , 'location_class': , 'store_entry': 'swift'} {{(pid=99756) register_scheme_map /opt/stack/data/venv/lib/python3.12/site-packages/glance_store/location.py:146}}
Jul 29 13:44:33.748049 np0000006080 devstack@g-api.service[99757]: DEBUG glance_store.location [-] Registering scheme swift with {'store': , 'location_class': , 'store_entry': 'swift'} {{(pid=99757) register_scheme_map /opt/stack/data/venv/lib/python3.12/site-packages/glance_store/location.py:146}}
Jul 29 13:44:33.748071 np0000006080 devstack@g-api.service[99755]: DEBUG glance_store.driver [-] Late loading location class glance_store._drivers.swift.store.StoreLocation {{(pid=99755) get_store_location_class /opt/stack/data/venv/lib/python3.12/site-packages/glance_store/driver.py:134}}
Jul 29 13:44:33.748104 np0000006080 devstack@g-api.service[99756]: DEBUG glance_store.location [-] Registering scheme swift+http with {'store': , 'location_class': , 'store_entry': 'swift'} {{(pid=99756) register_scheme_map /opt/stack/data/venv/lib/python3.12/site-packages/glance_store/location.py:146}}
Jul 29 13:44:33.748132 np0000006080 devstack@g-api.service[99757]: DEBUG glance_store.location [-] Registering scheme swift+https with {'store': , 'location_class': , 'store_entry': 'swift'} {{(pid=99757) register_scheme_map /opt/stack/data/venv/lib/python3.12/site-packages/glance_store/location.py:146}}
Jul 29 13:44:33.748155 np0000006080 devstack@g-api.service[99755]: DEBUG glance_store.location [-] Registering scheme swift+https with {'store': , 'location_class': , 'store_entry': 'swift'} {{(pid=99755) register_scheme_map /opt/stack/data/venv/lib/python3.12/site-packages/glance_store/location.py:146}}
Jul 29 13:44:33.748179 np0000006080 devstack@g-api.service[99756]: DEBUG glance_store.location [-] Registering scheme swift+config with {'store': , 'location_class': , 'store_entry': 'swift'} {{(pid=99756) register_scheme_map /opt/stack/data/venv/lib/python3.12/site-packages/glance_store/location.py:146}}
Jul 29 13:44:33.748293 np0000006080 devstack@g-api.service[99757]: DEBUG glance_store.location [-] Registering scheme swift with {'store': , 'location_class': , 'store_entry': 'swift'} {{(pid=99757) register_scheme_map /opt/stack/data/venv/lib/python3.12/site-packages/glance_store/location.py:146}}
Jul 29 13:44:33.748323 np0000006080 devstack@g-api.service[99755]: DEBUG glance_store.location [-] Registering scheme swift+https with {'store': , 'location_class': , 'store_entry': 'swift'} {{(pid=99755) register_scheme_map /opt/stack/data/venv/lib/python3.12/site-packages/glance_store/location.py:146}}
Jul 29 13:44:33.748347 np0000006080 devstack@g-api.service[99757]: DEBUG glance_store.location [-] Registering scheme swift+http with {'store': , 'location_class': , 'store_entry': 'swift'} {{(pid=99757) register_scheme_map /opt/stack/data/venv/lib/python3.12/site-packages/glance_store/location.py:146}}
Jul 29 13:44:33.748369 np0000006080 devstack@g-api.service[99755]: DEBUG glance_store.location [-] Registering scheme swift with {'store': , 'location_class': , 'store_entry': 'swift'} {{(pid=99755) register_scheme_map /opt/stack/data/venv/lib/python3.12/site-packages/glance_store/location.py:146}}
Jul 29 13:44:33.748398 np0000006080 devstack@g-api.service[99757]: DEBUG glance_store.location [-] Registering scheme swift+https with {'store': , 'location_class': , 'store_entry': 'swift'} {{(pid=99757) register_scheme_map /opt/stack/data/venv/lib/python3.12/site-packages/glance_store/location.py:146}}
Jul 29 13:44:33.748421 np0000006080 devstack@g-api.service[99755]: DEBUG glance_store.location [-] Registering scheme swift+https with {'store': , 'location_class': , 'store_entry': 'swift'} {{(pid=99755) register_scheme_map /opt/stack/data/venv/lib/python3.12/site-packages/glance_store/location.py:146}}
Jul 29 13:44:33.748442 np0000006080 devstack@g-api.service[99757]: DEBUG glance_store.location [-] Registering scheme swift with {'store': , 'location_class': , 'store_entry': 'swift'} {{(pid=99757) register_scheme_map /opt/stack/data/venv/lib/python3.12/site-packages/glance_store/location.py:146}}
Jul 29 13:44:33.748462 np0000006080 devstack@g-api.service[99755]: DEBUG glance_store.location [-] Registering scheme swift with {'store': , 'location_class': , 'store_entry': 'swift'} {{(pid=99755) register_scheme_map /opt/stack/data/venv/lib/python3.12/site-packages/glance_store/location.py:146}}
Jul 29 13:44:33.748483 np0000006080 devstack@g-api.service[99757]: DEBUG glance_store.location [-] Registering scheme swift+http with {'store': , 'location_class': , 'store_entry': 'swift'} {{(pid=99757) register_scheme_map /opt/stack/data/venv/lib/python3.12/site-packages/glance_store/location.py:146}}
Jul 29 13:44:33.748509 np0000006080 devstack@g-api.service[99755]: DEBUG glance_store.location [-] Registering scheme swift+http with {'store': , 'location_class': , 'store_entry': 'swift'} {{(pid=99755) register_scheme_map /opt/stack/data/venv/lib/python3.12/site-packages/glance_store/location.py:146}}
Jul 29 13:44:33.748530 np0000006080 devstack@g-api.service[99756]: DEBUG glance.sqlite_migration [-] SQLite caching database not located, skipping migration {{(pid=99756) get_db_path /opt/stack/glance/glance/sqlite_migration.py:68}}
Jul 29 13:44:33.748568 np0000006080 devstack@g-api.service[99757]: DEBUG glance_store.location [-] Registering scheme swift+config with {'store': , 'location_class': , 'store_entry': 'swift'} {{(pid=99757) register_scheme_map /opt/stack/data/venv/lib/python3.12/site-packages/glance_store/location.py:146}}
Jul 29 13:44:33.748616 np0000006080 devstack@g-api.service[99755]: DEBUG glance_store.location [-] Registering scheme swift+https with {'store': , 'location_class': , 'store_entry': 'swift'} {{(pid=99755) register_scheme_map /opt/stack/data/venv/lib/python3.12/site-packages/glance_store/location.py:146}}
Jul 29 13:44:33.748616 np0000006080 devstack@g-api.service[99755]: DEBUG glance_store.location [-] Registering scheme swift with {'store': , 'location_class': , 'store_entry': 'swift'} {{(pid=99755) register_scheme_map /opt/stack/data/venv/lib/python3.12/site-packages/glance_store/location.py:146}}
Jul 29 13:44:33.748616 np0000006080 devstack@g-api.service[99755]: DEBUG glance_store.location [-] Registering scheme swift+http with {'store': , 'location_class': , 'store_entry': 'swift'} {{(pid=99755) register_scheme_map /opt/stack/data/venv/lib/python3.12/site-packages/glance_store/location.py:146}}
Jul 29 13:44:33.748616 np0000006080 devstack@g-api.service[99755]: DEBUG glance_store.location [-] Registering scheme swift+config with {'store': , 'location_class': , 'store_entry': 'swift'} {{(pid=99755) register_scheme_map /opt/stack/data/venv/lib/python3.12/site-packages/glance_store/location.py:146}}
Jul 29 13:44:33.748731 np0000006080 devstack@g-api.service[99756]: WARNING glance.common.wsgi_app [-] Import methods are enabled but staging directory /tmp/staging/ does not exist; Imports will fail!
Jul 29 13:44:33.748773 np0000006080 devstack@g-api.service[99757]: DEBUG glance.sqlite_migration [-] SQLite caching database not located, skipping migration {{(pid=99757) get_db_path /opt/stack/glance/glance/sqlite_migration.py:68}}
Jul 29 13:44:33.748773 np0000006080 devstack@g-api.service[99757]: WARNING glance.common.wsgi_app [-] Import methods are enabled but staging directory /tmp/staging/ does not exist; Imports will fail!
Jul 29 13:44:33.748839 np0000006080 devstack@g-api.service[99755]: DEBUG glance.sqlite_migration [-] SQLite caching database not located, skipping migration {{(pid=99755) get_db_path /opt/stack/glance/glance/sqlite_migration.py:68}}
Jul 29 13:44:33.748913 np0000006080 devstack@g-api.service[99755]: WARNING glance.common.wsgi_app [-] Import methods are enabled but staging directory /tmp/staging/ does not exist; Imports will fail!
Jul 29 13:44:33.881890 np0000006080 devstack@g-api.service[99757]: DEBUG glance.common.config [None req-4a4fed6a-2ea6-4f94-a854-93f21c48c140 None None] Loading glance-api-keystone+cachemanagement from /etc/glance/glance-api-paste.ini {{(pid=99757) load_paste_app /opt/stack/glance/glance/common/config.py:765}}
Jul 29 13:44:33.891599 np0000006080 devstack@g-api.service[99755]: DEBUG glance.common.config [None req-bf657ccf-ae79-4264-93cd-90f3f14ca7a1 None None] Loading glance-api-keystone+cachemanagement from /etc/glance/glance-api-paste.ini {{(pid=99755) load_paste_app /opt/stack/glance/glance/common/config.py:765}}
Jul 29 13:44:33.908183 np0000006080 devstack@g-api.service[99756]: DEBUG glance.common.config [None req-e3855a99-a349-45ee-837b-92614706f186 None None] Loading glance-api-keystone+cachemanagement from /etc/glance/glance-api-paste.ini {{(pid=99756) load_paste_app /opt/stack/glance/glance/common/config.py:765}}
Jul 29 13:44:34.494472 np0000006080 devstack@g-api.service[99755]: INFO glance.image_cache [None req-bf657ccf-ae79-4264-93cd-90f3f14ca7a1 None None] Image cache loaded driver 'centralized_db'.
Jul 29 13:44:34.494934 np0000006080 devstack@g-api.service[99756]: INFO glance.image_cache [None req-e3855a99-a349-45ee-837b-92614706f186 None None] Image cache loaded driver 'centralized_db'.
Jul 29 13:44:34.495279 np0000006080 devstack@g-api.service[99757]: INFO glance.image_cache [None req-4a4fed6a-2ea6-4f94-a854-93f21c48c140 None None] Image cache loaded driver 'centralized_db'.
Jul 29 13:44:34.542049 np0000006080 devstack@g-api.service[99756]: INFO dbcounter [None req-e3855a99-a349-45ee-837b-92614706f186 None None] Registered counter for database glance
Jul 29 13:44:34.542211 np0000006080 devstack@g-api.service[99755]: INFO dbcounter [None req-bf657ccf-ae79-4264-93cd-90f3f14ca7a1 None None] Registered counter for database glance
Jul 29 13:44:34.544383 np0000006080 devstack@g-api.service[99757]: INFO dbcounter [None req-4a4fed6a-2ea6-4f94-a854-93f21c48c140 None None] Registered counter for database glance
Jul 29 13:44:34.580505 np0000006080 devstack@g-api.service[99757]: DEBUG oslo_db.sqlalchemy.engines [None req-4a4fed6a-2ea6-4f94-a854-93f21c48c140 None None] MySQL server mode set to STRICT_TRANS_TABLES,STRICT_ALL_TABLES,NO_ZERO_IN_DATE,NO_ZERO_DATE,ERROR_FOR_DIVISION_BY_ZERO,TRADITIONAL,NO_ENGINE_SUBSTITUTION {{(pid=99757) _check_effective_sql_mode /opt/stack/data/venv/lib/python3.12/site-packages/oslo_db/sqlalchemy/engines.py:325}}
Jul 29 13:44:34.581406 np0000006080 devstack@g-api.service[99755]: DEBUG oslo_db.sqlalchemy.engines [None req-bf657ccf-ae79-4264-93cd-90f3f14ca7a1 None None] MySQL server mode set to STRICT_TRANS_TABLES,STRICT_ALL_TABLES,NO_ZERO_IN_DATE,NO_ZERO_DATE,ERROR_FOR_DIVISION_BY_ZERO,TRADITIONAL,NO_ENGINE_SUBSTITUTION {{(pid=99755) _check_effective_sql_mode /opt/stack/data/venv/lib/python3.12/site-packages/oslo_db/sqlalchemy/engines.py:325}}
Jul 29 13:44:34.585410 np0000006080 devstack@g-api.service[99756]: DEBUG oslo_db.sqlalchemy.engines [None req-e3855a99-a349-45ee-837b-92614706f186 None None] MySQL server mode set to STRICT_TRANS_TABLES,STRICT_ALL_TABLES,NO_ZERO_IN_DATE,NO_ZERO_DATE,ERROR_FOR_DIVISION_BY_ZERO,TRADITIONAL,NO_ENGINE_SUBSTITUTION {{(pid=99756) _check_effective_sql_mode /opt/stack/data/venv/lib/python3.12/site-packages/oslo_db/sqlalchemy/engines.py:325}}
Jul 29 13:44:34.600285 np0000006080 devstack@g-api.service[99757]: DEBUG dbcounter [-] [99757] Writer thread running {{(pid=99757) stat_writer /opt/stack/data/venv/lib/python3.12/site-packages/dbcounter.py:102}}
Jul 29 13:44:34.603529 np0000006080 devstack@g-api.service[99755]: DEBUG dbcounter [-] [99755] Writer thread running {{(pid=99755) stat_writer /opt/stack/data/venv/lib/python3.12/site-packages/dbcounter.py:102}}
Jul 29 13:44:34.607479 np0000006080 devstack@g-api.service[99756]: DEBUG dbcounter [-] [99756] Writer thread running {{(pid=99756) stat_writer /opt/stack/data/venv/lib/python3.12/site-packages/dbcounter.py:102}}
Jul 29 13:44:34.609934 np0000006080 devstack@g-api.service[99755]: DEBUG glance.image_cache.drivers.centralized_db [None req-bf657ccf-ae79-4264-93cd-90f3f14ca7a1 None None] Node reference is already recorded, ignoring it {{(pid=99755) configure /opt/stack/glance/glance/image_cache/drivers/centralized_db.py:71}}
Jul 29 13:44:34.610191 np0000006080 devstack@g-api.service[99756]: DEBUG glance.image_cache.drivers.centralized_db [None req-e3855a99-a349-45ee-837b-92614706f186 None None] Node reference is already recorded, ignoring it {{(pid=99756) configure /opt/stack/glance/glance/image_cache/drivers/centralized_db.py:71}}
Jul 29 13:44:34.616985 np0000006080 devstack@g-api.service[99756]: INFO glance.image_cache [None req-e3855a99-a349-45ee-837b-92614706f186 None None] Image cache loaded driver 'centralized_db'.
Jul 29 13:44:34.625902 np0000006080 devstack@g-api.service[99756]: DEBUG glance.image_cache.drivers.centralized_db [None req-e3855a99-a349-45ee-837b-92614706f186 None None] Node reference is already recorded, ignoring it {{(pid=99756) configure /opt/stack/glance/glance/image_cache/drivers/centralized_db.py:71}}
Jul 29 13:44:34.695897 np0000006080 devstack@g-api.service[99757]: INFO glance.image_cache [None req-4a4fed6a-2ea6-4f94-a854-93f21c48c140 None None] Image cache loaded driver 'centralized_db'.
Jul 29 13:44:34.704058 np0000006080 devstack@g-api.service[99757]: DEBUG glance.image_cache.drivers.centralized_db [None req-4a4fed6a-2ea6-4f94-a854-93f21c48c140 None None] Node reference is already recorded, ignoring it {{(pid=99757) configure /opt/stack/glance/glance/image_cache/drivers/centralized_db.py:71}}
Jul 29 13:44:34.709466 np0000006080 devstack@g-api.service[99757]: DEBUG glance.api.v2.cached_images [None req-4a4fed6a-2ea6-4f94-a854-93f21c48c140 None None] Started cache worker thread {{(pid=99757) __init__ /opt/stack/glance/glance/api/v2/cached_images.py:71}}
Jul 29 13:44:34.710379 np0000006080 devstack@g-api.service[99757]: INFO glance.image_cache [None req-4a4fed6a-2ea6-4f94-a854-93f21c48c140 None None] Image cache loaded driver 'centralized_db'.
Jul 29 13:44:34.714715 np0000006080 devstack@g-api.service[99755]: INFO glance.image_cache [None req-bf657ccf-ae79-4264-93cd-90f3f14ca7a1 None None] Image cache loaded driver 'centralized_db'.
Jul 29 13:44:34.717090 np0000006080 devstack@g-api.service[99757]: DEBUG glance.image_cache.drivers.centralized_db [None req-4a4fed6a-2ea6-4f94-a854-93f21c48c140 None None] Node reference is already recorded, ignoring it {{(pid=99757) configure /opt/stack/glance/glance/image_cache/drivers/centralized_db.py:71}}
Jul 29 13:44:34.721312 np0000006080 devstack@g-api.service[99757]: INFO glance.api.middleware.cache_manage [None req-4a4fed6a-2ea6-4f94-a854-93f21c48c140 None None] Initialized image cache management middleware
Jul 29 13:44:34.721441 np0000006080 devstack@g-api.service[99755]: DEBUG glance.image_cache.drivers.centralized_db [None req-bf657ccf-ae79-4264-93cd-90f3f14ca7a1 None None] Node reference is already recorded, ignoring it {{(pid=99755) configure /opt/stack/glance/glance/image_cache/drivers/centralized_db.py:71}}
Jul 29 13:44:34.721495 np0000006080 devstack@g-api.service[99757]: INFO glance.image_cache [None req-4a4fed6a-2ea6-4f94-a854-93f21c48c140 None None] Image cache loaded driver 'centralized_db'.
Jul 29 13:44:34.726178 np0000006080 devstack@g-api.service[99755]: DEBUG glance.api.v2.cached_images [None req-bf657ccf-ae79-4264-93cd-90f3f14ca7a1 None None] Started cache worker thread {{(pid=99755) __init__ /opt/stack/glance/glance/api/v2/cached_images.py:71}}
Jul 29 13:44:34.726906 np0000006080 devstack@g-api.service[99755]: INFO glance.image_cache [None req-bf657ccf-ae79-4264-93cd-90f3f14ca7a1 None None] Image cache loaded driver 'centralized_db'.
Jul 29 13:44:34.727599 np0000006080 devstack@g-api.service[99757]: DEBUG glance.image_cache.drivers.centralized_db [None req-4a4fed6a-2ea6-4f94-a854-93f21c48c140 None None] Node reference is already recorded, ignoring it {{(pid=99757) configure /opt/stack/glance/glance/image_cache/drivers/centralized_db.py:71}}
Jul 29 13:44:34.732440 np0000006080 devstack@g-api.service[99757]: INFO glance.api.middleware.cache [None req-4a4fed6a-2ea6-4f94-a854-93f21c48c140 None None] Initialized image cache middleware
Jul 29 13:44:34.735591 np0000006080 devstack@g-api.service[99755]: DEBUG glance.image_cache.drivers.centralized_db [None req-bf657ccf-ae79-4264-93cd-90f3f14ca7a1 None None] Node reference is already recorded, ignoring it {{(pid=99755) configure /opt/stack/glance/glance/image_cache/drivers/centralized_db.py:71}}
Jul 29 13:44:34.738185 np0000006080 devstack@g-api.service[99756]: DEBUG glance.api.v2.cached_images [None req-e3855a99-a349-45ee-837b-92614706f186 None None] Started cache worker thread {{(pid=99756) __init__ /opt/stack/glance/glance/api/v2/cached_images.py:71}}
Jul 29 13:44:34.738958 np0000006080 devstack@g-api.service[99756]: INFO glance.image_cache [None req-e3855a99-a349-45ee-837b-92614706f186 None None] Image cache loaded driver 'centralized_db'.
Jul 29 13:44:34.740757 np0000006080 devstack@g-api.service[99755]: INFO glance.api.middleware.cache_manage [None req-bf657ccf-ae79-4264-93cd-90f3f14ca7a1 None None] Initialized image cache management middleware
Jul 29 13:44:34.740945 np0000006080 devstack@g-api.service[99755]: INFO glance.image_cache [None req-bf657ccf-ae79-4264-93cd-90f3f14ca7a1 None None] Image cache loaded driver 'centralized_db'.
Jul 29 13:44:34.742459 np0000006080 devstack@g-api.service[99757]: DEBUG glance.common.config [None req-4a4fed6a-2ea6-4f94-a854-93f21c48c140 None None] ******************************************************************************** {{(pid=99757) log_opt_values /opt/stack/data/venv/lib/python3.12/site-packages/oslo_config/cfg.py:3226}}
Jul 29 13:44:34.742540 np0000006080 devstack@g-api.service[99757]: DEBUG glance.common.config [None req-4a4fed6a-2ea6-4f94-a854-93f21c48c140 None None] Configuration options gathered from: {{(pid=99757) log_opt_values /opt/stack/data/venv/lib/python3.12/site-packages/oslo_config/cfg.py:3227}}
Jul 29 13:44:34.742794 np0000006080 devstack@g-api.service[99757]: DEBUG glance.common.config [None req-4a4fed6a-2ea6-4f94-a854-93f21c48c140 None None] command line args: [] {{(pid=99757) log_opt_values /opt/stack/data/venv/lib/python3.12/site-packages/oslo_config/cfg.py:3228}}
Jul 29 13:44:34.742940 np0000006080 devstack@g-api.service[99757]: DEBUG glance.common.config [None req-4a4fed6a-2ea6-4f94-a854-93f21c48c140 None None] config files: ['/etc/glance/glance-image-import.conf', '/etc/glance/glance-api.conf'] {{(pid=99757) log_opt_values /opt/stack/data/venv/lib/python3.12/site-packages/oslo_config/cfg.py:3229}}
Jul 29 13:44:34.743138 np0000006080 devstack@g-api.service[99757]: DEBUG glance.common.config [None req-4a4fed6a-2ea6-4f94-a854-93f21c48c140 None None] ================================================================================ {{(pid=99757) log_opt_values /opt/stack/data/venv/lib/python3.12/site-packages/oslo_config/cfg.py:3234}}
Jul 29 13:44:34.743198 np0000006080 devstack@g-api.service[99757]: DEBUG glance.common.config [None req-4a4fed6a-2ea6-4f94-a854-93f21c48c140 None None] allow_anonymous_access = False {{(pid=99757) log_opt_values /opt/stack/data/venv/lib/python3.12/site-packages/oslo_config/cfg.py:3242}}
Jul 29 13:44:34.743266 np0000006080 devstack@g-api.service[99757]: DEBUG glance.common.config [None req-4a4fed6a-2ea6-4f94-a854-93f21c48c140 None None] api_limit_max = 1000 {{(pid=99757) log_opt_values /opt/stack/data/venv/lib/python3.12/site-packages/oslo_config/cfg.py:3242}}
Jul 29 13:44:34.743369 np0000006080 devstack@g-api.service[99757]: DEBUG glance.common.config [None req-4a4fed6a-2ea6-4f94-a854-93f21c48c140 None None] config_dir = [] {{(pid=99757) log_opt_values /opt/stack/data/venv/lib/python3.12/site-packages/oslo_config/cfg.py:3242}}
Jul 29 13:44:34.743433 np0000006080 devstack@g-api.service[99757]: DEBUG glance.common.config [None req-4a4fed6a-2ea6-4f94-a854-93f21c48c140 None None] config_file = ['/etc/glance/glance-image-import.conf', '/etc/glance/glance-api.conf'] {{(pid=99757) log_opt_values /opt/stack/data/venv/lib/python3.12/site-packages/oslo_config/cfg.py:3242}}
Jul 29 13:44:34.743528 np0000006080 devstack@g-api.service[99757]: DEBUG glance.common.config [None req-4a4fed6a-2ea6-4f94-a854-93f21c48c140 None None] config_source = [] {{(pid=99757) log_opt_values /opt/stack/data/venv/lib/python3.12/site-packages/oslo_config/cfg.py:3242}}
Jul 29 13:44:34.743935 np0000006080 devstack@g-api.service[99757]: DEBUG glance.common.config [None req-4a4fed6a-2ea6-4f94-a854-93f21c48c140 None None] control_exchange = glance {{(pid=99757) log_opt_values /opt/stack/data/venv/lib/python3.12/site-packages/oslo_config/cfg.py:3242}}
Jul 29 13:44:34.743935 np0000006080 devstack@g-api.service[99757]: DEBUG glance.common.config [None req-4a4fed6a-2ea6-4f94-a854-93f21c48c140 None None] debug = True {{(pid=99757) log_opt_values /opt/stack/data/venv/lib/python3.12/site-packages/oslo_config/cfg.py:3242}}
Jul 29 13:44:34.743935 np0000006080 devstack@g-api.service[99757]: DEBUG glance.common.config [None req-4a4fed6a-2ea6-4f94-a854-93f21c48c140 None None] default_log_levels = ['amqp=WARN', 'boto=WARN', 'sqlalchemy=WARN', 'suds=INFO', 'oslo.messaging=INFO', 'oslo_messaging=INFO', 'iso8601=WARN', 'requests.packages.urllib3.connectionpool=WARN', 'urllib3.connectionpool=WARN', 'websocket=WARN', 'requests.packages.urllib3.util.retry=WARN', 'urllib3.util.retry=WARN', 'keystonemiddleware=WARN', 'routes.middleware=WARN', 'stevedore=WARN', 'taskflow=WARN', 'keystoneauth=WARN', 'oslo.cache=INFO', 'oslo_policy=INFO', 'dogpile.core.dogpile=INFO'] {{(pid=99757) log_opt_values /opt/stack/data/venv/lib/python3.12/site-packages/oslo_config/cfg.py:3242}}
Jul 29 13:44:34.743935 np0000006080 devstack@g-api.service[99757]: DEBUG glance.common.config [None req-4a4fed6a-2ea6-4f94-a854-93f21c48c140 None None] default_publisher_id = image.localhost {{(pid=99757) log_opt_values /opt/stack/data/venv/lib/python3.12/site-packages/oslo_config/cfg.py:3242}}
Jul 29 13:44:34.744123 np0000006080 devstack@g-api.service[99757]: DEBUG glance.common.config [None req-4a4fed6a-2ea6-4f94-a854-93f21c48c140 None None] delayed_delete = False {{(pid=99757) log_opt_values /opt/stack/data/venv/lib/python3.12/site-packages/oslo_config/cfg.py:3242}}
Jul 29 13:44:34.744123 np0000006080 devstack@g-api.service[99757]: DEBUG glance.common.config [None req-4a4fed6a-2ea6-4f94-a854-93f21c48c140 None None] digest_algorithm = sha256 {{(pid=99757) log_opt_values /opt/stack/data/venv/lib/python3.12/site-packages/oslo_config/cfg.py:3242}}
Jul 29 13:44:34.744238 np0000006080 devstack@g-api.service[99757]: DEBUG glance.common.config [None req-4a4fed6a-2ea6-4f94-a854-93f21c48c140 None None] disabled_notifications = [] {{(pid=99757) log_opt_values /opt/stack/data/venv/lib/python3.12/site-packages/oslo_config/cfg.py:3242}}
Jul 29 13:44:34.744320 np0000006080 devstack@g-api.service[99757]: DEBUG glance.common.config [None req-4a4fed6a-2ea6-4f94-a854-93f21c48c140 None None] do_secure_hash = True {{(pid=99757) log_opt_values /opt/stack/data/venv/lib/python3.12/site-packages/oslo_config/cfg.py:3242}}
Jul 29 13:44:34.744410 np0000006080 devstack@g-api.service[99757]: DEBUG glance.common.config [None req-4a4fed6a-2ea6-4f94-a854-93f21c48c140 None None] enabled_backends = None {{(pid=99757) log_opt_values /opt/stack/data/venv/lib/python3.12/site-packages/oslo_config/cfg.py:3242}}
Jul 29 13:44:34.744522 np0000006080 devstack@g-api.service[99757]: DEBUG glance.common.config [None req-4a4fed6a-2ea6-4f94-a854-93f21c48c140 None None] enabled_import_methods = ['glance-direct', 'web-download', 'copy-image'] {{(pid=99757) log_opt_values /opt/stack/data/venv/lib/python3.12/site-packages/oslo_config/cfg.py:3242}}
Jul 29 13:44:34.744600 np0000006080 devstack@g-api.service[99757]: DEBUG glance.common.config [None req-4a4fed6a-2ea6-4f94-a854-93f21c48c140 None None] fatal_deprecations = False {{(pid=99757) log_opt_values /opt/stack/data/venv/lib/python3.12/site-packages/oslo_config/cfg.py:3242}}
Jul 29 13:44:34.744691 np0000006080 devstack@g-api.service[99757]: DEBUG glance.common.config [None req-4a4fed6a-2ea6-4f94-a854-93f21c48c140 None None] hashing_algorithm = sha512 {{(pid=99757) log_opt_values /opt/stack/data/venv/lib/python3.12/site-packages/oslo_config/cfg.py:3242}}
Jul 29 13:44:34.744777 np0000006080 devstack@g-api.service[99757]: DEBUG glance.common.config [None req-4a4fed6a-2ea6-4f94-a854-93f21c48c140 None None] http_retries = 3 {{(pid=99757) log_opt_values /opt/stack/data/venv/lib/python3.12/site-packages/oslo_config/cfg.py:3242}}
Jul 29 13:44:34.744890 np0000006080 devstack@g-api.service[99757]: DEBUG glance.common.config [None req-4a4fed6a-2ea6-4f94-a854-93f21c48c140 None None] image_cache_dir = /opt/stack/data/glance/cache/ {{(pid=99757) log_opt_values /opt/stack/data/venv/lib/python3.12/site-packages/oslo_config/cfg.py:3242}}
Jul 29 13:44:34.745016 np0000006080 devstack@g-api.service[99757]: DEBUG glance.common.config [None req-4a4fed6a-2ea6-4f94-a854-93f21c48c140 None None] image_cache_driver = centralized_db {{(pid=99757) log_opt_values /opt/stack/data/venv/lib/python3.12/site-packages/oslo_config/cfg.py:3242}}
Jul 29 13:44:34.745110 np0000006080 devstack@g-api.service[99757]: DEBUG glance.common.config [None req-4a4fed6a-2ea6-4f94-a854-93f21c48c140 None None] image_cache_max_size = 10737418240 {{(pid=99757) log_opt_values /opt/stack/data/venv/lib/python3.12/site-packages/oslo_config/cfg.py:3242}}
Jul 29 13:44:34.745204 np0000006080 devstack@g-api.service[99757]: DEBUG glance.common.config [None req-4a4fed6a-2ea6-4f94-a854-93f21c48c140 None None] image_cache_sqlite_db = cache.db {{(pid=99757) log_opt_values /opt/stack/data/venv/lib/python3.12/site-packages/oslo_config/cfg.py:3242}}
Jul 29 13:44:34.745336 np0000006080 devstack@g-api.service[99757]: DEBUG glance.common.config [None req-4a4fed6a-2ea6-4f94-a854-93f21c48c140 None None] image_cache_stall_time = 86400 {{(pid=99757) log_opt_values /opt/stack/data/venv/lib/python3.12/site-packages/oslo_config/cfg.py:3242}}
Jul 29 13:44:34.745474 np0000006080 devstack@g-api.service[99757]: DEBUG glance.common.config [None req-4a4fed6a-2ea6-4f94-a854-93f21c48c140 None None] image_location_quota = 10 {{(pid=99757) log_opt_values /opt/stack/data/venv/lib/python3.12/site-packages/oslo_config/cfg.py:3242}}
Jul 29 13:44:34.745535 np0000006080 devstack@g-api.service[99757]: DEBUG glance.common.config [None req-4a4fed6a-2ea6-4f94-a854-93f21c48c140 None None] image_member_quota = 128 {{(pid=99757) log_opt_values /opt/stack/data/venv/lib/python3.12/site-packages/oslo_config/cfg.py:3242}}
Jul 29 13:44:34.745622 np0000006080 devstack@g-api.service[99757]: DEBUG glance.common.config [None req-4a4fed6a-2ea6-4f94-a854-93f21c48c140 None None] image_property_quota = 128 {{(pid=99757) log_opt_values /opt/stack/data/venv/lib/python3.12/site-packages/oslo_config/cfg.py:3242}}
Jul 29 13:44:34.745722 np0000006080 devstack@g-api.service[99757]: DEBUG glance.common.config [None req-4a4fed6a-2ea6-4f94-a854-93f21c48c140 None None] image_size_cap = 1099511627776 {{(pid=99757) log_opt_values /opt/stack/data/venv/lib/python3.12/site-packages/oslo_config/cfg.py:3242}}
Jul 29 13:44:34.745802 np0000006080 devstack@g-api.service[99757]: DEBUG glance.common.config [None req-4a4fed6a-2ea6-4f94-a854-93f21c48c140 None None] image_tag_quota = 128 {{(pid=99757) log_opt_values /opt/stack/data/venv/lib/python3.12/site-packages/oslo_config/cfg.py:3242}}
Jul 29 13:44:34.745908 np0000006080 devstack@g-api.service[99757]: DEBUG glance.common.config [None req-4a4fed6a-2ea6-4f94-a854-93f21c48c140 None None] instance_format = [instance: %(uuid)s] {{(pid=99757) log_opt_values /opt/stack/data/venv/lib/python3.12/site-packages/oslo_config/cfg.py:3242}}
Jul 29 13:44:34.746030 np0000006080 devstack@g-api.service[99757]: DEBUG glance.common.config [None req-4a4fed6a-2ea6-4f94-a854-93f21c48c140 None None] instance_uuid_format = [instance: %(uuid)s] {{(pid=99757) log_opt_values /opt/stack/data/venv/lib/python3.12/site-packages/oslo_config/cfg.py:3242}}
Jul 29 13:44:34.746109 np0000006080 devstack@g-api.service[99756]: DEBUG glance.image_cache.drivers.centralized_db [None req-e3855a99-a349-45ee-837b-92614706f186 None None] Node reference is already recorded, ignoring it {{(pid=99756) configure /opt/stack/glance/glance/image_cache/drivers/centralized_db.py:71}}
Jul 29 13:44:34.746147 np0000006080 devstack@g-api.service[99757]: DEBUG glance.common.config [None req-4a4fed6a-2ea6-4f94-a854-93f21c48c140 None None] limit_param_default = 25 {{(pid=99757) log_opt_values /opt/stack/data/venv/lib/python3.12/site-packages/oslo_config/cfg.py:3242}}
Jul 29 13:44:34.746207 np0000006080 devstack@g-api.service[99757]: DEBUG glance.common.config [None req-4a4fed6a-2ea6-4f94-a854-93f21c48c140 None None] log_color = False {{(pid=99757) log_opt_values /opt/stack/data/venv/lib/python3.12/site-packages/oslo_config/cfg.py:3242}}
Jul 29 13:44:34.746309 np0000006080 devstack@g-api.service[99757]: DEBUG glance.common.config [None req-4a4fed6a-2ea6-4f94-a854-93f21c48c140 None None] log_config_append = None {{(pid=99757) log_opt_values /opt/stack/data/venv/lib/python3.12/site-packages/oslo_config/cfg.py:3242}}
Jul 29 13:44:34.746400 np0000006080 devstack@g-api.service[99757]: DEBUG glance.common.config [None req-4a4fed6a-2ea6-4f94-a854-93f21c48c140 None None] log_date_format = %Y-%m-%d %H:%M:%S {{(pid=99757) log_opt_values /opt/stack/data/venv/lib/python3.12/site-packages/oslo_config/cfg.py:3242}}
Jul 29 13:44:34.746488 np0000006080 devstack@g-api.service[99757]: DEBUG glance.common.config [None req-4a4fed6a-2ea6-4f94-a854-93f21c48c140 None None] log_dir = None {{(pid=99757) log_opt_values /opt/stack/data/venv/lib/python3.12/site-packages/oslo_config/cfg.py:3242}}
Jul 29 13:44:34.746577 np0000006080 devstack@g-api.service[99757]: DEBUG glance.common.config [None req-4a4fed6a-2ea6-4f94-a854-93f21c48c140 None None] log_file = None {{(pid=99757) log_opt_values /opt/stack/data/venv/lib/python3.12/site-packages/oslo_config/cfg.py:3242}}
Jul 29 13:44:34.746659 np0000006080 devstack@g-api.service[99757]: DEBUG glance.common.config [None req-4a4fed6a-2ea6-4f94-a854-93f21c48c140 None None] log_rotate_interval = 1 {{(pid=99757) log_opt_values /opt/stack/data/venv/lib/python3.12/site-packages/oslo_config/cfg.py:3242}}
Jul 29 13:44:34.746750 np0000006080 devstack@g-api.service[99757]: DEBUG glance.common.config [None req-4a4fed6a-2ea6-4f94-a854-93f21c48c140 None None] log_rotate_interval_type = days {{(pid=99757) log_opt_values /opt/stack/data/venv/lib/python3.12/site-packages/oslo_config/cfg.py:3242}}
Jul 29 13:44:34.746841 np0000006080 devstack@g-api.service[99757]: DEBUG glance.common.config [None req-4a4fed6a-2ea6-4f94-a854-93f21c48c140 None None] log_rotation_type = none {{(pid=99757) log_opt_values /opt/stack/data/venv/lib/python3.12/site-packages/oslo_config/cfg.py:3242}}
Jul 29 13:44:34.746931 np0000006080 devstack@g-api.service[99757]: DEBUG glance.common.config [None req-4a4fed6a-2ea6-4f94-a854-93f21c48c140 None None] logging_context_format_string = %(color)s%(levelname)s %(name)s [%(global_request_id)s %(request_id)s %(project_name)s %(user_name)s%(color)s] %(instance)s%(color)s%(message)s {{(pid=99757) log_opt_values /opt/stack/data/venv/lib/python3.12/site-packages/oslo_config/cfg.py:3242}}
Jul 29 13:44:34.747019 np0000006080 devstack@g-api.service[99757]: DEBUG glance.common.config [None req-4a4fed6a-2ea6-4f94-a854-93f21c48c140 None None] logging_debug_format_suffix = {{(pid=%(process)d) %(funcName)s %(pathname)s:%(lineno)d}} {{(pid=99757) log_opt_values /opt/stack/data/venv/lib/python3.12/site-packages/oslo_config/cfg.py:3242}}
Jul 29 13:44:34.747113 np0000006080 devstack@g-api.service[99757]: DEBUG glance.common.config [None req-4a4fed6a-2ea6-4f94-a854-93f21c48c140 None None] logging_default_format_string = %(color)s%(levelname)s %(name)s [-%(color)s] %(instance)s%(color)s%(message)s {{(pid=99757) log_opt_values /opt/stack/data/venv/lib/python3.12/site-packages/oslo_config/cfg.py:3242}}
Jul 29 13:44:34.747208 np0000006080 devstack@g-api.service[99757]: DEBUG glance.common.config [None req-4a4fed6a-2ea6-4f94-a854-93f21c48c140 None None] logging_exception_prefix = ERROR %(name)s %(instance)s {{(pid=99757) log_opt_values /opt/stack/data/venv/lib/python3.12/site-packages/oslo_config/cfg.py:3242}}
Jul 29 13:44:34.747288 np0000006080 devstack@g-api.service[99757]: DEBUG glance.common.config [None req-4a4fed6a-2ea6-4f94-a854-93f21c48c140 None None] logging_user_identity_format = %(user)s %(project)s %(domain)s %(system_scope)s %(user_domain)s %(project_domain)s {{(pid=99757) log_opt_values /opt/stack/data/venv/lib/python3.12/site-packages/oslo_config/cfg.py:3242}}
Jul 29 13:44:34.747378 np0000006080 devstack@g-api.service[99757]: DEBUG glance.common.config [None req-4a4fed6a-2ea6-4f94-a854-93f21c48c140 None None] max_logfile_count = 30 {{(pid=99757) log_opt_values /opt/stack/data/venv/lib/python3.12/site-packages/oslo_config/cfg.py:3242}}
Jul 29 13:44:34.747464 np0000006080 devstack@g-api.service[99757]: DEBUG glance.common.config [None req-4a4fed6a-2ea6-4f94-a854-93f21c48c140 None None] max_logfile_size_mb = 200 {{(pid=99757) log_opt_values /opt/stack/data/venv/lib/python3.12/site-packages/oslo_config/cfg.py:3242}}
Jul 29 13:44:34.747550 np0000006080 devstack@g-api.service[99757]: DEBUG glance.common.config [None req-4a4fed6a-2ea6-4f94-a854-93f21c48c140 None None] max_request_id_length = 64 {{(pid=99757) log_opt_values /opt/stack/data/venv/lib/python3.12/site-packages/oslo_config/cfg.py:3242}}
Jul 29 13:44:34.747633 np0000006080 devstack@g-api.service[99757]: DEBUG glance.common.config [None req-4a4fed6a-2ea6-4f94-a854-93f21c48c140 None None] metadata_encryption_key = **** {{(pid=99757) log_opt_values /opt/stack/data/venv/lib/python3.12/site-packages/oslo_config/cfg.py:3242}}
Jul 29 13:44:34.747723 np0000006080 devstack@g-api.service[99757]: DEBUG glance.common.config [None req-4a4fed6a-2ea6-4f94-a854-93f21c48c140 None None] node_staging_uri = file:///tmp/staging/ {{(pid=99757) log_opt_values /opt/stack/data/venv/lib/python3.12/site-packages/oslo_config/cfg.py:3242}}
Jul 29 13:44:34.747807 np0000006080 devstack@g-api.service[99757]: DEBUG glance.common.config [None req-4a4fed6a-2ea6-4f94-a854-93f21c48c140 None None] property_protection_file = None {{(pid=99757) log_opt_values /opt/stack/data/venv/lib/python3.12/site-packages/oslo_config/cfg.py:3242}}
Jul 29 13:44:34.747914 np0000006080 devstack@g-api.service[99757]: DEBUG glance.common.config [None req-4a4fed6a-2ea6-4f94-a854-93f21c48c140 None None] property_protection_rule_format = roles {{(pid=99757) log_opt_values /opt/stack/data/venv/lib/python3.12/site-packages/oslo_config/cfg.py:3242}}
Jul 29 13:44:34.748028 np0000006080 devstack@g-api.service[99757]: DEBUG glance.common.config [None req-4a4fed6a-2ea6-4f94-a854-93f21c48c140 None None] public_endpoint = https://10.4.3.218/image {{(pid=99757) log_opt_values /opt/stack/data/venv/lib/python3.12/site-packages/oslo_config/cfg.py:3242}}
Jul 29 13:44:34.748114 np0000006080 devstack@g-api.service[99757]: DEBUG glance.common.config [None req-4a4fed6a-2ea6-4f94-a854-93f21c48c140 None None] publish_errors = False {{(pid=99757) log_opt_values /opt/stack/data/venv/lib/python3.12/site-packages/oslo_config/cfg.py:3242}}
Jul 29 13:44:34.748244 np0000006080 devstack@g-api.service[99757]: DEBUG glance.common.config [None req-4a4fed6a-2ea6-4f94-a854-93f21c48c140 None None] pydev_worker_debug_host = None {{(pid=99757) log_opt_values /opt/stack/data/venv/lib/python3.12/site-packages/oslo_config/cfg.py:3242}}
Jul 29 13:44:34.748345 np0000006080 devstack@g-api.service[99757]: DEBUG glance.common.config [None req-4a4fed6a-2ea6-4f94-a854-93f21c48c140 None None] pydev_worker_debug_port = 5678 {{(pid=99757) log_opt_values /opt/stack/data/venv/lib/python3.12/site-packages/oslo_config/cfg.py:3242}}
Jul 29 13:44:34.748434 np0000006080 devstack@g-api.service[99757]: DEBUG glance.common.config [None req-4a4fed6a-2ea6-4f94-a854-93f21c48c140 None None] rate_limit_burst = 0 {{(pid=99757) log_opt_values /opt/stack/data/venv/lib/python3.12/site-packages/oslo_config/cfg.py:3242}}
Jul 29 13:44:34.749033 np0000006080 devstack@g-api.service[99757]: DEBUG glance.common.config [None req-4a4fed6a-2ea6-4f94-a854-93f21c48c140 None None] rate_limit_except_level = CRITICAL {{(pid=99757) log_opt_values /opt/stack/data/venv/lib/python3.12/site-packages/oslo_config/cfg.py:3242}}
Jul 29 13:44:34.749033 np0000006080 devstack@g-api.service[99757]: DEBUG glance.common.config [None req-4a4fed6a-2ea6-4f94-a854-93f21c48c140 None None] rate_limit_interval = 0 {{(pid=99757) log_opt_values /opt/stack/data/venv/lib/python3.12/site-packages/oslo_config/cfg.py:3242}}
Jul 29 13:44:34.749033 np0000006080 devstack@g-api.service[99757]: DEBUG glance.common.config [None req-4a4fed6a-2ea6-4f94-a854-93f21c48c140 None None] scrub_pool_size = 1 {{(pid=99757) log_opt_values /opt/stack/data/venv/lib/python3.12/site-packages/oslo_config/cfg.py:3242}}
Jul 29 13:44:34.749033 np0000006080 devstack@g-api.service[99757]: DEBUG glance.common.config [None req-4a4fed6a-2ea6-4f94-a854-93f21c48c140 None None] scrub_time = 0 {{(pid=99757) log_opt_values /opt/stack/data/venv/lib/python3.12/site-packages/oslo_config/cfg.py:3242}}
Jul 29 13:44:34.749033 np0000006080 devstack@g-api.service[99757]: DEBUG glance.common.config [None req-4a4fed6a-2ea6-4f94-a854-93f21c48c140 None None] shell_completion = None {{(pid=99757) log_opt_values /opt/stack/data/venv/lib/python3.12/site-packages/oslo_config/cfg.py:3242}}
Jul 29 13:44:34.749033 np0000006080 devstack@g-api.service[99757]: DEBUG glance.common.config [None req-4a4fed6a-2ea6-4f94-a854-93f21c48c140 None None] show_image_direct_url = False {{(pid=99757) log_opt_values /opt/stack/data/venv/lib/python3.12/site-packages/oslo_config/cfg.py:3242}}
Jul 29 13:44:34.749182 np0000006080 devstack@g-api.service[99757]: WARNING oslo_config.cfg [None req-4a4fed6a-2ea6-4f94-a854-93f21c48c140 None None] Deprecated: Option "show_multiple_locations" from group "DEFAULT" is deprecated for removal (Use of this option, deprecated since Newton, is a security risk and will be removed once we figure out a way to satisfy those use cases that currently require it. An earlier announcement that the same functionality can be achieved with greater granularity by using policies is incorrect. You cannot work around this option via policy configuration at the present time, though that is the direction we believe the fix will take. Please keep an eye on the Glance release notes to stay up to date on progress in addressing this issue.). Its value may be silently ignored in the future.
Jul 29 13:44:34.749266 np0000006080 devstack@g-api.service[99757]: DEBUG glance.common.config [None req-4a4fed6a-2ea6-4f94-a854-93f21c48c140 None None] show_multiple_locations = False {{(pid=99757) log_opt_values /opt/stack/data/venv/lib/python3.12/site-packages/oslo_config/cfg.py:3242}}
Jul 29 13:44:34.749367 np0000006080 devstack@g-api.service[99757]: DEBUG glance.common.config [None req-4a4fed6a-2ea6-4f94-a854-93f21c48c140 None None] syslog_log_facility = LOG_USER {{(pid=99757) log_opt_values /opt/stack/data/venv/lib/python3.12/site-packages/oslo_config/cfg.py:3242}}
Jul 29 13:44:34.749458 np0000006080 devstack@g-api.service[99757]: DEBUG glance.common.config [None req-4a4fed6a-2ea6-4f94-a854-93f21c48c140 None None] transport_url = **** {{(pid=99757) log_opt_values /opt/stack/data/venv/lib/python3.12/site-packages/oslo_config/cfg.py:3242}}
Jul 29 13:44:34.749580 np0000006080 devstack@g-api.service[99757]: DEBUG glance.common.config [None req-4a4fed6a-2ea6-4f94-a854-93f21c48c140 None None] use_journal = False {{(pid=99757) log_opt_values /opt/stack/data/venv/lib/python3.12/site-packages/oslo_config/cfg.py:3242}}
Jul 29 13:44:34.749697 np0000006080 devstack@g-api.service[99757]: DEBUG glance.common.config [None req-4a4fed6a-2ea6-4f94-a854-93f21c48c140 None None] use_json = False {{(pid=99757) log_opt_values /opt/stack/data/venv/lib/python3.12/site-packages/oslo_config/cfg.py:3242}}
Jul 29 13:44:34.749792 np0000006080 devstack@g-api.service[99757]: DEBUG glance.common.config [None req-4a4fed6a-2ea6-4f94-a854-93f21c48c140 None None] use_keystone_limits = True {{(pid=99757) log_opt_values /opt/stack/data/venv/lib/python3.12/site-packages/oslo_config/cfg.py:3242}}
Jul 29 13:44:34.749946 np0000006080 devstack@g-api.service[99757]: DEBUG glance.common.config [None req-4a4fed6a-2ea6-4f94-a854-93f21c48c140 None None] use_stderr = False {{(pid=99757) log_opt_values /opt/stack/data/venv/lib/python3.12/site-packages/oslo_config/cfg.py:3242}}
Jul 29 13:44:34.750080 np0000006080 devstack@g-api.service[99757]: DEBUG glance.common.config [None req-4a4fed6a-2ea6-4f94-a854-93f21c48c140 None None] use_syslog = False {{(pid=99757) log_opt_values /opt/stack/data/venv/lib/python3.12/site-packages/oslo_config/cfg.py:3242}}
Jul 29 13:44:34.750172 np0000006080 devstack@g-api.service[99757]: DEBUG glance.common.config [None req-4a4fed6a-2ea6-4f94-a854-93f21c48c140 None None] user_storage_quota = 0 {{(pid=99757) log_opt_values /opt/stack/data/venv/lib/python3.12/site-packages/oslo_config/cfg.py:3242}}
Jul 29 13:44:34.750274 np0000006080 devstack@g-api.service[99757]: DEBUG glance.common.config [None req-4a4fed6a-2ea6-4f94-a854-93f21c48c140 None None] worker_self_reference_url = http://127.0.0.1:60999 {{(pid=99757) log_opt_values /opt/stack/data/venv/lib/python3.12/site-packages/oslo_config/cfg.py:3242}}
Jul 29 13:44:34.750307 np0000006080 devstack@g-api.service[99755]: DEBUG glance.image_cache.drivers.centralized_db [None req-bf657ccf-ae79-4264-93cd-90f3f14ca7a1 None None] Node reference is already recorded, ignoring it {{(pid=99755) configure /opt/stack/glance/glance/image_cache/drivers/centralized_db.py:71}}
Jul 29 13:44:34.750377 np0000006080 devstack@g-api.service[99757]: DEBUG glance.common.config [None req-4a4fed6a-2ea6-4f94-a854-93f21c48c140 None None] oslo_concurrency.disable_process_locking = False {{(pid=99757) log_opt_values /opt/stack/data/venv/lib/python3.12/site-packages/oslo_config/cfg.py:3253}}
Jul 29 13:44:34.750472 np0000006080 devstack@g-api.service[99757]: DEBUG glance.common.config [None req-4a4fed6a-2ea6-4f94-a854-93f21c48c140 None None] oslo_concurrency.lock_path = /opt/stack/data/glance/locks {{(pid=99757) log_opt_values /opt/stack/data/venv/lib/python3.12/site-packages/oslo_config/cfg.py:3253}}
Jul 29 13:44:34.750581 np0000006080 devstack@g-api.service[99757]: DEBUG glance.common.config [None req-4a4fed6a-2ea6-4f94-a854-93f21c48c140 None None] oslo_middleware.enable_proxy_headers_parsing = False {{(pid=99757) log_opt_values /opt/stack/data/venv/lib/python3.12/site-packages/oslo_config/cfg.py:3253}}
Jul 29 13:44:34.750616 np0000006080 devstack@g-api.service[99756]: INFO glance.api.middleware.cache_manage [None req-e3855a99-a349-45ee-837b-92614706f186 None None] Initialized image cache management middleware
Jul 29 13:44:34.750690 np0000006080 devstack@g-api.service[99757]: DEBUG glance.common.config [None req-4a4fed6a-2ea6-4f94-a854-93f21c48c140 None None] oslo_middleware.http_basic_auth_user_file = /etc/htpasswd {{(pid=99757) log_opt_values /opt/stack/data/venv/lib/python3.12/site-packages/oslo_config/cfg.py:3253}}
Jul 29 13:44:34.750747 np0000006080 devstack@g-api.service[99756]: INFO glance.image_cache [None req-e3855a99-a349-45ee-837b-92614706f186 None None] Image cache loaded driver 'centralized_db'.
Jul 29 13:44:34.750786 np0000006080 devstack@g-api.service[99757]: DEBUG glance.common.config [None req-4a4fed6a-2ea6-4f94-a854-93f21c48c140 None None] paste_deploy.config_file = None {{(pid=99757) log_opt_values /opt/stack/data/venv/lib/python3.12/site-packages/oslo_config/cfg.py:3253}}
Jul 29 13:44:34.750874 np0000006080 devstack@g-api.service[99757]: DEBUG glance.common.config [None req-4a4fed6a-2ea6-4f94-a854-93f21c48c140 None None] paste_deploy.flavor = keystone+cachemanagement {{(pid=99757) log_opt_values /opt/stack/data/venv/lib/python3.12/site-packages/oslo_config/cfg.py:3253}}
Jul 29 13:44:34.751050 np0000006080 devstack@g-api.service[99757]: DEBUG glance.common.config [None req-4a4fed6a-2ea6-4f94-a854-93f21c48c140 None None] image_format.container_formats = ['ami', 'ari', 'aki', 'bare', 'ovf', 'ova', 'docker', 'compressed'] {{(pid=99757) log_opt_values /opt/stack/data/venv/lib/python3.12/site-packages/oslo_config/cfg.py:3253}}
Jul 29 13:44:34.751184 np0000006080 devstack@g-api.service[99757]: DEBUG glance.common.config [None req-4a4fed6a-2ea6-4f94-a854-93f21c48c140 None None] image_format.disk_formats = ['ami', 'ari', 'aki', 'vhd', 'vhdx', 'vmdk', 'raw', 'qcow2', 'vdi', 'iso', 'ploop'] {{(pid=99757) log_opt_values /opt/stack/data/venv/lib/python3.12/site-packages/oslo_config/cfg.py:3253}}
Jul 29 13:44:34.751287 np0000006080 devstack@g-api.service[99757]: DEBUG glance.common.config [None req-4a4fed6a-2ea6-4f94-a854-93f21c48c140 None None] image_format.gpt_safety_checks_nonfatal = [] {{(pid=99757) log_opt_values /opt/stack/data/venv/lib/python3.12/site-packages/oslo_config/cfg.py:3253}}
Jul 29 13:44:34.751383 np0000006080 devstack@g-api.service[99757]: DEBUG glance.common.config [None req-4a4fed6a-2ea6-4f94-a854-93f21c48c140 None None] image_format.require_image_format_match = True {{(pid=99757) log_opt_values /opt/stack/data/venv/lib/python3.12/site-packages/oslo_config/cfg.py:3253}}
Jul 29 13:44:34.751482 np0000006080 devstack@g-api.service[99757]: DEBUG glance.common.config [None req-4a4fed6a-2ea6-4f94-a854-93f21c48c140 None None] image_format.vmdk_allowed_types = ['streamOptimized', 'monolithicSparse'] {{(pid=99757) log_opt_values /opt/stack/data/venv/lib/python3.12/site-packages/oslo_config/cfg.py:3253}}
Jul 29 13:44:34.751583 np0000006080 devstack@g-api.service[99757]: DEBUG glance.common.config [None req-4a4fed6a-2ea6-4f94-a854-93f21c48c140 None None] task.task_executor = taskflow {{(pid=99757) log_opt_values /opt/stack/data/venv/lib/python3.12/site-packages/oslo_config/cfg.py:3253}}
Jul 29 13:44:34.751698 np0000006080 devstack@g-api.service[99757]: DEBUG glance.common.config [None req-4a4fed6a-2ea6-4f94-a854-93f21c48c140 None None] task.task_time_to_live = 48 {{(pid=99757) log_opt_values /opt/stack/data/venv/lib/python3.12/site-packages/oslo_config/cfg.py:3253}}
Jul 29 13:44:34.751788 np0000006080 devstack@g-api.service[99757]: DEBUG glance.common.config [None req-4a4fed6a-2ea6-4f94-a854-93f21c48c140 None None] task.work_dir = None {{(pid=99757) log_opt_values /opt/stack/data/venv/lib/python3.12/site-packages/oslo_config/cfg.py:3253}}
Jul 29 13:44:34.751888 np0000006080 devstack@g-api.service[99757]: DEBUG glance.common.config [None req-4a4fed6a-2ea6-4f94-a854-93f21c48c140 None None] wsgi.python_interpreter = /opt/stack/data/venv/bin/python3 {{(pid=99757) log_opt_values /opt/stack/data/venv/lib/python3.12/site-packages/oslo_config/cfg.py:3253}}
Jul 29 13:44:34.752000 np0000006080 devstack@g-api.service[99757]: DEBUG glance.common.config [None req-4a4fed6a-2ea6-4f94-a854-93f21c48c140 None None] wsgi.task_pool_threads = 16 {{(pid=99757) log_opt_values /opt/stack/data/venv/lib/python3.12/site-packages/oslo_config/cfg.py:3253}}
Jul 29 13:44:34.752108 np0000006080 devstack@g-api.service[99757]: DEBUG glance.common.config [None req-4a4fed6a-2ea6-4f94-a854-93f21c48c140 None None] import_filtering_opts.allowed_hosts = [] {{(pid=99757) log_opt_values /opt/stack/data/venv/lib/python3.12/site-packages/oslo_config/cfg.py:3253}}
Jul 29 13:44:34.752200 np0000006080 devstack@g-api.service[99757]: DEBUG glance.common.config [None req-4a4fed6a-2ea6-4f94-a854-93f21c48c140 None None] import_filtering_opts.allowed_ports = [80, 443] {{(pid=99757) log_opt_values /opt/stack/data/venv/lib/python3.12/site-packages/oslo_config/cfg.py:3253}}
Jul 29 13:44:34.752320 np0000006080 devstack@g-api.service[99757]: DEBUG glance.common.config [None req-4a4fed6a-2ea6-4f94-a854-93f21c48c140 None None] import_filtering_opts.allowed_schemes = ['http', 'https'] {{(pid=99757) log_opt_values /opt/stack/data/venv/lib/python3.12/site-packages/oslo_config/cfg.py:3253}}
Jul 29 13:44:34.752410 np0000006080 devstack@g-api.service[99757]: DEBUG glance.common.config [None req-4a4fed6a-2ea6-4f94-a854-93f21c48c140 None None] import_filtering_opts.disallowed_hosts = [] {{(pid=99757) log_opt_values /opt/stack/data/venv/lib/python3.12/site-packages/oslo_config/cfg.py:3253}}
Jul 29 13:44:34.752497 np0000006080 devstack@g-api.service[99757]: DEBUG glance.common.config [None req-4a4fed6a-2ea6-4f94-a854-93f21c48c140 None None] import_filtering_opts.disallowed_ports = [] {{(pid=99757) log_opt_values /opt/stack/data/venv/lib/python3.12/site-packages/oslo_config/cfg.py:3253}}
Jul 29 13:44:34.752586 np0000006080 devstack@g-api.service[99757]: DEBUG glance.common.config [None req-4a4fed6a-2ea6-4f94-a854-93f21c48c140 None None] import_filtering_opts.disallowed_schemes = [] {{(pid=99757) log_opt_values /opt/stack/data/venv/lib/python3.12/site-packages/oslo_config/cfg.py:3253}}
Jul 29 13:44:34.752683 np0000006080 devstack@g-api.service[99757]: DEBUG glance.common.config [None req-4a4fed6a-2ea6-4f94-a854-93f21c48c140 None None] oslo_messaging_metrics.metrics_buffer_size = 1000 {{(pid=99757) log_opt_values /opt/stack/data/venv/lib/python3.12/site-packages/oslo_config/cfg.py:3253}}
Jul 29 13:44:34.752794 np0000006080 devstack@g-api.service[99757]: DEBUG glance.common.config [None req-4a4fed6a-2ea6-4f94-a854-93f21c48c140 None None] oslo_messaging_metrics.metrics_enabled = False {{(pid=99757) log_opt_values /opt/stack/data/venv/lib/python3.12/site-packages/oslo_config/cfg.py:3253}}
