Jul 29 13:44:17.300242 np0000006080 nova-conductor[95850]: DEBUG cotyledon.oslo_config_glue [-] oslo_messaging_rabbit.rabbit_quorum_max_memory_bytes = 0 {{(pid=95850) log_opt_values /opt/stack/data/venv/lib/python3.12/site-packages/oslo_config/cfg.py:3253}}
Jul 29 13:44:17.300242 np0000006080 nova-conductor[95850]: DEBUG cotyledon.oslo_config_glue [-] oslo_messaging_rabbit.rabbit_quorum_max_memory_length = 0 {{(pid=95850) log_opt_values /opt/stack/data/venv/lib/python3.12/site-packages/oslo_config/cfg.py:3253}}
Jul 29 13:44:17.300242 np0000006080 nova-conductor[95850]: DEBUG cotyledon.oslo_config_glue [-] oslo_messaging_rabbit.rabbit_quorum_queue = False {{(pid=95850) log_opt_values /opt/stack/data/venv/lib/python3.12/site-packages/oslo_config/cfg.py:3253}}
Jul 29 13:44:17.300242 np0000006080 nova-conductor[95850]: DEBUG cotyledon.oslo_config_glue [-] oslo_messaging_rabbit.rabbit_retry_backoff = 2 {{(pid=95850) log_opt_values /opt/stack/data/venv/lib/python3.12/site-packages/oslo_config/cfg.py:3253}}
Jul 29 13:44:17.300242 np0000006080 nova-conductor[95850]: DEBUG cotyledon.oslo_config_glue [-] oslo_messaging_rabbit.rabbit_retry_interval = 1 {{(pid=95850) log_opt_values /opt/stack/data/venv/lib/python3.12/site-packages/oslo_config/cfg.py:3253}}
Jul 29 13:44:17.300242 np0000006080 nova-conductor[95850]: DEBUG cotyledon.oslo_config_glue [-] oslo_messaging_rabbit.rabbit_stream_fanout = False {{(pid=95850) log_opt_values /opt/stack/data/venv/lib/python3.12/site-packages/oslo_config/cfg.py:3253}}
Jul 29 13:44:17.300630 np0000006080 nova-conductor[95850]: DEBUG cotyledon.oslo_config_glue [-] oslo_messaging_rabbit.rabbit_transient_queues_ttl = 1800 {{(pid=95850) log_opt_values /opt/stack/data/venv/lib/python3.12/site-packages/oslo_config/cfg.py:3253}}
Jul 29 13:44:17.300630 np0000006080 nova-conductor[95850]: DEBUG cotyledon.oslo_config_glue [-] oslo_messaging_rabbit.rabbit_transient_quorum_queue = False {{(pid=95850) log_opt_values /opt/stack/data/venv/lib/python3.12/site-packages/oslo_config/cfg.py:3253}}
Jul 29 13:44:17.300630 np0000006080 nova-conductor[95850]: DEBUG cotyledon.oslo_config_glue [-] oslo_messaging_rabbit.rpc_conn_pool_size = 30 {{(pid=95850) log_opt_values /opt/stack/data/venv/lib/python3.12/site-packages/oslo_config/cfg.py:3253}}
Jul 29 13:44:17.300630 np0000006080 nova-conductor[95850]: DEBUG cotyledon.oslo_config_glue [-] oslo_messaging_rabbit.ssl = False {{(pid=95850) log_opt_values /opt/stack/data/venv/lib/python3.12/site-packages/oslo_config/cfg.py:3253}}
Jul 29 13:44:17.300630 np0000006080 nova-conductor[95850]: DEBUG cotyledon.oslo_config_glue [-] oslo_messaging_rabbit.ssl_ca_file = {{(pid=95850) log_opt_values /opt/stack/data/venv/lib/python3.12/site-packages/oslo_config/cfg.py:3253}}
Jul 29 13:44:17.300630 np0000006080 nova-conductor[95850]: DEBUG cotyledon.oslo_config_glue [-] oslo_messaging_rabbit.ssl_cert_file = {{(pid=95850) log_opt_values /opt/stack/data/venv/lib/python3.12/site-packages/oslo_config/cfg.py:3253}}
Jul 29 13:44:17.300630 np0000006080 nova-conductor[95850]: DEBUG cotyledon.oslo_config_glue [-] oslo_messaging_rabbit.ssl_enforce_fips_mode = False {{(pid=95850) log_opt_values /opt/stack/data/venv/lib/python3.12/site-packages/oslo_config/cfg.py:3253}}
Jul 29 13:44:17.300630 np0000006080 nova-conductor[95850]: DEBUG cotyledon.oslo_config_glue [-] oslo_messaging_rabbit.ssl_enforce_hostname_verification = True {{(pid=95850) log_opt_values /opt/stack/data/venv/lib/python3.12/site-packages/oslo_config/cfg.py:3253}}
Jul 29 13:44:17.300630 np0000006080 nova-conductor[95850]: DEBUG cotyledon.oslo_config_glue [-] oslo_messaging_rabbit.ssl_key_file = {{(pid=95850) log_opt_values /opt/stack/data/venv/lib/python3.12/site-packages/oslo_config/cfg.py:3253}}
Jul 29 13:44:17.300827 np0000006080 nova-conductor[95850]: DEBUG cotyledon.oslo_config_glue [-] oslo_messaging_rabbit.ssl_version = {{(pid=95850) log_opt_values /opt/stack/data/venv/lib/python3.12/site-packages/oslo_config/cfg.py:3253}}
Jul 29 13:44:17.300827 np0000006080 nova-conductor[95850]: DEBUG cotyledon.oslo_config_glue [-] oslo_messaging_rabbit.use_queue_manager = False {{(pid=95850) log_opt_values /opt/stack/data/venv/lib/python3.12/site-packages/oslo_config/cfg.py:3253}}
Jul 29 13:44:17.300827 np0000006080 nova-conductor[95850]: DEBUG cotyledon.oslo_config_glue [-] oslo_messaging_notifications.driver = ['messagingv2'] {{(pid=95850) log_opt_values /opt/stack/data/venv/lib/python3.12/site-packages/oslo_config/cfg.py:3253}}
Jul 29 13:44:17.300827 np0000006080 nova-conductor[95850]: DEBUG cotyledon.oslo_config_glue [-] oslo_messaging_notifications.retry = -1 {{(pid=95850) log_opt_values /opt/stack/data/venv/lib/python3.12/site-packages/oslo_config/cfg.py:3253}}
Jul 29 13:44:17.300827 np0000006080 nova-conductor[95850]: DEBUG cotyledon.oslo_config_glue [-] oslo_messaging_notifications.topics = ['notifications'] {{(pid=95850) log_opt_values /opt/stack/data/venv/lib/python3.12/site-packages/oslo_config/cfg.py:3253}}
Jul 29 13:44:17.300827 np0000006080 nova-conductor[95850]: DEBUG cotyledon.oslo_config_glue [-] oslo_messaging_notifications.transport_url = **** {{(pid=95850) log_opt_values /opt/stack/data/venv/lib/python3.12/site-packages/oslo_config/cfg.py:3253}}
Jul 29 13:44:17.300827 np0000006080 nova-conductor[95850]: DEBUG cotyledon.oslo_config_glue [-] oslo_limit.auth_section = None {{(pid=95850) log_opt_values /opt/stack/data/venv/lib/python3.12/site-packages/oslo_config/cfg.py:3253}}
Jul 29 13:44:17.300827 np0000006080 nova-conductor[95850]: DEBUG cotyledon.oslo_config_glue [-] oslo_limit.auth_type = None {{(pid=95850) log_opt_values /opt/stack/data/venv/lib/python3.12/site-packages/oslo_config/cfg.py:3253}}
Jul 29 13:44:17.300827 np0000006080 nova-conductor[95850]: DEBUG cotyledon.oslo_config_glue [-] oslo_limit.cafile = None {{(pid=95850) log_opt_values /opt/stack/data/venv/lib/python3.12/site-packages/oslo_config/cfg.py:3253}}
Jul 29 13:44:17.301073 np0000006080 nova-conductor[95850]: DEBUG cotyledon.oslo_config_glue [-] oslo_limit.certfile = None {{(pid=95850) log_opt_values /opt/stack/data/venv/lib/python3.12/site-packages/oslo_config/cfg.py:3253}}
Jul 29 13:44:17.301073 np0000006080 nova-conductor[95850]: DEBUG cotyledon.oslo_config_glue [-] oslo_limit.collect_timing = False {{(pid=95850) log_opt_values /opt/stack/data/venv/lib/python3.12/site-packages/oslo_config/cfg.py:3253}}
Jul 29 13:44:17.301073 np0000006080 nova-conductor[95850]: DEBUG cotyledon.oslo_config_glue [-] oslo_limit.connect_retries = None {{(pid=95850) log_opt_values /opt/stack/data/venv/lib/python3.12/site-packages/oslo_config/cfg.py:3253}}
Jul 29 13:44:17.301073 np0000006080 nova-conductor[95850]: DEBUG cotyledon.oslo_config_glue [-] oslo_limit.connect_retry_delay = None {{(pid=95850) log_opt_values /opt/stack/data/venv/lib/python3.12/site-packages/oslo_config/cfg.py:3253}}
Jul 29 13:44:17.301073 np0000006080 nova-conductor[95850]: DEBUG cotyledon.oslo_config_glue [-] oslo_limit.endpoint_id = None {{(pid=95850) log_opt_values /opt/stack/data/venv/lib/python3.12/site-packages/oslo_config/cfg.py:3253}}
Jul 29 13:44:17.301073 np0000006080 nova-conductor[95850]: DEBUG cotyledon.oslo_config_glue [-] oslo_limit.endpoint_interface = public {{(pid=95850) log_opt_values /opt/stack/data/venv/lib/python3.12/site-packages/oslo_config/cfg.py:3253}}
Jul 29 13:44:17.301073 np0000006080 nova-conductor[95850]: DEBUG cotyledon.oslo_config_glue [-] oslo_limit.endpoint_override = None {{(pid=95850) log_opt_values /opt/stack/data/venv/lib/python3.12/site-packages/oslo_config/cfg.py:3253}}
Jul 29 13:44:17.301073 np0000006080 nova-conductor[95850]: DEBUG cotyledon.oslo_config_glue [-] oslo_limit.endpoint_region_name = None {{(pid=95850) log_opt_values /opt/stack/data/venv/lib/python3.12/site-packages/oslo_config/cfg.py:3253}}
Jul 29 13:44:17.301073 np0000006080 nova-conductor[95850]: DEBUG cotyledon.oslo_config_glue [-] oslo_limit.endpoint_service_name = None {{(pid=95850) log_opt_values /opt/stack/data/venv/lib/python3.12/site-packages/oslo_config/cfg.py:3253}}
Jul 29 13:44:17.301335 np0000006080 nova-conductor[95850]: DEBUG cotyledon.oslo_config_glue [-] oslo_limit.endpoint_service_type = None {{(pid=95850) log_opt_values /opt/stack/data/venv/lib/python3.12/site-packages/oslo_config/cfg.py:3253}}
Jul 29 13:44:17.301335 np0000006080 nova-conductor[95850]: DEBUG cotyledon.oslo_config_glue [-] oslo_limit.insecure = False {{(pid=95850) log_opt_values /opt/stack/data/venv/lib/python3.12/site-packages/oslo_config/cfg.py:3253}}
Jul 29 13:44:17.301335 np0000006080 nova-conductor[95850]: DEBUG cotyledon.oslo_config_glue [-] oslo_limit.keyfile = None {{(pid=95850) log_opt_values /opt/stack/data/venv/lib/python3.12/site-packages/oslo_config/cfg.py:3253}}
Jul 29 13:44:17.301335 np0000006080 nova-conductor[95850]: DEBUG cotyledon.oslo_config_glue [-] oslo_limit.max_version = None {{(pid=95850) log_opt_values /opt/stack/data/venv/lib/python3.12/site-packages/oslo_config/cfg.py:3253}}
Jul 29 13:44:17.301335 np0000006080 nova-conductor[95850]: DEBUG cotyledon.oslo_config_glue [-] oslo_limit.min_version = None {{(pid=95850) log_opt_values /opt/stack/data/venv/lib/python3.12/site-packages/oslo_config/cfg.py:3253}}
Jul 29 13:44:17.301335 np0000006080 nova-conductor[95850]: DEBUG cotyledon.oslo_config_glue [-] oslo_limit.region_name = None {{(pid=95850) log_opt_values /opt/stack/data/venv/lib/python3.12/site-packages/oslo_config/cfg.py:3253}}
Jul 29 13:44:17.301335 np0000006080 nova-conductor[95850]: DEBUG cotyledon.oslo_config_glue [-] oslo_limit.retriable_status_codes = None {{(pid=95850) log_opt_values /opt/stack/data/venv/lib/python3.12/site-packages/oslo_config/cfg.py:3253}}
Jul 29 13:44:17.301335 np0000006080 nova-conductor[95850]: DEBUG cotyledon.oslo_config_glue [-] oslo_limit.service_name = None {{(pid=95850) log_opt_values /opt/stack/data/venv/lib/python3.12/site-packages/oslo_config/cfg.py:3253}}
Jul 29 13:44:17.301335 np0000006080 nova-conductor[95850]: DEBUG cotyledon.oslo_config_glue [-] oslo_limit.service_type = None {{(pid=95850) log_opt_values /opt/stack/data/venv/lib/python3.12/site-packages/oslo_config/cfg.py:3253}}
Jul 29 13:44:17.301589 np0000006080 nova-conductor[95850]: DEBUG cotyledon.oslo_config_glue [-] oslo_limit.split_loggers = False {{(pid=95850) log_opt_values /opt/stack/data/venv/lib/python3.12/site-packages/oslo_config/cfg.py:3253}}
Jul 29 13:44:17.301589 np0000006080 nova-conductor[95850]: DEBUG cotyledon.oslo_config_glue [-] oslo_limit.status_code_retries = None {{(pid=95850) log_opt_values /opt/stack/data/venv/lib/python3.12/site-packages/oslo_config/cfg.py:3253}}
Jul 29 13:44:17.301589 np0000006080 nova-conductor[95850]: DEBUG cotyledon.oslo_config_glue [-] oslo_limit.status_code_retry_delay = None {{(pid=95850) log_opt_values /opt/stack/data/venv/lib/python3.12/site-packages/oslo_config/cfg.py:3253}}
Jul 29 13:44:17.301589 np0000006080 nova-conductor[95850]: DEBUG cotyledon.oslo_config_glue [-] oslo_limit.timeout = None {{(pid=95850) log_opt_values /opt/stack/data/venv/lib/python3.12/site-packages/oslo_config/cfg.py:3253}}
Jul 29 13:44:17.301589 np0000006080 nova-conductor[95850]: DEBUG cotyledon.oslo_config_glue [-] oslo_limit.valid_interfaces = None {{(pid=95850) log_opt_values /opt/stack/data/venv/lib/python3.12/site-packages/oslo_config/cfg.py:3253}}
Jul 29 13:44:17.301589 np0000006080 nova-conductor[95850]: DEBUG cotyledon.oslo_config_glue [-] oslo_limit.version = None {{(pid=95850) log_opt_values /opt/stack/data/venv/lib/python3.12/site-packages/oslo_config/cfg.py:3253}}
Jul 29 13:44:17.301589 np0000006080 nova-conductor[95850]: DEBUG cotyledon.oslo_config_glue [-] oslo_reports.file_event_handler = None {{(pid=95850) log_opt_values /opt/stack/data/venv/lib/python3.12/site-packages/oslo_config/cfg.py:3253}}
Jul 29 13:44:17.301589 np0000006080 nova-conductor[95850]: DEBUG cotyledon.oslo_config_glue [-] oslo_reports.file_event_handler_interval = 1 {{(pid=95850) log_opt_values /opt/stack/data/venv/lib/python3.12/site-packages/oslo_config/cfg.py:3253}}
Jul 29 13:44:17.301589 np0000006080 nova-conductor[95850]: DEBUG cotyledon.oslo_config_glue [-] oslo_reports.log_dir = None {{(pid=95850) log_opt_values /opt/stack/data/venv/lib/python3.12/site-packages/oslo_config/cfg.py:3253}}
Jul 29 13:44:17.301870 np0000006080 nova-conductor[95850]: DEBUG cotyledon.oslo_config_glue [-] ******************************************************************************** {{(pid=95850) log_opt_values /opt/stack/data/venv/lib/python3.12/site-packages/oslo_config/cfg.py:3260}}
Jul 29 13:44:17.301870 np0000006080 nova-conductor[95850]: DEBUG cotyledon._service_worker [-] Run service ServiceWrapper(2) [95850] {{(pid=95850) wait_forever /opt/stack/data/venv/lib/python3.12/site-packages/cotyledon/_service_worker.py:218}}
Jul 29 13:44:17.301870 np0000006080 nova-conductor[95850]: INFO nova.service [-] Starting conductor node (version 33.1.0)
Jul 29 13:44:17.302068 np0000006080 nova-conductor[95850]: INFO dbcounter [None req-6b215d3e-12b3-4a02-a036-5694de8516e6 None None] Registered counter for database nova_cell0
Jul 29 13:44:17.303082 np0000006080 nova-conductor[95825]: DEBUG oslo_db.sqlalchemy.engines [None req-7140c8d9-c25a-450e-affc-447187b63f8d None None] MySQL server mode set to STRICT_TRANS_TABLES,STRICT_ALL_TABLES,NO_ZERO_IN_DATE,NO_ZERO_DATE,ERROR_FOR_DIVISION_BY_ZERO,TRADITIONAL,NO_ENGINE_SUBSTITUTION {{(pid=95825) _check_effective_sql_mode /opt/stack/data/venv/lib/python3.12/site-packages/oslo_db/sqlalchemy/engines.py:325}}
Jul 29 13:44:17.306534 np0000006080 nova-conductor[95841]: DEBUG oslo_db.sqlalchemy.engines [None req-00a4ffbf-8ea2-4512-8be1-27391ec11aaf None None] MySQL server mode set to STRICT_TRANS_TABLES,STRICT_ALL_TABLES,NO_ZERO_IN_DATE,NO_ZERO_DATE,ERROR_FOR_DIVISION_BY_ZERO,TRADITIONAL,NO_ENGINE_SUBSTITUTION {{(pid=95841) _check_effective_sql_mode /opt/stack/data/venv/lib/python3.12/site-packages/oslo_db/sqlalchemy/engines.py:325}}
Jul 29 13:44:17.311495 np0000006080 nova-conductor[95825]: DEBUG dbcounter [-] [95825] Writer thread running {{(pid=95825) stat_writer /opt/stack/data/venv/lib/python3.12/site-packages/dbcounter.py:102}}
Jul 29 13:44:17.315250 np0000006080 nova-conductor[95841]: DEBUG dbcounter [-] [95841] Writer thread running {{(pid=95841) stat_writer /opt/stack/data/venv/lib/python3.12/site-packages/dbcounter.py:102}}
Jul 29 13:44:17.324258 np0000006080 nova-conductor[95825]: DEBUG nova.service [None req-7140c8d9-c25a-450e-affc-447187b63f8d None None] Creating RPC server for service: nova-conductor on topic: conductor {{(pid=95825) start /opt/stack/nova/nova/service.py:196}}
Jul 29 13:44:17.332234 np0000006080 nova-conductor[95841]: DEBUG nova.service [None req-00a4ffbf-8ea2-4512-8be1-27391ec11aaf None None] Creating RPC server for service: nova-conductor on topic: conductor {{(pid=95841) start /opt/stack/nova/nova/service.py:196}}
Jul 29 13:44:17.337977 np0000006080 nova-conductor[95850]: DEBUG oslo_db.sqlalchemy.engines [None req-6b215d3e-12b3-4a02-a036-5694de8516e6 None None] MySQL server mode set to STRICT_TRANS_TABLES,STRICT_ALL_TABLES,NO_ZERO_IN_DATE,NO_ZERO_DATE,ERROR_FOR_DIVISION_BY_ZERO,TRADITIONAL,NO_ENGINE_SUBSTITUTION {{(pid=95850) _check_effective_sql_mode /opt/stack/data/venv/lib/python3.12/site-packages/oslo_db/sqlalchemy/engines.py:325}}
Jul 29 13:44:17.348740 np0000006080 nova-conductor[95850]: DEBUG dbcounter [-] [95850] Writer thread running {{(pid=95850) stat_writer /opt/stack/data/venv/lib/python3.12/site-packages/dbcounter.py:102}}
Jul 29 13:44:17.349369 np0000006080 nova-conductor[95825]: DEBUG nova.service [None req-7140c8d9-c25a-450e-affc-447187b63f8d None None] Join ServiceGroup membership for this service conductor {{(pid=95825) start /opt/stack/nova/nova/service.py:222}}
Jul 29 13:44:17.350011 np0000006080 nova-conductor[95825]: DEBUG nova.servicegroup.drivers.db [None req-7140c8d9-c25a-450e-affc-447187b63f8d None None] DB_Driver: join new ServiceGroup member np0000006080 to the conductor group, service = {{(pid=95825) join /opt/stack/nova/nova/servicegroup/drivers/db.py:44}}
Jul 29 13:44:17.350559 np0000006080 nova-conductor[95841]: DEBUG nova.service [None req-00a4ffbf-8ea2-4512-8be1-27391ec11aaf None None] Join ServiceGroup membership for this service conductor {{(pid=95841) start /opt/stack/nova/nova/service.py:222}}
Jul 29 13:44:17.350559 np0000006080 nova-conductor[95841]: DEBUG nova.servicegroup.drivers.db [None req-00a4ffbf-8ea2-4512-8be1-27391ec11aaf None None] DB_Driver: join new ServiceGroup member np0000006080 to the conductor group, service = {{(pid=95841) join /opt/stack/nova/nova/servicegroup/drivers/db.py:44}}
Jul 29 13:44:17.351940 np0000006080 nova-conductor[95850]: DEBUG nova.service [None req-6b215d3e-12b3-4a02-a036-5694de8516e6 None None] Creating RPC server for service: nova-conductor on topic: conductor {{(pid=95850) start /opt/stack/nova/nova/service.py:196}}
Jul 29 13:44:17.371990 np0000006080 nova-conductor[95850]: DEBUG nova.service [None req-6b215d3e-12b3-4a02-a036-5694de8516e6 None None] Join ServiceGroup membership for this service conductor {{(pid=95850) start /opt/stack/nova/nova/service.py:222}}
Jul 29 13:44:17.372181 np0000006080 nova-conductor[95850]: DEBUG nova.servicegroup.drivers.db [None req-6b215d3e-12b3-4a02-a036-5694de8516e6 None None] DB_Driver: join new ServiceGroup member np0000006080 to the conductor group, service = {{(pid=95850) join /opt/stack/nova/nova/servicegroup/drivers/db.py:44}}
Jul 29 13:44:22.362112 np0000006080 nova-conductor[95825]: DEBUG oslo.service.backend._threading.loopingcall [-] Fixed interval looping call 'nova.servicegroup.drivers.db.DbDriver._report_state' sleeping for 119.99 seconds {{(pid=95825) _run_loop /opt/stack/data/venv/lib/python3.12/site-packages/oslo_service/backend/_threading/loopingcall.py:125}}
Jul 29 13:44:22.363614 np0000006080 nova-conductor[95841]: DEBUG oslo.service.backend._threading.loopingcall [-] Fixed interval looping call 'nova.servicegroup.drivers.db.DbDriver._report_state' sleeping for 119.99 seconds {{(pid=95841) _run_loop /opt/stack/data/venv/lib/python3.12/site-packages/oslo_service/backend/_threading/loopingcall.py:125}}
Jul 29 13:44:22.384936 np0000006080 nova-conductor[95850]: DEBUG oslo.service.backend._threading.loopingcall [-] Fixed interval looping call 'nova.servicegroup.drivers.db.DbDriver._report_state' sleeping for 119.99 seconds {{(pid=95850) _run_loop /opt/stack/data/venv/lib/python3.12/site-packages/oslo_service/backend/_threading/loopingcall.py:125}}
Jul 29 13:44:25.964486 np0000006080 nova-conductor[94376]: DEBUG dbcounter [-] [94376] Writing DB stats nova_api:SELECT=1 {{(pid=94376) stat_writer /opt/stack/data/venv/lib/python3.12/site-packages/dbcounter.py:115}}
Jul 29 13:44:26.078964 np0000006080 nova-conductor[94376]: DEBUG dbcounter [-] [94376] Writing DB stats nova_cell0:SELECT=1 {{(pid=94376) stat_writer /opt/stack/data/venv/lib/python3.12/site-packages/dbcounter.py:115}}
Jul 29 13:44:26.082817 np0000006080 nova-conductor[94376]: DEBUG dbcounter [-] [94376] Writing DB stats nova_cell1:SELECT=1 {{(pid=94376) stat_writer /opt/stack/data/venv/lib/python3.12/site-packages/dbcounter.py:115}}
Jul 29 13:44:32.360838 np0000006080 nova-conductor[95825]: DEBUG dbcounter [-] [95825] Writing DB stats nova_cell0:SELECT=4,nova_cell0:INSERT=1,nova_cell0:UPDATE=1 {{(pid=95825) stat_writer /opt/stack/data/venv/lib/python3.12/site-packages/dbcounter.py:115}}
Jul 29 13:44:32.361749 np0000006080 nova-conductor[95841]: DEBUG dbcounter [-] [95841] Writing DB stats nova_cell0:SELECT=5,nova_cell0:INSERT=1,nova_cell0:UPDATE=1 {{(pid=95841) stat_writer /opt/stack/data/venv/lib/python3.12/site-packages/dbcounter.py:115}}
Jul 29 13:44:32.383192 np0000006080 nova-conductor[95850]: DEBUG dbcounter [-] [95850] Writing DB stats nova_cell0:SELECT=3 {{(pid=95850) stat_writer /opt/stack/data/venv/lib/python3.12/site-packages/dbcounter.py:115}}
Jul 29 13:44:43.374391 np0000006080 nova-conductor[95850]: DEBUG oslo.service.backend._threading.loopingcall [None req-fb99477f-b925-470e-8a69-564df777047f None None] Dynamic interval looping call 'nova.service.Service.periodic_tasks' sleeping for 60.00 seconds {{(pid=95850) _run_loop /opt/stack/data/venv/lib/python3.12/site-packages/oslo_service/backend/_threading/loopingcall.py:125}}
Jul 29 13:44:56.352614 np0000006080 nova-conductor[95825]: DEBUG oslo.service.backend._threading.loopingcall [None req-9f96d50c-f24c-48ee-96f3-c9d4f626b74e None None] Dynamic interval looping call 'nova.service.Service.periodic_tasks' sleeping for 60.00 seconds {{(pid=95825) _run_loop /opt/stack/data/venv/lib/python3.12/site-packages/oslo_service/backend/_threading/loopingcall.py:125}}
Jul 29 13:45:11.351924 np0000006080 nova-conductor[95841]: DEBUG oslo.service.backend._threading.loopingcall [None req-26b3e491-dfc3-4c4a-bc2a-369bf55fb2ed None None] Dynamic interval looping call 'nova.service.Service.periodic_tasks' sleeping for 60.00 seconds {{(pid=95841) _run_loop /opt/stack/data/venv/lib/python3.12/site-packages/oslo_service/backend/_threading/loopingcall.py:125}}
Jul 29 13:45:43.374880 np0000006080 nova-conductor[95850]: DEBUG oslo.service.backend._threading.loopingcall [None req-fb99477f-b925-470e-8a69-564df777047f None None] Dynamic interval looping call 'nova.service.Service.periodic_tasks' sleeping for 60.00 seconds {{(pid=95850) _run_loop /opt/stack/data/venv/lib/python3.12/site-packages/oslo_service/backend/_threading/loopingcall.py:125}}
Jul 29 13:45:56.353099 np0000006080 nova-conductor[95825]: DEBUG oslo.service.backend._threading.loopingcall [None req-9f96d50c-f24c-48ee-96f3-c9d4f626b74e None None] Dynamic interval looping call 'nova.service.Service.periodic_tasks' sleeping for 60.00 seconds {{(pid=95825) _run_loop /opt/stack/data/venv/lib/python3.12/site-packages/oslo_service/backend/_threading/loopingcall.py:125}}
Jul 29 13:46:11.352395 np0000006080 nova-conductor[95841]: DEBUG oslo.service.backend._threading.loopingcall [None req-26b3e491-dfc3-4c4a-bc2a-369bf55fb2ed None None] Dynamic interval looping call 'nova.service.Service.periodic_tasks' sleeping for 60.00 seconds {{(pid=95841) _run_loop /opt/stack/data/venv/lib/python3.12/site-packages/oslo_service/backend/_threading/loopingcall.py:125}}
Jul 29 13:46:22.357984 np0000006080 nova-conductor[95825]: DEBUG oslo.service.backend._threading.loopingcall [-] Fixed interval looping call 'nova.servicegroup.drivers.db.DbDriver._report_state' sleeping for 119.99 seconds {{(pid=95825) _run_loop /opt/stack/data/venv/lib/python3.12/site-packages/oslo_service/backend/_threading/loopingcall.py:125}}
Jul 29 13:46:22.358412 np0000006080 nova-conductor[95841]: DEBUG oslo.service.backend._threading.loopingcall [-] Fixed interval looping call 'nova.servicegroup.drivers.db.DbDriver._report_state' sleeping for 120.00 seconds {{(pid=95841) _run_loop /opt/stack/data/venv/lib/python3.12/site-packages/oslo_service/backend/_threading/loopingcall.py:125}}
Jul 29 13:46:22.378467 np0000006080 nova-conductor[95850]: DEBUG oslo.service.backend._threading.loopingcall [-] Fixed interval looping call 'nova.servicegroup.drivers.db.DbDriver._report_state' sleeping for 120.00 seconds {{(pid=95850) _run_loop /opt/stack/data/venv/lib/python3.12/site-packages/oslo_service/backend/_threading/loopingcall.py:125}}
Jul 29 13:46:32.355121 np0000006080 nova-conductor[95825]: DEBUG dbcounter [-] [95825] Writing DB stats nova_cell0:SELECT=1,nova_cell0:UPDATE=1 {{(pid=95825) stat_writer /opt/stack/data/venv/lib/python3.12/site-packages/dbcounter.py:115}}
Jul 29 13:46:32.357111 np0000006080 nova-conductor[95841]: DEBUG dbcounter [-] [95841] Writing DB stats nova_cell0:SELECT=1,nova_cell0:UPDATE=1 {{(pid=95841) stat_writer /opt/stack/data/venv/lib/python3.12/site-packages/dbcounter.py:115}}
Jul 29 13:46:32.376708 np0000006080 nova-conductor[95850]: DEBUG dbcounter [-] [95850] Writing DB stats nova_cell0:SELECT=1 {{(pid=95850) stat_writer /opt/stack/data/venv/lib/python3.12/site-packages/dbcounter.py:115}}
Jul 29 13:46:43.376623 np0000006080 nova-conductor[95850]: DEBUG oslo.service.backend._threading.loopingcall [None req-fb99477f-b925-470e-8a69-564df777047f None None] Dynamic interval looping call 'nova.service.Service.periodic_tasks' sleeping for 60.00 seconds {{(pid=95850) _run_loop /opt/stack/data/venv/lib/python3.12/site-packages/oslo_service/backend/_threading/loopingcall.py:125}}
Jul 29 13:46:56.354542 np0000006080 nova-conductor[95825]: DEBUG oslo.service.backend._threading.loopingcall [None req-9f96d50c-f24c-48ee-96f3-c9d4f626b74e None None] Dynamic interval looping call 'nova.service.Service.periodic_tasks' sleeping for 60.00 seconds {{(pid=95825) _run_loop /opt/stack/data/venv/lib/python3.12/site-packages/oslo_service/backend/_threading/loopingcall.py:125}}
Jul 29 13:47:01.628189 np0000006080 nova-conductor[95825]: DEBUG oslo_db.sqlalchemy.engines [None req-0767f933-a164-4413-a509-ff3453365705 tempest-DeleteServersTestJSON-106691409 tempest-DeleteServersTestJSON-106691409-project-member] Parent process 94376 forked (95825) with an open database connection, which is being discarded and recreated. {{(pid=95825) checkout /opt/stack/data/venv/lib/python3.12/site-packages/oslo_db/sqlalchemy/engines.py:402}}
Jul 29 13:47:01.673875 np0000006080 nova-conductor[95825]: DEBUG dbcounter [-] [95825] Writer thread running {{(pid=95825) stat_writer /opt/stack/data/venv/lib/python3.12/site-packages/dbcounter.py:102}}
Jul 29 13:47:02.589250 np0000006080 nova-conductor[95825]: DEBUG nova.conductor.manager [None req-0767f933-a164-4413-a509-ff3453365705 tempest-DeleteServersTestJSON-106691409 tempest-DeleteServersTestJSON-106691409-project-member] Took 0.91 seconds to select destinations for 1 instance(s). {{(pid=95825) _schedule_instances /opt/stack/nova/nova/conductor/manager.py:968}}
Jul 29 13:47:02.630098 np0000006080 nova-conductor[95825]: DEBUG oslo_concurrency.lockutils [None req-0767f933-a164-4413-a509-ff3453365705 tempest-DeleteServersTestJSON-106691409 tempest-DeleteServersTestJSON-106691409-project-member] Acquiring lock "ce25613a-53b0-4bb6-9f60-cb859f3dd835" by "nova.context.set_target_cell..get_or_set_cached_cell_and_set_connections" {{(pid=95825) inner /opt/stack/data/venv/lib/python3.12/site-packages/oslo_concurrency/lockutils.py:512}}
Jul 29 13:47:02.630830 np0000006080 nova-conductor[95825]: DEBUG oslo_concurrency.lockutils [None req-0767f933-a164-4413-a509-ff3453365705 tempest-DeleteServersTestJSON-106691409 tempest-DeleteServersTestJSON-106691409-project-member] Lock "ce25613a-53b0-4bb6-9f60-cb859f3dd835" acquired by "nova.context.set_target_cell..get_or_set_cached_cell_and_set_connections" :: waited 0.001s {{(pid=95825) inner /opt/stack/data/venv/lib/python3.12/site-packages/oslo_concurrency/lockutils.py:525}}
Jul 29 13:47:02.632865 np0000006080 nova-conductor[95825]: DEBUG oslo_concurrency.lockutils [None req-0767f933-a164-4413-a509-ff3453365705 tempest-DeleteServersTestJSON-106691409 tempest-DeleteServersTestJSON-106691409-project-member] Lock "ce25613a-53b0-4bb6-9f60-cb859f3dd835" "released" by "nova.context.set_target_cell..get_or_set_cached_cell_and_set_connections" :: held 0.002s {{(pid=95825) inner /opt/stack/data/venv/lib/python3.12/site-packages/oslo_concurrency/lockutils.py:544}}
Jul 29 13:47:02.635220 np0000006080 nova-conductor[95825]: INFO dbcounter [None req-0767f933-a164-4413-a509-ff3453365705 tempest-DeleteServersTestJSON-106691409 tempest-DeleteServersTestJSON-106691409-project-member] Registered counter for database nova_cell1
Jul 29 13:47:02.672626 np0000006080 nova-conductor[95825]: DEBUG oslo_db.sqlalchemy.engines [None req-0767f933-a164-4413-a509-ff3453365705 tempest-DeleteServersTestJSON-106691409 tempest-DeleteServersTestJSON-106691409-project-member] MySQL server mode set to STRICT_TRANS_TABLES,STRICT_ALL_TABLES,NO_ZERO_IN_DATE,NO_ZERO_DATE,ERROR_FOR_DIVISION_BY_ZERO,TRADITIONAL,NO_ENGINE_SUBSTITUTION {{(pid=95825) _check_effective_sql_mode /opt/stack/data/venv/lib/python3.12/site-packages/oslo_db/sqlalchemy/engines.py:325}}
Jul 29 13:47:02.679388 np0000006080 nova-conductor[95825]: DEBUG dbcounter [-] [95825] Writer thread running {{(pid=95825) stat_writer /opt/stack/data/venv/lib/python3.12/site-packages/dbcounter.py:102}}
Jul 29 13:47:02.756772 np0000006080 nova-conductor[95825]: INFO nova.utils [None req-0767f933-a164-4413-a509-ff3453365705 tempest-DeleteServersTestJSON-106691409 tempest-DeleteServersTestJSON-106691409-project-member] The cell worker thread pool ForkProcess-1.cell_worker is initialized
Jul 29 13:47:02.757213 np0000006080 nova-conductor[95825]: DEBUG oslo_concurrency.lockutils [None req-0767f933-a164-4413-a509-ff3453365705 tempest-DeleteServersTestJSON-106691409 tempest-DeleteServersTestJSON-106691409-project-member] Acquiring lock "00000000-0000-0000-0000-000000000000" by "nova.context.set_target_cell..get_or_set_cached_cell_and_set_connections" {{(pid=95825) inner /opt/stack/data/venv/lib/python3.12/site-packages/oslo_concurrency/lockutils.py:512}}
Jul 29 13:47:02.757424 np0000006080 nova-conductor[95825]: DEBUG oslo_concurrency.lockutils [None req-0767f933-a164-4413-a509-ff3453365705 tempest-DeleteServersTestJSON-106691409 tempest-DeleteServersTestJSON-106691409-project-member] Lock "00000000-0000-0000-0000-000000000000" acquired by "nova.context.set_target_cell..get_or_set_cached_cell_and_set_connections" :: waited 0.000s {{(pid=95825) inner /opt/stack/data/venv/lib/python3.12/site-packages/oslo_concurrency/lockutils.py:525}}
Jul 29 13:47:02.757772 np0000006080 nova-conductor[95825]: DEBUG oslo_concurrency.lockutils [None req-0767f933-a164-4413-a509-ff3453365705 tempest-DeleteServersTestJSON-106691409 tempest-DeleteServersTestJSON-106691409-project-member] Lock "00000000-0000-0000-0000-000000000000" "released" by "nova.context.set_target_cell..get_or_set_cached_cell_and_set_connections" :: held 0.000s {{(pid=95825) inner /opt/stack/data/venv/lib/python3.12/site-packages/oslo_concurrency/lockutils.py:544}}
Jul 29 13:47:02.758446 np0000006080 nova-conductor[95825]: DEBUG oslo_concurrency.lockutils [None req-0767f933-a164-4413-a509-ff3453365705 tempest-DeleteServersTestJSON-106691409 tempest-DeleteServersTestJSON-106691409-project-member] Acquiring lock "ce25613a-53b0-4bb6-9f60-cb859f3dd835" by "nova.context.set_target_cell..get_or_set_cached_cell_and_set_connections" {{(pid=95825) inner /opt/stack/data/venv/lib/python3.12/site-packages/oslo_concurrency/lockutils.py:512}}
Jul 29 13:47:02.758569 np0000006080 nova-conductor[95825]: DEBUG oslo_concurrency.lockutils [None req-0767f933-a164-4413-a509-ff3453365705 tempest-DeleteServersTestJSON-106691409 tempest-DeleteServersTestJSON-106691409-project-member] Lock "ce25613a-53b0-4bb6-9f60-cb859f3dd835" acquired by "nova.context.set_target_cell..get_or_set_cached_cell_and_set_connections" :: waited 0.000s {{(pid=95825) inner /opt/stack/data/venv/lib/python3.12/site-packages/oslo_concurrency/lockutils.py:525}}
Jul 29 13:47:02.760024 np0000006080 nova-conductor[95825]: INFO dbcounter [None req-0767f933-a164-4413-a509-ff3453365705 tempest-DeleteServersTestJSON-106691409 tempest-DeleteServersTestJSON-106691409-project-member] Registered counter for database nova_cell0
Jul 29 13:47:02.761319 np0000006080 nova-conductor[95825]: DEBUG oslo_concurrency.lockutils [None req-0767f933-a164-4413-a509-ff3453365705 tempest-DeleteServersTestJSON-106691409 tempest-DeleteServersTestJSON-106691409-project-member] Lock "ce25613a-53b0-4bb6-9f60-cb859f3dd835" "released" by "nova.context.set_target_cell..get_or_set_cached_cell_and_set_connections" :: held 0.001s {{(pid=95825) inner /opt/stack/data/venv/lib/python3.12/site-packages/oslo_concurrency/lockutils.py:544}}
Jul 29 13:47:02.793705 np0000006080 nova-conductor[95825]: DEBUG oslo_db.sqlalchemy.engines [None req-0767f933-a164-4413-a509-ff3453365705 tempest-DeleteServersTestJSON-106691409 tempest-DeleteServersTestJSON-106691409-project-member] MySQL server mode set to STRICT_TRANS_TABLES,STRICT_ALL_TABLES,NO_ZERO_IN_DATE,NO_ZERO_DATE,ERROR_FOR_DIVISION_BY_ZERO,TRADITIONAL,NO_ENGINE_SUBSTITUTION {{(pid=95825) _check_effective_sql_mode /opt/stack/data/venv/lib/python3.12/site-packages/oslo_db/sqlalchemy/engines.py:325}}
Jul 29 13:47:02.799963 np0000006080 nova-conductor[95825]: DEBUG dbcounter [-] [95825] Writer thread running {{(pid=95825) stat_writer /opt/stack/data/venv/lib/python3.12/site-packages/dbcounter.py:102}}
Jul 29 13:47:02.808335 np0000006080 nova-conductor[95825]: DEBUG nova.quota [None req-0767f933-a164-4413-a509-ff3453365705 tempest-DeleteServersTestJSON-106691409 tempest-DeleteServersTestJSON-106691409-project-member] Getting quotas for project 064133aed8284a3b96c184244d16b007. Resources: {'ram', 'cores', 'instances'} {{(pid=95825) _get_quotas /opt/stack/nova/nova/quota.py:389}}
Jul 29 13:47:02.813136 np0000006080 nova-conductor[95825]: DEBUG nova.quota [None req-0767f933-a164-4413-a509-ff3453365705 tempest-DeleteServersTestJSON-106691409 tempest-DeleteServersTestJSON-106691409-project-member] Getting quotas for user fd3c3aca59a6434aacd7c0f8df3029df and project 064133aed8284a3b96c184244d16b007. Resources: {'ram', 'cores', 'instances'} {{(pid=95825) _get_quotas /opt/stack/nova/nova/quota.py:379}}
Jul 29 13:47:02.816458 np0000006080 nova-conductor[95825]: DEBUG nova.conductor.manager [None req-0767f933-a164-4413-a509-ff3453365705 tempest-DeleteServersTestJSON-106691409 tempest-DeleteServersTestJSON-106691409-project-member] [instance: 7f5c1e17-033d-4501-8abd-d9d79d6a5901] Selected host: np0000006080; Selected node: np0000006080; Alternates: [] {{(pid=95825) schedule_and_build_instances /opt/stack/nova/nova/conductor/manager.py:1784}}
Jul 29 13:47:02.816935 np0000006080 nova-conductor[95825]: DEBUG oslo_concurrency.lockutils [None req-0767f933-a164-4413-a509-ff3453365705 tempest-DeleteServersTestJSON-106691409 tempest-DeleteServersTestJSON-106691409-project-member] Acquiring lock "ce25613a-53b0-4bb6-9f60-cb859f3dd835" by "nova.context.set_target_cell..get_or_set_cached_cell_and_set_connections" {{(pid=95825) inner /opt/stack/data/venv/lib/python3.12/site-packages/oslo_concurrency/lockutils.py:512}}
Jul 29 13:47:02.817141 np0000006080 nova-conductor[95825]: DEBUG oslo_concurrency.lockutils [None req-0767f933-a164-4413-a509-ff3453365705 tempest-DeleteServersTestJSON-106691409 tempest-DeleteServersTestJSON-106691409-project-member] Lock "ce25613a-53b0-4bb6-9f60-cb859f3dd835" acquired by "nova.context.set_target_cell..get_or_set_cached_cell_and_set_connections" :: waited 0.000s {{(pid=95825) inner /opt/stack/data/venv/lib/python3.12/site-packages/oslo_concurrency/lockutils.py:525}}
Jul 29 13:47:02.817238 np0000006080 nova-conductor[95825]: DEBUG oslo_concurrency.lockutils [None req-0767f933-a164-4413-a509-ff3453365705 tempest-DeleteServersTestJSON-106691409 tempest-DeleteServersTestJSON-106691409-project-member] Lock "ce25613a-53b0-4bb6-9f60-cb859f3dd835" "released" by "nova.context.set_target_cell..get_or_set_cached_cell_and_set_connections" :: held 0.000s {{(pid=95825) inner /opt/stack/data/venv/lib/python3.12/site-packages/oslo_concurrency/lockutils.py:544}}
Jul 29 13:47:02.831903 np0000006080 nova-conductor[95825]: DEBUG nova.conductor.manager [None req-0767f933-a164-4413-a509-ff3453365705 tempest-DeleteServersTestJSON-106691409 tempest-DeleteServersTestJSON-106691409-project-member] [instance: 7f5c1e17-033d-4501-8abd-d9d79d6a5901] block_device_mapping [BlockDeviceMapping(attachment_id=,boot_index=0,connection_info=None,created_at=,delete_on_termination=True,deleted=,deleted_at=,destination_type='local',device_name=None,device_type='disk',disk_bus=None,encrypted=False,encryption_format=None,encryption_options=None,encryption_secret_uuid=None,guest_format=None,id=,image_id='3bded755-de0f-42bd-a618-365332bdf85e',instance=,instance_uuid=,no_device=False,snapshot_id=None,source_type='image',tag=None,updated_at=,uuid=,volume_id=None,volume_size=None,volume_type=None)] {{(pid=95825) _create_block_device_mapping /opt/stack/nova/nova/conductor/manager.py:1529}}
Jul 29 13:47:02.833211 np0000006080 nova-conductor[95825]: DEBUG oslo_concurrency.lockutils [None req-0767f933-a164-4413-a509-ff3453365705 tempest-DeleteServersTestJSON-106691409 tempest-DeleteServersTestJSON-106691409-project-member] Acquiring lock "ce25613a-53b0-4bb6-9f60-cb859f3dd835" by "nova.context.set_target_cell..get_or_set_cached_cell_and_set_connections" {{(pid=95825) inner /opt/stack/data/venv/lib/python3.12/site-packages/oslo_concurrency/lockutils.py:512}}
Jul 29 13:47:02.833359 np0000006080 nova-conductor[95825]: DEBUG oslo_concurrency.lockutils [None req-0767f933-a164-4413-a509-ff3453365705 tempest-DeleteServersTestJSON-106691409 tempest-DeleteServersTestJSON-106691409-project-member] Lock "ce25613a-53b0-4bb6-9f60-cb859f3dd835" acquired by "nova.context.set_target_cell..get_or_set_cached_cell_and_set_connections" :: waited 0.000s {{(pid=95825) inner /opt/stack/data/venv/lib/python3.12/site-packages/oslo_concurrency/lockutils.py:525}}
Jul 29 13:47:02.833613 np0000006080 nova-conductor[95825]: DEBUG oslo_concurrency.lockutils [None req-0767f933-a164-4413-a509-ff3453365705 tempest-DeleteServersTestJSON-106691409 tempest-DeleteServersTestJSON-106691409-project-member] Lock "ce25613a-53b0-4bb6-9f60-cb859f3dd835" "released" by "nova.context.set_target_cell..get_or_set_cached_cell_and_set_connections" :: held 0.000s {{(pid=95825) inner /opt/stack/data/venv/lib/python3.12/site-packages/oslo_concurrency/lockutils.py:544}}
Jul 29 13:47:02.874496 np0000006080 nova-conductor[95825]: DEBUG oslo_concurrency.lockutils [None req-0767f933-a164-4413-a509-ff3453365705 tempest-DeleteServersTestJSON-106691409 tempest-DeleteServersTestJSON-106691409-project-member] Acquiring lock "ce25613a-53b0-4bb6-9f60-cb859f3dd835" by "nova.context.set_target_cell..get_or_set_cached_cell_and_set_connections" {{(pid=95825) inner /opt/stack/data/venv/lib/python3.12/site-packages/oslo_concurrency/lockutils.py:512}}
Jul 29 13:47:02.874644 np0000006080 nova-conductor[95825]: DEBUG oslo_concurrency.lockutils [None req-0767f933-a164-4413-a509-ff3453365705 tempest-DeleteServersTestJSON-106691409 tempest-DeleteServersTestJSON-106691409-project-member] Lock "ce25613a-53b0-4bb6-9f60-cb859f3dd835" acquired by "nova.context.set_target_cell..get_or_set_cached_cell_and_set_connections" :: waited 0.000s {{(pid=95825) inner /opt/stack/data/venv/lib/python3.12/site-packages/oslo_concurrency/lockutils.py:525}}
Jul 29 13:47:02.874768 np0000006080 nova-conductor[95825]: DEBUG oslo_concurrency.lockutils [None req-0767f933-a164-4413-a509-ff3453365705 tempest-DeleteServersTestJSON-106691409 tempest-DeleteServersTestJSON-106691409-project-member] Lock "ce25613a-53b0-4bb6-9f60-cb859f3dd835" "released" by "nova.context.set_target_cell..get_or_set_cached_cell_and_set_connections" :: held 0.000s {{(pid=95825) inner /opt/stack/data/venv/lib/python3.12/site-packages/oslo_concurrency/lockutils.py:544}}
Jul 29 13:47:02.874948 np0000006080 nova-conductor[95825]: DEBUG oslo_concurrency.lockutils [None req-0767f933-a164-4413-a509-ff3453365705 tempest-DeleteServersTestJSON-106691409 tempest-DeleteServersTestJSON-106691409-project-member] Acquiring lock "compute-rpcapi-router" {{(pid=95825) lock /opt/stack/data/venv/lib/python3.12/site-packages/oslo_concurrency/lockutils.py:396}}
Jul 29 13:47:02.875070 np0000006080 nova-conductor[95825]: DEBUG oslo_concurrency.lockutils [None req-0767f933-a164-4413-a509-ff3453365705 tempest-DeleteServersTestJSON-106691409 tempest-DeleteServersTestJSON-106691409-project-member] Acquired lock "compute-rpcapi-router" {{(pid=95825) lock /opt/stack/data/venv/lib/python3.12/site-packages/oslo_concurrency/lockutils.py:399}}
Jul 29 13:47:02.875606 np0000006080 nova-conductor[95825]: DEBUG oslo_concurrency.lockutils [None req-24a0fddc-1f4c-46bc-b9c6-52c7c7f8ddc3 None None] Acquiring lock "00000000-0000-0000-0000-000000000000" by "nova.context.set_target_cell..get_or_set_cached_cell_and_set_connections" {{(pid=95825) inner /opt/stack/data/venv/lib/python3.12/site-packages/oslo_concurrency/lockutils.py:512}}
Jul 29 13:47:02.875767 np0000006080 nova-conductor[95825]: DEBUG oslo_concurrency.lockutils [None req-24a0fddc-1f4c-46bc-b9c6-52c7c7f8ddc3 None None] Lock "00000000-0000-0000-0000-000000000000" acquired by "nova.context.set_target_cell..get_or_set_cached_cell_and_set_connections" :: waited 0.000s {{(pid=95825) inner /opt/stack/data/venv/lib/python3.12/site-packages/oslo_concurrency/lockutils.py:525}}
Jul 29 13:47:02.875831 np0000006080 nova-conductor[95825]: DEBUG oslo_concurrency.lockutils [None req-24a0fddc-1f4c-46bc-b9c6-52c7c7f8ddc3 None None] Lock "00000000-0000-0000-0000-000000000000" "released" by "nova.context.set_target_cell..get_or_set_cached_cell_and_set_connections" :: held 0.000s {{(pid=95825) inner /opt/stack/data/venv/lib/python3.12/site-packages/oslo_concurrency/lockutils.py:544}}
Jul 29 13:47:02.876636 np0000006080 nova-conductor[95825]: DEBUG oslo_concurrency.lockutils [None req-24a0fddc-1f4c-46bc-b9c6-52c7c7f8ddc3 None None] Acquiring lock "ce25613a-53b0-4bb6-9f60-cb859f3dd835" by "nova.context.set_target_cell..get_or_set_cached_cell_and_set_connections" {{(pid=95825) inner /opt/stack/data/venv/lib/python3.12/site-packages/oslo_concurrency/lockutils.py:512}}
Jul 29 13:47:02.876636 np0000006080 nova-conductor[95825]: DEBUG oslo_concurrency.lockutils [None req-24a0fddc-1f4c-46bc-b9c6-52c7c7f8ddc3 None None] Lock "ce25613a-53b0-4bb6-9f60-cb859f3dd835" acquired by "nova.context.set_target_cell..get_or_set_cached_cell_and_set_connections" :: waited 0.000s {{(pid=95825) inner /opt/stack/data/venv/lib/python3.12/site-packages/oslo_concurrency/lockutils.py:525}}
Jul 29 13:47:02.876636 np0000006080 nova-conductor[95825]: DEBUG oslo_concurrency.lockutils [None req-24a0fddc-1f4c-46bc-b9c6-52c7c7f8ddc3 None None] Lock "ce25613a-53b0-4bb6-9f60-cb859f3dd835" "released" by "nova.context.set_target_cell..get_or_set_cached_cell_and_set_connections" :: held 0.000s {{(pid=95825) inner /opt/stack/data/venv/lib/python3.12/site-packages/oslo_concurrency/lockutils.py:544}}
Jul 29 13:47:02.886001 np0000006080 nova-conductor[95825]: INFO nova.compute.rpcapi [None req-24a0fddc-1f4c-46bc-b9c6-52c7c7f8ddc3 None None] Automatically selected compute RPC version 6.5 from minimum service version 72
Jul 29 13:47:02.887735 np0000006080 nova-conductor[95825]: DEBUG oslo_concurrency.lockutils [None req-24a0fddc-1f4c-46bc-b9c6-52c7c7f8ddc3 None None] Releasing lock "compute-rpcapi-router" {{(pid=95825) lock /opt/stack/data/venv/lib/python3.12/site-packages/oslo_concurrency/lockutils.py:419}}
Jul 29 13:47:08.093435 np0000006080 nova-conductor[95841]: DEBUG dbcounter [-] [95841] Writer thread running {{(pid=95841) stat_writer /opt/stack/data/venv/lib/python3.12/site-packages/dbcounter.py:102}}
Jul 29 13:47:08.562461 np0000006080 nova-conductor[95841]: DEBUG nova.conductor.manager [None req-9c0cce06-e4cd-4576-925c-558bb9af3246 tempest-ServerActionsV293TestJSON-591996003 tempest-ServerActionsV293TestJSON-591996003-project-member] Took 0.47 seconds to select destinations for 1 instance(s). {{(pid=95841) _schedule_instances /opt/stack/nova/nova/conductor/manager.py:968}}
Jul 29 13:47:08.591432 np0000006080 nova-conductor[95841]: DEBUG oslo_concurrency.lockutils [None req-9c0cce06-e4cd-4576-925c-558bb9af3246 tempest-ServerActionsV293TestJSON-591996003 tempest-ServerActionsV293TestJSON-591996003-project-member] Acquiring lock "ce25613a-53b0-4bb6-9f60-cb859f3dd835" by "nova.context.set_target_cell..get_or_set_cached_cell_and_set_connections" {{(pid=95841) inner /opt/stack/data/venv/lib/python3.12/site-packages/oslo_concurrency/lockutils.py:512}}
Jul 29 13:47:08.591650 np0000006080 nova-conductor[95841]: DEBUG oslo_concurrency.lockutils [None req-9c0cce06-e4cd-4576-925c-558bb9af3246 tempest-ServerActionsV293TestJSON-591996003 tempest-ServerActionsV293TestJSON-591996003-project-member] Lock "ce25613a-53b0-4bb6-9f60-cb859f3dd835" acquired by "nova.context.set_target_cell..get_or_set_cached_cell_and_set_connections" :: waited 0.000s {{(pid=95841) inner /opt/stack/data/venv/lib/python3.12/site-packages/oslo_concurrency/lockutils.py:525}}
Jul 29 13:47:08.593369 np0000006080 nova-conductor[95841]: DEBUG oslo_concurrency.lockutils [None req-9c0cce06-e4cd-4576-925c-558bb9af3246 tempest-ServerActionsV293TestJSON-591996003 tempest-ServerActionsV293TestJSON-591996003-project-member] Lock "ce25613a-53b0-4bb6-9f60-cb859f3dd835" "released" by "nova.context.set_target_cell..get_or_set_cached_cell_and_set_connections" :: held 0.002s {{(pid=95841) inner /opt/stack/data/venv/lib/python3.12/site-packages/oslo_concurrency/lockutils.py:544}}
Jul 29 13:47:08.595449 np0000006080 nova-conductor[95841]: INFO dbcounter [None req-9c0cce06-e4cd-4576-925c-558bb9af3246 tempest-ServerActionsV293TestJSON-591996003 tempest-ServerActionsV293TestJSON-591996003-project-member] Registered counter for database nova_cell1
Jul 29 13:47:08.632537 np0000006080 nova-conductor[95841]: DEBUG oslo_db.sqlalchemy.engines [None req-9c0cce06-e4cd-4576-925c-558bb9af3246 tempest-ServerActionsV293TestJSON-591996003 tempest-ServerActionsV293TestJSON-591996003-project-member] MySQL server mode set to STRICT_TRANS_TABLES,STRICT_ALL_TABLES,NO_ZERO_IN_DATE,NO_ZERO_DATE,ERROR_FOR_DIVISION_BY_ZERO,TRADITIONAL,NO_ENGINE_SUBSTITUTION {{(pid=95841) _check_effective_sql_mode /opt/stack/data/venv/lib/python3.12/site-packages/oslo_db/sqlalchemy/engines.py:325}}
Jul 29 13:47:08.638877 np0000006080 nova-conductor[95841]: DEBUG dbcounter [-] [95841] Writer thread running {{(pid=95841) stat_writer /opt/stack/data/venv/lib/python3.12/site-packages/dbcounter.py:102}}
Jul 29 13:47:08.699511 np0000006080 nova-conductor[95841]: INFO nova.utils [None req-9c0cce06-e4cd-4576-925c-558bb9af3246 tempest-ServerActionsV293TestJSON-591996003 tempest-ServerActionsV293TestJSON-591996003-project-member] The cell worker thread pool ForkProcess-2.cell_worker is initialized
Jul 29 13:47:08.699959 np0000006080 nova-conductor[95841]: DEBUG oslo_concurrency.lockutils [None req-9c0cce06-e4cd-4576-925c-558bb9af3246 tempest-ServerActionsV293TestJSON-591996003 tempest-ServerActionsV293TestJSON-591996003-project-member] Acquiring lock "00000000-0000-0000-0000-000000000000" by "nova.context.set_target_cell..get_or_set_cached_cell_and_set_connections" {{(pid=95841) inner /opt/stack/data/venv/lib/python3.12/site-packages/oslo_concurrency/lockutils.py:512}}
Jul 29 13:47:08.699959 np0000006080 nova-conductor[95841]: DEBUG oslo_concurrency.lockutils [None req-9c0cce06-e4cd-4576-925c-558bb9af3246 tempest-ServerActionsV293TestJSON-591996003 tempest-ServerActionsV293TestJSON-591996003-project-member] Lock "00000000-0000-0000-0000-000000000000" acquired by "nova.context.set_target_cell..get_or_set_cached_cell_and_set_connections" :: waited 0.000s {{(pid=95841) inner /opt/stack/data/venv/lib/python3.12/site-packages/oslo_concurrency/lockutils.py:525}}
Jul 29 13:47:08.700598 np0000006080 nova-conductor[95841]: DEBUG oslo_concurrency.lockutils [None req-9c0cce06-e4cd-4576-925c-558bb9af3246 tempest-ServerActionsV293TestJSON-591996003 tempest-ServerActionsV293TestJSON-591996003-project-member] Lock "00000000-0000-0000-0000-000000000000" "released" by "nova.context.set_target_cell..get_or_set_cached_cell_and_set_connections" :: held 0.000s {{(pid=95841) inner /opt/stack/data/venv/lib/python3.12/site-packages/oslo_concurrency/lockutils.py:544}}
Jul 29 13:47:08.701082 np0000006080 nova-conductor[95841]: DEBUG oslo_concurrency.lockutils [None req-9c0cce06-e4cd-4576-925c-558bb9af3246 tempest-ServerActionsV293TestJSON-591996003 tempest-ServerActionsV293TestJSON-591996003-project-member] Acquiring lock "ce25613a-53b0-4bb6-9f60-cb859f3dd835" by "nova.context.set_target_cell..get_or_set_cached_cell_and_set_connections" {{(pid=95841) inner /opt/stack/data/venv/lib/python3.12/site-packages/oslo_concurrency/lockutils.py:512}}
Jul 29 13:47:08.701082 np0000006080 nova-conductor[95841]: DEBUG oslo_concurrency.lockutils [None req-9c0cce06-e4cd-4576-925c-558bb9af3246 tempest-ServerActionsV293TestJSON-591996003 tempest-ServerActionsV293TestJSON-591996003-project-member] Lock "ce25613a-53b0-4bb6-9f60-cb859f3dd835" acquired by "nova.context.set_target_cell..get_or_set_cached_cell_and_set_connections" :: waited 0.000s {{(pid=95841) inner /opt/stack/data/venv/lib/python3.12/site-packages/oslo_concurrency/lockutils.py:525}}
Jul 29 13:47:08.701178 np0000006080 nova-conductor[95841]: DEBUG oslo_concurrency.lockutils [None req-9c0cce06-e4cd-4576-925c-558bb9af3246 tempest-ServerActionsV293TestJSON-591996003 tempest-ServerActionsV293TestJSON-591996003-project-member] Lock "ce25613a-53b0-4bb6-9f60-cb859f3dd835" "released" by "nova.context.set_target_cell..get_or_set_cached_cell_and_set_connections" :: held 0.000s {{(pid=95841) inner /opt/stack/data/venv/lib/python3.12/site-packages/oslo_concurrency/lockutils.py:544}}
Jul 29 13:47:08.702754 np0000006080 nova-conductor[95841]: INFO dbcounter [None req-9c0cce06-e4cd-4576-925c-558bb9af3246 tempest-ServerActionsV293TestJSON-591996003 tempest-ServerActionsV293TestJSON-591996003-project-member] Registered counter for database nova_cell0
Jul 29 13:47:08.745644 np0000006080 nova-conductor[95841]: DEBUG oslo_db.sqlalchemy.engines [None req-9c0cce06-e4cd-4576-925c-558bb9af3246 tempest-ServerActionsV293TestJSON-591996003 tempest-ServerActionsV293TestJSON-591996003-project-member] MySQL server mode set to STRICT_TRANS_TABLES,STRICT_ALL_TABLES,NO_ZERO_IN_DATE,NO_ZERO_DATE,ERROR_FOR_DIVISION_BY_ZERO,TRADITIONAL,NO_ENGINE_SUBSTITUTION {{(pid=95841) _check_effective_sql_mode /opt/stack/data/venv/lib/python3.12/site-packages/oslo_db/sqlalchemy/engines.py:325}}
Jul 29 13:47:08.751196 np0000006080 nova-conductor[95841]: DEBUG dbcounter [-] [95841] Writer thread running {{(pid=95841) stat_writer /opt/stack/data/venv/lib/python3.12/site-packages/dbcounter.py:102}}
