Jun 26 15:34:18.420475 np0000003749 nova-scheduler[96400]: DEBUG cotyledon.oslo_config_glue [-] profiler.hmac_keys = **** {{(pid=96400) log_opt_values /opt/stack/data/venv/lib/python3.12/site-packages/oslo_config/cfg.py:3253}}
Jun 26 15:34:18.420475 np0000003749 nova-scheduler[96400]: DEBUG cotyledon.oslo_config_glue [-] profiler.sentinel_service_name = mymaster {{(pid=96400) log_opt_values /opt/stack/data/venv/lib/python3.12/site-packages/oslo_config/cfg.py:3253}}
Jun 26 15:34:18.420475 np0000003749 nova-scheduler[96400]: DEBUG cotyledon.oslo_config_glue [-] profiler.socket_timeout = 0.1 {{(pid=96400) log_opt_values /opt/stack/data/venv/lib/python3.12/site-packages/oslo_config/cfg.py:3253}}
Jun 26 15:34:18.420475 np0000003749 nova-scheduler[96400]: DEBUG cotyledon.oslo_config_glue [-] profiler.trace_requests = False {{(pid=96400) log_opt_values /opt/stack/data/venv/lib/python3.12/site-packages/oslo_config/cfg.py:3253}}
Jun 26 15:34:18.420475 np0000003749 nova-scheduler[96400]: DEBUG cotyledon.oslo_config_glue [-] profiler.trace_sqlalchemy = False {{(pid=96400) log_opt_values /opt/stack/data/venv/lib/python3.12/site-packages/oslo_config/cfg.py:3253}}
Jun 26 15:34:18.420475 np0000003749 nova-scheduler[96400]: DEBUG cotyledon.oslo_config_glue [-] profiler_jaeger.process_tags = {} {{(pid=96400) log_opt_values /opt/stack/data/venv/lib/python3.12/site-packages/oslo_config/cfg.py:3253}}
Jun 26 15:34:18.420700 np0000003749 nova-scheduler[96400]: DEBUG cotyledon.oslo_config_glue [-] profiler_jaeger.service_name_prefix = None {{(pid=96400) log_opt_values /opt/stack/data/venv/lib/python3.12/site-packages/oslo_config/cfg.py:3253}}
Jun 26 15:34:18.420700 np0000003749 nova-scheduler[96400]: DEBUG cotyledon.oslo_config_glue [-] profiler_otlp.service_name_prefix = None {{(pid=96400) log_opt_values /opt/stack/data/venv/lib/python3.12/site-packages/oslo_config/cfg.py:3253}}
Jun 26 15:34:18.420700 np0000003749 nova-scheduler[96400]: DEBUG cotyledon.oslo_config_glue [-] oslo_messaging_rabbit.amqp_auto_delete = False {{(pid=96400) log_opt_values /opt/stack/data/venv/lib/python3.12/site-packages/oslo_config/cfg.py:3253}}
Jun 26 15:34:18.420700 np0000003749 nova-scheduler[96400]: DEBUG cotyledon.oslo_config_glue [-] oslo_messaging_rabbit.amqp_durable_queues = False {{(pid=96400) log_opt_values /opt/stack/data/venv/lib/python3.12/site-packages/oslo_config/cfg.py:3253}}
Jun 26 15:34:18.420700 np0000003749 nova-scheduler[96400]: DEBUG cotyledon.oslo_config_glue [-] oslo_messaging_rabbit.conn_pool_min_size = 2 {{(pid=96400) log_opt_values /opt/stack/data/venv/lib/python3.12/site-packages/oslo_config/cfg.py:3253}}
Jun 26 15:34:18.420700 np0000003749 nova-scheduler[96400]: DEBUG cotyledon.oslo_config_glue [-] oslo_messaging_rabbit.conn_pool_ttl = 1200 {{(pid=96400) log_opt_values /opt/stack/data/venv/lib/python3.12/site-packages/oslo_config/cfg.py:3253}}
Jun 26 15:34:18.420700 np0000003749 nova-scheduler[96400]: DEBUG cotyledon.oslo_config_glue [-] oslo_messaging_rabbit.direct_mandatory_flag = True {{(pid=96400) log_opt_values /opt/stack/data/venv/lib/python3.12/site-packages/oslo_config/cfg.py:3253}}
Jun 26 15:34:18.420700 np0000003749 nova-scheduler[96400]: DEBUG cotyledon.oslo_config_glue [-] oslo_messaging_rabbit.enable_cancel_on_failover = False {{(pid=96400) log_opt_values /opt/stack/data/venv/lib/python3.12/site-packages/oslo_config/cfg.py:3253}}
Jun 26 15:34:18.420700 np0000003749 nova-scheduler[96400]: DEBUG cotyledon.oslo_config_glue [-] oslo_messaging_rabbit.heartbeat_rate = 3 {{(pid=96400) log_opt_values /opt/stack/data/venv/lib/python3.12/site-packages/oslo_config/cfg.py:3253}}
Jun 26 15:34:18.420930 np0000003749 nova-scheduler[96400]: DEBUG cotyledon.oslo_config_glue [-] oslo_messaging_rabbit.heartbeat_timeout_threshold = 60 {{(pid=96400) log_opt_values /opt/stack/data/venv/lib/python3.12/site-packages/oslo_config/cfg.py:3253}}
Jun 26 15:34:18.420930 np0000003749 nova-scheduler[96400]: DEBUG cotyledon.oslo_config_glue [-] oslo_messaging_rabbit.hostname = np0000003749 {{(pid=96400) log_opt_values /opt/stack/data/venv/lib/python3.12/site-packages/oslo_config/cfg.py:3253}}
Jun 26 15:34:18.420930 np0000003749 nova-scheduler[96400]: DEBUG cotyledon.oslo_config_glue [-] oslo_messaging_rabbit.kombu_compression = None {{(pid=96400) log_opt_values /opt/stack/data/venv/lib/python3.12/site-packages/oslo_config/cfg.py:3253}}
Jun 26 15:34:18.420930 np0000003749 nova-scheduler[96400]: DEBUG cotyledon.oslo_config_glue [-] oslo_messaging_rabbit.kombu_failover_strategy = round-robin {{(pid=96400) log_opt_values /opt/stack/data/venv/lib/python3.12/site-packages/oslo_config/cfg.py:3253}}
Jun 26 15:34:18.420930 np0000003749 nova-scheduler[96400]: DEBUG cotyledon.oslo_config_glue [-] oslo_messaging_rabbit.kombu_missing_consumer_retry_timeout = 60 {{(pid=96400) log_opt_values /opt/stack/data/venv/lib/python3.12/site-packages/oslo_config/cfg.py:3253}}
Jun 26 15:34:18.420930 np0000003749 nova-scheduler[96400]: DEBUG cotyledon.oslo_config_glue [-] oslo_messaging_rabbit.kombu_reconnect_delay = 1.0 {{(pid=96400) log_opt_values /opt/stack/data/venv/lib/python3.12/site-packages/oslo_config/cfg.py:3253}}
Jun 26 15:34:18.420930 np0000003749 nova-scheduler[96400]: DEBUG cotyledon.oslo_config_glue [-] oslo_messaging_rabbit.kombu_reconnect_splay = 0.0 {{(pid=96400) log_opt_values /opt/stack/data/venv/lib/python3.12/site-packages/oslo_config/cfg.py:3253}}
Jun 26 15:34:18.421122 np0000003749 nova-scheduler[96355]: INFO dbcounter [None req-c3f1dd83-199f-4a94-bdf6-5368662d61af None None] Registered counter for database nova_cell0
Jun 26 15:34:18.421173 np0000003749 nova-scheduler[96400]: DEBUG cotyledon.oslo_config_glue [-] oslo_messaging_rabbit.processname = nova-scheduler {{(pid=96400) log_opt_values /opt/stack/data/venv/lib/python3.12/site-packages/oslo_config/cfg.py:3253}}
Jun 26 15:34:18.421173 np0000003749 nova-scheduler[96400]: DEBUG cotyledon.oslo_config_glue [-] oslo_messaging_rabbit.rabbit_ha_queues = False {{(pid=96400) log_opt_values /opt/stack/data/venv/lib/python3.12/site-packages/oslo_config/cfg.py:3253}}
Jun 26 15:34:18.421173 np0000003749 nova-scheduler[96400]: DEBUG cotyledon.oslo_config_glue [-] oslo_messaging_rabbit.rabbit_interval_max = 30 {{(pid=96400) log_opt_values /opt/stack/data/venv/lib/python3.12/site-packages/oslo_config/cfg.py:3253}}
Jun 26 15:34:18.421173 np0000003749 nova-scheduler[96400]: DEBUG cotyledon.oslo_config_glue [-] oslo_messaging_rabbit.rabbit_login_method = AMQPLAIN {{(pid=96400) log_opt_values /opt/stack/data/venv/lib/python3.12/site-packages/oslo_config/cfg.py:3253}}
Jun 26 15:34:18.421173 np0000003749 nova-scheduler[96400]: DEBUG cotyledon.oslo_config_glue [-] oslo_messaging_rabbit.rabbit_qos_prefetch_count = 0 {{(pid=96400) log_opt_values /opt/stack/data/venv/lib/python3.12/site-packages/oslo_config/cfg.py:3253}}
Jun 26 15:34:18.421173 np0000003749 nova-scheduler[96400]: DEBUG cotyledon.oslo_config_glue [-] oslo_messaging_rabbit.rabbit_quorum_delivery_limit = 0 {{(pid=96400) log_opt_values /opt/stack/data/venv/lib/python3.12/site-packages/oslo_config/cfg.py:3253}}
Jun 26 15:34:18.421173 np0000003749 nova-scheduler[96400]: DEBUG cotyledon.oslo_config_glue [-] oslo_messaging_rabbit.rabbit_quorum_max_memory_bytes = 0 {{(pid=96400) log_opt_values /opt/stack/data/venv/lib/python3.12/site-packages/oslo_config/cfg.py:3253}}
Jun 26 15:34:18.421173 np0000003749 nova-scheduler[96400]: DEBUG cotyledon.oslo_config_glue [-] oslo_messaging_rabbit.rabbit_quorum_max_memory_length = 0 {{(pid=96400) log_opt_values /opt/stack/data/venv/lib/python3.12/site-packages/oslo_config/cfg.py:3253}}
Jun 26 15:34:18.421173 np0000003749 nova-scheduler[96400]: DEBUG cotyledon.oslo_config_glue [-] oslo_messaging_rabbit.rabbit_quorum_queue = False {{(pid=96400) log_opt_values /opt/stack/data/venv/lib/python3.12/site-packages/oslo_config/cfg.py:3253}}
Jun 26 15:34:18.421484 np0000003749 nova-scheduler[96400]: DEBUG cotyledon.oslo_config_glue [-] oslo_messaging_rabbit.rabbit_retry_backoff = 2 {{(pid=96400) log_opt_values /opt/stack/data/venv/lib/python3.12/site-packages/oslo_config/cfg.py:3253}}
Jun 26 15:34:18.421484 np0000003749 nova-scheduler[96400]: DEBUG cotyledon.oslo_config_glue [-] oslo_messaging_rabbit.rabbit_retry_interval = 1 {{(pid=96400) log_opt_values /opt/stack/data/venv/lib/python3.12/site-packages/oslo_config/cfg.py:3253}}
Jun 26 15:34:18.421484 np0000003749 nova-scheduler[96400]: DEBUG cotyledon.oslo_config_glue [-] oslo_messaging_rabbit.rabbit_stream_fanout = False {{(pid=96400) log_opt_values /opt/stack/data/venv/lib/python3.12/site-packages/oslo_config/cfg.py:3253}}
Jun 26 15:34:18.421484 np0000003749 nova-scheduler[96400]: DEBUG cotyledon.oslo_config_glue [-] oslo_messaging_rabbit.rabbit_transient_queues_ttl = 1800 {{(pid=96400) log_opt_values /opt/stack/data/venv/lib/python3.12/site-packages/oslo_config/cfg.py:3253}}
Jun 26 15:34:18.421484 np0000003749 nova-scheduler[96400]: DEBUG cotyledon.oslo_config_glue [-] oslo_messaging_rabbit.rabbit_transient_quorum_queue = False {{(pid=96400) log_opt_values /opt/stack/data/venv/lib/python3.12/site-packages/oslo_config/cfg.py:3253}}
Jun 26 15:34:18.421484 np0000003749 nova-scheduler[96400]: DEBUG cotyledon.oslo_config_glue [-] oslo_messaging_rabbit.rpc_conn_pool_size = 30 {{(pid=96400) log_opt_values /opt/stack/data/venv/lib/python3.12/site-packages/oslo_config/cfg.py:3253}}
Jun 26 15:34:18.421484 np0000003749 nova-scheduler[96400]: DEBUG cotyledon.oslo_config_glue [-] oslo_messaging_rabbit.ssl = False {{(pid=96400) log_opt_values /opt/stack/data/venv/lib/python3.12/site-packages/oslo_config/cfg.py:3253}}
Jun 26 15:34:18.421484 np0000003749 nova-scheduler[96400]: DEBUG cotyledon.oslo_config_glue [-] oslo_messaging_rabbit.ssl_ca_file = {{(pid=96400) log_opt_values /opt/stack/data/venv/lib/python3.12/site-packages/oslo_config/cfg.py:3253}}
Jun 26 15:34:18.421484 np0000003749 nova-scheduler[96400]: DEBUG cotyledon.oslo_config_glue [-] oslo_messaging_rabbit.ssl_cert_file = {{(pid=96400) log_opt_values /opt/stack/data/venv/lib/python3.12/site-packages/oslo_config/cfg.py:3253}}
Jun 26 15:34:18.421780 np0000003749 nova-scheduler[96400]: DEBUG cotyledon.oslo_config_glue [-] oslo_messaging_rabbit.ssl_enforce_fips_mode = False {{(pid=96400) log_opt_values /opt/stack/data/venv/lib/python3.12/site-packages/oslo_config/cfg.py:3253}}
Jun 26 15:34:18.421780 np0000003749 nova-scheduler[96400]: DEBUG cotyledon.oslo_config_glue [-] oslo_messaging_rabbit.ssl_enforce_hostname_verification = True {{(pid=96400) log_opt_values /opt/stack/data/venv/lib/python3.12/site-packages/oslo_config/cfg.py:3253}}
Jun 26 15:34:18.421780 np0000003749 nova-scheduler[96400]: DEBUG cotyledon.oslo_config_glue [-] oslo_messaging_rabbit.ssl_key_file = {{(pid=96400) log_opt_values /opt/stack/data/venv/lib/python3.12/site-packages/oslo_config/cfg.py:3253}}
Jun 26 15:34:18.421780 np0000003749 nova-scheduler[96400]: DEBUG cotyledon.oslo_config_glue [-] oslo_messaging_rabbit.ssl_version = {{(pid=96400) log_opt_values /opt/stack/data/venv/lib/python3.12/site-packages/oslo_config/cfg.py:3253}}
Jun 26 15:34:18.421780 np0000003749 nova-scheduler[96400]: DEBUG cotyledon.oslo_config_glue [-] oslo_messaging_rabbit.use_queue_manager = False {{(pid=96400) log_opt_values /opt/stack/data/venv/lib/python3.12/site-packages/oslo_config/cfg.py:3253}}
Jun 26 15:34:18.421780 np0000003749 nova-scheduler[96400]: DEBUG cotyledon.oslo_config_glue [-] oslo_messaging_notifications.driver = ['messagingv2'] {{(pid=96400) log_opt_values /opt/stack/data/venv/lib/python3.12/site-packages/oslo_config/cfg.py:3253}}
Jun 26 15:34:18.421780 np0000003749 nova-scheduler[96400]: DEBUG cotyledon.oslo_config_glue [-] oslo_messaging_notifications.retry = -1 {{(pid=96400) log_opt_values /opt/stack/data/venv/lib/python3.12/site-packages/oslo_config/cfg.py:3253}}
Jun 26 15:34:18.421780 np0000003749 nova-scheduler[96400]: DEBUG cotyledon.oslo_config_glue [-] oslo_messaging_notifications.topics = ['notifications'] {{(pid=96400) log_opt_values /opt/stack/data/venv/lib/python3.12/site-packages/oslo_config/cfg.py:3253}}
Jun 26 15:34:18.421780 np0000003749 nova-scheduler[96400]: DEBUG cotyledon.oslo_config_glue [-] oslo_messaging_notifications.transport_url = **** {{(pid=96400) log_opt_values /opt/stack/data/venv/lib/python3.12/site-packages/oslo_config/cfg.py:3253}}
Jun 26 15:34:18.421957 np0000003749 nova-scheduler[96400]: DEBUG cotyledon.oslo_config_glue [-] oslo_limit.auth_section = None {{(pid=96400) log_opt_values /opt/stack/data/venv/lib/python3.12/site-packages/oslo_config/cfg.py:3253}}
Jun 26 15:34:18.421957 np0000003749 nova-scheduler[96400]: DEBUG cotyledon.oslo_config_glue [-] oslo_limit.auth_type = None {{(pid=96400) log_opt_values /opt/stack/data/venv/lib/python3.12/site-packages/oslo_config/cfg.py:3253}}
Jun 26 15:34:18.421957 np0000003749 nova-scheduler[96400]: DEBUG cotyledon.oslo_config_glue [-] oslo_limit.cafile = None {{(pid=96400) log_opt_values /opt/stack/data/venv/lib/python3.12/site-packages/oslo_config/cfg.py:3253}}
Jun 26 15:34:18.421957 np0000003749 nova-scheduler[96400]: DEBUG cotyledon.oslo_config_glue [-] oslo_limit.certfile = None {{(pid=96400) log_opt_values /opt/stack/data/venv/lib/python3.12/site-packages/oslo_config/cfg.py:3253}}
Jun 26 15:34:18.421957 np0000003749 nova-scheduler[96400]: DEBUG cotyledon.oslo_config_glue [-] oslo_limit.collect_timing = False {{(pid=96400) log_opt_values /opt/stack/data/venv/lib/python3.12/site-packages/oslo_config/cfg.py:3253}}
Jun 26 15:34:18.421957 np0000003749 nova-scheduler[96400]: DEBUG cotyledon.oslo_config_glue [-] oslo_limit.connect_retries = None {{(pid=96400) log_opt_values /opt/stack/data/venv/lib/python3.12/site-packages/oslo_config/cfg.py:3253}}
Jun 26 15:34:18.421957 np0000003749 nova-scheduler[96400]: DEBUG cotyledon.oslo_config_glue [-] oslo_limit.connect_retry_delay = None {{(pid=96400) log_opt_values /opt/stack/data/venv/lib/python3.12/site-packages/oslo_config/cfg.py:3253}}
Jun 26 15:34:18.421957 np0000003749 nova-scheduler[96400]: DEBUG cotyledon.oslo_config_glue [-] oslo_limit.endpoint_id = None {{(pid=96400) log_opt_values /opt/stack/data/venv/lib/python3.12/site-packages/oslo_config/cfg.py:3253}}
Jun 26 15:34:18.421957 np0000003749 nova-scheduler[96400]: DEBUG cotyledon.oslo_config_glue [-] oslo_limit.endpoint_interface = public {{(pid=96400) log_opt_values /opt/stack/data/venv/lib/python3.12/site-packages/oslo_config/cfg.py:3253}}
Jun 26 15:34:18.422154 np0000003749 nova-scheduler[96400]: DEBUG cotyledon.oslo_config_glue [-] oslo_limit.endpoint_override = None {{(pid=96400) log_opt_values /opt/stack/data/venv/lib/python3.12/site-packages/oslo_config/cfg.py:3253}}
Jun 26 15:34:18.422154 np0000003749 nova-scheduler[96400]: DEBUG cotyledon.oslo_config_glue [-] oslo_limit.endpoint_region_name = None {{(pid=96400) log_opt_values /opt/stack/data/venv/lib/python3.12/site-packages/oslo_config/cfg.py:3253}}
Jun 26 15:34:18.422154 np0000003749 nova-scheduler[96400]: DEBUG cotyledon.oslo_config_glue [-] oslo_limit.endpoint_service_name = None {{(pid=96400) log_opt_values /opt/stack/data/venv/lib/python3.12/site-packages/oslo_config/cfg.py:3253}}
Jun 26 15:34:18.422154 np0000003749 nova-scheduler[96400]: DEBUG cotyledon.oslo_config_glue [-] oslo_limit.endpoint_service_type = None {{(pid=96400) log_opt_values /opt/stack/data/venv/lib/python3.12/site-packages/oslo_config/cfg.py:3253}}
Jun 26 15:34:18.422154 np0000003749 nova-scheduler[96400]: DEBUG cotyledon.oslo_config_glue [-] oslo_limit.insecure = False {{(pid=96400) log_opt_values /opt/stack/data/venv/lib/python3.12/site-packages/oslo_config/cfg.py:3253}}
Jun 26 15:34:18.422154 np0000003749 nova-scheduler[96400]: DEBUG cotyledon.oslo_config_glue [-] oslo_limit.keyfile = None {{(pid=96400) log_opt_values /opt/stack/data/venv/lib/python3.12/site-packages/oslo_config/cfg.py:3253}}
Jun 26 15:34:18.422154 np0000003749 nova-scheduler[96400]: DEBUG cotyledon.oslo_config_glue [-] oslo_limit.max_version = None {{(pid=96400) log_opt_values /opt/stack/data/venv/lib/python3.12/site-packages/oslo_config/cfg.py:3253}}
Jun 26 15:34:18.422154 np0000003749 nova-scheduler[96400]: DEBUG cotyledon.oslo_config_glue [-] oslo_limit.min_version = None {{(pid=96400) log_opt_values /opt/stack/data/venv/lib/python3.12/site-packages/oslo_config/cfg.py:3253}}
Jun 26 15:34:18.422154 np0000003749 nova-scheduler[96400]: DEBUG cotyledon.oslo_config_glue [-] oslo_limit.region_name = None {{(pid=96400) log_opt_values /opt/stack/data/venv/lib/python3.12/site-packages/oslo_config/cfg.py:3253}}
Jun 26 15:34:18.422315 np0000003749 nova-scheduler[96400]: DEBUG cotyledon.oslo_config_glue [-] oslo_limit.retriable_status_codes = None {{(pid=96400) log_opt_values /opt/stack/data/venv/lib/python3.12/site-packages/oslo_config/cfg.py:3253}}
Jun 26 15:34:18.422315 np0000003749 nova-scheduler[96400]: DEBUG cotyledon.oslo_config_glue [-] oslo_limit.service_name = None {{(pid=96400) log_opt_values /opt/stack/data/venv/lib/python3.12/site-packages/oslo_config/cfg.py:3253}}
Jun 26 15:34:18.422315 np0000003749 nova-scheduler[96400]: DEBUG cotyledon.oslo_config_glue [-] oslo_limit.service_type = None {{(pid=96400) log_opt_values /opt/stack/data/venv/lib/python3.12/site-packages/oslo_config/cfg.py:3253}}
Jun 26 15:34:18.422315 np0000003749 nova-scheduler[96400]: DEBUG cotyledon.oslo_config_glue [-] oslo_limit.split_loggers = False {{(pid=96400) log_opt_values /opt/stack/data/venv/lib/python3.12/site-packages/oslo_config/cfg.py:3253}}
Jun 26 15:34:18.422315 np0000003749 nova-scheduler[96400]: DEBUG cotyledon.oslo_config_glue [-] oslo_limit.status_code_retries = None {{(pid=96400) log_opt_values /opt/stack/data/venv/lib/python3.12/site-packages/oslo_config/cfg.py:3253}}
Jun 26 15:34:18.422315 np0000003749 nova-scheduler[96400]: DEBUG cotyledon.oslo_config_glue [-] oslo_limit.status_code_retry_delay = None {{(pid=96400) log_opt_values /opt/stack/data/venv/lib/python3.12/site-packages/oslo_config/cfg.py:3253}}
Jun 26 15:34:18.422315 np0000003749 nova-scheduler[96400]: DEBUG cotyledon.oslo_config_glue [-] oslo_limit.timeout = None {{(pid=96400) log_opt_values /opt/stack/data/venv/lib/python3.12/site-packages/oslo_config/cfg.py:3253}}
Jun 26 15:34:18.422315 np0000003749 nova-scheduler[96400]: DEBUG cotyledon.oslo_config_glue [-] oslo_limit.valid_interfaces = None {{(pid=96400) log_opt_values /opt/stack/data/venv/lib/python3.12/site-packages/oslo_config/cfg.py:3253}}
Jun 26 15:34:18.422315 np0000003749 nova-scheduler[96400]: DEBUG cotyledon.oslo_config_glue [-] oslo_limit.version = None {{(pid=96400) log_opt_values /opt/stack/data/venv/lib/python3.12/site-packages/oslo_config/cfg.py:3253}}
Jun 26 15:34:18.422743 np0000003749 nova-scheduler[96400]: DEBUG cotyledon.oslo_config_glue [-] oslo_reports.file_event_handler = None {{(pid=96400) log_opt_values /opt/stack/data/venv/lib/python3.12/site-packages/oslo_config/cfg.py:3253}}
Jun 26 15:34:18.422743 np0000003749 nova-scheduler[96400]: DEBUG cotyledon.oslo_config_glue [-] oslo_reports.file_event_handler_interval = 1 {{(pid=96400) log_opt_values /opt/stack/data/venv/lib/python3.12/site-packages/oslo_config/cfg.py:3253}}
Jun 26 15:34:18.422743 np0000003749 nova-scheduler[96400]: DEBUG cotyledon.oslo_config_glue [-] oslo_reports.log_dir = None {{(pid=96400) log_opt_values /opt/stack/data/venv/lib/python3.12/site-packages/oslo_config/cfg.py:3253}}
Jun 26 15:34:18.422743 np0000003749 nova-scheduler[96400]: DEBUG cotyledon.oslo_config_glue [-] ******************************************************************************** {{(pid=96400) log_opt_values /opt/stack/data/venv/lib/python3.12/site-packages/oslo_config/cfg.py:3260}}
Jun 26 15:34:18.422743 np0000003749 nova-scheduler[96400]: DEBUG cotyledon._service_worker [-] Run service ServiceWrapper(3) [96400] {{(pid=96400) wait_forever /opt/stack/data/venv/lib/python3.12/site-packages/cotyledon/_service_worker.py:218}}
Jun 26 15:34:18.422743 np0000003749 nova-scheduler[96400]: INFO nova.service [-] Starting scheduler node (version 33.1.0)
Jun 26 15:34:18.422743 np0000003749 nova-scheduler[96400]: INFO dbcounter [None req-034f1415-7068-4988-8b86-9ac794879bc0 None None] Registered counter for database nova_cell0
Jun 26 15:34:18.422889 np0000003749 nova-scheduler[96353]: DEBUG oslo_db.sqlalchemy.engines [None req-0b2d81b5-dca2-4a60-9cce-9992ca205485 None None] MySQL server mode set to STRICT_TRANS_TABLES,STRICT_ALL_TABLES,NO_ZERO_IN_DATE,NO_ZERO_DATE,ERROR_FOR_DIVISION_BY_ZERO,TRADITIONAL,NO_ENGINE_SUBSTITUTION {{(pid=96353) _check_effective_sql_mode /opt/stack/data/venv/lib/python3.12/site-packages/oslo_db/sqlalchemy/engines.py:325}}
Jun 26 15:34:18.422889 np0000003749 nova-scheduler[96353]: DEBUG dbcounter [-] [96353] Writer thread running {{(pid=96353) stat_writer /opt/stack/data/venv/lib/python3.12/site-packages/dbcounter.py:102}}
Jun 26 15:34:18.424393 np0000003749 nova-scheduler[96390]: DEBUG oslo_db.sqlalchemy.engines [None req-d0bf918c-2997-4486-9131-4f270947ce43 None None] MySQL server mode set to STRICT_TRANS_TABLES,STRICT_ALL_TABLES,NO_ZERO_IN_DATE,NO_ZERO_DATE,ERROR_FOR_DIVISION_BY_ZERO,TRADITIONAL,NO_ENGINE_SUBSTITUTION {{(pid=96390) _check_effective_sql_mode /opt/stack/data/venv/lib/python3.12/site-packages/oslo_db/sqlalchemy/engines.py:325}}
Jun 26 15:34:18.435035 np0000003749 nova-scheduler[96355]: DEBUG oslo_db.sqlalchemy.engines [None req-c3f1dd83-199f-4a94-bdf6-5368662d61af None None] MySQL server mode set to STRICT_TRANS_TABLES,STRICT_ALL_TABLES,NO_ZERO_IN_DATE,NO_ZERO_DATE,ERROR_FOR_DIVISION_BY_ZERO,TRADITIONAL,NO_ENGINE_SUBSTITUTION {{(pid=96355) _check_effective_sql_mode /opt/stack/data/venv/lib/python3.12/site-packages/oslo_db/sqlalchemy/engines.py:325}}
Jun 26 15:34:18.435981 np0000003749 nova-scheduler[96390]: DEBUG dbcounter [-] [96390] Writer thread running {{(pid=96390) stat_writer /opt/stack/data/venv/lib/python3.12/site-packages/dbcounter.py:102}}
Jun 26 15:34:18.442513 np0000003749 nova-scheduler[96353]: DEBUG nova.service [None req-0b2d81b5-dca2-4a60-9cce-9992ca205485 None None] Creating RPC server for service: nova-scheduler on topic: scheduler {{(pid=96353) start /opt/stack/nova/nova/service.py:196}}
Jun 26 15:34:18.446833 np0000003749 nova-scheduler[96355]: DEBUG dbcounter [-] [96355] Writer thread running {{(pid=96355) stat_writer /opt/stack/data/venv/lib/python3.12/site-packages/dbcounter.py:102}}
Jun 26 15:34:18.450286 np0000003749 nova-scheduler[96355]: DEBUG nova.service [None req-c3f1dd83-199f-4a94-bdf6-5368662d61af None None] Creating RPC server for service: nova-scheduler on topic: scheduler {{(pid=96355) start /opt/stack/nova/nova/service.py:196}}
Jun 26 15:34:18.450598 np0000003749 nova-scheduler[96400]: DEBUG oslo_db.sqlalchemy.engines [None req-034f1415-7068-4988-8b86-9ac794879bc0 None None] MySQL server mode set to STRICT_TRANS_TABLES,STRICT_ALL_TABLES,NO_ZERO_IN_DATE,NO_ZERO_DATE,ERROR_FOR_DIVISION_BY_ZERO,TRADITIONAL,NO_ENGINE_SUBSTITUTION {{(pid=96400) _check_effective_sql_mode /opt/stack/data/venv/lib/python3.12/site-packages/oslo_db/sqlalchemy/engines.py:325}}
Jun 26 15:34:18.456075 np0000003749 nova-scheduler[96390]: DEBUG nova.service [None req-d0bf918c-2997-4486-9131-4f270947ce43 None None] Creating RPC server for service: nova-scheduler on topic: scheduler {{(pid=96390) start /opt/stack/nova/nova/service.py:196}}
Jun 26 15:34:18.468017 np0000003749 nova-scheduler[96400]: DEBUG dbcounter [-] [96400] Writer thread running {{(pid=96400) stat_writer /opt/stack/data/venv/lib/python3.12/site-packages/dbcounter.py:102}}
Jun 26 15:34:18.472226 np0000003749 nova-scheduler[96355]: DEBUG nova.service [None req-c3f1dd83-199f-4a94-bdf6-5368662d61af None None] Join ServiceGroup membership for this service scheduler {{(pid=96355) start /opt/stack/nova/nova/service.py:222}}
Jun 26 15:34:18.472392 np0000003749 nova-scheduler[96353]: DEBUG nova.service [None req-0b2d81b5-dca2-4a60-9cce-9992ca205485 None None] Join ServiceGroup membership for this service scheduler {{(pid=96353) start /opt/stack/nova/nova/service.py:222}}
Jun 26 15:34:18.472483 np0000003749 nova-scheduler[96355]: DEBUG nova.servicegroup.drivers.db [None req-c3f1dd83-199f-4a94-bdf6-5368662d61af None None] DB_Driver: join new ServiceGroup member np0000003749 to the scheduler group, service = {{(pid=96355) join /opt/stack/nova/nova/servicegroup/drivers/db.py:44}}
Jun 26 15:34:18.472656 np0000003749 nova-scheduler[96353]: DEBUG nova.servicegroup.drivers.db [None req-0b2d81b5-dca2-4a60-9cce-9992ca205485 None None] DB_Driver: join new ServiceGroup member np0000003749 to the scheduler group, service = {{(pid=96353) join /opt/stack/nova/nova/servicegroup/drivers/db.py:44}}
Jun 26 15:34:18.472703 np0000003749 nova-scheduler[96400]: DEBUG nova.service [None req-034f1415-7068-4988-8b86-9ac794879bc0 None None] Creating RPC server for service: nova-scheduler on topic: scheduler {{(pid=96400) start /opt/stack/nova/nova/service.py:196}}
Jun 26 15:34:18.476883 np0000003749 nova-scheduler[96390]: DEBUG nova.service [None req-d0bf918c-2997-4486-9131-4f270947ce43 None None] Join ServiceGroup membership for this service scheduler {{(pid=96390) start /opt/stack/nova/nova/service.py:222}}
Jun 26 15:34:18.477098 np0000003749 nova-scheduler[96390]: DEBUG nova.servicegroup.drivers.db [None req-d0bf918c-2997-4486-9131-4f270947ce43 None None] DB_Driver: join new ServiceGroup member np0000003749 to the scheduler group, service = {{(pid=96390) join /opt/stack/nova/nova/servicegroup/drivers/db.py:44}}
Jun 26 15:34:18.489576 np0000003749 nova-scheduler[96400]: DEBUG nova.service [None req-034f1415-7068-4988-8b86-9ac794879bc0 None None] Join ServiceGroup membership for this service scheduler {{(pid=96400) start /opt/stack/nova/nova/service.py:222}}
Jun 26 15:34:18.489711 np0000003749 nova-scheduler[96400]: DEBUG nova.servicegroup.drivers.db [None req-034f1415-7068-4988-8b86-9ac794879bc0 None None] DB_Driver: join new ServiceGroup member np0000003749 to the scheduler group, service = {{(pid=96400) join /opt/stack/nova/nova/servicegroup/drivers/db.py:44}}
Jun 26 15:34:23.488219 np0000003749 nova-scheduler[96353]: DEBUG oslo.service.backend._threading.loopingcall [-] Fixed interval looping call 'nova.servicegroup.drivers.db.DbDriver._report_state' sleeping for 119.99 seconds {{(pid=96353) _run_loop /opt/stack/data/venv/lib/python3.12/site-packages/oslo_service/backend/_threading/loopingcall.py:125}}
Jun 26 15:34:23.489015 np0000003749 nova-scheduler[96390]: DEBUG oslo.service.backend._threading.loopingcall [-] Fixed interval looping call 'nova.servicegroup.drivers.db.DbDriver._report_state' sleeping for 119.99 seconds {{(pid=96390) _run_loop /opt/stack/data/venv/lib/python3.12/site-packages/oslo_service/backend/_threading/loopingcall.py:125}}
Jun 26 15:34:23.489867 np0000003749 nova-scheduler[96355]: DEBUG oslo.service.backend._threading.loopingcall [-] Fixed interval looping call 'nova.servicegroup.drivers.db.DbDriver._report_state' sleeping for 119.98 seconds {{(pid=96355) _run_loop /opt/stack/data/venv/lib/python3.12/site-packages/oslo_service/backend/_threading/loopingcall.py:125}}
Jun 26 15:34:23.499933 np0000003749 nova-scheduler[96400]: DEBUG oslo.service.backend._threading.loopingcall [-] Fixed interval looping call 'nova.servicegroup.drivers.db.DbDriver._report_state' sleeping for 119.99 seconds {{(pid=96400) _run_loop /opt/stack/data/venv/lib/python3.12/site-packages/oslo_service/backend/_threading/loopingcall.py:125}}
Jun 26 15:34:27.027773 np0000003749 nova-scheduler[95155]: DEBUG dbcounter [-] [95155] Writing DB stats nova_api:SELECT=3 {{(pid=95155) stat_writer /opt/stack/data/venv/lib/python3.12/site-packages/dbcounter.py:115}}
Jun 26 15:34:27.162372 np0000003749 nova-scheduler[95155]: DEBUG dbcounter [-] [95155] Writing DB stats nova_cell1:SELECT=1 {{(pid=95155) stat_writer /opt/stack/data/venv/lib/python3.12/site-packages/dbcounter.py:115}}
Jun 26 15:34:27.175876 np0000003749 nova-scheduler[95155]: DEBUG dbcounter [-] [95155] Writing DB stats nova_cell0:SELECT=1 {{(pid=95155) stat_writer /opt/stack/data/venv/lib/python3.12/site-packages/dbcounter.py:115}}
Jun 26 15:34:29.475992 np0000003749 nova-scheduler[96353]: DEBUG oslo.service.backend._threading.loopingcall [None req-d0f04c66-13fb-4fb1-8d09-392556aa0b81 None None] Dynamic interval looping call 'nova.service.Service.periodic_tasks' sleeping for 60.00 seconds {{(pid=96353) _run_loop /opt/stack/data/venv/lib/python3.12/site-packages/oslo_service/backend/_threading/loopingcall.py:125}}
Jun 26 15:34:33.483852 np0000003749 nova-scheduler[96353]: DEBUG dbcounter [-] [96353] Writing DB stats nova_cell0:SELECT=4,nova_cell0:INSERT=1,nova_cell0:UPDATE=1 {{(pid=96353) stat_writer /opt/stack/data/venv/lib/python3.12/site-packages/dbcounter.py:115}}
Jun 26 15:34:33.484206 np0000003749 nova-scheduler[96390]: DEBUG dbcounter [-] [96390] Writing DB stats nova_cell0:SELECT=4,nova_cell0:INSERT=1,nova_cell0:UPDATE=1 {{(pid=96390) stat_writer /opt/stack/data/venv/lib/python3.12/site-packages/dbcounter.py:115}}
Jun 26 15:34:33.486746 np0000003749 nova-scheduler[96355]: DEBUG dbcounter [-] [96355] Writing DB stats nova_cell0:SELECT=3,nova_cell0:UPDATE=1 {{(pid=96355) stat_writer /opt/stack/data/venv/lib/python3.12/site-packages/dbcounter.py:115}}
Jun 26 15:34:33.497572 np0000003749 nova-scheduler[96400]: DEBUG dbcounter [-] [96400] Writing DB stats nova_cell0:SELECT=3 {{(pid=96400) stat_writer /opt/stack/data/venv/lib/python3.12/site-packages/dbcounter.py:115}}
Jun 26 15:34:36.491990 np0000003749 nova-scheduler[96400]: DEBUG oslo.service.backend._threading.loopingcall [None req-561f2a1a-fd09-47f2-8c1c-6bc7641c4339 None None] Dynamic interval looping call 'nova.service.Service.periodic_tasks' sleeping for 60.00 seconds {{(pid=96400) _run_loop /opt/stack/data/venv/lib/python3.12/site-packages/oslo_service/backend/_threading/loopingcall.py:125}}
Jun 26 15:34:54.479785 np0000003749 nova-scheduler[96390]: DEBUG oslo.service.backend._threading.loopingcall [None req-2aed7e84-e112-4114-bfb6-fd227d131ca8 None None] Dynamic interval looping call 'nova.service.Service.periodic_tasks' sleeping for 60.00 seconds {{(pid=96390) _run_loop /opt/stack/data/venv/lib/python3.12/site-packages/oslo_service/backend/_threading/loopingcall.py:125}}
Jun 26 15:35:00.474788 np0000003749 nova-scheduler[96355]: DEBUG oslo.service.backend._threading.loopingcall [None req-f8e07d93-d5ab-4549-a0b8-46e0b6a4b5dd None None] Dynamic interval looping call 'nova.service.Service.periodic_tasks' sleeping for 60.00 seconds {{(pid=96355) _run_loop /opt/stack/data/venv/lib/python3.12/site-packages/oslo_service/backend/_threading/loopingcall.py:125}}
Jun 26 15:35:29.476531 np0000003749 nova-scheduler[96353]: DEBUG oslo.service.backend._threading.loopingcall [None req-d0f04c66-13fb-4fb1-8d09-392556aa0b81 None None] Dynamic interval looping call 'nova.service.Service.periodic_tasks' sleeping for 60.00 seconds {{(pid=96353) _run_loop /opt/stack/data/venv/lib/python3.12/site-packages/oslo_service/backend/_threading/loopingcall.py:125}}
Jun 26 15:35:36.492455 np0000003749 nova-scheduler[96400]: DEBUG oslo.service.backend._threading.loopingcall [None req-561f2a1a-fd09-47f2-8c1c-6bc7641c4339 None None] Dynamic interval looping call 'nova.service.Service.periodic_tasks' sleeping for 60.00 seconds {{(pid=96400) _run_loop /opt/stack/data/venv/lib/python3.12/site-packages/oslo_service/backend/_threading/loopingcall.py:125}}
Jun 26 15:35:54.480315 np0000003749 nova-scheduler[96390]: DEBUG oslo.service.backend._threading.loopingcall [None req-2aed7e84-e112-4114-bfb6-fd227d131ca8 None None] Dynamic interval looping call 'nova.service.Service.periodic_tasks' sleeping for 60.00 seconds {{(pid=96390) _run_loop /opt/stack/data/venv/lib/python3.12/site-packages/oslo_service/backend/_threading/loopingcall.py:125}}
Jun 26 15:36:00.475317 np0000003749 nova-scheduler[96355]: DEBUG oslo.service.backend._threading.loopingcall [None req-f8e07d93-d5ab-4549-a0b8-46e0b6a4b5dd None None] Dynamic interval looping call 'nova.service.Service.periodic_tasks' sleeping for 60.00 seconds {{(pid=96355) _run_loop /opt/stack/data/venv/lib/python3.12/site-packages/oslo_service/backend/_threading/loopingcall.py:125}}
Jun 26 15:36:23.479144 np0000003749 nova-scheduler[96355]: DEBUG oslo.service.backend._threading.loopingcall [-] Fixed interval looping call 'nova.servicegroup.drivers.db.DbDriver._report_state' sleeping for 119.99 seconds {{(pid=96355) _run_loop /opt/stack/data/venv/lib/python3.12/site-packages/oslo_service/backend/_threading/loopingcall.py:125}}
Jun 26 15:36:23.482520 np0000003749 nova-scheduler[96353]: DEBUG oslo.service.backend._threading.loopingcall [-] Fixed interval looping call 'nova.servicegroup.drivers.db.DbDriver._report_state' sleeping for 120.00 seconds {{(pid=96353) _run_loop /opt/stack/data/venv/lib/python3.12/site-packages/oslo_service/backend/_threading/loopingcall.py:125}}
Jun 26 15:36:23.482943 np0000003749 nova-scheduler[96390]: DEBUG oslo.service.backend._threading.loopingcall [-] Fixed interval looping call 'nova.servicegroup.drivers.db.DbDriver._report_state' sleeping for 120.00 seconds {{(pid=96390) _run_loop /opt/stack/data/venv/lib/python3.12/site-packages/oslo_service/backend/_threading/loopingcall.py:125}}
Jun 26 15:36:23.493577 np0000003749 nova-scheduler[96400]: DEBUG oslo.service.backend._threading.loopingcall [-] Fixed interval looping call 'nova.servicegroup.drivers.db.DbDriver._report_state' sleeping for 120.00 seconds {{(pid=96400) _run_loop /opt/stack/data/venv/lib/python3.12/site-packages/oslo_service/backend/_threading/loopingcall.py:125}}
Jun 26 15:36:29.477094 np0000003749 nova-scheduler[96353]: DEBUG oslo.service.backend._threading.loopingcall [None req-d0f04c66-13fb-4fb1-8d09-392556aa0b81 None None] Dynamic interval looping call 'nova.service.Service.periodic_tasks' sleeping for 60.00 seconds {{(pid=96353) _run_loop /opt/stack/data/venv/lib/python3.12/site-packages/oslo_service/backend/_threading/loopingcall.py:125}}
Jun 26 15:36:33.473335 np0000003749 nova-scheduler[96355]: DEBUG dbcounter [-] [96355] Writing DB stats nova_cell0:SELECT=1,nova_cell0:UPDATE=1 {{(pid=96355) stat_writer /opt/stack/data/venv/lib/python3.12/site-packages/dbcounter.py:115}}
Jun 26 15:36:33.480417 np0000003749 nova-scheduler[96353]: DEBUG dbcounter [-] [96353] Writing DB stats nova_cell0:SELECT=1 {{(pid=96353) stat_writer /opt/stack/data/venv/lib/python3.12/site-packages/dbcounter.py:115}}
Jun 26 15:36:33.481230 np0000003749 nova-scheduler[96390]: DEBUG dbcounter [-] [96390] Writing DB stats nova_cell0:SELECT=1 {{(pid=96390) stat_writer /opt/stack/data/venv/lib/python3.12/site-packages/dbcounter.py:115}}
Jun 26 15:36:33.491833 np0000003749 nova-scheduler[96400]: DEBUG dbcounter [-] [96400] Writing DB stats nova_cell0:SELECT=1 {{(pid=96400) stat_writer /opt/stack/data/venv/lib/python3.12/site-packages/dbcounter.py:115}}
Jun 26 15:36:36.492946 np0000003749 nova-scheduler[96400]: DEBUG oslo.service.backend._threading.loopingcall [None req-561f2a1a-fd09-47f2-8c1c-6bc7641c4339 None None] Dynamic interval looping call 'nova.service.Service.periodic_tasks' sleeping for 60.00 seconds {{(pid=96400) _run_loop /opt/stack/data/venv/lib/python3.12/site-packages/oslo_service/backend/_threading/loopingcall.py:125}}
Jun 26 15:36:54.481188 np0000003749 nova-scheduler[96390]: DEBUG oslo.service.backend._threading.loopingcall [None req-2aed7e84-e112-4114-bfb6-fd227d131ca8 None None] Dynamic interval looping call 'nova.service.Service.periodic_tasks' sleeping for 60.00 seconds {{(pid=96390) _run_loop /opt/stack/data/venv/lib/python3.12/site-packages/oslo_service/backend/_threading/loopingcall.py:125}}
Jun 26 15:37:00.475859 np0000003749 nova-scheduler[96355]: DEBUG oslo.service.backend._threading.loopingcall [None req-f8e07d93-d5ab-4549-a0b8-46e0b6a4b5dd None None] Dynamic interval looping call 'nova.service.Service.periodic_tasks' sleeping for 60.00 seconds {{(pid=96355) _run_loop /opt/stack/data/venv/lib/python3.12/site-packages/oslo_service/backend/_threading/loopingcall.py:125}}
Jun 26 15:37:09.798225 np0000003749 nova-scheduler[96355]: DEBUG nova.scheduler.manager [None req-c74458be-ad0e-4312-8354-52e3babb5d7a tempest-ServerRescueNegativeTestJSON-293710606 tempest-ServerRescueNegativeTestJSON-293710606-project-member] Starting to schedule for instances: ['e72f007f-56e1-46b1-94b4-9081509bfdd1'] {{(pid=96355) select_destinations /opt/stack/nova/nova/scheduler/manager.py:210}}
Jun 26 15:37:09.798922 np0000003749 nova-scheduler[96355]: DEBUG nova.scheduler.request_filter [None req-c74458be-ad0e-4312-8354-52e3babb5d7a tempest-ServerRescueNegativeTestJSON-293710606 tempest-ServerRescueNegativeTestJSON-293710606-project-member] compute_status_filter request filter added forbidden trait COMPUTE_STATUS_DISABLED {{(pid=96355) compute_status_filter /opt/stack/nova/nova/scheduler/request_filter.py:253}}
Jun 26 15:37:09.799037 np0000003749 nova-scheduler[96355]: DEBUG nova.scheduler.request_filter [None req-c74458be-ad0e-4312-8354-52e3babb5d7a tempest-ServerRescueNegativeTestJSON-293710606 tempest-ServerRescueNegativeTestJSON-293710606-project-member] Request filter 'compute_status_filter' took 0.0 seconds {{(pid=96355) wrapper /opt/stack/nova/nova/scheduler/request_filter.py:46}}
Jun 26 15:37:09.799522 np0000003749 nova-scheduler[96355]: DEBUG nova.scheduler.request_filter [None req-c74458be-ad0e-4312-8354-52e3babb5d7a tempest-ServerRescueNegativeTestJSON-293710606 tempest-ServerRescueNegativeTestJSON-293710606-project-member] Request filter 'accelerators_filter' took 0.0 seconds {{(pid=96355) wrapper /opt/stack/nova/nova/scheduler/request_filter.py:46}}
Jun 26 15:37:09.800187 np0000003749 nova-scheduler[96355]: DEBUG nova.scheduler.request_filter [None req-c74458be-ad0e-4312-8354-52e3babb5d7a tempest-ServerRescueNegativeTestJSON-293710606 tempest-ServerRescueNegativeTestJSON-293710606-project-member] Request filter 'packed_virtqueue_filter' took 0.0 seconds {{(pid=96355) wrapper /opt/stack/nova/nova/scheduler/request_filter.py:46}}
Jun 26 15:37:09.800187 np0000003749 nova-scheduler[96355]: DEBUG nova.scheduler.request_filter [None req-c74458be-ad0e-4312-8354-52e3babb5d7a tempest-ServerRescueNegativeTestJSON-293710606 tempest-ServerRescueNegativeTestJSON-293710606-project-member] Request filter 'remote_managed_ports_filter' took 0.0 seconds {{(pid=96355) wrapper /opt/stack/nova/nova/scheduler/request_filter.py:46}}
Jun 26 15:37:09.802176 np0000003749 nova-scheduler[96355]: DEBUG nova.scheduler.request_filter [None req-c74458be-ad0e-4312-8354-52e3babb5d7a tempest-ServerRescueNegativeTestJSON-293710606 tempest-ServerRescueNegativeTestJSON-293710606-project-member] ephemeral_encryption_filter skipped {{(pid=96355) ephemeral_encryption_filter /opt/stack/nova/nova/scheduler/request_filter.py:426}}
Jun 26 15:37:09.802176 np0000003749 nova-scheduler[96355]: DEBUG nova.scheduler.request_filter [None req-c74458be-ad0e-4312-8354-52e3babb5d7a tempest-ServerRescueNegativeTestJSON-293710606 tempest-ServerRescueNegativeTestJSON-293710606-project-member] virtio_sound_filter skipped {{(pid=96355) virtio_sound_filter /opt/stack/nova/nova/scheduler/request_filter.py:460}}
Jun 26 15:37:09.802176 np0000003749 nova-scheduler[96355]: DEBUG nova.scheduler.request_filter [None req-c74458be-ad0e-4312-8354-52e3babb5d7a tempest-ServerRescueNegativeTestJSON-293710606 tempest-ServerRescueNegativeTestJSON-293710606-project-member] tpm_secret_security_filter skipped {{(pid=96355) tpm_secret_security_filter /opt/stack/nova/nova/scheduler/request_filter.py:477}}
Jun 26 15:37:10.591272 np0000003749 nova-scheduler[96355]: INFO nova.utils [None req-c74458be-ad0e-4312-8354-52e3babb5d7a tempest-ServerRescueNegativeTestJSON-293710606 tempest-ServerRescueNegativeTestJSON-293710606-project-member] The cell worker thread pool ForkProcess-2.cell_worker is initialized
Jun 26 15:37:10.591392 np0000003749 nova-scheduler[96355]: DEBUG oslo_concurrency.lockutils [None req-c74458be-ad0e-4312-8354-52e3babb5d7a tempest-ServerRescueNegativeTestJSON-293710606 tempest-ServerRescueNegativeTestJSON-293710606-project-member] Acquiring lock "ffec2d86-1df7-40fe-a317-b59f81cda5d5" by "nova.context.set_target_cell..get_or_set_cached_cell_and_set_connections" {{(pid=96355) inner /opt/stack/data/venv/lib/python3.12/site-packages/oslo_concurrency/lockutils.py:511}}
Jun 26 15:37:10.591616 np0000003749 nova-scheduler[96355]: DEBUG oslo_concurrency.lockutils [None req-c74458be-ad0e-4312-8354-52e3babb5d7a tempest-ServerRescueNegativeTestJSON-293710606 tempest-ServerRescueNegativeTestJSON-293710606-project-member] Lock "ffec2d86-1df7-40fe-a317-b59f81cda5d5" acquired by "nova.context.set_target_cell..get_or_set_cached_cell_and_set_connections" :: waited 0.000s {{(pid=96355) inner /opt/stack/data/venv/lib/python3.12/site-packages/oslo_concurrency/lockutils.py:524}}
Jun 26 15:37:10.594056 np0000003749 nova-scheduler[96355]: DEBUG oslo_concurrency.lockutils [None req-c74458be-ad0e-4312-8354-52e3babb5d7a tempest-ServerRescueNegativeTestJSON-293710606 tempest-ServerRescueNegativeTestJSON-293710606-project-member] Lock "ffec2d86-1df7-40fe-a317-b59f81cda5d5" "released" by "nova.context.set_target_cell..get_or_set_cached_cell_and_set_connections" :: held 0.002s {{(pid=96355) inner /opt/stack/data/venv/lib/python3.12/site-packages/oslo_concurrency/lockutils.py:543}}
Jun 26 15:37:10.596070 np0000003749 nova-scheduler[96355]: INFO dbcounter [None req-c74458be-ad0e-4312-8354-52e3babb5d7a tempest-ServerRescueNegativeTestJSON-293710606 tempest-ServerRescueNegativeTestJSON-293710606-project-member] Registered counter for database nova_cell1
Jun 26 15:37:10.642529 np0000003749 nova-scheduler[96355]: DEBUG oslo_db.sqlalchemy.engines [None req-c74458be-ad0e-4312-8354-52e3babb5d7a tempest-ServerRescueNegativeTestJSON-293710606 tempest-ServerRescueNegativeTestJSON-293710606-project-member] MySQL server mode set to STRICT_TRANS_TABLES,STRICT_ALL_TABLES,NO_ZERO_IN_DATE,NO_ZERO_DATE,ERROR_FOR_DIVISION_BY_ZERO,TRADITIONAL,NO_ENGINE_SUBSTITUTION {{(pid=96355) _check_effective_sql_mode /opt/stack/data/venv/lib/python3.12/site-packages/oslo_db/sqlalchemy/engines.py:325}}
Jun 26 15:37:10.650220 np0000003749 nova-scheduler[96355]: DEBUG dbcounter [-] [96355] Writer thread running {{(pid=96355) stat_writer /opt/stack/data/venv/lib/python3.12/site-packages/dbcounter.py:102}}
Jun 26 15:37:10.668463 np0000003749 nova-scheduler[96355]: DEBUG oslo_db.sqlalchemy.engines [None req-c74458be-ad0e-4312-8354-52e3babb5d7a tempest-ServerRescueNegativeTestJSON-293710606 tempest-ServerRescueNegativeTestJSON-293710606-project-member] Parent process 95155 forked (96355) with an open database connection, which is being discarded and recreated. {{(pid=96355) checkout /opt/stack/data/venv/lib/python3.12/site-packages/oslo_db/sqlalchemy/engines.py:402}}
Jun 26 15:37:10.726119 np0000003749 nova-scheduler[96355]: DEBUG dbcounter [-] [96355] Writer thread running {{(pid=96355) stat_writer /opt/stack/data/venv/lib/python3.12/site-packages/dbcounter.py:102}}
Jun 26 15:37:10.730774 np0000003749 nova-scheduler[96355]: DEBUG oslo_concurrency.lockutils [None req-c74458be-ad0e-4312-8354-52e3babb5d7a tempest-ServerRescueNegativeTestJSON-293710606 tempest-ServerRescueNegativeTestJSON-293710606-project-member] Acquiring lock "ffec2d86-1df7-40fe-a317-b59f81cda5d5" by "nova.context.set_target_cell..get_or_set_cached_cell_and_set_connections" {{(pid=96355) inner /opt/stack/data/venv/lib/python3.12/site-packages/oslo_concurrency/lockutils.py:511}}
Jun 26 15:37:10.730942 np0000003749 nova-scheduler[96355]: DEBUG oslo_concurrency.lockutils [None req-c74458be-ad0e-4312-8354-52e3babb5d7a tempest-ServerRescueNegativeTestJSON-293710606 tempest-ServerRescueNegativeTestJSON-293710606-project-member] Lock "ffec2d86-1df7-40fe-a317-b59f81cda5d5" acquired by "nova.context.set_target_cell..get_or_set_cached_cell_and_set_connections" :: waited 0.000s {{(pid=96355) inner /opt/stack/data/venv/lib/python3.12/site-packages/oslo_concurrency/lockutils.py:524}}
Jun 26 15:37:10.731039 np0000003749 nova-scheduler[96355]: DEBUG oslo_concurrency.lockutils [None req-c74458be-ad0e-4312-8354-52e3babb5d7a tempest-ServerRescueNegativeTestJSON-293710606 tempest-ServerRescueNegativeTestJSON-293710606-project-member] Lock "ffec2d86-1df7-40fe-a317-b59f81cda5d5" "released" by "nova.context.set_target_cell..get_or_set_cached_cell_and_set_connections" :: held 0.000s {{(pid=96355) inner /opt/stack/data/venv/lib/python3.12/site-packages/oslo_concurrency/lockutils.py:543}}
Jun 26 15:37:10.736999 np0000003749 nova-scheduler[96355]: DEBUG oslo_concurrency.lockutils [None req-c74458be-ad0e-4312-8354-52e3babb5d7a tempest-ServerRescueNegativeTestJSON-293710606 tempest-ServerRescueNegativeTestJSON-293710606-project-member] Acquiring lock "('np0000003749', 'np0000003749')" by "nova.scheduler.host_manager.HostState.update.._locked_update" {{(pid=96355) inner /opt/stack/data/venv/lib/python3.12/site-packages/oslo_concurrency/lockutils.py:511}}
Jun 26 15:37:10.736999 np0000003749 nova-scheduler[96355]: DEBUG oslo_concurrency.lockutils [None req-c74458be-ad0e-4312-8354-52e3babb5d7a tempest-ServerRescueNegativeTestJSON-293710606 tempest-ServerRescueNegativeTestJSON-293710606-project-member] Lock "('np0000003749', 'np0000003749')" acquired by "nova.scheduler.host_manager.HostState.update.._locked_update" :: waited 0.000s {{(pid=96355) inner /opt/stack/data/venv/lib/python3.12/site-packages/oslo_concurrency/lockutils.py:524}}
Jun 26 15:37:10.738168 np0000003749 nova-scheduler[96355]: DEBUG nova.scheduler.host_manager [None req-c74458be-ad0e-4312-8354-52e3babb5d7a tempest-ServerRescueNegativeTestJSON-293710606 tempest-ServerRescueNegativeTestJSON-293710606-project-member] Update host state from compute node: ComputeNode(cpu_allocation_ratio=4.0,cpu_info='{"arch": "x86_64", "model": "EPYC-Milan", "vendor": "AMD", "topology": {"cells": 1, "sockets": 16, "cores": 1, "threads": 1}, "maxphysaddr": {"mode": "emulate", "bits": 40}, "features": ["cx8", "cmp_legacy", "adx", "nrip-save", "virt-ssbd", "pku", "apic", "avx2", "tsc_adjust", "osvw", "vpclmulqdq", "tsc-scale", "pat", "msr", "ssse3", "stibp", "fsgsbase", "mtrr", "svm", "arch-capabilities", "vmcb-clean", "umip", "abm", "lm", "smap", "movbe", "skip-l1dfl-vmentry", "xsavec", "no-nested-data-bp", "flushbyasid", "rdctl-no", "tsc", "ibrs", "erms", "fma", "pni", "pschange-mc-no", "sse", "misalignsse", "amd-psfd", "xgetbv1", "invpcid", "fxsr_opt", "syscall", "pause-filter", "gds-no", "rdtscp", "pcid", "pdpe1gb", "tsc-deadline", "topoext", "rdseed", "fsrm", "de", "npt", "clflush", "xsaveopt", "fpu", "xsaveerptr", "amd-ssbd", "pae", "xsave", "svme-addr-chk", "clzero", "cmov", "aes", "ssbd", "xsaves", "avx", "pge", "null-sel-clr-base", "bmi2", "lbrv", "mmx", "sse4a", "vgif", "rdpid", "sse4.1", "pse36", "sse4.2", "mmxext", "popcnt", "3dnowprefetch", "rdrand", "sep", "arat", "nx", "vme", "cr8legacy", "f16c", "ibpb", "mce", "pfthreshold", "cx16", "perfctr_core", "smep", "bmi1", "x2apic", "pclmuldq", "hypervisor", "clflushopt", "v-vmsave-vmload", "lahf_lm", "spec-ctrl", "wbnoinvd", "pse", "fxsr", "lfence-always-serializing", "sha-ni", "clwb", "mds-no", "stibp-always-on", "amd-stibp", "mca", "sse2", "vaes"]}',created_at=2026-06-26T15:34:43Z,current_workload=0,deleted=False,deleted_at=None,disk_allocation_ratio=1.0,disk_available_least=74,free_disk_gb=95,free_ram_mb=63789,host='np0000003749',host_ip=10.4.3.171,hypervisor_hostname='np0000003749',hypervisor_type='QEMU',hypervisor_version=8002002,id=1,local_gb=95,local_gb_used=0,mapped=1,memory_mb=64301,memory_mb_used=512,metrics='[]',numa_topology='{"nova_object.name": "NUMATopology", "nova_object.namespace": "nova", "nova_object.version": "1.2", "nova_object.data": {"cells": [{"nova_object.name": "NUMACell", "nova_object.namespace": "nova", "nova_object.version": "1.5", "nova_object.data": {"id": 0, "cpuset": [0, 1, 2, 3, 4, 5, 6, 7, 8, 9, 10, 11, 12, 13, 14, 15], "pcpuset": [0, 1, 2, 3, 4, 5, 6, 7, 8, 9, 10, 11, 12, 13, 14, 15], "memory": 64301, "cpu_usage": 0, "memory_usage": 0, "pinned_cpus": [], "siblings": [[6], [12], [2], [15], [5], [11], [8], [14], [4], [1], [7], [10], [0], [13], [3], [9]], "mempages": [{"nova_object.name": "NUMAPagesTopology", "nova_object.namespace": "nova", "nova_object.version": "1.1", "nova_object.data": {"size_kb": 4, "total": 16461069, "used": 0, "reserved": 0}, "nova_object.changes": ["total", "used", "reserved", "size_kb"]}, {"nova_object.name": "NUMAPagesTopology", "nova_object.namespace": "nova", "nova_object.version": "1.1", "nova_object.data": {"size_kb": 2048, "total": 0, "used": 0, "reserved": 0}, "nova_object.changes": ["total", "used", "reserved", "size_kb"]}, {"nova_object.name": "NUMAPagesTopology", "nova_object.namespace": "nova", "nova_object.version": "1.1", "nova_object.data": {"size_kb": 1048576, "total": 0, "used": 0, "reserved": 0}, "nova_object.changes": ["total", "used", "reserved", "size_kb"]}], "network_metadata": {"nova_object.name": "NetworkMetadata", "nova_object.namespace": "nova", "nova_object.version": "1.0", "nova_object.data": {"physnets": [], "tunneled": false}, "nova_object.changes": ["physnets", "tunneled"]}, "socket": null}, "nova_object.changes": ["cpu_usage", "pinned_cpus", "network_metadata", "memory", "cpuset", "siblings", "mempages", "memory_usage", "pcpuset", "id", "socket"]}]}, "nova_object.changes": ["cells"]}',pci_device_pools=PciDevicePoolList,ram_allocation_ratio=1.0,running_vms=0,service_id=3,stats={failed_builds='0',uptime=' 15:36:29 up 26 min, 2 users, load average: 1.27, 1.41, 0.85
Jun 26 15:37:10.738168 np0000003749 nova-scheduler[96355]: '},supported_hv_specs=[HVSpec,HVSpec,HVSpec,HVSpec,HVSpec,HVSpec,HVSpec,HVSpec,HVSpec,HVSpec,HVSpec,HVSpec,HVSpec,HVSpec,HVSpec,HVSpec,HVSpec,HVSpec,HVSpec,HVSpec,HVSpec,HVSpec,HVSpec,HVSpec,HVSpec],updated_at=2026-06-26T15:36:31Z,uuid=7a157f0b-f4c3-4883-a41d-91bd6fbca6fb,vcpus=16,vcpus_used=0) {{(pid=96355) _locked_update /opt/stack/nova/nova/scheduler/host_manager.py:168}}
