Jun 08 14:20:54.686898 np0000002315 devstack@neutron-api.service[86917]: DEBUG ovsdbapp.backend.ovs_idl.transaction [None req-98d6c047-313e-4215-a2ff-33f582a71785 None None] Running txn n=1 command(idx=1): SetLSwitchPortCommand(_result=None, lport=0156e7c8-5ae7-45b9-b648-e3eed5921235, external_ids_update=None, columns={'external_ids': {'neutron:port_name': '', 'neutron:device_id': 'e46ca664-b5ab-4467-a6fb-c30711dc9a88', 'neutron:project_id': 'ba473288446843d3a29e25267968ba61', 'neutron:cidrs': 'fd7f:1c93:a16d::1/64', 'neutron:device_owner': 'network:router_interface', 'neutron:subnet_pool_addr_scope4': '', 'neutron:subnet_pool_addr_scope6': '', 'neutron:network_name': 'neutron-a137566a-eaf1-4f5d-a192-15d63e6c049a', 'neutron:security_group_ids': '', 'neutron:revision_number': '2', 'neutron:vnic_type': 'normal', 'neutron:port_capabilities': '', 'neutron:mtu': ''}, 'parent_name': [], 'tag': [], 'options': {'router-port': 'lrp-0156e7c8-5ae7-45b9-b648-e3eed5921235'}, 'enabled': True, 'port_security': [], 'dhcpv4_options': [], 'dhcpv6_options': [], 'type': 'router', 'ha_chassis_group': []}, if_exists=False) {{(pid=86917) do_commit /opt/stack/data/venv/lib/python3.12/site-packages/ovsdbapp/backend/ovs_idl/transaction.py:89}}
Jun 08 14:20:54.687417 np0000002315 devstack@neutron-api.service[86917]: DEBUG ovsdbapp.backend.ovs_idl.transaction [None req-98d6c047-313e-4215-a2ff-33f582a71785 None None] Running txn n=1 command(idx=2): PgDelPortCommand(_result=None, port_group=neutron_pg_drop, lsp=['0156e7c8-5ae7-45b9-b648-e3eed5921235'], if_exists=False) {{(pid=86917) do_commit /opt/stack/data/venv/lib/python3.12/site-packages/ovsdbapp/backend/ovs_idl/transaction.py:89}}
Jun 08 14:20:54.691195 np0000002315 devstack@neutron-api.service[86917]: DEBUG neutron.plugins.ml2.drivers.ovn.mech_driver.ovsdb.ovsdb_monitor [None req-98d6c047-313e-4215-a2ff-33f582a71785 None None] Touching Hash Ring node "eee6fe246b0e59ecbe6e58ad04794638" from IDL notify handler {{(pid=86917) notify /opt/stack/neutron/neutron/plugins/ml2/drivers/ovn/mech_driver/ovsdb/ovsdb_monitor.py:1007}}
Jun 08 14:20:54.697411 np0000002315 devstack@neutron-api.service[86917]: DEBUG neutron.plugins.ml2.drivers.ovn.mech_driver.ovsdb.ovsdb_monitor [None req-8d4cfcb1-ee88-49fc-a155-221e2c86b83c None None] Touching Hash Ring node "eee6fe246b0e59ecbe6e58ad04794638" from IDL notify handler {{(pid=86917) notify /opt/stack/neutron/neutron/plugins/ml2/drivers/ovn/mech_driver/ovsdb/ovsdb_monitor.py:1007}}
Jun 08 14:20:54.701278 np0000002315 devstack@neutron-api.service[86917]: DEBUG neutron.plugins.ml2.drivers.ovn.mech_driver.ovsdb.ovsdb_monitor [None req-98d6c047-313e-4215-a2ff-33f582a71785 None None] Hash Ring: Node eee6fe246b0e59ecbe6e58ad04794638 (host: np0000002315) handling event "update" for row f1f1cd79-de74-464e-b5db-e93d36501937 (table: Logical_Switch_Port) {{(pid=86917) notify /opt/stack/neutron/neutron/plugins/ml2/drivers/ovn/mech_driver/ovsdb/ovsdb_monitor.py:1015}}
Jun 08 14:20:54.704412 np0000002315 devstack@neutron-api.service[86917]: DEBUG neutron.plugins.ml2.drivers.ovn.mech_driver.ovsdb.ovsdb_monitor [None req-8d4cfcb1-ee88-49fc-a155-221e2c86b83c None None] Hash Ring: Node eee6fe246b0e59ecbe6e58ad04794638 (host: np0000002315) handling event "update" for row 7a6ce0d2-0683-445e-bdf6-d31e5b096fc4 (table: Port_Binding) {{(pid=86917) notify /opt/stack/neutron/neutron/plugins/ml2/drivers/ovn/mech_driver/ovsdb/ovsdb_monitor.py:1015}}
Jun 08 14:20:54.738936 np0000002315 devstack@neutron-api.service[86917]: DEBUG ovsdbapp.backend.ovs_idl.event [None req-98d6c047-313e-4215-a2ff-33f582a71785 None None] Matched UPDATE: LogicalSwitchPortUpdateLogicalRouterPortEvent(events=('update',), table='Logical_Switch_Port', conditions=None, old_conditions=None), priority=20 to row=Logical_Switch_Port(uuid=f1f1cd79-de74-464e-b5db-e93d36501937, addresses=['router'], dhcpv4_options=[], dhcpv6_options=[], dynamic_addresses=[], enabled=True, external_ids={'neutron:cidrs': 'fd7f:1c93:a16d::1/64', 'neutron:device_id': 'e46ca664-b5ab-4467-a6fb-c30711dc9a88', 'neutron:device_owner': 'network:router_interface', 'neutron:mtu': '', 'neutron:network_name': 'neutron-a137566a-eaf1-4f5d-a192-15d63e6c049a', 'neutron:port_capabilities': '', 'neutron:port_name': '', 'neutron:project_id': 'ba473288446843d3a29e25267968ba61', 'neutron:revision_number': '2', 'neutron:security_group_ids': '', 'neutron:subnet_pool_addr_scope4': '', 'neutron:subnet_pool_addr_scope6': '', 'neutron:vnic_type': 'normal'}, ha_chassis_group=[], mirror_rules=[], name='0156e7c8-5ae7-45b9-b648-e3eed5921235', options={'router-port': 'lrp-0156e7c8-5ae7-45b9-b648-e3eed5921235'}, parent_name=[], port_security=[], tag=[], tag_request=[], type='router', up=True) old=Logical_Switch_Port(uuid=f1f1cd79-de74-464e-b5db-e93d36501937, external_ids={'neutron:cidrs': 'fd7f:1c93:a16d::1/64', 'neutron:device_id': 'e46ca664-b5ab-4467-a6fb-c30711dc9a88', 'neutron:device_owner': 'network:router_interface', 'neutron:mtu': '', 'neutron:network_name': 'neutron-a137566a-eaf1-4f5d-a192-15d63e6c049a', 'neutron:port_capabilities': '', 'neutron:port_name': '', 'neutron:project_id': 'ba473288446843d3a29e25267968ba61', 'neutron:revision_number': '1', 'neutron:security_group_ids': '', 'neutron:subnet_pool_addr_scope4': '', 'neutron:subnet_pool_addr_scope6': '', 'neutron:vnic_type': 'normal'}) {{(pid=86917) matches /opt/stack/data/venv/lib/python3.12/site-packages/ovsdbapp/backend/ovs_idl/event.py:55}}
Jun 08 14:20:54.743290 np0000002315 devstack@neutron-api.service[86917]: [pid: 86917|app: 0|req: 17/32] 10.4.3.119 () {64 vars in 1381 bytes} [Mon Jun 8 14:20:54 2026] GET /networking/v2.0/routers/e46ca664-b5ab-4467-a6fb-c30711dc9a88 => generated 1108 bytes in 110 msecs (HTTP/1.1 200) 4 headers in 158 bytes (1 switches on core 0)
Jun 08 14:20:54.758914 np0000002315 devstack@neutron-api.service[86917]: INFO neutron.db.ovn_revision_numbers_db [None req-b596b5d6-2c2a-4efb-8235-fb80d1488a62 None None] Successfully bumped revision number for resource 0156e7c8-5ae7-45b9-b648-e3eed5921235 (type: ports) to 2
Jun 08 14:20:54.761864 np0000002315 devstack@neutron-api.service[86917]: DEBUG neutron_lib.callbacks.manager [None req-b596b5d6-2c2a-4efb-8235-fb80d1488a62 None None] Publish callbacks ['neutron.plugins.ml2.ovo_rpc._ObjectChangeHandler.handle_event-7396174', 'neutron.services.ovn_l3.plugin.OVNL3RouterPlugin._port_update-8211535954514'] for port (0156e7c8-5ae7-45b9-b648-e3eed5921235), after_update {{(pid=86917) _notify_loop /opt/stack/data/venv/lib/python3.12/site-packages/neutron_lib/callbacks/manager.py:184}}
Jun 08 14:20:54.778096 np0000002315 devstack@neutron-api.service[86917]: DEBUG neutron.api.rpc.handlers.resources_rpc [None req-569096ef-581d-423e-bd57-19b38a8e377d None None] Pushing event updated for resources: {'Port': ['ID=0156e7c8-5ae7-45b9-b648-e3eed5921235,revision_number=2']} {{(pid=86917) push /opt/stack/neutron/neutron/api/rpc/handlers/resources_rpc.py:237}}
Jun 08 14:20:54.788787 np0000002315 devstack@neutron-api.service[86916]: DEBUG neutron.pecan_wsgi.hooks.policy_enforcement [None req-eb9ebef5-80d5-47a0-a7c5-dc2f88e3f5f8 admin admin] Attributes excluded by policy engine: ['standard_attr_id'] {{(pid=86916) _exclude_attributes_by_policy /opt/stack/neutron/neutron/pecan_wsgi/hooks/policy_enforcement.py:256}}
Jun 08 14:20:54.791036 np0000002315 devstack@neutron-api.service[86916]: DEBUG neutron.pecan_wsgi.hooks.policy_enforcement [None req-eb9ebef5-80d5-47a0-a7c5-dc2f88e3f5f8 admin admin] Attributes excluded by policy engine: ['standard_attr_id'] {{(pid=86916) _exclude_attributes_by_policy /opt/stack/neutron/neutron/pecan_wsgi/hooks/policy_enforcement.py:256}}
Jun 08 14:20:54.793044 np0000002315 devstack@neutron-api.service[86916]: DEBUG neutron.pecan_wsgi.hooks.policy_enforcement [None req-eb9ebef5-80d5-47a0-a7c5-dc2f88e3f5f8 admin admin] Attributes excluded by policy engine: ['standard_attr_id'] {{(pid=86916) _exclude_attributes_by_policy /opt/stack/neutron/neutron/pecan_wsgi/hooks/policy_enforcement.py:256}}
Jun 08 14:20:54.793834 np0000002315 devstack@neutron-api.service[86916]: [pid: 86916|app: 0|req: 16/33] 10.4.3.119 () {64 vars in 1370 bytes} [Mon Jun 8 14:20:54 2026] GET /networking/v2.0/ports?device_id=e46ca664-b5ab-4467-a6fb-c30711dc9a88 => generated 2594 bytes in 44 msecs (HTTP/1.1 200) 4 headers in 158 bytes (1 switches on core 0)
Jun 08 14:21:00.130047 np0000002315 devstack@neutron-api.service[86917]: WARNING neutron.plugins.ml2.drivers.ovn.mech_driver.ovsdb.ovn_client [None req-569096ef-581d-423e-bd57-19b38a8e377d None None] No hosting information found for port 0156e7c8-5ae7-45b9-b648-e3eed5921235: RuntimeError: No hosting information found for port 0156e7c8-5ae7-45b9-b648-e3eed5921235
Jun 08 14:21:00.156104 np0000002315 devstack@neutron-api.service[86917]: INFO neutron.common.ovn.utils [None req-569096ef-581d-423e-bd57-19b38a8e377d None None] HA Chassis Group neutron-a137566a-eaf1-4f5d-a192-15d63e6c049a synchronized; highest priority chassis 8011067c-eb29-42f2-be2f-efa81d584fdd
Jun 08 14:21:00.156964 np0000002315 devstack@neutron-api.service[86917]: DEBUG ovsdbapp.backend.ovs_idl.transaction [None req-98d6c047-313e-4215-a2ff-33f582a71785 None None] Running txn n=1 command(idx=0): DbSetCommand(_result=None, table=HA_Chassis_Group, record=neutron-a137566a-eaf1-4f5d-a192-15d63e6c049a, col_values=(('external_ids', {'neutron:availability_zone_hints': '', 'neutron:network_id': 'a137566a-eaf1-4f5d-a192-15d63e6c049a', 'neutron:router_id': 'e46ca664-b5ab-4467-a6fb-c30711dc9a88'}),), if_exists=True) {{(pid=86917) do_commit /opt/stack/data/venv/lib/python3.12/site-packages/ovsdbapp/backend/ovs_idl/transaction.py:89}}
Jun 08 14:21:00.157241 np0000002315 devstack@neutron-api.service[86917]: DEBUG ovsdbapp.backend.ovs_idl.transaction [None req-98d6c047-313e-4215-a2ff-33f582a71785 None None] Running txn n=1 command(idx=1): HAChassisGroupAddChassisCommand(_result=None, hcg=neutron-a137566a-eaf1-4f5d-a192-15d63e6c049a, chassis=8011067c-eb29-42f2-be2f-efa81d584fdd, priority=1, columns={}) {{(pid=86917) do_commit /opt/stack/data/venv/lib/python3.12/site-packages/ovsdbapp/backend/ovs_idl/transaction.py:89}}
Jun 08 14:21:00.157511 np0000002315 devstack@neutron-api.service[86917]: DEBUG ovsdbapp.backend.ovs_idl.transaction [None req-98d6c047-313e-4215-a2ff-33f582a71785 None None] Transaction caused no change {{(pid=86917) do_commit /opt/stack/data/venv/lib/python3.12/site-packages/ovsdbapp/backend/ovs_idl/transaction.py:129}}
Jun 08 14:21:00.207230 np0000002315 devstack@neutron-api.service[86917]: DEBUG ovsdbapp.backend.ovs_idl.transaction [None req-98d6c047-313e-4215-a2ff-33f582a71785 None None] Running txn n=1 command(idx=0): CheckRevisionNumberCommand(_result=None, name=lrp-0156e7c8-5ae7-45b9-b648-e3eed5921235, resource={'id': '0156e7c8-5ae7-45b9-b648-e3eed5921235', 'name': '', 'network_id': 'a137566a-eaf1-4f5d-a192-15d63e6c049a', 'project_id': 'ba473288446843d3a29e25267968ba61', 'mac_address': 'fa:16:3e:68:d4:44', 'admin_state_up': True, 'status': 'ACTIVE', 'device_id': 'e46ca664-b5ab-4467-a6fb-c30711dc9a88', 'device_owner': 'network:router_interface', 'standard_attr_id': 24, 'fixed_ips': [{'subnet_id': '7b3cb50f-b942-4054-b735-5f7be989b8f8', 'ip_address': 'fd7f:1c93:a16d::1'}], 'allowed_address_pairs': [], 'extra_dhcp_opts': [], 'security_groups': [], 'description': '', 'binding:vnic_type': 'normal', 'binding:profile': {}, 'binding:host_id': '', 'binding:vif_type': 'unbound', 'binding:vif_details': {}, 'port_security_enabled': False, 'tags': [], 'created_at': '2026-06-08T14:20:51Z', 'updated_at': '2026-06-08T14:20:54Z', 'revision_number': 2, 'tenant_id': 'ba473288446843d3a29e25267968ba61'}, resource_type=router_ports, if_exists=True) {{(pid=86917) do_commit /opt/stack/data/venv/lib/python3.12/site-packages/ovsdbapp/backend/ovs_idl/transaction.py:89}}
Jun 08 14:21:00.207538 np0000002315 devstack@neutron-api.service[86917]: DEBUG ovsdbapp.backend.ovs_idl.transaction [None req-98d6c047-313e-4215-a2ff-33f582a71785 None None] Running txn n=1 command(idx=1): UpdateLRouterPortCommand(_result=None, name=lrp-0156e7c8-5ae7-45b9-b648-e3eed5921235, columns={'external_ids': {'neutron:revision_number': '2', 'neutron:subnet_ids': '7b3cb50f-b942-4054-b735-5f7be989b8f8', 'neutron:network_name': 'neutron-a137566a-eaf1-4f5d-a192-15d63e6c049a', 'neutron:is_ext_gw': 'False', 'neutron:router_name': 'neutron-e46ca664-b5ab-4467-a6fb-c30711dc9a88'}, 'options': {}, 'networks': ['fd7f:1c93:a16d::1/64'], 'ipv6_ra_configs': {'address_mode': 'slaac', 'send_periodic': 'true', 'mtu': '1372'}}, if_exists=False) {{(pid=86917) do_commit /opt/stack/data/venv/lib/python3.12/site-packages/ovsdbapp/backend/ovs_idl/transaction.py:89}}
Jun 08 14:21:00.207822 np0000002315 devstack@neutron-api.service[86917]: DEBUG ovsdbapp.backend.ovs_idl.transaction [None req-98d6c047-313e-4215-a2ff-33f582a71785 None None] Running txn n=1 command(idx=2): SetLRouterPortInLSwitchPortCommand(_result=None, lswitch_port=0156e7c8-5ae7-45b9-b648-e3eed5921235, lrouter_port=lrp-0156e7c8-5ae7-45b9-b648-e3eed5921235, is_gw_port=False, if_exists=True, lsp_address=router) {{(pid=86917) do_commit /opt/stack/data/venv/lib/python3.12/site-packages/ovsdbapp/backend/ovs_idl/transaction.py:89}}
Jun 08 14:21:00.210428 np0000002315 devstack@neutron-api.service[86917]: DEBUG neutron.plugins.ml2.drivers.ovn.mech_driver.ovsdb.ovsdb_monitor [None req-98d6c047-313e-4215-a2ff-33f582a71785 None None] Touching Hash Ring node "eee6fe246b0e59ecbe6e58ad04794638" from IDL notify handler {{(pid=86917) notify /opt/stack/neutron/neutron/plugins/ml2/drivers/ovn/mech_driver/ovsdb/ovsdb_monitor.py:1007}}
Jun 08 14:21:00.213115 np0000002315 devstack@neutron-api.service[86916]: DEBUG neutron.plugins.ml2.drivers.ovn.mech_driver.ovsdb.ovsdb_monitor [None req-d10d2684-1906-447d-92bd-470261a704c1 None None] Touching Hash Ring node "538c01c6026353db9c41712357cc38eb" from IDL notify handler {{(pid=86916) notify /opt/stack/neutron/neutron/plugins/ml2/drivers/ovn/mech_driver/ovsdb/ovsdb_monitor.py:1007}}
Jun 08 14:21:00.214814 np0000002315 devstack@neutron-api.service[86917]: DEBUG neutron.plugins.ml2.drivers.ovn.mech_driver.ovsdb.ovsdb_monitor [None req-8d4cfcb1-ee88-49fc-a155-221e2c86b83c None None] Touching Hash Ring node "eee6fe246b0e59ecbe6e58ad04794638" from IDL notify handler {{(pid=86917) notify /opt/stack/neutron/neutron/plugins/ml2/drivers/ovn/mech_driver/ovsdb/ovsdb_monitor.py:1007}}
Jun 08 14:21:00.215741 np0000002315 devstack@neutron-api.service[86916]: DEBUG neutron.plugins.ml2.drivers.ovn.mech_driver.ovsdb.ovsdb_monitor [None req-e98208dd-7ede-4eb4-893f-acae7c5b1f0e None None] Touching Hash Ring node "538c01c6026353db9c41712357cc38eb" from IDL notify handler {{(pid=86916) notify /opt/stack/neutron/neutron/plugins/ml2/drivers/ovn/mech_driver/ovsdb/ovsdb_monitor.py:1007}}
Jun 08 14:21:00.217278 np0000002315 devstack@neutron-api.service[86917]: DEBUG neutron.plugins.ml2.drivers.ovn.mech_driver.ovsdb.ovsdb_monitor [None req-98d6c047-313e-4215-a2ff-33f582a71785 None None] Hash Ring: Node eee6fe246b0e59ecbe6e58ad04794638 (host: np0000002315) handling event "update" for row 7fc3d854-64fc-4a31-9aa7-ba2dbe76b58b (table: Logical_Router_Port) {{(pid=86917) notify /opt/stack/neutron/neutron/plugins/ml2/drivers/ovn/mech_driver/ovsdb/ovsdb_monitor.py:1015}}
Jun 08 14:21:00.219546 np0000002315 devstack@neutron-api.service[86917]: DEBUG neutron.plugins.ml2.drivers.ovn.mech_driver.ovsdb.ovsdb_monitor [None req-8d4cfcb1-ee88-49fc-a155-221e2c86b83c None None] Hash Ring: Node eee6fe246b0e59ecbe6e58ad04794638 (host: np0000002315) handling event "update" for row 23b71ba5-3fe1-4ac2-93e8-344f4bd5e96b (table: Port_Binding) {{(pid=86917) notify /opt/stack/neutron/neutron/plugins/ml2/drivers/ovn/mech_driver/ovsdb/ovsdb_monitor.py:1015}}
Jun 08 14:21:00.219684 np0000002315 devstack@neutron-api.service[86916]: DEBUG neutron.plugins.ml2.drivers.ovn.mech_driver.ovsdb.ovsdb_monitor [None req-d10d2684-1906-447d-92bd-470261a704c1 None None] Hash Ring: Node 538c01c6026353db9c41712357cc38eb (host: np0000002315) handling event "update" for row 23b71ba5-3fe1-4ac2-93e8-344f4bd5e96b (table: Port_Binding) {{(pid=86916) notify /opt/stack/neutron/neutron/plugins/ml2/drivers/ovn/mech_driver/ovsdb/ovsdb_monitor.py:1015}}
Jun 08 14:21:00.221024 np0000002315 devstack@neutron-api.service[86916]: DEBUG neutron.plugins.ml2.drivers.ovn.mech_driver.ovsdb.ovsdb_monitor [None req-e98208dd-7ede-4eb4-893f-acae7c5b1f0e None None] Hash Ring: Node 538c01c6026353db9c41712357cc38eb (host: np0000002315) handling event "update" for row 7fc3d854-64fc-4a31-9aa7-ba2dbe76b58b (table: Logical_Router_Port) {{(pid=86916) notify /opt/stack/neutron/neutron/plugins/ml2/drivers/ovn/mech_driver/ovsdb/ovsdb_monitor.py:1015}}
Jun 08 14:21:00.239906 np0000002315 devstack@neutron-api.service[86917]: INFO neutron.db.ovn_revision_numbers_db [None req-569096ef-581d-423e-bd57-19b38a8e377d None None] Successfully bumped revision number for resource 0156e7c8-5ae7-45b9-b648-e3eed5921235 (type: router_ports) to 2
Jun 08 14:21:00.267241 np0000002315 devstack@neutron-api.service[86917]: INFO neutron.common.ovn.utils [None req-569096ef-581d-423e-bd57-19b38a8e377d None None] HA Chassis Group neutron-a137566a-eaf1-4f5d-a192-15d63e6c049a synchronized; highest priority chassis 8011067c-eb29-42f2-be2f-efa81d584fdd
Jun 08 14:21:00.267997 np0000002315 devstack@neutron-api.service[86917]: DEBUG ovsdbapp.backend.ovs_idl.transaction [None req-98d6c047-313e-4215-a2ff-33f582a71785 None None] Running txn n=1 command(idx=0): DbSetCommand(_result=None, table=HA_Chassis_Group, record=neutron-a137566a-eaf1-4f5d-a192-15d63e6c049a, col_values=(('external_ids', {'neutron:availability_zone_hints': '', 'neutron:network_id': 'a137566a-eaf1-4f5d-a192-15d63e6c049a', 'neutron:router_id': 'e46ca664-b5ab-4467-a6fb-c30711dc9a88'}),), if_exists=True) {{(pid=86917) do_commit /opt/stack/data/venv/lib/python3.12/site-packages/ovsdbapp/backend/ovs_idl/transaction.py:89}}
Jun 08 14:21:00.268302 np0000002315 devstack@neutron-api.service[86917]: DEBUG ovsdbapp.backend.ovs_idl.transaction [None req-98d6c047-313e-4215-a2ff-33f582a71785 None None] Running txn n=1 command(idx=1): HAChassisGroupAddChassisCommand(_result=None, hcg=neutron-a137566a-eaf1-4f5d-a192-15d63e6c049a, chassis=8011067c-eb29-42f2-be2f-efa81d584fdd, priority=1, columns={}) {{(pid=86917) do_commit /opt/stack/data/venv/lib/python3.12/site-packages/ovsdbapp/backend/ovs_idl/transaction.py:89}}
Jun 08 14:21:00.268552 np0000002315 devstack@neutron-api.service[86917]: DEBUG ovsdbapp.backend.ovs_idl.transaction [None req-98d6c047-313e-4215-a2ff-33f582a71785 None None] Transaction caused no change {{(pid=86917) do_commit /opt/stack/data/venv/lib/python3.12/site-packages/ovsdbapp/backend/ovs_idl/transaction.py:129}}
Jun 08 14:21:00.293426 np0000002315 devstack@neutron-api.service[86917]: INFO neutron.common.ovn.utils [None req-569096ef-581d-423e-bd57-19b38a8e377d None None] HA Chassis Group neutron-a137566a-eaf1-4f5d-a192-15d63e6c049a synchronized; highest priority chassis 8011067c-eb29-42f2-be2f-efa81d584fdd
Jun 08 14:21:00.293896 np0000002315 devstack@neutron-api.service[86917]: DEBUG ovsdbapp.backend.ovs_idl.transaction [None req-98d6c047-313e-4215-a2ff-33f582a71785 None None] Running txn n=1 command(idx=0): DbSetCommand(_result=None, table=HA_Chassis_Group, record=neutron-a137566a-eaf1-4f5d-a192-15d63e6c049a, col_values=(('external_ids', {'neutron:availability_zone_hints': '', 'neutron:network_id': 'a137566a-eaf1-4f5d-a192-15d63e6c049a', 'neutron:router_id': 'e46ca664-b5ab-4467-a6fb-c30711dc9a88'}),), if_exists=True) {{(pid=86917) do_commit /opt/stack/data/venv/lib/python3.12/site-packages/ovsdbapp/backend/ovs_idl/transaction.py:89}}
Jun 08 14:21:00.294417 np0000002315 devstack@neutron-api.service[86917]: DEBUG ovsdbapp.backend.ovs_idl.transaction [None req-98d6c047-313e-4215-a2ff-33f582a71785 None None] Running txn n=1 command(idx=1): HAChassisGroupAddChassisCommand(_result=None, hcg=neutron-a137566a-eaf1-4f5d-a192-15d63e6c049a, chassis=8011067c-eb29-42f2-be2f-efa81d584fdd, priority=1, columns={}) {{(pid=86917) do_commit /opt/stack/data/venv/lib/python3.12/site-packages/ovsdbapp/backend/ovs_idl/transaction.py:89}}
Jun 08 14:21:00.295922 np0000002315 devstack@neutron-api.service[86917]: DEBUG ovsdbapp.backend.ovs_idl.transaction [None req-98d6c047-313e-4215-a2ff-33f582a71785 None None] Transaction caused no change {{(pid=86917) do_commit /opt/stack/data/venv/lib/python3.12/site-packages/ovsdbapp/backend/ovs_idl/transaction.py:129}}
Jun 08 14:21:00.348396 np0000002315 devstack@neutron-api.service[86917]: DEBUG ovsdbapp.backend.ovs_idl.transaction [None req-98d6c047-313e-4215-a2ff-33f582a71785 None None] Running txn n=1 command(idx=0): CheckRevisionNumberCommand(_result=None, name=lrp-0156e7c8-5ae7-45b9-b648-e3eed5921235, resource={'id': '0156e7c8-5ae7-45b9-b648-e3eed5921235', 'name': '', 'network_id': 'a137566a-eaf1-4f5d-a192-15d63e6c049a', 'project_id': 'ba473288446843d3a29e25267968ba61', 'mac_address': 'fa:16:3e:68:d4:44', 'admin_state_up': True, 'status': 'ACTIVE', 'device_id': 'e46ca664-b5ab-4467-a6fb-c30711dc9a88', 'device_owner': 'network:router_interface', 'standard_attr_id': 24, 'fixed_ips': [{'subnet_id': '7b3cb50f-b942-4054-b735-5f7be989b8f8', 'ip_address': 'fd7f:1c93:a16d::1'}], 'allowed_address_pairs': [], 'extra_dhcp_opts': [], 'security_groups': [], 'description': '', 'binding:vnic_type': 'normal', 'binding:profile': {}, 'binding:host_id': '', 'binding:vif_type': 'unbound', 'binding:vif_details': {}, 'port_security_enabled': False, 'tags': [], 'created_at': '2026-06-08T14:20:51Z', 'updated_at': '2026-06-08T14:20:54Z', 'revision_number': 2, 'tenant_id': 'ba473288446843d3a29e25267968ba61'}, resource_type=router_ports, if_exists=True) {{(pid=86917) do_commit /opt/stack/data/venv/lib/python3.12/site-packages/ovsdbapp/backend/ovs_idl/transaction.py:89}}
Jun 08 14:21:00.348579 np0000002315 devstack@neutron-api.service[86917]: DEBUG ovsdbapp.backend.ovs_idl.transaction [None req-98d6c047-313e-4215-a2ff-33f582a71785 None None] Running txn n=1 command(idx=1): UpdateLRouterPortCommand(_result=None, name=lrp-0156e7c8-5ae7-45b9-b648-e3eed5921235, columns={'external_ids': {'neutron:revision_number': '2', 'neutron:subnet_ids': '7b3cb50f-b942-4054-b735-5f7be989b8f8', 'neutron:network_name': 'neutron-a137566a-eaf1-4f5d-a192-15d63e6c049a', 'neutron:is_ext_gw': 'False', 'neutron:router_name': 'neutron-e46ca664-b5ab-4467-a6fb-c30711dc9a88'}, 'options': {}, 'networks': ['fd7f:1c93:a16d::1/64'], 'ipv6_ra_configs': {'address_mode': 'slaac', 'send_periodic': 'true', 'mtu': '1372'}}, if_exists=False) {{(pid=86917) do_commit /opt/stack/data/venv/lib/python3.12/site-packages/ovsdbapp/backend/ovs_idl/transaction.py:89}}
Jun 08 14:21:00.348857 np0000002315 devstack@neutron-api.service[86917]: DEBUG ovsdbapp.backend.ovs_idl.transaction [None req-98d6c047-313e-4215-a2ff-33f582a71785 None None] Running txn n=1 command(idx=2): SetLRouterPortInLSwitchPortCommand(_result=None, lswitch_port=0156e7c8-5ae7-45b9-b648-e3eed5921235, lrouter_port=lrp-0156e7c8-5ae7-45b9-b648-e3eed5921235, is_gw_port=False, if_exists=True, lsp_address=router) {{(pid=86917) do_commit /opt/stack/data/venv/lib/python3.12/site-packages/ovsdbapp/backend/ovs_idl/transaction.py:89}}
Jun 08 14:21:00.349176 np0000002315 devstack@neutron-api.service[86917]: DEBUG ovsdbapp.backend.ovs_idl.transaction [None req-98d6c047-313e-4215-a2ff-33f582a71785 None None] Transaction caused no change {{(pid=86917) do_commit /opt/stack/data/venv/lib/python3.12/site-packages/ovsdbapp/backend/ovs_idl/transaction.py:129}}
Jun 08 14:21:06.029976 np0000002315 devstack@neutron-api.service[86917]: DEBUG futurist.periodics [-] Submitting periodic callback 'neutron.plugins.ml2.drivers.ovn.mech_driver.ovsdb.maintenance.HashRingHealthCheckPeriodics.touch_hash_ring_node' {{(pid=86917) _process_scheduled /opt/stack/data/venv/lib/python3.12/site-packages/futurist/periodics.py:784}}
Jun 08 14:21:06.030470 np0000002315 devstack@neutron-api.service[86917]: DEBUG neutron.plugins.ml2.drivers.ovn.mech_driver.ovsdb.maintenance [-] Touching Hash Ring node "eee6fe246b0e59ecbe6e58ad04794638" from periodic health check thread {{(pid=86917) touch_hash_ring_node /opt/stack/neutron/neutron/plugins/ml2/drivers/ovn/mech_driver/ovsdb/maintenance.py:1421}}
Jun 08 14:21:06.968296 np0000002315 devstack@neutron-api.service[86916]: DEBUG futurist.periodics [-] Submitting periodic callback 'neutron.plugins.ml2.drivers.ovn.mech_driver.ovsdb.maintenance.HashRingHealthCheckPeriodics.touch_hash_ring_node' {{(pid=86916) _process_scheduled /opt/stack/data/venv/lib/python3.12/site-packages/futurist/periodics.py:784}}
Jun 08 14:21:06.968720 np0000002315 devstack@neutron-api.service[86916]: DEBUG neutron.plugins.ml2.drivers.ovn.mech_driver.ovsdb.maintenance [-] Touching Hash Ring node "538c01c6026353db9c41712357cc38eb" from periodic health check thread {{(pid=86916) touch_hash_ring_node /opt/stack/neutron/neutron/plugins/ml2/drivers/ovn/mech_driver/ovsdb/maintenance.py:1421}}
Jun 08 14:21:16.042040 np0000002315 devstack@neutron-api.service[86917]: DEBUG dbcounter [-] [86917] Writing DB stats neutron:SELECT=2232,neutron:INSERT=704,neutron:DELETE=12,neutron:UPDATE=81 {{(pid=86917) stat_writer /opt/stack/data/venv/lib/python3.12/site-packages/dbcounter.py:115}}
Jun 08 14:21:16.975827 np0000002315 devstack@neutron-api.service[86916]: DEBUG dbcounter [-] [86916] Writing DB stats neutron:SELECT=3091,neutron:INSERT=97,neutron:DELETE=14,neutron:UPDATE=71 {{(pid=86916) stat_writer /opt/stack/data/venv/lib/python3.12/site-packages/dbcounter.py:115}}
Jun 08 14:21:21.030541 np0000002315 devstack@neutron-api.service[86917]: DEBUG futurist.periodics [-] Submitting periodic callback 'neutron.plugins.ml2.drivers.ovn.mech_driver.ovsdb.maintenance.HashRingHealthCheckPeriodics.touch_hash_ring_node' {{(pid=86917) _process_scheduled /opt/stack/data/venv/lib/python3.12/site-packages/futurist/periodics.py:784}}
Jun 08 14:21:21.030965 np0000002315 devstack@neutron-api.service[86917]: DEBUG neutron.plugins.ml2.drivers.ovn.mech_driver.ovsdb.maintenance [-] Touching Hash Ring node "eee6fe246b0e59ecbe6e58ad04794638" from periodic health check thread {{(pid=86917) touch_hash_ring_node /opt/stack/neutron/neutron/plugins/ml2/drivers/ovn/mech_driver/ovsdb/maintenance.py:1421}}
Jun 08 14:21:21.968863 np0000002315 devstack@neutron-api.service[86916]: DEBUG futurist.periodics [-] Submitting periodic callback 'neutron.plugins.ml2.drivers.ovn.mech_driver.ovsdb.maintenance.HashRingHealthCheckPeriodics.touch_hash_ring_node' {{(pid=86916) _process_scheduled /opt/stack/data/venv/lib/python3.12/site-packages/futurist/periodics.py:784}}
Jun 08 14:21:21.969377 np0000002315 devstack@neutron-api.service[86916]: DEBUG neutron.plugins.ml2.drivers.ovn.mech_driver.ovsdb.maintenance [-] Touching Hash Ring node "538c01c6026353db9c41712357cc38eb" from periodic health check thread {{(pid=86916) touch_hash_ring_node /opt/stack/neutron/neutron/plugins/ml2/drivers/ovn/mech_driver/ovsdb/maintenance.py:1421}}
Jun 08 14:21:31.037152 np0000002315 devstack@neutron-api.service[86917]: DEBUG dbcounter [-] [86917] Writing DB stats neutron:UPDATE=1,neutron:SELECT=1 {{(pid=86917) stat_writer /opt/stack/data/venv/lib/python3.12/site-packages/dbcounter.py:115}}
Jun 08 14:21:31.975283 np0000002315 devstack@neutron-api.service[86916]: DEBUG dbcounter [-] [86916] Writing DB stats neutron:UPDATE=1,neutron:SELECT=1 {{(pid=86916) stat_writer /opt/stack/data/venv/lib/python3.12/site-packages/dbcounter.py:115}}
Jun 08 14:21:36.030998 np0000002315 devstack@neutron-api.service[86917]: DEBUG futurist.periodics [-] Submitting periodic callback 'neutron.plugins.ml2.drivers.ovn.mech_driver.ovsdb.maintenance.HashRingHealthCheckPeriodics.touch_hash_ring_node' {{(pid=86917) _process_scheduled /opt/stack/data/venv/lib/python3.12/site-packages/futurist/periodics.py:784}}
Jun 08 14:21:36.031447 np0000002315 devstack@neutron-api.service[86917]: DEBUG neutron.plugins.ml2.drivers.ovn.mech_driver.ovsdb.maintenance [-] Touching Hash Ring node "eee6fe246b0e59ecbe6e58ad04794638" from periodic health check thread {{(pid=86917) touch_hash_ring_node /opt/stack/neutron/neutron/plugins/ml2/drivers/ovn/mech_driver/ovsdb/maintenance.py:1421}}
Jun 08 14:21:36.969331 np0000002315 devstack@neutron-api.service[86916]: DEBUG futurist.periodics [-] Submitting periodic callback 'neutron.plugins.ml2.drivers.ovn.mech_driver.ovsdb.maintenance.HashRingHealthCheckPeriodics.touch_hash_ring_node' {{(pid=86916) _process_scheduled /opt/stack/data/venv/lib/python3.12/site-packages/futurist/periodics.py:784}}
Jun 08 14:21:36.969667 np0000002315 devstack@neutron-api.service[86916]: DEBUG neutron.plugins.ml2.drivers.ovn.mech_driver.ovsdb.maintenance [-] Touching Hash Ring node "538c01c6026353db9c41712357cc38eb" from periodic health check thread {{(pid=86916) touch_hash_ring_node /opt/stack/neutron/neutron/plugins/ml2/drivers/ovn/mech_driver/ovsdb/maintenance.py:1421}}
Jun 08 14:21:46.038109 np0000002315 devstack@neutron-api.service[86917]: DEBUG dbcounter [-] [86917] Writing DB stats neutron:UPDATE=1,neutron:SELECT=1 {{(pid=86917) stat_writer /opt/stack/data/venv/lib/python3.12/site-packages/dbcounter.py:115}}
Jun 08 14:21:46.975451 np0000002315 devstack@neutron-api.service[86916]: DEBUG dbcounter [-] [86916] Writing DB stats neutron:UPDATE=1,neutron:SELECT=1 {{(pid=86916) stat_writer /opt/stack/data/venv/lib/python3.12/site-packages/dbcounter.py:115}}
Jun 08 14:21:51.031505 np0000002315 devstack@neutron-api.service[86917]: DEBUG futurist.periodics [-] Submitting periodic callback 'neutron.plugins.ml2.drivers.ovn.mech_driver.ovsdb.maintenance.HashRingHealthCheckPeriodics.touch_hash_ring_node' {{(pid=86917) _process_scheduled /opt/stack/data/venv/lib/python3.12/site-packages/futurist/periodics.py:784}}
Jun 08 14:21:51.031933 np0000002315 devstack@neutron-api.service[86917]: DEBUG neutron.plugins.ml2.drivers.ovn.mech_driver.ovsdb.maintenance [-] Touching Hash Ring node "eee6fe246b0e59ecbe6e58ad04794638" from periodic health check thread {{(pid=86917) touch_hash_ring_node /opt/stack/neutron/neutron/plugins/ml2/drivers/ovn/mech_driver/ovsdb/maintenance.py:1421}}
Jun 08 14:21:51.571073 np0000002315 devstack@neutron-api.service[86917]: DEBUG neutron.api.wsgi [None req-34437258-cacd-4fc5-b17a-310cdee1c914 admin admin] Missing Content-Type {{(pid=86917) get_content_type /opt/stack/neutron/neutron/api/wsgi.py:80}}
Jun 08 14:21:51.571444 np0000002315 devstack@neutron-api.service[86917]: DEBUG neutron.api.wsgi [None req-34437258-cacd-4fc5-b17a-310cdee1c914 admin admin] https://10.4.3.119/networking/v2.0/extensions returned with HTTP 200 {{(pid=86917) __call__ /opt/stack/neutron/neutron/api/wsgi.py:540}}
Jun 08 14:21:51.571741 np0000002315 devstack@neutron-api.service[86917]: [pid: 86917|app: 0|req: 18/34] 10.4.3.119 () {64 vars in 1292 bytes} [Mon Jun 8 14:21:51 2026] GET /networking/v2.0/extensions => generated 15873 bytes in 3 msecs (HTTP/1.1 200) 4 headers in 159 bytes (1 switches on core 0)
Jun 08 14:21:51.809463 np0000002315 devstack@neutron-api.service[86916]: INFO neutron.pecan_wsgi.hooks.translation [None req-85d20754-843d-4cf9-8dfd-c5532e22f569 admin admin] GET failed (client error): The resource could not be found.
Jun 08 14:21:51.810005 np0000002315 devstack@neutron-api.service[86916]: [pid: 86916|app: 0|req: 17/35] 10.4.3.119 () {64 vars in 1294 bytes} [Mon Jun 8 14:21:51 2026] GET /networking/v2.0/networks/public => generated 108 bytes in 8 msecs (HTTP/1.1 404) 4 headers in 164 bytes (1 switches on core 0)
Jun 08 14:21:51.848115 np0000002315 devstack@neutron-api.service[86917]: DEBUG neutron.pecan_wsgi.hooks.policy_enforcement [None req-2686660d-a6f1-4653-85cc-8c23943ed90f admin admin] Attributes excluded by policy engine: ['standard_attr_id'] {{(pid=86917) _exclude_attributes_by_policy /opt/stack/neutron/neutron/pecan_wsgi/hooks/policy_enforcement.py:256}}
Jun 08 14:21:51.848797 np0000002315 devstack@neutron-api.service[86917]: [pid: 86917|app: 0|req: 19/36] 10.4.3.119 () {64 vars in 1309 bytes} [Mon Jun 8 14:21:51 2026] GET /networking/v2.0/networks?name=public => generated 759 bytes in 33 msecs (HTTP/1.1 200) 4 headers in 157 bytes (1 switches on core 0)
Jun 08 14:21:51.969808 np0000002315 devstack@neutron-api.service[86916]: DEBUG futurist.periodics [-] Submitting periodic callback 'neutron.plugins.ml2.drivers.ovn.mech_driver.ovsdb.maintenance.HashRingHealthCheckPeriodics.touch_hash_ring_node' {{(pid=86916) _process_scheduled /opt/stack/data/venv/lib/python3.12/site-packages/futurist/periodics.py:784}}
Jun 08 14:21:51.970202 np0000002315 devstack@neutron-api.service[86916]: DEBUG neutron.plugins.ml2.drivers.ovn.mech_driver.ovsdb.maintenance [-] Touching Hash Ring node "538c01c6026353db9c41712357cc38eb" from periodic health check thread {{(pid=86916) touch_hash_ring_node /opt/stack/neutron/neutron/plugins/ml2/drivers/ovn/mech_driver/ovsdb/maintenance.py:1421}}
Jun 08 14:21:52.024099 np0000002315 devstack@neutron-api.service[86916]: DEBUG neutron.api.v2.base [None req-502b4ecc-9aa4-45cf-8e1a-5941424b651e admin admin] Request body: {'network': {'shared': True, 'admin_state_up': True, 'name': 'shared'}} {{(pid=86916) prepare_request_body /opt/stack/neutron/neutron/api/v2/base.py:727}}
Jun 08 14:21:52.037721 np0000002315 devstack@neutron-api.service[86916]: DEBUG neutron.pecan_wsgi.hooks.quota_enforcement [None req-502b4ecc-9aa4-45cf-8e1a-5941424b651e admin admin] Made reservation on behalf of ba473288446843d3a29e25267968ba61 for: {'network': 1} {{(pid=86916) before /opt/stack/neutron/neutron/pecan_wsgi/hooks/quota_enforcement.py:66}}
Jun 08 14:21:52.041370 np0000002315 devstack@neutron-api.service[86916]: DEBUG neutron_lib.callbacks.manager [None req-502b4ecc-9aa4-45cf-8e1a-5941424b651e admin admin] Publish callbacks ['neutron.plugins.ml2.plugin.SecurityGroupDbMixin._ensure_default_security_group_handler-89604'] for network (None), before_create {{(pid=86916) _notify_loop /opt/stack/data/venv/lib/python3.12/site-packages/neutron_lib/callbacks/manager.py:184}}
Jun 08 14:21:52.075454 np0000002315 devstack@neutron-api.service[86916]: WARNING neutron.services.revisions.revision_plugin [None req-502b4ecc-9aa4-45cf-8e1a-5941424b651e admin admin] Could not find related network for resource to bump revision.
Jun 08 14:21:52.100904 np0000002315 devstack@neutron-api.service[86916]: DEBUG neutron.plugins.ml2.drivers.helpers [None req-502b4ecc-9aa4-45cf-8e1a-5941424b651e admin admin] geneve segment allocate from pool success with {'geneve_vni': 292} {{(pid=86916) allocate_partially_specified_segment /opt/stack/neutron/neutron/plugins/ml2/drivers/helpers.py:142}}
Jun 08 14:21:52.107966 np0000002315 devstack@neutron-api.service[86916]: DEBUG neutron_lib.callbacks.manager [None req-502b4ecc-9aa4-45cf-8e1a-5941424b651e admin admin] Publish callbacks ['neutron.services.segments.db._add_segment_host_mapping_for_segment-8211537682646', 'neutron.plugins.ml2.plugin.Ml2Plugin._handle_segment_change-857294'] for segment (5c6a587e-b2f4-42c7-9706-8a2e20b0df46), precommit_create {{(pid=86916) _notify_loop /opt/stack/data/venv/lib/python3.12/site-packages/neutron_lib/callbacks/manager.py:184}}
Jun 08 14:21:52.108200 np0000002315 devstack@neutron-api.service[86916]: INFO neutron.db.segments_db [None req-502b4ecc-9aa4-45cf-8e1a-5941424b651e admin admin] Added segment 5c6a587e-b2f4-42c7-9706-8a2e20b0df46 of type geneve for network 73426422-a7fc-44cd-9fc5-cd2d8fa95c38
Jun 08 14:21:52.121651 np0000002315 devstack@neutron-api.service[86916]: DEBUG neutron_lib.callbacks.manager [None req-502b4ecc-9aa4-45cf-8e1a-5941424b651e admin admin] Publish callbacks ['neutron.services.auto_allocate.db._ensure_external_network_default_value_callback-8211536501804'] for network (73426422-a7fc-44cd-9fc5-cd2d8fa95c38), precommit_create {{(pid=86916) _notify_loop /opt/stack/data/venv/lib/python3.12/site-packages/neutron_lib/callbacks/manager.py:184}}
Jun 08 14:21:52.133140 np0000002315 devstack@neutron-api.service[86916]: DEBUG neutron.plugins.ml2.drivers.ovn.mech_driver.mech_driver [None req-502b4ecc-9aa4-45cf-8e1a-5941424b651e admin admin] Validating network segment with type geneve, segmentation ID 292, physical network None {{(pid=86916) _validate_network_segments /opt/stack/neutron/neutron/plugins/ml2/drivers/ovn/mech_driver/mech_driver.py:643}}
Jun 08 14:21:52.133331 np0000002315 devstack@neutron-api.service[86916]: DEBUG neutron.db.ovn_revision_numbers_db [None req-502b4ecc-9aa4-45cf-8e1a-5941424b651e admin admin] create_initial_revision uuid=73426422-a7fc-44cd-9fc5-cd2d8fa95c38, type=networks, rev=-1 {{(pid=86916) create_initial_revision /opt/stack/neutron/neutron/db/ovn_revision_numbers_db.py:98}}
Jun 08 14:21:52.139842 np0000002315 devstack@neutron-api.service[86916]: DEBUG neutron_lib.callbacks.manager [None req-502b4ecc-9aa4-45cf-8e1a-5941424b651e admin admin] Publish callbacks ['neutron.plugins.ml2.ovo_rpc._ObjectChangeHandler.handle_event-7397208'] for network (73426422-a7fc-44cd-9fc5-cd2d8fa95c38), after_create {{(pid=86916) _notify_loop /opt/stack/data/venv/lib/python3.12/site-packages/neutron_lib/callbacks/manager.py:184}}
Jun 08 14:21:52.154069 np0000002315 devstack@neutron-api.service[86916]: DEBUG neutron.api.rpc.handlers.resources_rpc [None req-502b4ecc-9aa4-45cf-8e1a-5941424b651e admin admin] Pushing event updated for resources: {'Network': ['ID=73426422-a7fc-44cd-9fc5-cd2d8fa95c38,revision_number=1']} {{(pid=86916) push /opt/stack/neutron/neutron/api/rpc/handlers/resources_rpc.py:237}}
Jun 08 14:21:52.158151 np0000002315 devstack@neutron-api.service[86916]: DEBUG ovsdbapp.backend.ovs_idl.transaction [None req-e98208dd-7ede-4eb4-893f-acae7c5b1f0e None None] Running txn n=1 command(idx=0): CheckLivenessCommand(_result=None) {{(pid=86916) do_commit /opt/stack/data/venv/lib/python3.12/site-packages/ovsdbapp/backend/ovs_idl/transaction.py:89}}
Jun 08 14:21:52.163843 np0000002315 devstack@neutron-api.service[86917]: DEBUG neutron.plugins.ml2.drivers.ovn.mech_driver.ovsdb.ovsdb_monitor [None req-8d4cfcb1-ee88-49fc-a155-221e2c86b83c None None] ChassisAgentWriteEvent : Matched Chassis_Private, update, None None {{(pid=86917) matches /opt/stack/neutron/neutron/plugins/ml2/drivers/ovn/mech_driver/ovsdb/ovsdb_monitor.py:64}}
Jun 08 14:21:52.164316 np0000002315 devstack@neutron-api.service[86916]: DEBUG neutron.plugins.ml2.drivers.ovn.mech_driver.ovsdb.ovsdb_monitor [None req-d10d2684-1906-447d-92bd-470261a704c1 None None] ChassisAgentWriteEvent : Matched Chassis_Private, update, None None {{(pid=86916) matches /opt/stack/neutron/neutron/plugins/ml2/drivers/ovn/mech_driver/ovsdb/ovsdb_monitor.py:64}}
Jun 08 14:21:52.170389 np0000002315 devstack@neutron-api.service[86916]: DEBUG neutron.common.ovn.hash_ring_manager [None req-e98208dd-7ede-4eb4-893f-acae7c5b1f0e None None] Hash Ring loaded. 2 active nodes. 0 offline nodes {{(pid=86916) _load_hash_ring /opt/stack/neutron/neutron/common/ovn/hash_ring_manager.py:102}}
Jun 08 14:21:52.170553 np0000002315 devstack@neutron-api.service[86916]: DEBUG neutron.plugins.ml2.drivers.ovn.mech_driver.ovsdb.ovsdb_monitor [None req-e98208dd-7ede-4eb4-893f-acae7c5b1f0e None None] Hash Ring: Node 538c01c6026353db9c41712357cc38eb (host: np0000002315) handling event "update" for row 95d38de5-8b04-4855-9c56-a157beb807f7 (table: NB_Global) {{(pid=86916) notify /opt/stack/neutron/neutron/plugins/ml2/drivers/ovn/mech_driver/ovsdb/ovsdb_monitor.py:1015}}
Jun 08 14:21:52.171320 np0000002315 devstack@neutron-api.service[86916]: DEBUG neutron.plugins.ml2.drivers.ovn.mech_driver.ovsdb.ovsdb_monitor [None req-e98208dd-7ede-4eb4-893f-acae7c5b1f0e None None] Hash Ring: Node 538c01c6026353db9c41712357cc38eb (host: np0000002315) handling event "update" for row 95d38de5-8b04-4855-9c56-a157beb807f7 (table: NB_Global) {{(pid=86916) notify /opt/stack/neutron/neutron/plugins/ml2/drivers/ovn/mech_driver/ovsdb/ovsdb_monitor.py:1015}}
Jun 08 14:21:52.171565 np0000002315 devstack@neutron-api.service[86916]: DEBUG neutron.common.ovn.hash_ring_manager [None req-d10d2684-1906-447d-92bd-470261a704c1 None None] Hash Ring loaded. 2 active nodes. 0 offline nodes {{(pid=86916) _load_hash_ring /opt/stack/neutron/neutron/common/ovn/hash_ring_manager.py:102}}
Jun 08 14:21:52.172374 np0000002315 devstack@neutron-api.service[86916]: DEBUG neutron.plugins.ml2.drivers.ovn.mech_driver.ovsdb.ovsdb_monitor [None req-e98208dd-7ede-4eb4-893f-acae7c5b1f0e None None] Hash Ring: Node 538c01c6026353db9c41712357cc38eb (host: np0000002315) handling event "update" for row 95d38de5-8b04-4855-9c56-a157beb807f7 (table: NB_Global) {{(pid=86916) notify /opt/stack/neutron/neutron/plugins/ml2/drivers/ovn/mech_driver/ovsdb/ovsdb_monitor.py:1015}}
Jun 08 14:21:52.172856 np0000002315 devstack@neutron-api.service[86916]: DEBUG neutron.plugins.ml2.drivers.ovn.mech_driver.ovsdb.ovsdb_monitor [None req-e98208dd-7ede-4eb4-893f-acae7c5b1f0e None None] Hash Ring: Node 538c01c6026353db9c41712357cc38eb (host: np0000002315) handling event "update" for row 95d38de5-8b04-4855-9c56-a157beb807f7 (table: NB_Global) {{(pid=86916) notify /opt/stack/neutron/neutron/plugins/ml2/drivers/ovn/mech_driver/ovsdb/ovsdb_monitor.py:1015}}
Jun 08 14:21:52.172943 np0000002315 devstack@neutron-api.service[86917]: DEBUG neutron.common.ovn.hash_ring_manager [None req-8d4cfcb1-ee88-49fc-a155-221e2c86b83c None None] Hash Ring loaded. 2 active nodes. 0 offline nodes {{(pid=86917) _load_hash_ring /opt/stack/neutron/neutron/common/ovn/hash_ring_manager.py:102}}
Jun 08 14:21:52.173455 np0000002315 devstack@neutron-api.service[86917]: DEBUG neutron.plugins.ml2.drivers.ovn.mech_driver.ovsdb.ovsdb_monitor [None req-8d4cfcb1-ee88-49fc-a155-221e2c86b83c None None] Hash Ring: Node eee6fe246b0e59ecbe6e58ad04794638 (host: np0000002315) handling event "update" for row 43c9bfa0-28d7-4fc0-bbc6-d037a3af3277 (table: Chassis_Private) {{(pid=86917) notify /opt/stack/neutron/neutron/plugins/ml2/drivers/ovn/mech_driver/ovsdb/ovsdb_monitor.py:1015}}
Jun 08 14:21:52.174035 np0000002315 devstack@neutron-api.service[86917]: DEBUG neutron.common.ovn.hash_ring_manager [None req-98d6c047-313e-4215-a2ff-33f582a71785 None None] Hash Ring loaded. 2 active nodes. 0 offline nodes {{(pid=86917) _load_hash_ring /opt/stack/neutron/neutron/common/ovn/hash_ring_manager.py:102}}
Jun 08 14:21:52.175718 np0000002315 devstack@neutron-api.service[86916]: DEBUG neutron.api.rpc.callbacks.version_manager [None req-502b4ecc-9aa4-45cf-8e1a-5941424b651e admin admin] Tracked resource versions report:
Jun 08 14:21:52.175718 np0000002315 devstack@neutron-api.service[86916]: pushed versions:
Jun 08 14:21:52.175718 np0000002315 devstack@neutron-api.service[86916]: { 'AddressGroup': {'1.2'},
Jun 08 14:21:52.175718 np0000002315 devstack@neutron-api.service[86916]: 'Agent': {'1.1'},
Jun 08 14:21:52.175718 np0000002315 devstack@neutron-api.service[86916]: 'ConntrackHelper': {'1.0'},
Jun 08 14:21:52.175718 np0000002315 devstack@neutron-api.service[86916]: 'LocalIPAssociation': {'1.0'},
Jun 08 14:21:52.175718 np0000002315 devstack@neutron-api.service[86916]: 'Log': {'1.0'},
Jun 08 14:21:52.175718 np0000002315 devstack@neutron-api.service[86916]: 'NDPProxy': {'1.0'},
Jun 08 14:21:52.175718 np0000002315 devstack@neutron-api.service[86916]: 'Network': {'1.3'},
Jun 08 14:21:52.175718 np0000002315 devstack@neutron-api.service[86916]: 'Port': {'1.11'},
Jun 08 14:21:52.175718 np0000002315 devstack@neutron-api.service[86916]: 'PortForwarding': {'1.3'},
Jun 08 14:21:52.175718 np0000002315 devstack@neutron-api.service[86916]: 'QosPolicy': {'1.10'},
Jun 08 14:21:52.175718 np0000002315 devstack@neutron-api.service[86916]: 'SecurityGroup': {'1.6'},
Jun 08 14:21:52.175718 np0000002315 devstack@neutron-api.service[86916]: 'SecurityGroupRule': {'1.3'},
Jun 08 14:21:52.175718 np0000002315 devstack@neutron-api.service[86916]: 'SubPort': {'1.0'},
Jun 08 14:21:52.175718 np0000002315 devstack@neutron-api.service[86916]: 'Subnet': {'1.2'},
Jun 08 14:21:52.175718 np0000002315 devstack@neutron-api.service[86916]: 'Trunk': {'1.1'}}
Jun 08 14:21:52.175718 np0000002315 devstack@neutron-api.service[86916]: consumer versions:
Jun 08 14:21:52.175718 np0000002315 devstack@neutron-api.service[86916]: { OVN Controller Gateway agent@np0000002315: {},
Jun 08 14:21:52.175718 np0000002315 devstack@neutron-api.service[86916]: OVN Neutron agent@np0000002315: {}}
Jun 08 14:21:52.175718 np0000002315 devstack@neutron-api.service[86916]: {{(pid=86916) report /opt/stack/neutron/neutron/api/rpc/callbacks/version_manager.py:183}}
Jun 08 14:21:52.183767 np0000002315 devstack@neutron-api.service[86916]: DEBUG ovsdbapp.backend.ovs_idl.transaction [None req-e98208dd-7ede-4eb4-893f-acae7c5b1f0e None None] Running txn n=1 command(idx=0): AddNetworkCommand(_result=None, network_uuid=73426422-a7fc-44cd-9fc5-cd2d8fa95c38, may_exist=True, columns={'external_ids': {'neutron:network_name': 'shared', 'neutron:mtu': '1372', 'neutron:revision_number': '1', 'neutron:availability_zone_hints': '', 'neutron:provnet-network-type': 'geneve'}, 'other_config': {'mcast_snoop': 'false', 'mcast_flood_unregistered': 'false', 'vlan-passthru': 'false'}}) {{(pid=86916) do_commit /opt/stack/data/venv/lib/python3.12/site-packages/ovsdbapp/backend/ovs_idl/transaction.py:89}}
Jun 08 14:21:52.186405 np0000002315 devstack@neutron-api.service[86917]: DEBUG neutron.plugins.ml2.drivers.ovn.mech_driver.ovsdb.ovsdb_monitor [None req-98d6c047-313e-4215-a2ff-33f582a71785 None None] Hash Ring: Node eee6fe246b0e59ecbe6e58ad04794638 (host: np0000002315) handling event "create" for row 73426422-a7fc-44cd-9fc5-cd2d8fa95c38 (table: Logical_Switch) {{(pid=86917) notify /opt/stack/neutron/neutron/plugins/ml2/drivers/ovn/mech_driver/ovsdb/ovsdb_monitor.py:1015}}
Jun 08 14:21:52.188299 np0000002315 devstack@neutron-api.service[86916]: DEBUG neutron.plugins.ml2.drivers.ovn.mech_driver.ovsdb.ovsdb_monitor [None req-d10d2684-1906-447d-92bd-470261a704c1 None None] Hash Ring: Node 538c01c6026353db9c41712357cc38eb (host: np0000002315) handling event "create" for row dc33aa28-b54d-494c-9ae0-05af6e8dcb4f (table: Datapath_Binding) {{(pid=86916) notify /opt/stack/neutron/neutron/plugins/ml2/drivers/ovn/mech_driver/ovsdb/ovsdb_monitor.py:1015}}
Jun 08 14:21:52.209261 np0000002315 devstack@neutron-api.service[86916]: INFO neutron.db.ovn_revision_numbers_db [None req-502b4ecc-9aa4-45cf-8e1a-5941424b651e admin admin] Successfully bumped revision number for resource 73426422-a7fc-44cd-9fc5-cd2d8fa95c38 (type: networks) to 1
Jun 08 14:21:52.221383 np0000002315 devstack@neutron-api.service[86916]: DEBUG neutron_lib.callbacks.manager [None req-502b4ecc-9aa4-45cf-8e1a-5941424b651e admin admin] Publish callbacks ['neutron.plugins.ml2.plugin.SecurityGroupDbMixin._ensure_default_security_group_handler-89604'] for port (None), before_create {{(pid=86916) _notify_loop /opt/stack/data/venv/lib/python3.12/site-packages/neutron_lib/callbacks/manager.py:184}}
Jun 08 14:21:52.281794 np0000002315 devstack@neutron-api.service[86916]: DEBUG neutron_lib.callbacks.manager [None req-502b4ecc-9aa4-45cf-8e1a-5941424b651e admin admin] Publish callbacks ['neutron.plugins.ml2.drivers.ovn.mech_driver.mech_driver.OVNMechanismDriver._validate_allowed_address_pairs-473488'] for allowed_address_pair (5087740e-24da-4da5-ac82-5f6ca09afd32), before_create {{(pid=86916) _notify_loop /opt/stack/data/venv/lib/python3.12/site-packages/neutron_lib/callbacks/manager.py:184}}
Jun 08 14:21:52.282289 np0000002315 devstack@neutron-api.service[86916]: DEBUG neutron_lib.callbacks.manager [None req-502b4ecc-9aa4-45cf-8e1a-5941424b651e admin admin] Publish callbacks [] for port (5087740e-24da-4da5-ac82-5f6ca09afd32), precommit_create {{(pid=86916) _notify_loop /opt/stack/data/venv/lib/python3.12/site-packages/neutron_lib/callbacks/manager.py:184}}
Jun 08 14:21:52.282430 np0000002315 devstack@neutron-api.service[86916]: DEBUG neutron.plugins.ml2.drivers.ovn.mech_driver.mech_driver [None req-502b4ecc-9aa4-45cf-8e1a-5941424b651e admin admin] No provisioning block for port 5087740e-24da-4da5-ac82-5f6ca09afd32 since it does not have a host {{(pid=86916) _is_port_provisioning_required /opt/stack/neutron/neutron/plugins/ml2/drivers/ovn/mech_driver/mech_driver.py:896}}
Jun 08 14:21:52.282553 np0000002315 devstack@neutron-api.service[86916]: DEBUG neutron.db.ovn_revision_numbers_db [None req-502b4ecc-9aa4-45cf-8e1a-5941424b651e admin admin] create_initial_revision uuid=5087740e-24da-4da5-ac82-5f6ca09afd32, type=ports, rev=-1 {{(pid=86916) create_initial_revision /opt/stack/neutron/neutron/db/ovn_revision_numbers_db.py:98}}
Jun 08 14:21:52.306379 np0000002315 devstack@neutron-api.service[86916]: DEBUG neutron_lib.callbacks.manager [None req-502b4ecc-9aa4-45cf-8e1a-5941424b651e admin admin] Publish callbacks ['neutron.plugins.ml2.ovo_rpc._ObjectChangeHandler.handle_event-7397327'] for port (5087740e-24da-4da5-ac82-5f6ca09afd32), after_create {{(pid=86916) _notify_loop /opt/stack/data/venv/lib/python3.12/site-packages/neutron_lib/callbacks/manager.py:184}}
Jun 08 14:21:52.332634 np0000002315 devstack@neutron-api.service[86916]: DEBUG neutron.api.rpc.handlers.resources_rpc [None req-502b4ecc-9aa4-45cf-8e1a-5941424b651e admin admin] Pushing event updated for resources: {'Port': ['ID=5087740e-24da-4da5-ac82-5f6ca09afd32,revision_number=1']} {{(pid=86916) push /opt/stack/neutron/neutron/api/rpc/handlers/resources_rpc.py:237}}
