Jun 10 17:00:02.832261 np0000002522 devstack@n-api.service[83627]: DEBUG nova.api.openstack.wsgi [None req-0cf766fb-93be-469d-bb16-7e51bddeaf16 admin admin] Calling method '>' {{(pid=83627) _process_stack /opt/stack/nova/nova/api/openstack/wsgi.py:551}}
Jun 10 17:00:02.854870 np0000002522 devstack@n-api.service[83627]: INFO nova.api.openstack.requestlog [None req-0cf766fb-93be-469d-bb16-7e51bddeaf16 admin admin] 10.4.3.246 "GET /compute/v2.1/flavors/detail?is_public=True" status: 200 len: 2106 microversion: 2.61 time: 0.024259
Jun 10 17:00:02.855300 np0000002522 devstack@n-api.service[83627]: [pid: 83627|app: 0|req: 8/14] 10.4.3.246 () {68 vars in 1407 bytes} [Wed Jun 10 17:00:02 2026] GET /compute/v2.1/flavors/detail?is_public=True => generated 2106 bytes in 25 msecs (HTTP/1.1 200) 9 headers in 360 bytes (1 switches on core 0)
Jun 10 17:00:03.055658 np0000002522 devstack@n-api.service[83628]: DEBUG nova.api.openstack.wsgi [None req-53fa8e97-b206-46c4-bf49-35cc8af2aa13 admin admin] Action: 'create', calling method: >, body: {"flavor": {"id": "1", "os-flavor-access:is_public": true, "swap": 0, "ram": 512, "disk": 1, "name": "m1.tiny", "OS-FLV-EXT-DATA:ephemeral": 0, "vcpus": 1}} {{(pid=83628) _process_stack /opt/stack/nova/nova/api/openstack/wsgi.py:549}}
Jun 10 17:00:03.080420 np0000002522 devstack@n-api.service[83628]: INFO nova.api.openstack.requestlog [None req-53fa8e97-b206-46c4-bf49-35cc8af2aa13 admin admin] 10.4.3.246 "POST /compute/v2.1/flavors" status: 200 len: 402 microversion: 2.61 time: 0.026411
Jun 10 17:00:03.081365 np0000002522 devstack@n-api.service[83628]: [pid: 83628|app: 0|req: 7/15] 10.4.3.246 () {72 vars in 1398 bytes} [Wed Jun 10 17:00:03 2026] POST /compute/v2.1/flavors => generated 402 bytes in 27 msecs (HTTP/1.1 200) 9 headers in 359 bytes (1 switches on core 0)
Jun 10 17:00:03.091136 np0000002522 devstack@n-api.service[83627]: DEBUG nova.api.openstack.wsgi [None req-ec599456-c57c-4335-b42b-d4c3e2a25aa8 admin admin] Action: 'create', calling method: >, body: {"extra_specs": {"hw_rng:allowed": "True"}} {{(pid=83627) _process_stack /opt/stack/nova/nova/api/openstack/wsgi.py:549}}
Jun 10 17:00:03.116032 np0000002522 devstack@n-api.service[83627]: INFO nova.api.openstack.requestlog [None req-ec599456-c57c-4335-b42b-d4c3e2a25aa8 admin admin] 10.4.3.246 "POST /compute/v2.1/flavors/1/os-extra_specs" status: 200 len: 43 microversion: 2.61 time: 0.026561
Jun 10 17:00:03.116502 np0000002522 devstack@n-api.service[83627]: [pid: 83627|app: 0|req: 9/16] 10.4.3.246 () {72 vars in 1448 bytes} [Wed Jun 10 17:00:03 2026] POST /compute/v2.1/flavors/1/os-extra_specs => generated 43 bytes in 27 msecs (HTTP/1.1 200) 9 headers in 358 bytes (1 switches on core 0)
Jun 10 17:00:03.292891 np0000002522 devstack@n-api.service[83628]: DEBUG nova.api.openstack.wsgi [None req-ae1389d5-a999-477b-bd53-85c089883e3b admin admin] Action: 'create', calling method: >, body: {"flavor": {"id": "2", "os-flavor-access:is_public": true, "swap": 0, "ram": 2048, "disk": 20, "name": "m1.small", "OS-FLV-EXT-DATA:ephemeral": 0, "vcpus": 1}} {{(pid=83628) _process_stack /opt/stack/nova/nova/api/openstack/wsgi.py:549}}
Jun 10 17:00:03.307213 np0000002522 devstack@n-api.service[83628]: INFO nova.api.openstack.requestlog [None req-ae1389d5-a999-477b-bd53-85c089883e3b admin admin] 10.4.3.246 "POST /compute/v2.1/flavors" status: 200 len: 405 microversion: 2.61 time: 0.015705
Jun 10 17:00:03.307537 np0000002522 devstack@n-api.service[83628]: [pid: 83628|app: 0|req: 8/17] 10.4.3.246 () {72 vars in 1398 bytes} [Wed Jun 10 17:00:03 2026] POST /compute/v2.1/flavors => generated 405 bytes in 16 msecs (HTTP/1.1 200) 9 headers in 359 bytes (1 switches on core 0)
Jun 10 17:00:03.318244 np0000002522 devstack@n-api.service[83627]: DEBUG nova.api.openstack.wsgi [None req-91d563f1-2caa-4de1-99a9-4b217c4ae29b admin admin] Action: 'create', calling method: >, body: {"extra_specs": {"hw_rng:allowed": "True"}} {{(pid=83627) _process_stack /opt/stack/nova/nova/api/openstack/wsgi.py:549}}
Jun 10 17:00:03.333623 np0000002522 devstack@n-api.service[83627]: INFO nova.api.openstack.requestlog [None req-91d563f1-2caa-4de1-99a9-4b217c4ae29b admin admin] 10.4.3.246 "POST /compute/v2.1/flavors/2/os-extra_specs" status: 200 len: 43 microversion: 2.61 time: 0.017314
Jun 10 17:00:03.334072 np0000002522 devstack@n-api.service[83627]: [pid: 83627|app: 0|req: 10/18] 10.4.3.246 () {72 vars in 1448 bytes} [Wed Jun 10 17:00:03 2026] POST /compute/v2.1/flavors/2/os-extra_specs => generated 43 bytes in 18 msecs (HTTP/1.1 200) 9 headers in 358 bytes (1 switches on core 0)
Jun 10 17:00:03.538611 np0000002522 devstack@n-api.service[83628]: DEBUG nova.api.openstack.wsgi [None req-ee65a4b3-f7c5-44c1-9da6-13fe89ba6207 admin admin] Action: 'create', calling method: >, body: {"flavor": {"id": "3", "os-flavor-access:is_public": true, "swap": 0, "ram": 4096, "disk": 40, "name": "m1.medium", "OS-FLV-EXT-DATA:ephemeral": 0, "vcpus": 2}} {{(pid=83628) _process_stack /opt/stack/nova/nova/api/openstack/wsgi.py:549}}
Jun 10 17:00:03.555543 np0000002522 devstack@n-api.service[83628]: INFO nova.api.openstack.requestlog [None req-ee65a4b3-f7c5-44c1-9da6-13fe89ba6207 admin admin] 10.4.3.246 "POST /compute/v2.1/flavors" status: 200 len: 406 microversion: 2.61 time: 0.018845
Jun 10 17:00:03.555854 np0000002522 devstack@n-api.service[83628]: [pid: 83628|app: 0|req: 9/19] 10.4.3.246 () {72 vars in 1398 bytes} [Wed Jun 10 17:00:03 2026] POST /compute/v2.1/flavors => generated 406 bytes in 19 msecs (HTTP/1.1 200) 9 headers in 359 bytes (1 switches on core 0)
Jun 10 17:00:03.565393 np0000002522 devstack@n-api.service[83627]: DEBUG nova.api.openstack.wsgi [None req-94288e41-eee0-4ff8-90e8-55139bb004de admin admin] Action: 'create', calling method: >, body: {"extra_specs": {"hw_rng:allowed": "True"}} {{(pid=83627) _process_stack /opt/stack/nova/nova/api/openstack/wsgi.py:549}}
Jun 10 17:00:03.579442 np0000002522 devstack@n-api.service[83627]: INFO nova.api.openstack.requestlog [None req-94288e41-eee0-4ff8-90e8-55139bb004de admin admin] 10.4.3.246 "POST /compute/v2.1/flavors/3/os-extra_specs" status: 200 len: 43 microversion: 2.61 time: 0.015575
Jun 10 17:00:03.579830 np0000002522 devstack@n-api.service[83627]: [pid: 83627|app: 0|req: 11/20] 10.4.3.246 () {72 vars in 1448 bytes} [Wed Jun 10 17:00:03 2026] POST /compute/v2.1/flavors/3/os-extra_specs => generated 43 bytes in 16 msecs (HTTP/1.1 200) 9 headers in 358 bytes (1 switches on core 0)
Jun 10 17:00:03.778013 np0000002522 devstack@n-api.service[83628]: DEBUG nova.api.openstack.wsgi [None req-4f423a83-3b2d-4909-9503-f84a704eeb57 admin admin] Action: 'create', calling method: >, body: {"flavor": {"id": "4", "os-flavor-access:is_public": true, "swap": 0, "ram": 8192, "disk": 80, "name": "m1.large", "OS-FLV-EXT-DATA:ephemeral": 0, "vcpus": 4}} {{(pid=83628) _process_stack /opt/stack/nova/nova/api/openstack/wsgi.py:549}}
Jun 10 17:00:03.792764 np0000002522 devstack@n-api.service[83628]: INFO nova.api.openstack.requestlog [None req-4f423a83-3b2d-4909-9503-f84a704eeb57 admin admin] 10.4.3.246 "POST /compute/v2.1/flavors" status: 200 len: 405 microversion: 2.61 time: 0.016294
Jun 10 17:00:03.793014 np0000002522 devstack@n-api.service[83628]: [pid: 83628|app: 0|req: 10/21] 10.4.3.246 () {72 vars in 1398 bytes} [Wed Jun 10 17:00:03 2026] POST /compute/v2.1/flavors => generated 405 bytes in 17 msecs (HTTP/1.1 200) 9 headers in 359 bytes (1 switches on core 0)
Jun 10 17:00:03.804191 np0000002522 devstack@n-api.service[83627]: DEBUG nova.api.openstack.wsgi [None req-02ba3cb6-ecc4-4937-a32c-b266465a1d5e admin admin] Action: 'create', calling method: >, body: {"extra_specs": {"hw_rng:allowed": "True"}} {{(pid=83627) _process_stack /opt/stack/nova/nova/api/openstack/wsgi.py:549}}
Jun 10 17:00:03.828384 np0000002522 devstack@n-api.service[83627]: INFO nova.api.openstack.requestlog [None req-02ba3cb6-ecc4-4937-a32c-b266465a1d5e admin admin] 10.4.3.246 "POST /compute/v2.1/flavors/4/os-extra_specs" status: 200 len: 43 microversion: 2.61 time: 0.025962
Jun 10 17:00:03.828864 np0000002522 devstack@n-api.service[83627]: [pid: 83627|app: 0|req: 12/22] 10.4.3.246 () {72 vars in 1448 bytes} [Wed Jun 10 17:00:03 2026] POST /compute/v2.1/flavors/4/os-extra_specs => generated 43 bytes in 27 msecs (HTTP/1.1 200) 9 headers in 358 bytes (1 switches on core 0)
Jun 10 17:00:04.041047 np0000002522 devstack@n-api.service[83628]: DEBUG nova.api.openstack.wsgi [None req-915a1bf3-fe64-4514-97b5-59fa45ae1869 admin admin] Action: 'create', calling method: >, body: {"flavor": {"id": "5", "os-flavor-access:is_public": true, "swap": 0, "ram": 16384, "disk": 160, "name": "m1.xlarge", "OS-FLV-EXT-DATA:ephemeral": 0, "vcpus": 8}} {{(pid=83628) _process_stack /opt/stack/nova/nova/api/openstack/wsgi.py:549}}
Jun 10 17:00:04.055405 np0000002522 devstack@n-api.service[83628]: INFO nova.api.openstack.requestlog [None req-915a1bf3-fe64-4514-97b5-59fa45ae1869 admin admin] 10.4.3.246 "POST /compute/v2.1/flavors" status: 200 len: 408 microversion: 2.61 time: 0.015856
Jun 10 17:00:04.055646 np0000002522 devstack@n-api.service[83628]: [pid: 83628|app: 0|req: 11/23] 10.4.3.246 () {72 vars in 1398 bytes} [Wed Jun 10 17:00:04 2026] POST /compute/v2.1/flavors => generated 408 bytes in 16 msecs (HTTP/1.1 200) 9 headers in 359 bytes (1 switches on core 0)
Jun 10 17:00:04.065330 np0000002522 devstack@n-api.service[83627]: DEBUG nova.api.openstack.wsgi [None req-f796b56e-e275-4ab6-b586-ad5b907d4f91 admin admin] Action: 'create', calling method: >, body: {"extra_specs": {"hw_rng:allowed": "True"}} {{(pid=83627) _process_stack /opt/stack/nova/nova/api/openstack/wsgi.py:549}}
Jun 10 17:00:04.081291 np0000002522 devstack@n-api.service[83627]: INFO nova.api.openstack.requestlog [None req-f796b56e-e275-4ab6-b586-ad5b907d4f91 admin admin] 10.4.3.246 "POST /compute/v2.1/flavors/5/os-extra_specs" status: 200 len: 43 microversion: 2.61 time: 0.017564
Jun 10 17:00:04.081692 np0000002522 devstack@n-api.service[83627]: [pid: 83627|app: 0|req: 13/24] 10.4.3.246 () {72 vars in 1448 bytes} [Wed Jun 10 17:00:04 2026] POST /compute/v2.1/flavors/5/os-extra_specs => generated 43 bytes in 18 msecs (HTTP/1.1 200) 9 headers in 358 bytes (2 switches on core 0)
Jun 10 17:00:14.050638 np0000002522 devstack@n-api.service[83628]: DEBUG dbcounter [-] [83628] Writing DB stats nova_api:SELECT=21,nova_api:SAVEPOINT=5,nova_api:INSERT=10,nova_api:RELEASE=5 {{(pid=83628) stat_writer /opt/stack/data/venv/lib/python3.12/site-packages/dbcounter.py:115}}
Jun 10 17:00:14.078209 np0000002522 devstack@n-api.service[83627]: DEBUG dbcounter [-] [83627] Writing DB stats nova_api:INSERT=10,nova_api:SELECT=21,nova_api:SAVEPOINT=5,nova_api:RELEASE=5 {{(pid=83627) stat_writer /opt/stack/data/venv/lib/python3.12/site-packages/dbcounter.py:115}}
Jun 10 17:00:28.422968 np0000002522 devstack@n-api.service[83628]: DEBUG nova.api.openstack.wsgi [None req-aed619e1-de46-43f2-8dd9-6deb7b06f432 admin admin] Calling method '>' {{(pid=83628) _process_stack /opt/stack/nova/nova/api/openstack/wsgi.py:551}}
Jun 10 17:00:28.424705 np0000002522 devstack@n-api.service[83628]: DEBUG oslo_concurrency.lockutils [None req-aed619e1-de46-43f2-8dd9-6deb7b06f432 admin admin] Acquiring lock "00000000-0000-0000-0000-000000000000" by "nova.context.set_target_cell..get_or_set_cached_cell_and_set_connections" {{(pid=83628) inner /opt/stack/data/venv/lib/python3.12/site-packages/oslo_concurrency/lockutils.py:511}}
Jun 10 17:00:28.424874 np0000002522 devstack@n-api.service[83628]: DEBUG oslo_concurrency.lockutils [None req-aed619e1-de46-43f2-8dd9-6deb7b06f432 admin admin] Lock "00000000-0000-0000-0000-000000000000" acquired by "nova.context.set_target_cell..get_or_set_cached_cell_and_set_connections" :: waited 0.000s {{(pid=83628) inner /opt/stack/data/venv/lib/python3.12/site-packages/oslo_concurrency/lockutils.py:524}}
Jun 10 17:00:28.425024 np0000002522 devstack@n-api.service[83628]: DEBUG oslo_concurrency.lockutils [None req-aed619e1-de46-43f2-8dd9-6deb7b06f432 admin admin] Lock "00000000-0000-0000-0000-000000000000" "released" by "nova.context.set_target_cell..get_or_set_cached_cell_and_set_connections" :: held 0.000s {{(pid=83628) inner /opt/stack/data/venv/lib/python3.12/site-packages/oslo_concurrency/lockutils.py:543}}
Jun 10 17:00:28.425719 np0000002522 devstack@n-api.service[83628]: DEBUG oslo_concurrency.lockutils [None req-aed619e1-de46-43f2-8dd9-6deb7b06f432 admin admin] Acquiring lock "3733fbe9-a915-40ee-8a27-ff937bb25a56" by "nova.context.set_target_cell..get_or_set_cached_cell_and_set_connections" {{(pid=83628) inner /opt/stack/data/venv/lib/python3.12/site-packages/oslo_concurrency/lockutils.py:511}}
Jun 10 17:00:28.425844 np0000002522 devstack@n-api.service[83628]: DEBUG oslo_concurrency.lockutils [None req-aed619e1-de46-43f2-8dd9-6deb7b06f432 admin admin] Lock "3733fbe9-a915-40ee-8a27-ff937bb25a56" acquired by "nova.context.set_target_cell..get_or_set_cached_cell_and_set_connections" :: waited 0.000s {{(pid=83628) inner /opt/stack/data/venv/lib/python3.12/site-packages/oslo_concurrency/lockutils.py:524}}
Jun 10 17:00:28.426033 np0000002522 devstack@n-api.service[83628]: DEBUG oslo_concurrency.lockutils [None req-aed619e1-de46-43f2-8dd9-6deb7b06f432 admin admin] Lock "3733fbe9-a915-40ee-8a27-ff937bb25a56" "released" by "nova.context.set_target_cell..get_or_set_cached_cell_and_set_connections" :: held 0.000s {{(pid=83628) inner /opt/stack/data/venv/lib/python3.12/site-packages/oslo_concurrency/lockutils.py:543}}
Jun 10 17:00:28.477684 np0000002522 devstack@n-api.service[83628]: INFO nova.api.openstack.requestlog [None req-aed619e1-de46-43f2-8dd9-6deb7b06f432 admin admin] 10.4.3.246 "GET /compute/v2.1/os-services?binary=nova-compute&host=np0000002522" status: 200 len: 255 microversion: 2.69 time: 0.056180
Jun 10 17:00:28.478050 np0000002522 devstack@n-api.service[83628]: [pid: 83628|app: 0|req: 12/25] 10.4.3.246 () {68 vars in 1444 bytes} [Wed Jun 10 17:00:28 2026] GET /compute/v2.1/os-services?binary=nova-compute&host=np0000002522 => generated 255 bytes in 57 msecs (HTTP/1.1 200) 9 headers in 359 bytes (1 switches on core 0)
Jun 10 17:00:38.430305 np0000002522 devstack@n-api.service[83628]: DEBUG dbcounter [-] [83628] Writing DB stats nova_cell0:SELECT=1 {{(pid=83628) stat_writer /opt/stack/data/venv/lib/python3.12/site-packages/dbcounter.py:115}}
Jun 10 17:00:38.432459 np0000002522 devstack@n-api.service[83628]: DEBUG dbcounter [-] [83628] Writing DB stats nova_cell1:SELECT=1 {{(pid=83628) stat_writer /opt/stack/data/venv/lib/python3.12/site-packages/dbcounter.py:115}}
Jun 10 17:00:38.471021 np0000002522 devstack@n-api.service[83628]: DEBUG dbcounter [-] [83628] Writing DB stats nova_api:SELECT=2 {{(pid=83628) stat_writer /opt/stack/data/venv/lib/python3.12/site-packages/dbcounter.py:115}}
Jun 10 17:00:41.571858 np0000002522 devstack@n-api.service[83627]: DEBUG nova.api.openstack.wsgi [None req-f8782dff-6e35-4294-9c7d-45a258fd73be admin admin] Calling method '>' {{(pid=83627) _process_stack /opt/stack/nova/nova/api/openstack/wsgi.py:551}}
Jun 10 17:00:41.585592 np0000002522 devstack@n-api.service[83627]: INFO nova.api.openstack.requestlog [None req-f8782dff-6e35-4294-9c7d-45a258fd73be admin admin] 10.4.3.246 "GET /compute/v2.1/flavors/detail?is_public=True" status: 200 len: 4202 microversion: 2.61 time: 0.015487
Jun 10 17:00:41.585875 np0000002522 devstack@n-api.service[83627]: [pid: 83627|app: 0|req: 14/26] 10.4.3.246 () {68 vars in 1407 bytes} [Wed Jun 10 17:00:41 2026] GET /compute/v2.1/flavors/detail?is_public=True => generated 4202 bytes in 16 msecs (HTTP/1.1 200) 9 headers in 360 bytes (1 switches on core 0)
Jun 10 17:00:42.039186 np0000002522 devstack@n-api.service[83628]: DEBUG nova.api.openstack.wsgi [None req-f0002d84-8795-4afd-b10e-0f0af75d5aee admin admin] Action: 'create', calling method: >, body: {"flavor": {"id": "42", "os-flavor-access:is_public": true, "swap": 0, "ram": 192, "disk": 1, "name": "m1.nano", "OS-FLV-EXT-DATA:ephemeral": 0, "vcpus": 1}} {{(pid=83628) _process_stack /opt/stack/nova/nova/api/openstack/wsgi.py:549}}
Jun 10 17:00:42.052269 np0000002522 devstack@n-api.service[83628]: INFO nova.api.openstack.requestlog [None req-f0002d84-8795-4afd-b10e-0f0af75d5aee admin admin] 10.4.3.246 "POST /compute/v2.1/flavors" status: 200 len: 405 microversion: 2.61 time: 0.015572
Jun 10 17:00:42.052556 np0000002522 devstack@n-api.service[83628]: [pid: 83628|app: 0|req: 13/27] 10.4.3.246 () {72 vars in 1398 bytes} [Wed Jun 10 17:00:42 2026] POST /compute/v2.1/flavors => generated 405 bytes in 16 msecs (HTTP/1.1 200) 9 headers in 359 bytes (1 switches on core 0)
Jun 10 17:00:42.062110 np0000002522 devstack@n-api.service[83627]: DEBUG nova.api.openstack.wsgi [None req-80f826d1-ff9e-4c5e-b97f-ba05bc9b7b1a admin admin] Action: 'create', calling method: >, body: {"extra_specs": {"hw_rng:allowed": "True"}} {{(pid=83627) _process_stack /opt/stack/nova/nova/api/openstack/wsgi.py:549}}
Jun 10 17:00:42.076056 np0000002522 devstack@n-api.service[83627]: INFO nova.api.openstack.requestlog [None req-80f826d1-ff9e-4c5e-b97f-ba05bc9b7b1a admin admin] 10.4.3.246 "POST /compute/v2.1/flavors/42/os-extra_specs" status: 200 len: 43 microversion: 2.61 time: 0.015525
Jun 10 17:00:42.076352 np0000002522 devstack@n-api.service[83627]: [pid: 83627|app: 0|req: 15/28] 10.4.3.246 () {72 vars in 1451 bytes} [Wed Jun 10 17:00:42 2026] POST /compute/v2.1/flavors/42/os-extra_specs => generated 43 bytes in 16 msecs (HTTP/1.1 200) 9 headers in 358 bytes (1 switches on core 0)
Jun 10 17:00:42.516201 np0000002522 devstack@n-api.service[83628]: DEBUG nova.api.openstack.wsgi [None req-17477052-4c2e-40be-9813-110b4a9d9eb9 admin admin] Action: 'create', calling method: >, body: {"flavor": {"id": "84", "os-flavor-access:is_public": true, "swap": 0, "ram": 256, "disk": 1, "name": "m1.micro", "OS-FLV-EXT-DATA:ephemeral": 0, "vcpus": 1}} {{(pid=83628) _process_stack /opt/stack/nova/nova/api/openstack/wsgi.py:549}}
Jun 10 17:00:42.530231 np0000002522 devstack@n-api.service[83628]: INFO nova.api.openstack.requestlog [None req-17477052-4c2e-40be-9813-110b4a9d9eb9 admin admin] 10.4.3.246 "POST /compute/v2.1/flavors" status: 200 len: 406 microversion: 2.61 time: 0.016203
Jun 10 17:00:42.530533 np0000002522 devstack@n-api.service[83628]: [pid: 83628|app: 0|req: 14/29] 10.4.3.246 () {72 vars in 1398 bytes} [Wed Jun 10 17:00:42 2026] POST /compute/v2.1/flavors => generated 406 bytes in 17 msecs (HTTP/1.1 200) 9 headers in 359 bytes (1 switches on core 0)
Jun 10 17:00:42.539878 np0000002522 devstack@n-api.service[83627]: DEBUG nova.api.openstack.wsgi [None req-9bd6c605-7b37-4394-95ae-b55dc2215fff admin admin] Action: 'create', calling method: >, body: {"extra_specs": {"hw_rng:allowed": "True"}} {{(pid=83627) _process_stack /opt/stack/nova/nova/api/openstack/wsgi.py:549}}
Jun 10 17:00:42.557133 np0000002522 devstack@n-api.service[83627]: INFO nova.api.openstack.requestlog [None req-9bd6c605-7b37-4394-95ae-b55dc2215fff admin admin] 10.4.3.246 "POST /compute/v2.1/flavors/84/os-extra_specs" status: 200 len: 43 microversion: 2.61 time: 0.018670
Jun 10 17:00:42.557571 np0000002522 devstack@n-api.service[83627]: [pid: 83627|app: 0|req: 16/30] 10.4.3.246 () {72 vars in 1451 bytes} [Wed Jun 10 17:00:42 2026] POST /compute/v2.1/flavors/84/os-extra_specs => generated 43 bytes in 19 msecs (HTTP/1.1 200) 9 headers in 358 bytes (1 switches on core 0)
Jun 10 17:00:52.524792 np0000002522 devstack@n-api.service[83628]: DEBUG dbcounter [-] [83628] Writing DB stats nova_api:INSERT=2,nova_api:SELECT=2 {{(pid=83628) stat_writer /opt/stack/data/venv/lib/python3.12/site-packages/dbcounter.py:115}}
Jun 10 17:00:52.554754 np0000002522 devstack@n-api.service[83627]: DEBUG dbcounter [-] [83627] Writing DB stats nova_api:SELECT=7,nova_api:SAVEPOINT=2,nova_api:INSERT=2,nova_api:RELEASE=2 {{(pid=83627) stat_writer /opt/stack/data/venv/lib/python3.12/site-packages/dbcounter.py:115}}
Jun 10 17:02:29.215151 np0000002522 devstack@n-api.service[83628]: DEBUG nova.api.openstack.wsgi [None req-792cdef8-97fd-4265-b91d-c26b27a72dcd tempest-ServerRescueNegativeTestJSON-1847187522 tempest-ServerRescueNegativeTestJSON-1847187522-project-member] Action: 'create', calling method: >, body: {"server": {"name": "tempest-ServerRescueNegativeTestJSON-server-63301559", "imageRef": "3584dba2-eb1d-4ba6-91cf-8bad7075b9c4", "flavorRef": "42", "adminPass": "***", "networks": [{"uuid": "}]}} {{(pid=83628) _process_stack /opt/stack/nova/nova/api/openstack/wsgi.py:549}}
Jun 10 17:02:30.063711 np0000002522 devstack@n-api.service[83628]: DEBUG oslo_concurrency.lockutils [None req-792cdef8-97fd-4265-b91d-c26b27a72dcd tempest-ServerRescueNegativeTestJSON-1847187522 tempest-ServerRescueNegativeTestJSON-1847187522-project-member] Acquiring lock "00000000-0000-0000-0000-000000000000" by "nova.context.set_target_cell..get_or_set_cached_cell_and_set_connections" {{(pid=83628) inner /opt/stack/data/venv/lib/python3.12/site-packages/oslo_concurrency/lockutils.py:511}}
Jun 10 17:02:30.064061 np0000002522 devstack@n-api.service[83628]: DEBUG oslo_concurrency.lockutils [None req-792cdef8-97fd-4265-b91d-c26b27a72dcd tempest-ServerRescueNegativeTestJSON-1847187522 tempest-ServerRescueNegativeTestJSON-1847187522-project-member] Lock "00000000-0000-0000-0000-000000000000" acquired by "nova.context.set_target_cell..get_or_set_cached_cell_and_set_connections" :: waited 0.000s {{(pid=83628) inner /opt/stack/data/venv/lib/python3.12/site-packages/oslo_concurrency/lockutils.py:524}}
Jun 10 17:02:30.064502 np0000002522 devstack@n-api.service[83628]: DEBUG oslo_concurrency.lockutils [None req-792cdef8-97fd-4265-b91d-c26b27a72dcd tempest-ServerRescueNegativeTestJSON-1847187522 tempest-ServerRescueNegativeTestJSON-1847187522-project-member] Lock "00000000-0000-0000-0000-000000000000" "released" by "nova.context.set_target_cell..get_or_set_cached_cell_and_set_connections" :: held 0.000s {{(pid=83628) inner /opt/stack/data/venv/lib/python3.12/site-packages/oslo_concurrency/lockutils.py:543}}
Jun 10 17:02:30.065580 np0000002522 devstack@n-api.service[83628]: DEBUG oslo_concurrency.lockutils [None req-792cdef8-97fd-4265-b91d-c26b27a72dcd tempest-ServerRescueNegativeTestJSON-1847187522 tempest-ServerRescueNegativeTestJSON-1847187522-project-member] Acquiring lock "3733fbe9-a915-40ee-8a27-ff937bb25a56" by "nova.context.set_target_cell..get_or_set_cached_cell_and_set_connections" {{(pid=83628) inner /opt/stack/data/venv/lib/python3.12/site-packages/oslo_concurrency/lockutils.py:511}}
Jun 10 17:02:30.065621 np0000002522 devstack@n-api.service[83628]: DEBUG oslo_concurrency.lockutils [None req-792cdef8-97fd-4265-b91d-c26b27a72dcd tempest-ServerRescueNegativeTestJSON-1847187522 tempest-ServerRescueNegativeTestJSON-1847187522-project-member] Lock "3733fbe9-a915-40ee-8a27-ff937bb25a56" acquired by "nova.context.set_target_cell..get_or_set_cached_cell_and_set_connections" :: waited 0.000s {{(pid=83628) inner /opt/stack/data/venv/lib/python3.12/site-packages/oslo_concurrency/lockutils.py:524}}
Jun 10 17:02:30.065859 np0000002522 devstack@n-api.service[83628]: DEBUG oslo_concurrency.lockutils [None req-792cdef8-97fd-4265-b91d-c26b27a72dcd tempest-ServerRescueNegativeTestJSON-1847187522 tempest-ServerRescueNegativeTestJSON-1847187522-project-member] Lock "3733fbe9-a915-40ee-8a27-ff937bb25a56" "released" by "nova.context.set_target_cell..get_or_set_cached_cell_and_set_connections" :: held 0.000s {{(pid=83628) inner /opt/stack/data/venv/lib/python3.12/site-packages/oslo_concurrency/lockutils.py:543}}
Jun 10 17:02:30.071787 np0000002522 devstack@n-api.service[83628]: DEBUG nova.network.neutron [None req-792cdef8-97fd-4265-b91d-c26b27a72dcd tempest-ServerRescueNegativeTestJSON-1847187522 tempest-ServerRescueNegativeTestJSON-1847187522-project-member] validate_networks() for [('8ba90ef2-6033-4ebd-bfb9-8b958ee8a830', None, None, None, None, None)] {{(pid=83628) validate_networks /opt/stack/nova/nova/network/neutron.py:2685}}
Jun 10 17:02:30.074357 np0000002522 devstack@n-api.service[83628]: WARNING neutronclient.v2_0.client [None req-792cdef8-97fd-4265-b91d-c26b27a72dcd tempest-ServerRescueNegativeTestJSON-1847187522 tempest-ServerRescueNegativeTestJSON-1847187522-project-member] The python binding code in neutronclient is deprecated in favor of OpenstackSDK, please use that as this will be removed in a future release.
Jun 10 17:02:31.104879 np0000002522 devstack@n-api.service[83627]: DEBUG nova.api.openstack.wsgi [None req-5aedd48e-911e-42e1-88b0-7050947f4f16 tempest-ServerBootFromVolumeStableRescueTest-1333546566 tempest-ServerBootFromVolumeStableRescueTest-1333546566-project-member] Action: 'create', calling method: >, body: {"server": {"name": "tempest-ServerBootFromVolumeStableRescueTest-server-1659452917", "imageRef": "3584dba2-eb1d-4ba6-91cf-8bad7075b9c4", "flavorRef": "42", "networks": [{"uuid": "b0240aa8-0227-4273-ae27-c02403d05403"}]}} {{(pid=83627) _process_stack /opt/stack/nova/nova/api/openstack/wsgi.py:549}}
Jun 10 17:02:31.726528 np0000002522 devstack@n-api.service[83627]: DEBUG oslo_concurrency.lockutils [None req-5aedd48e-911e-42e1-88b0-7050947f4f16 tempest-ServerBootFromVolumeStableRescueTest-1333546566 tempest-ServerBootFromVolumeStableRescueTest-1333546566-project-member] Acquiring lock "00000000-0000-0000-0000-000000000000" by "nova.context.set_target_cell..get_or_set_cached_cell_and_set_connections" {{(pid=83627) inner /opt/stack/data/venv/lib/python3.12/site-packages/oslo_concurrency/lockutils.py:511}}
Jun 10 17:02:31.727165 np0000002522 devstack@n-api.service[83627]: DEBUG oslo_concurrency.lockutils [None req-5aedd48e-911e-42e1-88b0-7050947f4f16 tempest-ServerBootFromVolumeStableRescueTest-1333546566 tempest-ServerBootFromVolumeStableRescueTest-1333546566-project-member] Lock "00000000-0000-0000-0000-000000000000" acquired by "nova.context.set_target_cell..get_or_set_cached_cell_and_set_connections" :: waited 0.001s {{(pid=83627) inner /opt/stack/data/venv/lib/python3.12/site-packages/oslo_concurrency/lockutils.py:524}}
Jun 10 17:02:31.727890 np0000002522 devstack@n-api.service[83627]: DEBUG oslo_concurrency.lockutils [None req-5aedd48e-911e-42e1-88b0-7050947f4f16 tempest-ServerBootFromVolumeStableRescueTest-1333546566 tempest-ServerBootFromVolumeStableRescueTest-1333546566-project-member] Lock "00000000-0000-0000-0000-000000000000" "released" by "nova.context.set_target_cell..get_or_set_cached_cell_and_set_connections" :: held 0.000s {{(pid=83627) inner /opt/stack/data/venv/lib/python3.12/site-packages/oslo_concurrency/lockutils.py:543}}
Jun 10 17:02:31.729278 np0000002522 devstack@n-api.service[83627]: DEBUG oslo_concurrency.lockutils [None req-5aedd48e-911e-42e1-88b0-7050947f4f16 tempest-ServerBootFromVolumeStableRescueTest-1333546566 tempest-ServerBootFromVolumeStableRescueTest-1333546566-project-member] Acquiring lock "3733fbe9-a915-40ee-8a27-ff937bb25a56" by "nova.context.set_target_cell..get_or_set_cached_cell_and_set_connections" {{(pid=83627) inner /opt/stack/data/venv/lib/python3.12/site-packages/oslo_concurrency/lockutils.py:511}}
Jun 10 17:02:31.729746 np0000002522 devstack@n-api.service[83627]: DEBUG oslo_concurrency.lockutils [None req-5aedd48e-911e-42e1-88b0-7050947f4f16 tempest-ServerBootFromVolumeStableRescueTest-1333546566 tempest-ServerBootFromVolumeStableRescueTest-1333546566-project-member] Lock "3733fbe9-a915-40ee-8a27-ff937bb25a56" acquired by "nova.context.set_target_cell..get_or_set_cached_cell_and_set_connections" :: waited 0.001s {{(pid=83627) inner /opt/stack/data/venv/lib/python3.12/site-packages/oslo_concurrency/lockutils.py:524}}
Jun 10 17:02:31.730386 np0000002522 devstack@n-api.service[83627]: DEBUG oslo_concurrency.lockutils [None req-5aedd48e-911e-42e1-88b0-7050947f4f16 tempest-ServerBootFromVolumeStableRescueTest-1333546566 tempest-ServerBootFromVolumeStableRescueTest-1333546566-project-member] Lock "3733fbe9-a915-40ee-8a27-ff937bb25a56" "released" by "nova.context.set_target_cell..get_or_set_cached_cell_and_set_connections" :: held 0.000s {{(pid=83627) inner /opt/stack/data/venv/lib/python3.12/site-packages/oslo_concurrency/lockutils.py:543}}
Jun 10 17:02:31.736549 np0000002522 devstack@n-api.service[83627]: DEBUG nova.network.neutron [None req-5aedd48e-911e-42e1-88b0-7050947f4f16 tempest-ServerBootFromVolumeStableRescueTest-1333546566 tempest-ServerBootFromVolumeStableRescueTest-1333546566-project-member] validate_networks() for [('b0240aa8-0227-4273-ae27-c02403d05403', None, None, None, None, None)] {{(pid=83627) validate_networks /opt/stack/nova/nova/network/neutron.py:2685}}
Jun 10 17:02:31.739999 np0000002522 devstack@n-api.service[83627]: WARNING neutronclient.v2_0.client [None req-5aedd48e-911e-42e1-88b0-7050947f4f16 tempest-ServerBootFromVolumeStableRescueTest-1333546566 tempest-ServerBootFromVolumeStableRescueTest-1333546566-project-member] The python binding code in neutronclient is deprecated in favor of OpenstackSDK, please use that as this will be removed in a future release.
Jun 10 17:02:36.323290 np0000002522 devstack@n-api.service[83628]: WARNING neutronclient.v2_0.client [None req-792cdef8-97fd-4265-b91d-c26b27a72dcd tempest-ServerRescueNegativeTestJSON-1847187522 tempest-ServerRescueNegativeTestJSON-1847187522-project-member] The python binding code in neutronclient is deprecated in favor of OpenstackSDK, please use that as this will be removed in a future release.
Jun 10 17:02:36.375454 np0000002522 devstack@n-api.service[83627]: WARNING neutronclient.v2_0.client [None req-5aedd48e-911e-42e1-88b0-7050947f4f16 tempest-ServerBootFromVolumeStableRescueTest-1333546566 tempest-ServerBootFromVolumeStableRescueTest-1333546566-project-member] The python binding code in neutronclient is deprecated in favor of OpenstackSDK, please use that as this will be removed in a future release.
Jun 10 17:02:39.230548 np0000002522 devstack@n-api.service[83628]: DEBUG dbcounter [-] [83628] Writing DB stats nova_api:SELECT=1 {{(pid=83628) stat_writer /opt/stack/data/venv/lib/python3.12/site-packages/dbcounter.py:115}}
Jun 10 17:02:40.069405 np0000002522 devstack@n-api.service[83628]: DEBUG dbcounter [-] [83628] Writing DB stats nova_cell1:SELECT=1 {{(pid=83628) stat_writer /opt/stack/data/venv/lib/python3.12/site-packages/dbcounter.py:115}}
Jun 10 17:02:40.071501 np0000002522 devstack@n-api.service[83628]: DEBUG dbcounter [-] [83628] Writing DB stats nova_cell0:SELECT=1 {{(pid=83628) stat_writer /opt/stack/data/venv/lib/python3.12/site-packages/dbcounter.py:115}}
Jun 10 17:02:41.117808 np0000002522 devstack@n-api.service[83627]: DEBUG dbcounter [-] [83627] Writing DB stats nova_api:SELECT=1 {{(pid=83627) stat_writer /opt/stack/data/venv/lib/python3.12/site-packages/dbcounter.py:115}}
Jun 10 17:02:41.733868 np0000002522 devstack@n-api.service[83627]: DEBUG dbcounter [-] [83627] Writing DB stats nova_cell0:SELECT=1 {{(pid=83627) stat_writer /opt/stack/data/venv/lib/python3.12/site-packages/dbcounter.py:115}}
Jun 10 17:02:41.735050 np0000002522 devstack@n-api.service[83627]: DEBUG dbcounter [-] [83627] Writing DB stats nova_cell1:SELECT=1 {{(pid=83627) stat_writer /opt/stack/data/venv/lib/python3.12/site-packages/dbcounter.py:115}}
Jun 10 17:02:44.320909 np0000002522 devstack@n-api.service[83627]: DEBUG nova.virt.hardware [None req-5aedd48e-911e-42e1-88b0-7050947f4f16 tempest-ServerBootFromVolumeStableRescueTest-1333546566 tempest-ServerBootFromVolumeStableRescueTest-1333546566-project-member] Flavor limits 0:0:0 {{(pid=83627) get_cpu_topology_constraints /opt/stack/nova/nova/virt/hardware.py:488}}
Jun 10 17:02:44.321400 np0000002522 devstack@n-api.service[83627]: DEBUG nova.virt.hardware [None req-5aedd48e-911e-42e1-88b0-7050947f4f16 tempest-ServerBootFromVolumeStableRescueTest-1333546566 tempest-ServerBootFromVolumeStableRescueTest-1333546566-project-member] Image limits 0:0:0 {{(pid=83627) get_cpu_topology_constraints /opt/stack/nova/nova/virt/hardware.py:492}}
Jun 10 17:02:44.321400 np0000002522 devstack@n-api.service[83627]: DEBUG nova.virt.hardware [None req-5aedd48e-911e-42e1-88b0-7050947f4f16 tempest-ServerBootFromVolumeStableRescueTest-1333546566 tempest-ServerBootFromVolumeStableRescueTest-1333546566-project-member] Flavor pref 0:0:0 {{(pid=83627) get_cpu_topology_constraints /opt/stack/nova/nova/virt/hardware.py:528}}
Jun 10 17:02:44.321400 np0000002522 devstack@n-api.service[83627]: DEBUG nova.virt.hardware [None req-5aedd48e-911e-42e1-88b0-7050947f4f16 tempest-ServerBootFromVolumeStableRescueTest-1333546566 tempest-ServerBootFromVolumeStableRescueTest-1333546566-project-member] Image pref 0:0:0 {{(pid=83627) get_cpu_topology_constraints /opt/stack/nova/nova/virt/hardware.py:532}}
Jun 10 17:02:44.321554 np0000002522 devstack@n-api.service[83627]: DEBUG nova.virt.hardware [None req-5aedd48e-911e-42e1-88b0-7050947f4f16 tempest-ServerBootFromVolumeStableRescueTest-1333546566 tempest-ServerBootFromVolumeStableRescueTest-1333546566-project-member] Chose sockets=0, cores=0, threads=0; limits were sockets=65536, cores=65536, threads=65536 {{(pid=83627) get_cpu_topology_constraints /opt/stack/nova/nova/virt/hardware.py:570}}
Jun 10 17:02:44.330041 np0000002522 devstack@n-api.service[83627]: DEBUG oslo_concurrency.lockutils [None req-5aedd48e-911e-42e1-88b0-7050947f4f16 tempest-ServerBootFromVolumeStableRescueTest-1333546566 tempest-ServerBootFromVolumeStableRescueTest-1333546566-project-member] Acquiring lock "00000000-0000-0000-0000-000000000000" by "nova.context.set_target_cell..get_or_set_cached_cell_and_set_connections" {{(pid=83627) inner /opt/stack/data/venv/lib/python3.12/site-packages/oslo_concurrency/lockutils.py:511}}
Jun 10 17:02:44.330205 np0000002522 devstack@n-api.service[83627]: DEBUG oslo_concurrency.lockutils [None req-5aedd48e-911e-42e1-88b0-7050947f4f16 tempest-ServerBootFromVolumeStableRescueTest-1333546566 tempest-ServerBootFromVolumeStableRescueTest-1333546566-project-member] Lock "00000000-0000-0000-0000-000000000000" acquired by "nova.context.set_target_cell..get_or_set_cached_cell_and_set_connections" :: waited 0.000s {{(pid=83627) inner /opt/stack/data/venv/lib/python3.12/site-packages/oslo_concurrency/lockutils.py:524}}
Jun 10 17:02:44.330316 np0000002522 devstack@n-api.service[83627]: DEBUG oslo_concurrency.lockutils [None req-5aedd48e-911e-42e1-88b0-7050947f4f16 tempest-ServerBootFromVolumeStableRescueTest-1333546566 tempest-ServerBootFromVolumeStableRescueTest-1333546566-project-member] Lock "00000000-0000-0000-0000-000000000000" "released" by "nova.context.set_target_cell..get_or_set_cached_cell_and_set_connections" :: held 0.000s {{(pid=83627) inner /opt/stack/data/venv/lib/python3.12/site-packages/oslo_concurrency/lockutils.py:543}}
Jun 10 17:02:44.331116 np0000002522 devstack@n-api.service[83627]: DEBUG oslo_concurrency.lockutils [None req-5aedd48e-911e-42e1-88b0-7050947f4f16 tempest-ServerBootFromVolumeStableRescueTest-1333546566 tempest-ServerBootFromVolumeStableRescueTest-1333546566-project-member] Acquiring lock "3733fbe9-a915-40ee-8a27-ff937bb25a56" by "nova.context.set_target_cell..get_or_set_cached_cell_and_set_connections" {{(pid=83627) inner /opt/stack/data/venv/lib/python3.12/site-packages/oslo_concurrency/lockutils.py:511}}
Jun 10 17:02:44.331318 np0000002522 devstack@n-api.service[83627]: DEBUG oslo_concurrency.lockutils [None req-5aedd48e-911e-42e1-88b0-7050947f4f16 tempest-ServerBootFromVolumeStableRescueTest-1333546566 tempest-ServerBootFromVolumeStableRescueTest-1333546566-project-member] Lock "3733fbe9-a915-40ee-8a27-ff937bb25a56" acquired by "nova.context.set_target_cell..get_or_set_cached_cell_and_set_connections" :: waited 0.000s {{(pid=83627) inner /opt/stack/data/venv/lib/python3.12/site-packages/oslo_concurrency/lockutils.py:524}}
Jun 10 17:02:44.331452 np0000002522 devstack@n-api.service[83627]: DEBUG oslo_concurrency.lockutils [None req-5aedd48e-911e-42e1-88b0-7050947f4f16 tempest-ServerBootFromVolumeStableRescueTest-1333546566 tempest-ServerBootFromVolumeStableRescueTest-1333546566-project-member] Lock "3733fbe9-a915-40ee-8a27-ff937bb25a56" "released" by "nova.context.set_target_cell..get_or_set_cached_cell_and_set_connections" :: held 0.000s {{(pid=83627) inner /opt/stack/data/venv/lib/python3.12/site-packages/oslo_concurrency/lockutils.py:543}}
Jun 10 17:02:44.348918 np0000002522 devstack@n-api.service[83628]: DEBUG nova.virt.hardware [None req-792cdef8-97fd-4265-b91d-c26b27a72dcd tempest-ServerRescueNegativeTestJSON-1847187522 tempest-ServerRescueNegativeTestJSON-1847187522-project-member] Flavor limits 0:0:0 {{(pid=83628) get_cpu_topology_constraints /opt/stack/nova/nova/virt/hardware.py:488}}
Jun 10 17:02:44.349252 np0000002522 devstack@n-api.service[83628]: DEBUG nova.virt.hardware [None req-792cdef8-97fd-4265-b91d-c26b27a72dcd tempest-ServerRescueNegativeTestJSON-1847187522 tempest-ServerRescueNegativeTestJSON-1847187522-project-member] Image limits 0:0:0 {{(pid=83628) get_cpu_topology_constraints /opt/stack/nova/nova/virt/hardware.py:492}}
Jun 10 17:02:44.352065 np0000002522 devstack@n-api.service[83628]: DEBUG nova.virt.hardware [None req-792cdef8-97fd-4265-b91d-c26b27a72dcd tempest-ServerRescueNegativeTestJSON-1847187522 tempest-ServerRescueNegativeTestJSON-1847187522-project-member] Flavor pref 0:0:0 {{(pid=83628) get_cpu_topology_constraints /opt/stack/nova/nova/virt/hardware.py:528}}
Jun 10 17:02:44.352065 np0000002522 devstack@n-api.service[83628]: DEBUG nova.virt.hardware [None req-792cdef8-97fd-4265-b91d-c26b27a72dcd tempest-ServerRescueNegativeTestJSON-1847187522 tempest-ServerRescueNegativeTestJSON-1847187522-project-member] Image pref 0:0:0 {{(pid=83628) get_cpu_topology_constraints /opt/stack/nova/nova/virt/hardware.py:532}}
Jun 10 17:02:44.352065 np0000002522 devstack@n-api.service[83628]: DEBUG nova.virt.hardware [None req-792cdef8-97fd-4265-b91d-c26b27a72dcd tempest-ServerRescueNegativeTestJSON-1847187522 tempest-ServerRescueNegativeTestJSON-1847187522-project-member] Chose sockets=0, cores=0, threads=0; limits were sockets=65536, cores=65536, threads=65536 {{(pid=83628) get_cpu_topology_constraints /opt/stack/nova/nova/virt/hardware.py:570}}
Jun 10 17:02:44.357197 np0000002522 devstack@n-api.service[83627]: DEBUG nova.quota [None req-5aedd48e-911e-42e1-88b0-7050947f4f16 tempest-ServerBootFromVolumeStableRescueTest-1333546566 tempest-ServerBootFromVolumeStableRescueTest-1333546566-project-member] Getting quotas for project 852bd8f74ed24b27937b0f7242ce7a35. Resources: {'ram', 'cores', 'instances'} {{(pid=83627) _get_quotas /opt/stack/nova/nova/quota.py:392}}
Jun 10 17:02:44.360743 np0000002522 devstack@n-api.service[83628]: DEBUG oslo_concurrency.lockutils [None req-792cdef8-97fd-4265-b91d-c26b27a72dcd tempest-ServerRescueNegativeTestJSON-1847187522 tempest-ServerRescueNegativeTestJSON-1847187522-project-member] Acquiring lock "00000000-0000-0000-0000-000000000000" by "nova.context.set_target_cell..get_or_set_cached_cell_and_set_connections" {{(pid=83628) inner /opt/stack/data/venv/lib/python3.12/site-packages/oslo_concurrency/lockutils.py:511}}
Jun 10 17:02:44.361148 np0000002522 devstack@n-api.service[83628]: DEBUG oslo_concurrency.lockutils [None req-792cdef8-97fd-4265-b91d-c26b27a72dcd tempest-ServerRescueNegativeTestJSON-1847187522 tempest-ServerRescueNegativeTestJSON-1847187522-project-member] Lock "00000000-0000-0000-0000-000000000000" acquired by "nova.context.set_target_cell..get_or_set_cached_cell_and_set_connections" :: waited 0.000s {{(pid=83628) inner /opt/stack/data/venv/lib/python3.12/site-packages/oslo_concurrency/lockutils.py:524}}
Jun 10 17:02:44.361417 np0000002522 devstack@n-api.service[83628]: DEBUG oslo_concurrency.lockutils [None req-792cdef8-97fd-4265-b91d-c26b27a72dcd tempest-ServerRescueNegativeTestJSON-1847187522 tempest-ServerRescueNegativeTestJSON-1847187522-project-member] Lock "00000000-0000-0000-0000-000000000000" "released" by "nova.context.set_target_cell..get_or_set_cached_cell_and_set_connections" :: held 0.000s {{(pid=83628) inner /opt/stack/data/venv/lib/python3.12/site-packages/oslo_concurrency/lockutils.py:543}}
Jun 10 17:02:44.362108 np0000002522 devstack@n-api.service[83627]: DEBUG nova.quota [None req-5aedd48e-911e-42e1-88b0-7050947f4f16 tempest-ServerBootFromVolumeStableRescueTest-1333546566 tempest-ServerBootFromVolumeStableRescueTest-1333546566-project-member] Getting quotas for user 333e39ab352249abb2505ff4cbf99a91 and project 852bd8f74ed24b27937b0f7242ce7a35. Resources: {'ram', 'cores', 'instances'} {{(pid=83627) _get_quotas /opt/stack/nova/nova/quota.py:382}}
Jun 10 17:02:44.362211 np0000002522 devstack@n-api.service[83628]: DEBUG oslo_concurrency.lockutils [None req-792cdef8-97fd-4265-b91d-c26b27a72dcd tempest-ServerRescueNegativeTestJSON-1847187522 tempest-ServerRescueNegativeTestJSON-1847187522-project-member] Acquiring lock "3733fbe9-a915-40ee-8a27-ff937bb25a56" by "nova.context.set_target_cell..get_or_set_cached_cell_and_set_connections" {{(pid=83628) inner /opt/stack/data/venv/lib/python3.12/site-packages/oslo_concurrency/lockutils.py:511}}
Jun 10 17:02:44.363605 np0000002522 devstack@n-api.service[83628]: DEBUG oslo_concurrency.lockutils [None req-792cdef8-97fd-4265-b91d-c26b27a72dcd tempest-ServerRescueNegativeTestJSON-1847187522 tempest-ServerRescueNegativeTestJSON-1847187522-project-member] Lock "3733fbe9-a915-40ee-8a27-ff937bb25a56" acquired by "nova.context.set_target_cell..get_or_set_cached_cell_and_set_connections" :: waited 0.002s {{(pid=83628) inner /opt/stack/data/venv/lib/python3.12/site-packages/oslo_concurrency/lockutils.py:524}}
Jun 10 17:02:44.363963 np0000002522 devstack@n-api.service[83628]: DEBUG oslo_concurrency.lockutils [None req-792cdef8-97fd-4265-b91d-c26b27a72dcd tempest-ServerRescueNegativeTestJSON-1847187522 tempest-ServerRescueNegativeTestJSON-1847187522-project-member] Lock "3733fbe9-a915-40ee-8a27-ff937bb25a56" "released" by "nova.context.set_target_cell..get_or_set_cached_cell_and_set_connections" :: held 0.000s {{(pid=83628) inner /opt/stack/data/venv/lib/python3.12/site-packages/oslo_concurrency/lockutils.py:543}}
Jun 10 17:02:44.369459 np0000002522 devstack@n-api.service[83627]: DEBUG nova.compute.api [None req-5aedd48e-911e-42e1-88b0-7050947f4f16 tempest-ServerBootFromVolumeStableRescueTest-1333546566 tempest-ServerBootFromVolumeStableRescueTest-1333546566-project-member] Going to run 1 instances... {{(pid=83627) _provision_instances /opt/stack/nova/nova/compute/api.py:1480}}
Jun 10 17:02:44.371951 np0000002522 devstack@n-api.service[83627]: DEBUG nova.compute.api [None req-5aedd48e-911e-42e1-88b0-7050947f4f16 tempest-ServerBootFromVolumeStableRescueTest-1333546566 tempest-ServerBootFromVolumeStableRescueTest-1333546566-project-member] [instance: acc49764-758b-4652-802a-0fff15700296] block_device_mapping [BlockDeviceMapping(attachment_id=,boot_index=0,connection_info=None,created_at=,delete_on_termination=True,deleted=,deleted_at=,destination_type='local',device_name=None,device_type='disk',disk_bus=None,encrypted=False,encryption_format=None,encryption_options=None,encryption_secret_uuid=None,guest_format=None,id=,image_id='3584dba2-eb1d-4ba6-91cf-8bad7075b9c4',instance=,instance_uuid=,no_device=False,snapshot_id=None,source_type='image',tag=None,updated_at=,uuid=,volume_id=None,volume_size=None,volume_type=None)] {{(pid=83627) _bdm_validate_set_size_and_instance /opt/stack/nova/nova/compute/api.py:1942}}
Jun 10 17:02:44.385370 np0000002522 devstack@n-api.service[83628]: DEBUG nova.quota [None req-792cdef8-97fd-4265-b91d-c26b27a72dcd tempest-ServerRescueNegativeTestJSON-1847187522 tempest-ServerRescueNegativeTestJSON-1847187522-project-member] Getting quotas for project 180d10c3f0b64a6faa5721d85ca4dc84. Resources: {'ram', 'cores', 'instances'} {{(pid=83628) _get_quotas /opt/stack/nova/nova/quota.py:392}}
Jun 10 17:02:44.389903 np0000002522 devstack@n-api.service[83628]: DEBUG nova.quota [None req-792cdef8-97fd-4265-b91d-c26b27a72dcd tempest-ServerRescueNegativeTestJSON-1847187522 tempest-ServerRescueNegativeTestJSON-1847187522-project-member] Getting quotas for user 5f2b0255257c45fdbca5a313973fb121 and project 180d10c3f0b64a6faa5721d85ca4dc84. Resources: {'ram', 'cores', 'instances'} {{(pid=83628) _get_quotas /opt/stack/nova/nova/quota.py:382}}
Jun 10 17:02:44.396597 np0000002522 devstack@n-api.service[83628]: DEBUG nova.compute.api [None req-792cdef8-97fd-4265-b91d-c26b27a72dcd tempest-ServerRescueNegativeTestJSON-1847187522 tempest-ServerRescueNegativeTestJSON-1847187522-project-member] Going to run 1 instances... {{(pid=83628) _provision_instances /opt/stack/nova/nova/compute/api.py:1480}}
Jun 10 17:02:44.399031 np0000002522 devstack@n-api.service[83628]: DEBUG nova.compute.api [None req-792cdef8-97fd-4265-b91d-c26b27a72dcd tempest-ServerRescueNegativeTestJSON-1847187522 tempest-ServerRescueNegativeTestJSON-1847187522-project-member] [instance: ffef43c0-885f-4105-bd9c-e3ca849dcebf] block_device_mapping [BlockDeviceMapping(attachment_id=,boot_index=0,connection_info=None,created_at=,delete_on_termination=True,deleted=,deleted_at=,destination_type='local',device_name=None,device_type='disk',disk_bus=None,encrypted=False,encryption_format=None,encryption_options=None,encryption_secret_uuid=None,guest_format=None,id=,image_id='3584dba2-eb1d-4ba6-91cf-8bad7075b9c4',instance=,instance_uuid=,no_device=False,snapshot_id=None,source_type='image',tag=None,updated_at=,uuid=,volume_id=None,volume_size=None,volume_type=None)] {{(pid=83628) _bdm_validate_set_size_and_instance /opt/stack/nova/nova/compute/api.py:1942}}
Jun 10 17:02:44.448735 np0000002522 devstack@n-api.service[83627]: INFO nova.api.openstack.requestlog [None req-5aedd48e-911e-42e1-88b0-7050947f4f16 tempest-ServerBootFromVolumeStableRescueTest-1333546566 tempest-ServerBootFromVolumeStableRescueTest-1333546566-project-member] 10.4.3.246 "POST /compute/v2.1/servers" status: 202 len: 380 microversion: 2.87 time: 13.757532
Jun 10 17:02:44.449063 np0000002522 devstack@n-api.service[83627]: [pid: 83627|app: 0|req: 17/31] 10.4.3.246 () {70 vars in 1306 bytes} [Wed Jun 10 17:02:30 2026] POST /compute/v2.1/servers => generated 380 bytes in 13758 msecs (HTTP/1.1 202) 10 headers in 453 bytes (1 switches on core 0)
Jun 10 17:02:44.477688 np0000002522 devstack@n-api.service[83628]: INFO nova.api.openstack.requestlog [None req-792cdef8-97fd-4265-b91d-c26b27a72dcd tempest-ServerRescueNegativeTestJSON-1847187522 tempest-ServerRescueNegativeTestJSON-1847187522-project-member] 10.4.3.246 "POST /compute/v2.1/servers" status: 202 len: 383 microversion: 2.1 time: 15.544621
Jun 10 17:02:44.478451 np0000002522 devstack@n-api.service[83628]: [pid: 83628|app: 0|req: 15/32] 10.4.3.246 () {68 vars in 1265 bytes} [Wed Jun 10 17:02:28 2026] POST /compute/v2.1/servers => generated 383 bytes in 15545 msecs (HTTP/1.1 202) 10 headers in 451 bytes (1 switches on core 0)
Jun 10 17:02:44.484180 np0000002522 devstack@n-api.service[83628]: DEBUG nova.api.openstack.wsgi [None req-4640d176-6ce8-4010-9913-51bee38c87c9 tempest-ServerBootFromVolumeStableRescueTest-1333546566 tempest-ServerBootFromVolumeStableRescueTest-1333546566-project-member] Calling method '>' {{(pid=83628) _process_stack /opt/stack/nova/nova/api/openstack/wsgi.py:551}}
Jun 10 17:02:44.487911 np0000002522 devstack@n-api.service[83628]: DEBUG nova.compute.api [None req-4640d176-6ce8-4010-9913-51bee38c87c9 tempest-ServerBootFromVolumeStableRescueTest-1333546566 tempest-ServerBootFromVolumeStableRescueTest-1333546566-project-member] [instance: acc49764-758b-4652-802a-0fff15700296] Fetching instance by UUID {{(pid=83628) get /opt/stack/nova/nova/compute/api.py:3065}}
Jun 10 17:02:44.502374 np0000002522 devstack@n-api.service[83628]: WARNING neutronclient.v2_0.client [None req-4640d176-6ce8-4010-9913-51bee38c87c9 tempest-ServerBootFromVolumeStableRescueTest-1333546566 tempest-ServerBootFromVolumeStableRescueTest-1333546566-project-member] The python binding code in neutronclient is deprecated in favor of OpenstackSDK, please use that as this will be removed in a future release.
Jun 10 17:02:44.732703 np0000002522 devstack@n-api.service[83627]: DEBUG nova.api.openstack.wsgi [None req-2af37000-d2b1-4463-a7c4-753f3a22f304 tempest-DeleteServersTestJSON-397235039 tempest-DeleteServersTestJSON-397235039-project-member] Action: 'create', calling method: >, body: {"server": {"name": "tempest-DeleteServersTestJSON-server-486255380", "imageRef": "3584dba2-eb1d-4ba6-91cf-8bad7075b9c4", "flavorRef": "42", "networks": [{"uuid": "5eb69c38-ae4f-44fc-a430-c03b27002e43"}]}} {{(pid=83627) _process_stack /opt/stack/nova/nova/api/openstack/wsgi.py:549}}
Jun 10 17:02:44.860541 np0000002522 devstack@n-api.service[83627]: DEBUG oslo_concurrency.lockutils [None req-2af37000-d2b1-4463-a7c4-753f3a22f304 tempest-DeleteServersTestJSON-397235039 tempest-DeleteServersTestJSON-397235039-project-member] Acquiring lock "00000000-0000-0000-0000-000000000000" by "nova.context.set_target_cell..get_or_set_cached_cell_and_set_connections" {{(pid=83627) inner /opt/stack/data/venv/lib/python3.12/site-packages/oslo_concurrency/lockutils.py:511}}
Jun 10 17:02:44.861035 np0000002522 devstack@n-api.service[83627]: DEBUG oslo_concurrency.lockutils [None req-2af37000-d2b1-4463-a7c4-753f3a22f304 tempest-DeleteServersTestJSON-397235039 tempest-DeleteServersTestJSON-397235039-project-member] Lock "00000000-0000-0000-0000-000000000000" acquired by "nova.context.set_target_cell..get_or_set_cached_cell_and_set_connections" :: waited 0.001s {{(pid=83627) inner /opt/stack/data/venv/lib/python3.12/site-packages/oslo_concurrency/lockutils.py:524}}
