Jun 09 15:55:56.809064 np0000002456 devstack@g-api.service[98868]: DEBUG glance.common.config [None req-7922d39f-b1d1-4fd3-b4ad-c9147d5da03a None None] database.connection_parameters = {{(pid=98868) log_opt_values /opt/stack/data/venv/lib/python3.12/site-packages/oslo_config/cfg.py:3256}}
Jun 09 15:55:56.809084 np0000002456 devstack@g-api.service[98869]: DEBUG glance.common.config [None req-e96d1324-1b6e-4291-aa22-11f9d06b16df None None] database.pool_timeout = None {{(pid=98869) log_opt_values /opt/stack/data/venv/lib/python3.12/site-packages/oslo_config/cfg.py:3256}}
Jun 09 15:55:56.809112 np0000002456 devstack@g-api.service[98868]: DEBUG glance.common.config [None req-7922d39f-b1d1-4fd3-b4ad-c9147d5da03a None None] database.connection_recycle_time = 3600 {{(pid=98868) log_opt_values /opt/stack/data/venv/lib/python3.12/site-packages/oslo_config/cfg.py:3256}}
Jun 09 15:55:56.809134 np0000002456 devstack@g-api.service[98869]: DEBUG glance.common.config [None req-e96d1324-1b6e-4291-aa22-11f9d06b16df None None] database.retry_interval = 10 {{(pid=98869) log_opt_values /opt/stack/data/venv/lib/python3.12/site-packages/oslo_config/cfg.py:3256}}
Jun 09 15:55:56.809158 np0000002456 devstack@g-api.service[98868]: DEBUG glance.common.config [None req-7922d39f-b1d1-4fd3-b4ad-c9147d5da03a None None] database.connection_trace = False {{(pid=98868) log_opt_values /opt/stack/data/venv/lib/python3.12/site-packages/oslo_config/cfg.py:3256}}
Jun 09 15:55:56.809180 np0000002456 devstack@g-api.service[98869]: DEBUG glance.common.config [None req-e96d1324-1b6e-4291-aa22-11f9d06b16df None None] database.slave_connection = **** {{(pid=98869) log_opt_values /opt/stack/data/venv/lib/python3.12/site-packages/oslo_config/cfg.py:3256}}
Jun 09 15:55:56.809201 np0000002456 devstack@g-api.service[98868]: DEBUG glance.common.config [None req-7922d39f-b1d1-4fd3-b4ad-c9147d5da03a None None] database.db_inc_retry_interval = True {{(pid=98868) log_opt_values /opt/stack/data/venv/lib/python3.12/site-packages/oslo_config/cfg.py:3256}}
Jun 09 15:55:56.809229 np0000002456 devstack@g-api.service[98869]: DEBUG glance.common.config [None req-e96d1324-1b6e-4291-aa22-11f9d06b16df None None] database.sqlite_synchronous = True {{(pid=98869) log_opt_values /opt/stack/data/venv/lib/python3.12/site-packages/oslo_config/cfg.py:3256}}
Jun 09 15:55:56.809256 np0000002456 devstack@g-api.service[98868]: DEBUG glance.common.config [None req-7922d39f-b1d1-4fd3-b4ad-c9147d5da03a None None] database.db_max_retries = 20 {{(pid=98868) log_opt_values /opt/stack/data/venv/lib/python3.12/site-packages/oslo_config/cfg.py:3256}}
Jun 09 15:55:56.809256 np0000002456 devstack@g-api.service[98868]: DEBUG glance.common.config [None req-7922d39f-b1d1-4fd3-b4ad-c9147d5da03a None None] database.db_max_retry_interval = 10 {{(pid=98868) log_opt_values /opt/stack/data/venv/lib/python3.12/site-packages/oslo_config/cfg.py:3256}}
Jun 09 15:55:56.809322 np0000002456 devstack@g-api.service[98869]: DEBUG glance.common.config [None req-e96d1324-1b6e-4291-aa22-11f9d06b16df None None] database.synchronous_reader = True {{(pid=98869) log_opt_values /opt/stack/data/venv/lib/python3.12/site-packages/oslo_config/cfg.py:3256}}
Jun 09 15:55:56.809348 np0000002456 devstack@g-api.service[98868]: DEBUG glance.common.config [None req-7922d39f-b1d1-4fd3-b4ad-c9147d5da03a None None] database.db_retry_interval = 1 {{(pid=98868) log_opt_values /opt/stack/data/venv/lib/python3.12/site-packages/oslo_config/cfg.py:3256}}
Jun 09 15:55:56.809369 np0000002456 devstack@g-api.service[98869]: DEBUG glance.common.config [None req-e96d1324-1b6e-4291-aa22-11f9d06b16df None None] database.use_db_reconnect = False {{(pid=98869) log_opt_values /opt/stack/data/venv/lib/python3.12/site-packages/oslo_config/cfg.py:3256}}
Jun 09 15:55:56.809369 np0000002456 devstack@g-api.service[98869]: DEBUG glance.common.config [None req-e96d1324-1b6e-4291-aa22-11f9d06b16df None None] healthcheck.allowed_source_ranges = [] {{(pid=98869) log_opt_values /opt/stack/data/venv/lib/python3.12/site-packages/oslo_config/cfg.py:3256}}
Jun 09 15:55:56.809427 np0000002456 devstack@g-api.service[98868]: DEBUG glance.common.config [None req-7922d39f-b1d1-4fd3-b4ad-c9147d5da03a None None] database.max_overflow = 50 {{(pid=98868) log_opt_values /opt/stack/data/venv/lib/python3.12/site-packages/oslo_config/cfg.py:3256}}
Jun 09 15:55:56.809453 np0000002456 devstack@g-api.service[98869]: DEBUG glance.common.config [None req-e96d1324-1b6e-4291-aa22-11f9d06b16df None None] healthcheck.backends = ['disable_by_file'] {{(pid=98869) log_opt_values /opt/stack/data/venv/lib/python3.12/site-packages/oslo_config/cfg.py:3256}}
Jun 09 15:55:56.809475 np0000002456 devstack@g-api.service[98868]: DEBUG glance.common.config [None req-7922d39f-b1d1-4fd3-b4ad-c9147d5da03a None None] database.max_pool_size = 5 {{(pid=98868) log_opt_values /opt/stack/data/venv/lib/python3.12/site-packages/oslo_config/cfg.py:3256}}
Jun 09 15:55:56.809495 np0000002456 devstack@g-api.service[98869]: DEBUG glance.common.config [None req-e96d1324-1b6e-4291-aa22-11f9d06b16df None None] healthcheck.detailed = False {{(pid=98869) log_opt_values /opt/stack/data/venv/lib/python3.12/site-packages/oslo_config/cfg.py:3256}}
Jun 09 15:55:56.809522 np0000002456 devstack@g-api.service[98868]: DEBUG glance.common.config [None req-7922d39f-b1d1-4fd3-b4ad-c9147d5da03a None None] database.max_retries = 10 {{(pid=98868) log_opt_values /opt/stack/data/venv/lib/python3.12/site-packages/oslo_config/cfg.py:3256}}
Jun 09 15:55:56.809545 np0000002456 devstack@g-api.service[98869]: DEBUG glance.common.config [None req-e96d1324-1b6e-4291-aa22-11f9d06b16df None None] healthcheck.disable_by_file_path = None {{(pid=98869) log_opt_values /opt/stack/data/venv/lib/python3.12/site-packages/oslo_config/cfg.py:3256}}
Jun 09 15:55:56.809566 np0000002456 devstack@g-api.service[98868]: DEBUG glance.common.config [None req-7922d39f-b1d1-4fd3-b4ad-c9147d5da03a None None] database.mysql_sql_mode = TRADITIONAL {{(pid=98868) log_opt_values /opt/stack/data/venv/lib/python3.12/site-packages/oslo_config/cfg.py:3256}}
Jun 09 15:55:56.809601 np0000002456 devstack@g-api.service[98869]: DEBUG glance.common.config [None req-e96d1324-1b6e-4291-aa22-11f9d06b16df None None] healthcheck.ignore_proxied_requests = False {{(pid=98869) log_opt_values /opt/stack/data/venv/lib/python3.12/site-packages/oslo_config/cfg.py:3256}}
Jun 09 15:55:56.809627 np0000002456 devstack@g-api.service[98868]: DEBUG glance.common.config [None req-7922d39f-b1d1-4fd3-b4ad-c9147d5da03a None None] database.mysql_wsrep_sync_wait = None {{(pid=98868) log_opt_values /opt/stack/data/venv/lib/python3.12/site-packages/oslo_config/cfg.py:3256}}
Jun 09 15:55:56.809648 np0000002456 devstack@g-api.service[98869]: DEBUG glance.common.config [None req-e96d1324-1b6e-4291-aa22-11f9d06b16df None None] ******************************************************************************** {{(pid=98869) log_opt_values /opt/stack/data/venv/lib/python3.12/site-packages/oslo_config/cfg.py:3263}}
Jun 09 15:55:56.809681 np0000002456 devstack@g-api.service[98868]: DEBUG glance.common.config [None req-7922d39f-b1d1-4fd3-b4ad-c9147d5da03a None None] database.pool_timeout = None {{(pid=98868) log_opt_values /opt/stack/data/venv/lib/python3.12/site-packages/oslo_config/cfg.py:3256}}
Jun 09 15:55:56.809704 np0000002456 devstack@g-api.service[98869]: WSGI app 0 (mountpoint='') ready in 2 seconds on interpreter 0x7f65876a3668 pid: 98869 (default app)
Jun 09 15:55:56.809742 np0000002456 devstack@g-api.service[98868]: DEBUG glance.common.config [None req-7922d39f-b1d1-4fd3-b4ad-c9147d5da03a None None] database.retry_interval = 10 {{(pid=98868) log_opt_values /opt/stack/data/venv/lib/python3.12/site-packages/oslo_config/cfg.py:3256}}
Jun 09 15:55:56.809742 np0000002456 devstack@g-api.service[98868]: DEBUG glance.common.config [None req-7922d39f-b1d1-4fd3-b4ad-c9147d5da03a None None] database.slave_connection = **** {{(pid=98868) log_opt_values /opt/stack/data/venv/lib/python3.12/site-packages/oslo_config/cfg.py:3256}}
Jun 09 15:55:56.809742 np0000002456 devstack@g-api.service[98868]: DEBUG glance.common.config [None req-7922d39f-b1d1-4fd3-b4ad-c9147d5da03a None None] database.sqlite_synchronous = True {{(pid=98868) log_opt_values /opt/stack/data/venv/lib/python3.12/site-packages/oslo_config/cfg.py:3256}}
Jun 09 15:55:56.809742 np0000002456 devstack@g-api.service[98868]: DEBUG glance.common.config [None req-7922d39f-b1d1-4fd3-b4ad-c9147d5da03a None None] database.synchronous_reader = True {{(pid=98868) log_opt_values /opt/stack/data/venv/lib/python3.12/site-packages/oslo_config/cfg.py:3256}}
Jun 09 15:55:56.809742 np0000002456 devstack@g-api.service[98868]: DEBUG glance.common.config [None req-7922d39f-b1d1-4fd3-b4ad-c9147d5da03a None None] database.use_db_reconnect = False {{(pid=98868) log_opt_values /opt/stack/data/venv/lib/python3.12/site-packages/oslo_config/cfg.py:3256}}
Jun 09 15:55:56.809742 np0000002456 devstack@g-api.service[98868]: DEBUG glance.common.config [None req-7922d39f-b1d1-4fd3-b4ad-c9147d5da03a None None] healthcheck.allowed_source_ranges = [] {{(pid=98868) log_opt_values /opt/stack/data/venv/lib/python3.12/site-packages/oslo_config/cfg.py:3256}}
Jun 09 15:55:56.809937 np0000002456 devstack@g-api.service[98869]: DEBUG glance.api.middleware.version_negotiation [None req-e96d1324-1b6e-4291-aa22-11f9d06b16df None None] Determining version of request: GET / Accept: */* {{(pid=98869) process_request /opt/stack/glance/glance/api/middleware/version_negotiation.py:44}}
Jun 09 15:55:56.809968 np0000002456 devstack@g-api.service[98868]: DEBUG glance.common.config [None req-7922d39f-b1d1-4fd3-b4ad-c9147d5da03a None None] healthcheck.backends = ['disable_by_file'] {{(pid=98868) log_opt_values /opt/stack/data/venv/lib/python3.12/site-packages/oslo_config/cfg.py:3256}}
Jun 09 15:55:56.810005 np0000002456 devstack@g-api.service[98869]: DEBUG glance.api.middleware.version_negotiation [None req-e96d1324-1b6e-4291-aa22-11f9d06b16df None None] Using url versioning {{(pid=98869) process_request /opt/stack/glance/glance/api/middleware/version_negotiation.py:57}}
Jun 09 15:55:56.810038 np0000002456 devstack@g-api.service[98868]: DEBUG glance.common.config [None req-7922d39f-b1d1-4fd3-b4ad-c9147d5da03a None None] healthcheck.detailed = False {{(pid=98868) log_opt_values /opt/stack/data/venv/lib/python3.12/site-packages/oslo_config/cfg.py:3256}}
Jun 09 15:55:56.810038 np0000002456 devstack@g-api.service[98868]: DEBUG glance.common.config [None req-7922d39f-b1d1-4fd3-b4ad-c9147d5da03a None None] healthcheck.disable_by_file_path = None {{(pid=98868) log_opt_values /opt/stack/data/venv/lib/python3.12/site-packages/oslo_config/cfg.py:3256}}
Jun 09 15:55:56.810088 np0000002456 devstack@g-api.service[98869]: DEBUG glance.api.middleware.version_negotiation [None req-e96d1324-1b6e-4291-aa22-11f9d06b16df None None] Unknown version. Returning version choices. {{(pid=98869) process_request /opt/stack/glance/glance/api/middleware/version_negotiation.py:64}}
Jun 09 15:55:56.810113 np0000002456 devstack@g-api.service[98868]: DEBUG glance.common.config [None req-7922d39f-b1d1-4fd3-b4ad-c9147d5da03a None None] healthcheck.ignore_proxied_requests = False {{(pid=98868) log_opt_values /opt/stack/data/venv/lib/python3.12/site-packages/oslo_config/cfg.py:3256}}
Jun 09 15:55:56.810113 np0000002456 devstack@g-api.service[98868]: DEBUG glance.common.config [None req-7922d39f-b1d1-4fd3-b4ad-c9147d5da03a None None] ******************************************************************************** {{(pid=98868) log_opt_values /opt/stack/data/venv/lib/python3.12/site-packages/oslo_config/cfg.py:3263}}
Jun 09 15:55:56.810113 np0000002456 devstack@g-api.service[98868]: WSGI app 0 (mountpoint='') ready in 2 seconds on interpreter 0x7f65876a3668 pid: 98868 (default app)
Jun 09 15:55:56.810182 np0000002456 devstack@g-api.service[98869]: [pid: 98869|app: 0|req: 1/1] 127.0.0.1 () {34 vars in 451 bytes} [Tue Jun 9 15:55:56 2026] GET / => generated 1394 bytes in 1 msecs (HTTP/1.1 300) 3 headers in 106 bytes (1 switches on core 0)
Jun 09 15:56:00.055033 np0000002456 devstack@g-api.service[98868]: DEBUG glance.api.middleware.version_negotiation [None req-7922d39f-b1d1-4fd3-b4ad-c9147d5da03a None None] Determining version of request: GET / Accept: application/json {{(pid=98868) process_request /opt/stack/glance/glance/api/middleware/version_negotiation.py:44}}
Jun 09 15:56:00.055427 np0000002456 devstack@g-api.service[98868]: DEBUG glance.api.middleware.version_negotiation [None req-7922d39f-b1d1-4fd3-b4ad-c9147d5da03a None None] Using url versioning {{(pid=98868) process_request /opt/stack/glance/glance/api/middleware/version_negotiation.py:57}}
Jun 09 15:56:00.055427 np0000002456 devstack@g-api.service[98868]: DEBUG glance.api.middleware.version_negotiation [None req-7922d39f-b1d1-4fd3-b4ad-c9147d5da03a None None] Unknown version. Returning version choices. {{(pid=98868) process_request /opt/stack/glance/glance/api/middleware/version_negotiation.py:64}}
Jun 09 15:56:00.056337 np0000002456 devstack@g-api.service[98868]: [pid: 98868|app: 0|req: 1/2] 127.0.0.1 () {36 vars in 569 bytes} [Tue Jun 9 15:56:00 2026] GET / => generated 1394 bytes in 1 msecs (HTTP/1.1 300) 3 headers in 106 bytes (1 switches on core 0)
Jun 09 15:56:00.066202 np0000002456 devstack@g-api.service[98869]: DEBUG glance.api.middleware.version_negotiation [None req-e96d1324-1b6e-4291-aa22-11f9d06b16df None None] Determining version of request: POST /v2/images Accept: */* {{(pid=98869) process_request /opt/stack/glance/glance/api/middleware/version_negotiation.py:44}}
Jun 09 15:56:00.066499 np0000002456 devstack@g-api.service[98869]: DEBUG glance.api.middleware.version_negotiation [None req-e96d1324-1b6e-4291-aa22-11f9d06b16df None None] Using url versioning {{(pid=98869) process_request /opt/stack/glance/glance/api/middleware/version_negotiation.py:57}}
Jun 09 15:56:00.066685 np0000002456 devstack@g-api.service[98869]: DEBUG glance.api.middleware.version_negotiation [None req-e96d1324-1b6e-4291-aa22-11f9d06b16df None None] Matched version: v2 {{(pid=98869) process_request /opt/stack/glance/glance/api/middleware/version_negotiation.py:69}}
Jun 09 15:56:00.066775 np0000002456 devstack@g-api.service[98869]: DEBUG glance.api.middleware.version_negotiation [None req-e96d1324-1b6e-4291-aa22-11f9d06b16df None None] new path /v2/images {{(pid=98869) process_request /opt/stack/glance/glance/api/middleware/version_negotiation.py:70}}
Jun 09 15:56:01.108062 np0000002456 devstack@g-api.service[98869]: [pid: 98869|app: 0|req: 2/3] 127.0.0.1 () {42 vars in 832 bytes} [Tue Jun 9 15:56:00 2026] POST /v2/images => generated 807 bytes in 1042 msecs (HTTP/1.1 201) 6 headers in 315 bytes (1 switches on core 0)
Jun 09 15:56:01.117007 np0000002456 devstack@g-api.service[98868]: DEBUG glance.api.middleware.version_negotiation [None req-7922d39f-b1d1-4fd3-b4ad-c9147d5da03a None None] Determining version of request: PUT /v2/images/2afea83c-305f-421b-aa15-19e48246de9c/stage Accept: {{(pid=98868) process_request /opt/stack/glance/glance/api/middleware/version_negotiation.py:44}}
Jun 09 15:56:01.117388 np0000002456 devstack@g-api.service[98868]: DEBUG glance.api.middleware.version_negotiation [None req-7922d39f-b1d1-4fd3-b4ad-c9147d5da03a None None] Using url versioning {{(pid=98868) process_request /opt/stack/glance/glance/api/middleware/version_negotiation.py:57}}
Jun 09 15:56:01.117439 np0000002456 devstack@g-api.service[98868]: DEBUG glance.api.middleware.version_negotiation [None req-7922d39f-b1d1-4fd3-b4ad-c9147d5da03a None None] Matched version: v2 {{(pid=98868) process_request /opt/stack/glance/glance/api/middleware/version_negotiation.py:69}}
Jun 09 15:56:01.117540 np0000002456 devstack@g-api.service[98868]: DEBUG glance.api.middleware.version_negotiation [None req-7922d39f-b1d1-4fd3-b4ad-c9147d5da03a None None] new path /v2/images/2afea83c-305f-421b-aa15-19e48246de9c/stage {{(pid=98868) process_request /opt/stack/glance/glance/api/middleware/version_negotiation.py:70}}
Jun 09 15:56:01.805969 np0000002456 devstack@g-api.service[98868]: DEBUG glance_store.backend [None req-5b376a14-0077-4228-869a-302735083942 admin admin] Attempting to import store cinder {{(pid=98868) _load_store /opt/stack/data/venv/lib/python3.12/site-packages/glance_store/backend.py:215}}
Jun 09 15:56:01.805969 np0000002456 devstack@g-api.service[98868]: DEBUG glance_store.backend [None req-5b376a14-0077-4228-869a-302735083942 admin admin] Attempting to import store file {{(pid=98868) _load_store /opt/stack/data/venv/lib/python3.12/site-packages/glance_store/backend.py:215}}
Jun 09 15:56:01.805969 np0000002456 devstack@g-api.service[98868]: DEBUG glance_store.backend [None req-5b376a14-0077-4228-869a-302735083942 admin admin] Attempting to import store glance.store.cinder.Store {{(pid=98868) _load_store /opt/stack/data/venv/lib/python3.12/site-packages/glance_store/backend.py:215}}
Jun 09 15:56:01.806263 np0000002456 devstack@g-api.service[98868]: DEBUG glance_store.backend [None req-5b376a14-0077-4228-869a-302735083942 admin admin] Attempting to import store glance.store.filesystem.Store {{(pid=98868) _load_store /opt/stack/data/venv/lib/python3.12/site-packages/glance_store/backend.py:215}}
Jun 09 15:56:01.806263 np0000002456 devstack@g-api.service[98868]: DEBUG glance_store.backend [None req-5b376a14-0077-4228-869a-302735083942 admin admin] Attempting to import store glance.store.http.Store {{(pid=98868) _load_store /opt/stack/data/venv/lib/python3.12/site-packages/glance_store/backend.py:215}}
Jun 09 15:56:01.806263 np0000002456 devstack@g-api.service[98868]: DEBUG glance_store.backend [None req-5b376a14-0077-4228-869a-302735083942 admin admin] Attempting to import store glance.store.rbd.Store {{(pid=98868) _load_store /opt/stack/data/venv/lib/python3.12/site-packages/glance_store/backend.py:215}}
Jun 09 15:56:01.806263 np0000002456 devstack@g-api.service[98868]: DEBUG glance_store.backend [None req-5b376a14-0077-4228-869a-302735083942 admin admin] Attempting to import store glance.store.s3.Store {{(pid=98868) _load_store /opt/stack/data/venv/lib/python3.12/site-packages/glance_store/backend.py:215}}
Jun 09 15:56:01.806424 np0000002456 devstack@g-api.service[98868]: DEBUG glance_store.backend [None req-5b376a14-0077-4228-869a-302735083942 admin admin] Attempting to import store glance.store.swift.Store {{(pid=98868) _load_store /opt/stack/data/venv/lib/python3.12/site-packages/glance_store/backend.py:215}}
Jun 09 15:56:01.806539 np0000002456 devstack@g-api.service[98868]: DEBUG glance_store.backend [None req-5b376a14-0077-4228-869a-302735083942 admin admin] Attempting to import store glance.store.vmware_datastore.Store {{(pid=98868) _load_store /opt/stack/data/venv/lib/python3.12/site-packages/glance_store/backend.py:215}}
Jun 09 15:56:01.806809 np0000002456 devstack@g-api.service[98868]: DEBUG glance_store.backend [None req-5b376a14-0077-4228-869a-302735083942 admin admin] Attempting to import store http {{(pid=98868) _load_store /opt/stack/data/venv/lib/python3.12/site-packages/glance_store/backend.py:215}}
Jun 09 15:56:01.807005 np0000002456 devstack@g-api.service[98868]: DEBUG glance_store.backend [None req-5b376a14-0077-4228-869a-302735083942 admin admin] Attempting to import store no_conf {{(pid=98868) _load_store /opt/stack/data/venv/lib/python3.12/site-packages/glance_store/backend.py:215}}
Jun 09 15:56:01.807202 np0000002456 devstack@g-api.service[98868]: DEBUG glance_store.backend [None req-5b376a14-0077-4228-869a-302735083942 admin admin] Attempting to import store rbd {{(pid=98868) _load_store /opt/stack/data/venv/lib/python3.12/site-packages/glance_store/backend.py:215}}
Jun 09 15:56:01.807414 np0000002456 devstack@g-api.service[98868]: DEBUG glance_store.backend [None req-5b376a14-0077-4228-869a-302735083942 admin admin] Attempting to import store s3 {{(pid=98868) _load_store /opt/stack/data/venv/lib/python3.12/site-packages/glance_store/backend.py:215}}
Jun 09 15:56:01.807632 np0000002456 devstack@g-api.service[98868]: DEBUG glance_store.backend [None req-5b376a14-0077-4228-869a-302735083942 admin admin] Attempting to import store swift {{(pid=98868) _load_store /opt/stack/data/venv/lib/python3.12/site-packages/glance_store/backend.py:215}}
Jun 09 15:56:01.807810 np0000002456 devstack@g-api.service[98868]: DEBUG glance_store.backend [None req-5b376a14-0077-4228-869a-302735083942 admin admin] Attempting to import store vmware {{(pid=98868) _load_store /opt/stack/data/venv/lib/python3.12/site-packages/glance_store/backend.py:215}}
Jun 09 15:56:01.808005 np0000002456 devstack@g-api.service[98868]: DEBUG glance_store.backend [None req-5b376a14-0077-4228-869a-302735083942 admin admin] Registering options for group glance_store {{(pid=98868) register_opts /opt/stack/data/venv/lib/python3.12/site-packages/glance_store/backend.py:144}}
Jun 09 15:56:01.808172 np0000002456 devstack@g-api.service[98868]: DEBUG glance_store.backend [None req-5b376a14-0077-4228-869a-302735083942 admin admin] Registering options for group glance_store {{(pid=98868) register_opts /opt/stack/data/venv/lib/python3.12/site-packages/glance_store/backend.py:144}}
Jun 09 15:56:01.808646 np0000002456 devstack@g-api.service[98868]: DEBUG glance_store.backend [None req-5b376a14-0077-4228-869a-302735083942 admin admin] Attempting to import store file {{(pid=98868) _load_store /opt/stack/data/venv/lib/python3.12/site-packages/glance_store/backend.py:215}}
Jun 09 15:56:01.809954 np0000002456 devstack@g-api.service[98868]: INFO glance_store._drivers.filesystem [None req-5b376a14-0077-4228-869a-302735083942 admin admin] Directory to write image files does not exist (/tmp/staging/). Creating.
Jun 09 15:56:01.809954 np0000002456 devstack@g-api.service[98868]: DEBUG glance_store.capabilities [None req-5b376a14-0077-4228-869a-302735083942 admin admin] Store glance_store._drivers.filesystem.Store doesn't support updating dynamic storage capabilities. Please overwrite 'update_capabilities' method of the store to implement updating logics if needed. {{(pid=98868) update_capabilities /opt/stack/data/venv/lib/python3.12/site-packages/glance_store/capabilities.py:91}}
Jun 09 15:56:02.401978 np0000002456 devstack@g-api.service[98868]: DEBUG glance_store._drivers.filesystem [None req-5b376a14-0077-4228-869a-302735083942 admin admin] Wrote 21430272 bytes to /tmp/staging/2afea83c-305f-421b-aa15-19e48246de9c with checksum c8fc807773e5354afe61636071771906 and multihash c8fc807773e5354afe61636071771906 {{(pid=98868) add /opt/stack/data/venv/lib/python3.12/site-packages/glance_store/_drivers/filesystem.py:899}}
Jun 09 15:56:02.426481 np0000002456 devstack@g-api.service[98868]: [pid: 98868|app: 0|req: 2/4] 127.0.0.1 () {42 vars in 927 bytes} [Tue Jun 9 15:56:01 2026] PUT /v2/images/2afea83c-305f-421b-aa15-19e48246de9c/stage => generated 0 bytes in 1309 msecs (HTTP/1.1 204) 4 headers in 171 bytes (1 switches on core 0)
Jun 09 15:56:02.436112 np0000002456 devstack@g-api.service[98869]: DEBUG glance.api.middleware.version_negotiation [None req-e788758f-1f2b-4a09-84ce-c6ca8678e7c0 admin admin] Determining version of request: POST /v2/images/2afea83c-305f-421b-aa15-19e48246de9c/import Accept: */* {{(pid=98869) process_request /opt/stack/glance/glance/api/middleware/version_negotiation.py:44}}
Jun 09 15:56:02.436871 np0000002456 devstack@g-api.service[98869]: DEBUG glance.api.middleware.version_negotiation [None req-e788758f-1f2b-4a09-84ce-c6ca8678e7c0 admin admin] Using url versioning {{(pid=98869) process_request /opt/stack/glance/glance/api/middleware/version_negotiation.py:57}}
Jun 09 15:56:02.437190 np0000002456 devstack@g-api.service[98869]: DEBUG glance.api.middleware.version_negotiation [None req-e788758f-1f2b-4a09-84ce-c6ca8678e7c0 admin admin] Matched version: v2 {{(pid=98869) process_request /opt/stack/glance/glance/api/middleware/version_negotiation.py:69}}
Jun 09 15:56:02.437836 np0000002456 devstack@g-api.service[98869]: DEBUG glance.api.middleware.version_negotiation [None req-e788758f-1f2b-4a09-84ce-c6ca8678e7c0 admin admin] new path /v2/images/2afea83c-305f-421b-aa15-19e48246de9c/import {{(pid=98869) process_request /opt/stack/glance/glance/api/middleware/version_negotiation.py:70}}
Jun 09 15:56:02.939972 np0000002456 devstack@g-api.service[98869]: DEBUG glance.domain [None req-da2028f4-c26f-4d11-b6a4-fa993ef46660 admin admin] Loading taskflow executor {{(pid=98869) new_task_executor /opt/stack/glance/glance/domain/__init__.py:530}}
Jun 09 15:56:03.129551 np0000002456 devstack@g-api.service[98869]: DEBUG oslo_concurrency.lockutils [None req-da2028f4-c26f-4d11-b6a4-fa993ef46660 admin admin] Acquiring lock "tasks_pool" by "glance.api.common.memoize..memoizer_wrapper..memoizer" {{(pid=98869) inner /opt/stack/data/venv/lib/python3.12/site-packages/oslo_concurrency/lockutils.py:511}}
Jun 09 15:56:03.130823 np0000002456 devstack@g-api.service[98869]: DEBUG oslo_concurrency.lockutils [None req-da2028f4-c26f-4d11-b6a4-fa993ef46660 admin admin] Lock "tasks_pool" acquired by "glance.api.common.memoize..memoizer_wrapper..memoizer" :: waited 0.001s {{(pid=98869) inner /opt/stack/data/venv/lib/python3.12/site-packages/oslo_concurrency/lockutils.py:524}}
Jun 09 15:56:03.130823 np0000002456 devstack@g-api.service[98869]: DEBUG glance.api.common [None req-da2028f4-c26f-4d11-b6a4-fa993ef46660 admin admin] Initializing named threadpool 'tasks_pool' {{(pid=98869) _get_thread_pool /opt/stack/glance/glance/api/common.py:242}}
Jun 09 15:56:03.130823 np0000002456 devstack@g-api.service[98869]: DEBUG glance.async_ [None req-da2028f4-c26f-4d11-b6a4-fa993ef46660 admin admin] Creating threadpool model 'ThreadPoolExecutor' with size 16 {{(pid=98869) __init__ /opt/stack/glance/glance/async_/__init__.py:100}}
Jun 09 15:56:03.130823 np0000002456 devstack@g-api.service[98869]: DEBUG oslo_concurrency.lockutils [None req-da2028f4-c26f-4d11-b6a4-fa993ef46660 admin admin] Lock "tasks_pool" "released" by "glance.api.common.memoize..memoizer_wrapper..memoizer" :: held 0.001s {{(pid=98869) inner /opt/stack/data/venv/lib/python3.12/site-packages/oslo_concurrency/lockutils.py:543}}
Jun 09 15:56:03.130823 np0000002456 devstack@g-api.service[98869]: DEBUG glance.async_ [None req-da2028f4-c26f-4d11-b6a4-fa993ef46660 admin admin] Spawning with ThreadPoolExecutor: >((,), {}) {{(pid=98869) spawn /opt/stack/glance/glance/async_/__init__.py:106}}
Jun 09 15:56:03.132860 np0000002456 devstack@g-api.service[98869]: [pid: 98869|app: 0|req: 3/5] 127.0.0.1 () {42 vars in 919 bytes} [Tue Jun 9 15:56:02 2026] POST /v2/images/2afea83c-305f-421b-aa15-19e48246de9c/import => generated 0 bytes in 697 msecs (HTTP/1.1 202) 4 headers in 169 bytes (1 switches on core 0)
Jun 09 15:56:03.135570 np0000002456 devstack@g-api.service[98869]: INFO glance.domain [-] Task [9365d500-e4ec-4eb4-91a4-4be8f4e53c01] status changing from pending to processing
Jun 09 15:56:03.147983 np0000002456 devstack@g-api.service[98868]: DEBUG glance.api.middleware.version_negotiation [None req-5b376a14-0077-4228-869a-302735083942 admin admin] Determining version of request: GET /v2/images/2afea83c-305f-421b-aa15-19e48246de9c Accept: */* {{(pid=98868) process_request /opt/stack/glance/glance/api/middleware/version_negotiation.py:44}}
Jun 09 15:56:03.147983 np0000002456 devstack@g-api.service[98868]: DEBUG glance.api.middleware.version_negotiation [None req-5b376a14-0077-4228-869a-302735083942 admin admin] Using url versioning {{(pid=98868) process_request /opt/stack/glance/glance/api/middleware/version_negotiation.py:57}}
Jun 09 15:56:03.148234 np0000002456 devstack@g-api.service[98868]: DEBUG glance.api.middleware.version_negotiation [None req-5b376a14-0077-4228-869a-302735083942 admin admin] Matched version: v2 {{(pid=98868) process_request /opt/stack/glance/glance/api/middleware/version_negotiation.py:69}}
Jun 09 15:56:03.148318 np0000002456 devstack@g-api.service[98868]: DEBUG glance.api.middleware.version_negotiation [None req-5b376a14-0077-4228-869a-302735083942 admin admin] new path /v2/images/2afea83c-305f-421b-aa15-19e48246de9c {{(pid=98868) process_request /opt/stack/glance/glance/api/middleware/version_negotiation.py:70}}
Jun 09 15:56:03.148681 np0000002456 devstack@g-api.service[98869]: DEBUG glance.async_.taskflow_executor [-] Taskflow executor picked up the execution of task ID 9365d500-e4ec-4eb4-91a4-4be8f4e53c01 of task type api_image_import {{(pid=98869) _run /opt/stack/glance/glance/async_/taskflow_executor.py:163}}
Jun 09 15:56:03.156550 np0000002456 devstack@g-api.service[98868]: [pid: 98868|app: 0|req: 3/6] 127.0.0.1 () {38 vars in 852 bytes} [Tue Jun 9 15:56:03 2026] GET /v2/images/2afea83c-305f-421b-aa15-19e48246de9c => generated 879 bytes in 9 msecs (HTTP/1.1 200) 4 headers in 157 bytes (1 switches on core 0)
Jun 09 15:56:03.165796 np0000002456 devstack@g-api.service[98869]: DEBUG glance_store.backend [-] Attempting to import store cinder {{(pid=98869) _load_store /opt/stack/data/venv/lib/python3.12/site-packages/glance_store/backend.py:215}}
Jun 09 15:56:03.166096 np0000002456 devstack@g-api.service[98869]: DEBUG glance_store.backend [-] Attempting to import store file {{(pid=98869) _load_store /opt/stack/data/venv/lib/python3.12/site-packages/glance_store/backend.py:215}}
Jun 09 15:56:03.166272 np0000002456 devstack@g-api.service[98869]: DEBUG glance_store.backend [-] Attempting to import store glance.store.cinder.Store {{(pid=98869) _load_store /opt/stack/data/venv/lib/python3.12/site-packages/glance_store/backend.py:215}}
Jun 09 15:56:03.166443 np0000002456 devstack@g-api.service[98869]: DEBUG glance_store.backend [-] Attempting to import store glance.store.filesystem.Store {{(pid=98869) _load_store /opt/stack/data/venv/lib/python3.12/site-packages/glance_store/backend.py:215}}
Jun 09 15:56:03.166603 np0000002456 devstack@g-api.service[98869]: DEBUG glance_store.backend [-] Attempting to import store glance.store.http.Store {{(pid=98869) _load_store /opt/stack/data/venv/lib/python3.12/site-packages/glance_store/backend.py:215}}
Jun 09 15:56:03.166754 np0000002456 devstack@g-api.service[98869]: DEBUG glance_store.backend [-] Attempting to import store glance.store.rbd.Store {{(pid=98869) _load_store /opt/stack/data/venv/lib/python3.12/site-packages/glance_store/backend.py:215}}
Jun 09 15:56:03.166891 np0000002456 devstack@g-api.service[98869]: DEBUG glance_store.backend [-] Attempting to import store glance.store.s3.Store {{(pid=98869) _load_store /opt/stack/data/venv/lib/python3.12/site-packages/glance_store/backend.py:215}}
Jun 09 15:56:03.167057 np0000002456 devstack@g-api.service[98869]: DEBUG glance_store.backend [-] Attempting to import store glance.store.swift.Store {{(pid=98869) _load_store /opt/stack/data/venv/lib/python3.12/site-packages/glance_store/backend.py:215}}
Jun 09 15:56:03.167194 np0000002456 devstack@g-api.service[98869]: DEBUG glance_store.backend [-] Attempting to import store glance.store.vmware_datastore.Store {{(pid=98869) _load_store /opt/stack/data/venv/lib/python3.12/site-packages/glance_store/backend.py:215}}
Jun 09 15:56:03.167373 np0000002456 devstack@g-api.service[98869]: DEBUG glance_store.backend [-] Attempting to import store http {{(pid=98869) _load_store /opt/stack/data/venv/lib/python3.12/site-packages/glance_store/backend.py:215}}
Jun 09 15:56:03.167980 np0000002456 devstack@g-api.service[98869]: DEBUG glance_store.backend [-] Attempting to import store no_conf {{(pid=98869) _load_store /opt/stack/data/venv/lib/python3.12/site-packages/glance_store/backend.py:215}}
Jun 09 15:56:03.167980 np0000002456 devstack@g-api.service[98869]: DEBUG glance_store.backend [-] Attempting to import store rbd {{(pid=98869) _load_store /opt/stack/data/venv/lib/python3.12/site-packages/glance_store/backend.py:215}}
Jun 09 15:56:03.167980 np0000002456 devstack@g-api.service[98869]: DEBUG glance_store.backend [-] Attempting to import store s3 {{(pid=98869) _load_store /opt/stack/data/venv/lib/python3.12/site-packages/glance_store/backend.py:215}}
Jun 09 15:56:03.167980 np0000002456 devstack@g-api.service[98869]: DEBUG glance_store.backend [-] Attempting to import store swift {{(pid=98869) _load_store /opt/stack/data/venv/lib/python3.12/site-packages/glance_store/backend.py:215}}
Jun 09 15:56:03.167980 np0000002456 devstack@g-api.service[98869]: DEBUG glance_store.backend [-] Attempting to import store vmware {{(pid=98869) _load_store /opt/stack/data/venv/lib/python3.12/site-packages/glance_store/backend.py:215}}
Jun 09 15:56:03.167980 np0000002456 devstack@g-api.service[98869]: DEBUG glance_store.backend [-] Registering options for group glance_store {{(pid=98869) register_opts /opt/stack/data/venv/lib/python3.12/site-packages/glance_store/backend.py:144}}
Jun 09 15:56:03.167980 np0000002456 devstack@g-api.service[98869]: DEBUG glance_store.backend [-] Registering options for group glance_store {{(pid=98869) register_opts /opt/stack/data/venv/lib/python3.12/site-packages/glance_store/backend.py:144}}
Jun 09 15:56:03.168218 np0000002456 devstack@g-api.service[98869]: DEBUG glance_store.backend [-] Attempting to import store file {{(pid=98869) _load_store /opt/stack/data/venv/lib/python3.12/site-packages/glance_store/backend.py:215}}
Jun 09 15:56:03.168564 np0000002456 devstack@g-api.service[98869]: DEBUG glance_store.capabilities [-] Store glance_store._drivers.filesystem.Store doesn't support updating dynamic storage capabilities. Please overwrite 'update_capabilities' method of the store to implement updating logics if needed. {{(pid=98869) update_capabilities /opt/stack/data/venv/lib/python3.12/site-packages/glance_store/capabilities.py:91}}
Jun 09 15:56:03.176163 np0000002456 devstack@g-api.service[98869]: DEBUG glance.async_.flows.api_image_import [-] Image 2afea83c-305f-421b-aa15-19e48246de9c os_glance_importing_to_stores= {{(pid=98869) merge_store_list /opt/stack/glance/glance/async_/flows/api_image_import.py:277}}
Jun 09 15:56:03.176437 np0000002456 devstack@g-api.service[98869]: DEBUG glance.async_.flows.api_image_import [-] Image 2afea83c-305f-421b-aa15-19e48246de9c os_glance_failed_import= {{(pid=98869) merge_store_list /opt/stack/glance/glance/async_/flows/api_image_import.py:277}}
Jun 09 15:56:03.180887 np0000002456 devstack@g-api.service[98869]: DEBUG glance.async_.flows.api_image_import [-] Image 2afea83c-305f-421b-aa15-19e48246de9c status changing from uploading to importing {{(pid=98869) __exit__ /opt/stack/glance/glance/async_/flows/api_image_import.py:166}}
Jun 09 15:56:03.657743 np0000002456 devstack@g-api.service[98869]: DEBUG glance.async_ [-] Creating threadpool model 'ThreadPoolExecutor' with size 10 {{(pid=98869) __init__ /opt/stack/glance/glance/async_/__init__.py:100}}
Jun 09 15:56:03.678181 np0000002456 devstack@g-api.service[98869]: DEBUG glance.async_.taskflow_executor [-] Flow 'api_image_import' (78ec6709-7d73-459f-8c65-2c5ada77e49e) transitioned into state 'RUNNING' from state 'PENDING' {{(pid=98869) _flow_receiver /opt/stack/data/venv/lib/python3.12/site-packages/taskflow/listeners/logging.py:160}}
Jun 09 15:56:03.680315 np0000002456 devstack@g-api.service[98869]: DEBUG glance.async_.taskflow_executor [-] Task 'api_image_import-ImageLock-9365d500-e4ec-4eb4-91a4-4be8f4e53c01' (1e18c6b2-6f57-4c98-98f6-041d262bfb80) transitioned into state 'RUNNING' from state 'PENDING' {{(pid=98869) _task_receiver /opt/stack/data/venv/lib/python3.12/site-packages/taskflow/listeners/logging.py:242}}
Jun 09 15:56:03.686683 np0000002456 devstack@g-api.service[98869]: DEBUG glance.async_.flows.api_image_import [-] Image 2afea83c-305f-421b-aa15-19e48246de9c import task 9365d500-e4ec-4eb4-91a4-4be8f4e53c01 lock confirmed {{(pid=98869) execute /opt/stack/glance/glance/async_/flows/api_image_import.py:477}}
Jun 09 15:56:03.688654 np0000002456 devstack@g-api.service[98869]: DEBUG glance.async_.taskflow_executor [-] Task 'api_image_import-ImageLock-9365d500-e4ec-4eb4-91a4-4be8f4e53c01' (1e18c6b2-6f57-4c98-98f6-041d262bfb80) transitioned into state 'SUCCESS' from state 'RUNNING' with result 'None' {{(pid=98869) _task_receiver /opt/stack/data/venv/lib/python3.12/site-packages/taskflow/listeners/logging.py:218}}
Jun 09 15:56:03.688654 np0000002456 devstack@g-api.service[98869]: DEBUG glance.async_.taskflow_executor [-] Task 'api_image_import-ConfigureStaging-9365d500-e4ec-4eb4-91a4-4be8f4e53c01' (97180dcc-36de-4146-8595-eec681dd5d12) transitioned into state 'RUNNING' from state 'PENDING' {{(pid=98869) _task_receiver /opt/stack/data/venv/lib/python3.12/site-packages/taskflow/listeners/logging.py:242}}
Jun 09 15:56:03.689486 np0000002456 devstack@g-api.service[98869]: DEBUG glance.async_.taskflow_executor [-] Task 'api_image_import-ConfigureStaging-9365d500-e4ec-4eb4-91a4-4be8f4e53c01' (97180dcc-36de-4146-8595-eec681dd5d12) transitioned into state 'SUCCESS' from state 'RUNNING' with result 'file:///tmp/staging/2afea83c-305f-421b-aa15-19e48246de9c' {{(pid=98869) _task_receiver /opt/stack/data/venv/lib/python3.12/site-packages/taskflow/listeners/logging.py:218}}
Jun 09 15:56:03.690286 np0000002456 devstack@g-api.service[98869]: DEBUG glance.async_.taskflow_executor [-] Task 'api_image_import--ImportToStore-9365d500-e4ec-4eb4-91a4-4be8f4e53c01' (79109b4e-ddc2-41cf-9cbb-271fa2d637a7) transitioned into state 'RUNNING' from state 'PENDING' {{(pid=98869) _task_receiver /opt/stack/data/venv/lib/python3.12/site-packages/taskflow/listeners/logging.py:242}}
Jun 09 15:56:03.695203 np0000002456 devstack@g-api.service[98869]: INFO glance.common.scripts.image_import.main [-] Task 9365d500-e4ec-4eb4-91a4-4be8f4e53c01: Got image data uri file:///tmp/staging/2afea83c-305f-421b-aa15-19e48246de9c to be imported
Jun 09 15:56:03.696382 np0000002456 devstack@g-api.service[98869]: DEBUG glance.location [-] Enabling in-flight format inspection for qcow2 {{(pid=98869) set_data /opt/stack/glance/glance/location.py:616}}
Jun 09 15:56:03.696716 np0000002456 devstack@g-api.service[98869]: DEBUG glance_store.backend [-] Attempting to import store swift {{(pid=98869) _load_store /opt/stack/data/venv/lib/python3.12/site-packages/glance_store/backend.py:215}}
Jun 09 15:56:03.697861 np0000002456 devstack@g-api.service[98869]: DEBUG glance_store.capabilities [-] Store glance_store._drivers.swift.store.SingleTenantStore doesn't support updating dynamic storage capabilities. Please overwrite 'update_capabilities' method of the store to implement updating logics if needed. {{(pid=98869) update_capabilities /opt/stack/data/venv/lib/python3.12/site-packages/glance_store/capabilities.py:91}}
Jun 09 15:56:03.697978 np0000002456 devstack@g-api.service[98869]: DEBUG glance_store.driver [-] Late loading location class glance_store._drivers.swift.store.StoreLocation {{(pid=98869) get_store_location_class /opt/stack/data/venv/lib/python3.12/site-packages/glance_store/driver.py:134}}
Jun 09 15:56:03.698048 np0000002456 devstack@g-api.service[98869]: DEBUG glance_store.location [-] Registering scheme swift+https with {'store': , 'location_class': , 'store_entry': 'swift'} {{(pid=98869) register_scheme_map /opt/stack/data/venv/lib/python3.12/site-packages/glance_store/location.py:146}}
Jun 09 15:56:03.698098 np0000002456 devstack@g-api.service[98869]: DEBUG glance_store.location [-] Registering scheme swift+https with {'store': , 'location_class': , 'store_entry': 'swift'} {{(pid=98869) register_scheme_map /opt/stack/data/venv/lib/python3.12/site-packages/glance_store/location.py:146}}
Jun 09 15:56:03.698098 np0000002456 devstack@g-api.service[98869]: DEBUG glance_store.location [-] Registering scheme swift with {'store': , 'location_class': , 'store_entry': 'swift'} {{(pid=98869) register_scheme_map /opt/stack/data/venv/lib/python3.12/site-packages/glance_store/location.py:146}}
Jun 09 15:56:03.698183 np0000002456 devstack@g-api.service[98869]: DEBUG glance_store.location [-] Registering scheme swift+https with {'store': , 'location_class': , 'store_entry': 'swift'} {{(pid=98869) register_scheme_map /opt/stack/data/venv/lib/python3.12/site-packages/glance_store/location.py:146}}
Jun 09 15:56:03.698228 np0000002456 devstack@g-api.service[98869]: DEBUG glance_store.location [-] Registering scheme swift with {'store': , 'location_class': , 'store_entry': 'swift'} {{(pid=98869) register_scheme_map /opt/stack/data/venv/lib/python3.12/site-packages/glance_store/location.py:146}}
Jun 09 15:56:03.698295 np0000002456 devstack@g-api.service[98869]: DEBUG glance_store.location [-] Registering scheme swift+http with {'store': , 'location_class': , 'store_entry': 'swift'} {{(pid=98869) register_scheme_map /opt/stack/data/venv/lib/python3.12/site-packages/glance_store/location.py:146}}
Jun 09 15:56:03.698295 np0000002456 devstack@g-api.service[98869]: DEBUG glance_store.location [-] Registering scheme swift+https with {'store': , 'location_class': , 'store_entry': 'swift'} {{(pid=98869) register_scheme_map /opt/stack/data/venv/lib/python3.12/site-packages/glance_store/location.py:146}}
Jun 09 15:56:03.698386 np0000002456 devstack@g-api.service[98869]: DEBUG glance_store.location [-] Registering scheme swift with {'store': , 'location_class': , 'store_entry': 'swift'} {{(pid=98869) register_scheme_map /opt/stack/data/venv/lib/python3.12/site-packages/glance_store/location.py:146}}
Jun 09 15:56:03.698386 np0000002456 devstack@g-api.service[98869]: DEBUG glance_store.location [-] Registering scheme swift+http with {'store': , 'location_class': , 'store_entry': 'swift'} {{(pid=98869) register_scheme_map /opt/stack/data/venv/lib/python3.12/site-packages/glance_store/location.py:146}}
Jun 09 15:56:03.698462 np0000002456 devstack@g-api.service[98869]: DEBUG glance_store.location [-] Registering scheme swift+config with {'store': , 'location_class': , 'store_entry': 'swift'} {{(pid=98869) register_scheme_map /opt/stack/data/venv/lib/python3.12/site-packages/glance_store/location.py:146}}
Jun 09 15:56:04.124859 np0000002456 devstack@g-api.service[98869]: INFO swiftclient [-] REQ: curl -i https://10.4.3.93:8080/v1/AUTH_1800a85198b74cf0bc69e5bfdff948b7/glance -I -H "X-Auth-Token: gAAAAABqKDeT5Dsl..."
Jun 09 15:56:04.124958 np0000002456 devstack@g-api.service[98869]: INFO swiftclient [-] RESP STATUS: 404 Not Found
Jun 09 15:56:04.125063 np0000002456 devstack@g-api.service[98869]: INFO swiftclient [-] RESP HEADERS: {'Date': 'Tue, 09 Jun 2026 15:56:04 GMT', 'Server': 'Apache/2.4.58 (Ubuntu)', 'Content-Type': 'text/html; charset=UTF-8', 'X-Trans-Id': 'txc93cf1295e154822bb1c1-006a283793', 'X-Openstack-Request-Id': 'txc93cf1295e154822bb1c1-006a283793', 'Connection': 'close'}
Jun 09 15:56:04.125294 np0000002456 devstack@g-api.service[98869]: INFO glance_store._drivers.swift.store [-] Creating swift container glance
Jun 09 15:56:04.178602 np0000002456 devstack@g-api.service[98869]: DEBUG swiftclient [-] REQ: curl -i https://10.4.3.93:8080/v1/AUTH_1800a85198b74cf0bc69e5bfdff948b7/glance -X PUT -H "X-Auth-Token: gAAAAABqKDeT5Dsl..." -H "Content-Length: 0" {{(pid=98869) http_log /opt/stack/data/venv/lib/python3.12/site-packages/swiftclient/client.py:160}}
Jun 09 15:56:04.178659 np0000002456 devstack@g-api.service[98869]: DEBUG swiftclient [-] RESP STATUS: 201 Created {{(pid=98869) http_log /opt/stack/data/venv/lib/python3.12/site-packages/swiftclient/client.py:161}}
Jun 09 15:56:04.178773 np0000002456 devstack@g-api.service[98869]: DEBUG swiftclient [-] RESP HEADERS: {'Date': 'Tue, 09 Jun 2026 15:56:04 GMT', 'Server': 'Apache/2.4.58 (Ubuntu)', 'Content-Type': 'text/html; charset=UTF-8', 'Content-Length': '0', 'X-Trans-Id': 'tx4bf44a851f4345efa6de9-006a283794', 'X-Openstack-Request-Id': 'tx4bf44a851f4345efa6de9-006a283794', 'Connection': 'close'} {{(pid=98869) http_log /opt/stack/data/venv/lib/python3.12/site-packages/swiftclient/client.py:162}}
Jun 09 15:56:04.178895 np0000002456 devstack@g-api.service[98869]: DEBUG glance_store._drivers.swift.store [-] Adding image object '2afea83c-305f-421b-aa15-19e48246de9c' to Swift {{(pid=98869) add /opt/stack/data/venv/lib/python3.12/site-packages/glance_store/_drivers/swift/store.py:970}}
Jun 09 15:56:04.184479 np0000002456 devstack@g-api.service[98869]: DEBUG oslo_utils.imageutils.format_inspector [-] Format inspector for vmdk does not match, excluding from consideration (Signature KDMV not found: b'QFI\xfb') {{(pid=98869) _process_chunk /opt/stack/data/venv/lib/python3.12/site-packages/oslo_utils/imageutils/format_inspector.py:1758}}
Jun 09 15:56:04.187874 np0000002456 devstack@g-api.service[98869]: DEBUG oslo_utils.imageutils.format_inspector [-] Format inspector for vhdx does not match, excluding from consideration (Region signature not found at 30000) {{(pid=98869) _process_chunk /opt/stack/data/venv/lib/python3.12/site-packages/oslo_utils/imageutils/format_inspector.py:1758}}
Jun 09 15:56:04.478453 np0000002456 devstack@g-api.service[98869]: DEBUG swiftclient [-] REQ: curl -i https://10.4.3.93:8080/v1/AUTH_1800a85198b74cf0bc69e5bfdff948b7/glance/2afea83c-305f-421b-aa15-19e48246de9c -X PUT -H "X-Auth-Token: gAAAAABqKDeT5Dsl..." -H "Content-Length: 21430272" {{(pid=98869) http_log /opt/stack/data/venv/lib/python3.12/site-packages/swiftclient/client.py:160}}
Jun 09 15:56:04.478524 np0000002456 devstack@g-api.service[98869]: DEBUG swiftclient [-] RESP STATUS: 201 Created {{(pid=98869) http_log /opt/stack/data/venv/lib/python3.12/site-packages/swiftclient/client.py:161}}
Jun 09 15:56:04.478664 np0000002456 devstack@g-api.service[98869]: DEBUG swiftclient [-] RESP HEADERS: {'Date': 'Tue, 09 Jun 2026 15:56:04 GMT', 'Server': 'Apache/2.4.58 (Ubuntu)', 'Content-Type': 'text/html; charset=UTF-8', 'Content-Length': '0', 'Etag': 'c8fc807773e5354afe61636071771906', 'Last-Modified': 'Tue, 09 Jun 2026 15:56:05 GMT', 'X-Trans-Id': 'tx2a59d242a9fe4a4183c90-006a283794', 'X-Openstack-Request-Id': 'tx2a59d242a9fe4a4183c90-006a283794', 'Connection': 'close'} {{(pid=98869) http_log /opt/stack/data/venv/lib/python3.12/site-packages/swiftclient/client.py:162}}
Jun 09 15:56:04.493402 np0000002456 devstack@g-api.service[98869]: INFO glance.location [-] Image format matched and virtual size computed: 117440512
Jun 09 15:56:04.500494 np0000002456 devstack@g-api.service[98869]: DEBUG glance.async_.flows.api_image_import [-] Image 2afea83c-305f-421b-aa15-19e48246de9c status changing from importing to active {{(pid=98869) __exit__ /opt/stack/glance/glance/async_/flows/api_image_import.py:166}}
Jun 09 15:56:04.522380 np0000002456 devstack@g-api.service[98869]: DEBUG glance_store.backend [-] Attempting to import store swift {{(pid=98869) _load_store /opt/stack/data/venv/lib/python3.12/site-packages/glance_store/backend.py:215}}
Jun 09 15:56:04.523868 np0000002456 devstack@g-api.service[98869]: DEBUG glance_store.capabilities [-] Store glance_store._drivers.swift.store.SingleTenantStore doesn't support updating dynamic storage capabilities. Please overwrite 'update_capabilities' method of the store to implement updating logics if needed. {{(pid=98869) update_capabilities /opt/stack/data/venv/lib/python3.12/site-packages/glance_store/capabilities.py:91}}
Jun 09 15:56:04.523955 np0000002456 devstack@g-api.service[98869]: DEBUG glance_store.driver [-] Late loading location class glance_store._drivers.swift.store.StoreLocation {{(pid=98869) get_store_location_class /opt/stack/data/venv/lib/python3.12/site-packages/glance_store/driver.py:134}}
Jun 09 15:56:04.524043 np0000002456 devstack@g-api.service[98869]: DEBUG glance_store.location [-] Registering scheme swift+https with {'store': , 'location_class': , 'store_entry': 'swift'} {{(pid=98869) register_scheme_map /opt/stack/data/venv/lib/python3.12/site-packages/glance_store/location.py:146}}
Jun 09 15:56:04.524111 np0000002456 devstack@g-api.service[98869]: DEBUG glance_store.location [-] Registering scheme swift+https with {'store': , 'location_class': , 'store_entry': 'swift'} {{(pid=98869) register_scheme_map /opt/stack/data/venv/lib/python3.12/site-packages/glance_store/location.py:146}}
Jun 09 15:56:04.524170 np0000002456 devstack@g-api.service[98869]: DEBUG glance_store.location [-] Registering scheme swift with {'store': , 'location_class': , 'store_entry': 'swift'} {{(pid=98869) register_scheme_map /opt/stack/data/venv/lib/python3.12/site-packages/glance_store/location.py:146}}
Jun 09 15:56:04.524248 np0000002456 devstack@g-api.service[98869]: DEBUG glance_store.location [-] Registering scheme swift+https with {'store': , 'location_class': , 'store_entry': 'swift'} {{(pid=98869) register_scheme_map /opt/stack/data/venv/lib/python3.12/site-packages/glance_store/location.py:146}}
Jun 09 15:56:04.524326 np0000002456 devstack@g-api.service[98869]: DEBUG glance_store.location [-] Registering scheme swift with {'store': , 'location_class': , 'store_entry': 'swift'} {{(pid=98869) register_scheme_map /opt/stack/data/venv/lib/python3.12/site-packages/glance_store/location.py:146}}
Jun 09 15:56:04.524391 np0000002456 devstack@g-api.service[98869]: DEBUG glance_store.location [-] Registering scheme swift+http with {'store': , 'location_class': , 'store_entry': 'swift'} {{(pid=98869) register_scheme_map /opt/stack/data/venv/lib/python3.12/site-packages/glance_store/location.py:146}}
Jun 09 15:56:04.524458 np0000002456 devstack@g-api.service[98869]: DEBUG glance_store.location [-] Registering scheme swift+https with {'store': , 'location_class': , 'store_entry': 'swift'} {{(pid=98869) register_scheme_map /opt/stack/data/venv/lib/python3.12/site-packages/glance_store/location.py:146}}
Jun 09 15:56:04.524499 np0000002456 devstack@g-api.service[98869]: DEBUG glance_store.location [-] Registering scheme swift with {'store': , 'location_class': , 'store_entry': 'swift'} {{(pid=98869) register_scheme_map /opt/stack/data/venv/lib/python3.12/site-packages/glance_store/location.py:146}}
