Aug 07 16:13:48.038745 np0000006731 devstack@g-api.service[103067]: DEBUG glance.api.middleware.version_negotiation [None req-f99ecdc2-32e4-4940-b927-cbbba007c484 tempest-VolumesActionsTest-1583469855 tempest-VolumesActionsTest-1583469855-project-member] Using url versioning {{(pid=103067) process_request /opt/stack/glance/glance/api/middleware/version_negotiation.py:57}}
Aug 07 16:13:48.038745 np0000006731 devstack@g-api.service[103067]: DEBUG glance.api.middleware.version_negotiation [None req-f99ecdc2-32e4-4940-b927-cbbba007c484 tempest-VolumesActionsTest-1583469855 tempest-VolumesActionsTest-1583469855-project-member] Matched version: v2 {{(pid=103067) process_request /opt/stack/glance/glance/api/middleware/version_negotiation.py:69}}
Aug 07 16:13:48.038745 np0000006731 devstack@g-api.service[103067]: DEBUG glance.api.middleware.version_negotiation [None req-f99ecdc2-32e4-4940-b927-cbbba007c484 tempest-VolumesActionsTest-1583469855 tempest-VolumesActionsTest-1583469855-project-member] new path /v2/images/2c6868f8-146f-4182-b851-fd539b71bb98 {{(pid=103067) process_request /opt/stack/glance/glance/api/middleware/version_negotiation.py:70}}
Aug 07 16:13:48.050460 np0000006731 devstack@g-api.service[103067]: [pid: 103067|app: 0|req: 75/287] 127.0.0.1 () {44 vars in 1111 bytes} [Fri Aug 7 16:13:48 2026] GET /v2/images/2c6868f8-146f-4182-b851-fd539b71bb98 => generated 1044 bytes in 13 msecs (HTTP/1.1 200) 4 headers in 158 bytes (1 switches on core 0)
Aug 07 16:13:48.095693 np0000006731 devstack@g-api.service[103068]: DEBUG glance.api.middleware.version_negotiation [None req-f99ecdc2-32e4-4940-b927-cbbba007c484 tempest-VolumesActionsTest-1583469855 tempest-VolumesActionsTest-1583469855-project-member] Determining version of request: GET /v2/schemas/image Accept: */* {{(pid=103068) process_request /opt/stack/glance/glance/api/middleware/version_negotiation.py:44}}
Aug 07 16:13:48.095693 np0000006731 devstack@g-api.service[103068]: DEBUG glance.api.middleware.version_negotiation [None req-f99ecdc2-32e4-4940-b927-cbbba007c484 tempest-VolumesActionsTest-1583469855 tempest-VolumesActionsTest-1583469855-project-member] Using url versioning {{(pid=103068) process_request /opt/stack/glance/glance/api/middleware/version_negotiation.py:57}}
Aug 07 16:13:48.095693 np0000006731 devstack@g-api.service[103068]: DEBUG glance.api.middleware.version_negotiation [None req-f99ecdc2-32e4-4940-b927-cbbba007c484 tempest-VolumesActionsTest-1583469855 tempest-VolumesActionsTest-1583469855-project-member] Matched version: v2 {{(pid=103068) process_request /opt/stack/glance/glance/api/middleware/version_negotiation.py:69}}
Aug 07 16:13:48.095693 np0000006731 devstack@g-api.service[103068]: DEBUG glance.api.middleware.version_negotiation [None req-f99ecdc2-32e4-4940-b927-cbbba007c484 tempest-VolumesActionsTest-1583469855 tempest-VolumesActionsTest-1583469855-project-member] new path /v2/schemas/image {{(pid=103068) process_request /opt/stack/glance/glance/api/middleware/version_negotiation.py:70}}
Aug 07 16:13:48.101266 np0000006731 devstack@g-api.service[103068]: [pid: 103068|app: 0|req: 75/288] 127.0.0.1 () {44 vars in 1051 bytes} [Fri Aug 7 16:13:48 2026] GET /v2/schemas/image => generated 6083 bytes in 6 msecs (HTTP/1.1 200) 4 headers in 158 bytes (1 switches on core 0)
Aug 07 16:13:48.587838 np0000006731 devstack@g-api.service[103066]: DEBUG glance.api.middleware.version_negotiation [None req-f99ecdc2-32e4-4940-b927-cbbba007c484 tempest-VolumesActionsTest-1583469855 tempest-VolumesActionsTest-1583469855-project-member] Determining version of request: GET /v2/images/1f7cc698-1511-4ea1-8259-0f4832f15a6f Accept: application/json {{(pid=103066) process_request /opt/stack/glance/glance/api/middleware/version_negotiation.py:44}}
Aug 07 16:13:48.587838 np0000006731 devstack@g-api.service[103066]: DEBUG glance.api.middleware.version_negotiation [None req-f99ecdc2-32e4-4940-b927-cbbba007c484 tempest-VolumesActionsTest-1583469855 tempest-VolumesActionsTest-1583469855-project-member] Using url versioning {{(pid=103066) process_request /opt/stack/glance/glance/api/middleware/version_negotiation.py:57}}
Aug 07 16:13:48.588484 np0000006731 devstack@g-api.service[103066]: DEBUG glance.api.middleware.version_negotiation [None req-f99ecdc2-32e4-4940-b927-cbbba007c484 tempest-VolumesActionsTest-1583469855 tempest-VolumesActionsTest-1583469855-project-member] Matched version: v2 {{(pid=103066) process_request /opt/stack/glance/glance/api/middleware/version_negotiation.py:69}}
Aug 07 16:13:48.588484 np0000006731 devstack@g-api.service[103066]: DEBUG glance.api.middleware.version_negotiation [None req-f99ecdc2-32e4-4940-b927-cbbba007c484 tempest-VolumesActionsTest-1583469855 tempest-VolumesActionsTest-1583469855-project-member] new path /v2/images/1f7cc698-1511-4ea1-8259-0f4832f15a6f {{(pid=103066) process_request /opt/stack/glance/glance/api/middleware/version_negotiation.py:70}}
Aug 07 16:13:48.598886 np0000006731 devstack@g-api.service[103066]: [pid: 103066|app: 0|req: 67/289] 127.0.0.1 () {40 vars in 834 bytes} [Fri Aug 7 16:13:48 2026] GET /v2/images/1f7cc698-1511-4ea1-8259-0f4832f15a6f => generated 649 bytes in 11 msecs (HTTP/1.1 200) 4 headers in 157 bytes (1 switches on core 0)
Aug 07 16:13:49.610772 np0000006731 devstack@g-api.service[103065]: DEBUG glance.api.middleware.version_negotiation [None req-3e2641e5-ecff-4af9-813a-38959d48af9c tempest-VolumesActionsTest-1583469855 tempest-VolumesActionsTest-1583469855-project-member] Determining version of request: GET /v2/images/1f7cc698-1511-4ea1-8259-0f4832f15a6f Accept: application/json {{(pid=103065) process_request /opt/stack/glance/glance/api/middleware/version_negotiation.py:44}}
Aug 07 16:13:49.611173 np0000006731 devstack@g-api.service[103065]: DEBUG glance.api.middleware.version_negotiation [None req-3e2641e5-ecff-4af9-813a-38959d48af9c tempest-VolumesActionsTest-1583469855 tempest-VolumesActionsTest-1583469855-project-member] Using url versioning {{(pid=103065) process_request /opt/stack/glance/glance/api/middleware/version_negotiation.py:57}}
Aug 07 16:13:49.611173 np0000006731 devstack@g-api.service[103065]: DEBUG glance.api.middleware.version_negotiation [None req-3e2641e5-ecff-4af9-813a-38959d48af9c tempest-VolumesActionsTest-1583469855 tempest-VolumesActionsTest-1583469855-project-member] Matched version: v2 {{(pid=103065) process_request /opt/stack/glance/glance/api/middleware/version_negotiation.py:69}}
Aug 07 16:13:49.611384 np0000006731 devstack@g-api.service[103065]: DEBUG glance.api.middleware.version_negotiation [None req-3e2641e5-ecff-4af9-813a-38959d48af9c tempest-VolumesActionsTest-1583469855 tempest-VolumesActionsTest-1583469855-project-member] new path /v2/images/1f7cc698-1511-4ea1-8259-0f4832f15a6f {{(pid=103065) process_request /opt/stack/glance/glance/api/middleware/version_negotiation.py:70}}
Aug 07 16:13:49.622351 np0000006731 devstack@g-api.service[103065]: [pid: 103065|app: 0|req: 73/290] 127.0.0.1 () {40 vars in 834 bytes} [Fri Aug 7 16:13:49 2026] GET /v2/images/1f7cc698-1511-4ea1-8259-0f4832f15a6f => generated 649 bytes in 12 msecs (HTTP/1.1 200) 4 headers in 157 bytes (1 switches on core 0)
Aug 07 16:13:50.635560 np0000006731 devstack@g-api.service[103067]: DEBUG glance.api.middleware.version_negotiation [None req-ffe3e82a-4b69-43bc-a13b-e5b184607cd2 tempest-AttachVolumeMultiAttachTest-1473127321 tempest-AttachVolumeMultiAttachTest-1473127321-project-member] Determining version of request: GET /v2/images/1f7cc698-1511-4ea1-8259-0f4832f15a6f Accept: application/json {{(pid=103067) process_request /opt/stack/glance/glance/api/middleware/version_negotiation.py:44}}
Aug 07 16:13:50.637148 np0000006731 devstack@g-api.service[103067]: DEBUG glance.api.middleware.version_negotiation [None req-ffe3e82a-4b69-43bc-a13b-e5b184607cd2 tempest-AttachVolumeMultiAttachTest-1473127321 tempest-AttachVolumeMultiAttachTest-1473127321-project-member] Using url versioning {{(pid=103067) process_request /opt/stack/glance/glance/api/middleware/version_negotiation.py:57}}
Aug 07 16:13:50.637148 np0000006731 devstack@g-api.service[103067]: DEBUG glance.api.middleware.version_negotiation [None req-ffe3e82a-4b69-43bc-a13b-e5b184607cd2 tempest-AttachVolumeMultiAttachTest-1473127321 tempest-AttachVolumeMultiAttachTest-1473127321-project-member] Matched version: v2 {{(pid=103067) process_request /opt/stack/glance/glance/api/middleware/version_negotiation.py:69}}
Aug 07 16:13:50.637148 np0000006731 devstack@g-api.service[103067]: DEBUG glance.api.middleware.version_negotiation [None req-ffe3e82a-4b69-43bc-a13b-e5b184607cd2 tempest-AttachVolumeMultiAttachTest-1473127321 tempest-AttachVolumeMultiAttachTest-1473127321-project-member] new path /v2/images/1f7cc698-1511-4ea1-8259-0f4832f15a6f {{(pid=103067) process_request /opt/stack/glance/glance/api/middleware/version_negotiation.py:70}}
Aug 07 16:13:50.655063 np0000006731 devstack@g-api.service[103067]: [pid: 103067|app: 0|req: 76/291] 127.0.0.1 () {40 vars in 834 bytes} [Fri Aug 7 16:13:50 2026] GET /v2/images/1f7cc698-1511-4ea1-8259-0f4832f15a6f => generated 649 bytes in 20 msecs (HTTP/1.1 200) 4 headers in 157 bytes (1 switches on core 0)
Aug 07 16:13:51.001755 np0000006731 devstack@g-api.service[103068]: DEBUG glance.api.middleware.version_negotiation [None req-ffe3e82a-4b69-43bc-a13b-e5b184607cd2 tempest-AttachVolumeMultiAttachTest-1473127321 tempest-AttachVolumeMultiAttachTest-1473127321-project-member] Determining version of request: PUT /v2/images/1f7cc698-1511-4ea1-8259-0f4832f15a6f/file Accept: */* {{(pid=103068) process_request /opt/stack/glance/glance/api/middleware/version_negotiation.py:44}}
Aug 07 16:13:51.001755 np0000006731 devstack@g-api.service[103068]: DEBUG glance.api.middleware.version_negotiation [None req-ffe3e82a-4b69-43bc-a13b-e5b184607cd2 tempest-AttachVolumeMultiAttachTest-1473127321 tempest-AttachVolumeMultiAttachTest-1473127321-project-member] Using url versioning {{(pid=103068) process_request /opt/stack/glance/glance/api/middleware/version_negotiation.py:57}}
Aug 07 16:13:51.001755 np0000006731 devstack@g-api.service[103068]: DEBUG glance.api.middleware.version_negotiation [None req-ffe3e82a-4b69-43bc-a13b-e5b184607cd2 tempest-AttachVolumeMultiAttachTest-1473127321 tempest-AttachVolumeMultiAttachTest-1473127321-project-member] Matched version: v2 {{(pid=103068) process_request /opt/stack/glance/glance/api/middleware/version_negotiation.py:69}}
Aug 07 16:13:51.002287 np0000006731 devstack@g-api.service[103068]: DEBUG glance.api.middleware.version_negotiation [None req-ffe3e82a-4b69-43bc-a13b-e5b184607cd2 tempest-AttachVolumeMultiAttachTest-1473127321 tempest-AttachVolumeMultiAttachTest-1473127321-project-member] new path /v2/images/1f7cc698-1511-4ea1-8259-0f4832f15a6f/file {{(pid=103068) process_request /opt/stack/glance/glance/api/middleware/version_negotiation.py:70}}
Aug 07 16:13:51.669072 np0000006731 devstack@g-api.service[103066]: DEBUG glance.api.middleware.version_negotiation [None req-0f013901-b79f-456b-9191-4d8f92608ab0 tempest-VolumesActionsTest-1583469855 tempest-VolumesActionsTest-1583469855-project-member] Determining version of request: GET /v2/images/1f7cc698-1511-4ea1-8259-0f4832f15a6f Accept: application/json {{(pid=103066) process_request /opt/stack/glance/glance/api/middleware/version_negotiation.py:44}}
Aug 07 16:13:51.669554 np0000006731 devstack@g-api.service[103066]: DEBUG glance.api.middleware.version_negotiation [None req-0f013901-b79f-456b-9191-4d8f92608ab0 tempest-VolumesActionsTest-1583469855 tempest-VolumesActionsTest-1583469855-project-member] Using url versioning {{(pid=103066) process_request /opt/stack/glance/glance/api/middleware/version_negotiation.py:57}}
Aug 07 16:13:51.669554 np0000006731 devstack@g-api.service[103066]: DEBUG glance.api.middleware.version_negotiation [None req-0f013901-b79f-456b-9191-4d8f92608ab0 tempest-VolumesActionsTest-1583469855 tempest-VolumesActionsTest-1583469855-project-member] Matched version: v2 {{(pid=103066) process_request /opt/stack/glance/glance/api/middleware/version_negotiation.py:69}}
Aug 07 16:13:51.669660 np0000006731 devstack@g-api.service[103066]: DEBUG glance.api.middleware.version_negotiation [None req-0f013901-b79f-456b-9191-4d8f92608ab0 tempest-VolumesActionsTest-1583469855 tempest-VolumesActionsTest-1583469855-project-member] new path /v2/images/1f7cc698-1511-4ea1-8259-0f4832f15a6f {{(pid=103066) process_request /opt/stack/glance/glance/api/middleware/version_negotiation.py:70}}
Aug 07 16:13:51.685949 np0000006731 devstack@g-api.service[103066]: [pid: 103066|app: 0|req: 68/292] 127.0.0.1 () {40 vars in 834 bytes} [Fri Aug 7 16:13:51 2026] GET /v2/images/1f7cc698-1511-4ea1-8259-0f4832f15a6f => generated 649 bytes in 17 msecs (HTTP/1.1 200) 4 headers in 157 bytes (1 switches on core 0)
Aug 07 16:13:52.041963 np0000006731 devstack@g-api.service[103068]: INFO glance.api.v2.image_data [None req-f99ecdc2-32e4-4940-b927-cbbba007c484 tempest-VolumesActionsTest-1583469855 tempest-VolumesActionsTest-1583469855-project-member] Unable to create trust: no such option collect_timing in group [keystone_authtoken] Use the existing user token.
Aug 07 16:13:52.699773 np0000006731 devstack@g-api.service[103065]: DEBUG glance.api.middleware.version_negotiation [None req-9be2f6fd-0b82-4f2e-a7b4-7569c4201e45 tempest-VolumesActionsTest-1583469855 tempest-VolumesActionsTest-1583469855-project-member] Determining version of request: GET /v2/images/1f7cc698-1511-4ea1-8259-0f4832f15a6f Accept: application/json {{(pid=103065) process_request /opt/stack/glance/glance/api/middleware/version_negotiation.py:44}}
Aug 07 16:13:52.700218 np0000006731 devstack@g-api.service[103065]: DEBUG glance.api.middleware.version_negotiation [None req-9be2f6fd-0b82-4f2e-a7b4-7569c4201e45 tempest-VolumesActionsTest-1583469855 tempest-VolumesActionsTest-1583469855-project-member] Using url versioning {{(pid=103065) process_request /opt/stack/glance/glance/api/middleware/version_negotiation.py:57}}
Aug 07 16:13:52.700218 np0000006731 devstack@g-api.service[103065]: DEBUG glance.api.middleware.version_negotiation [None req-9be2f6fd-0b82-4f2e-a7b4-7569c4201e45 tempest-VolumesActionsTest-1583469855 tempest-VolumesActionsTest-1583469855-project-member] Matched version: v2 {{(pid=103065) process_request /opt/stack/glance/glance/api/middleware/version_negotiation.py:69}}
Aug 07 16:13:52.700218 np0000006731 devstack@g-api.service[103065]: DEBUG glance.api.middleware.version_negotiation [None req-9be2f6fd-0b82-4f2e-a7b4-7569c4201e45 tempest-VolumesActionsTest-1583469855 tempest-VolumesActionsTest-1583469855-project-member] new path /v2/images/1f7cc698-1511-4ea1-8259-0f4832f15a6f {{(pid=103065) process_request /opt/stack/glance/glance/api/middleware/version_negotiation.py:70}}
Aug 07 16:13:52.718738 np0000006731 devstack@g-api.service[103065]: [pid: 103065|app: 0|req: 74/293] 127.0.0.1 () {40 vars in 834 bytes} [Fri Aug 7 16:13:52 2026] GET /v2/images/1f7cc698-1511-4ea1-8259-0f4832f15a6f => generated 649 bytes in 18 msecs (HTTP/1.1 200) 4 headers in 157 bytes (1 switches on core 0)
Aug 07 16:13:52.881071 np0000006731 devstack@g-api.service[103068]: DEBUG glance.location [None req-f99ecdc2-32e4-4940-b927-cbbba007c484 tempest-VolumesActionsTest-1583469855 tempest-VolumesActionsTest-1583469855-project-member] Enabling in-flight format inspection for raw {{(pid=103068) set_data /opt/stack/glance/glance/location.py:596}}
Aug 07 16:13:52.881608 np0000006731 devstack@g-api.service[103068]: DEBUG glance_store.backend [None req-f99ecdc2-32e4-4940-b927-cbbba007c484 tempest-VolumesActionsTest-1583469855 tempest-VolumesActionsTest-1583469855-project-member] Attempting to import store swift {{(pid=103068) _load_store /opt/stack/data/venv/lib/python3.12/site-packages/glance_store/backend.py:215}}
Aug 07 16:13:52.884665 np0000006731 devstack@g-api.service[103068]: DEBUG glance_store.capabilities [None req-f99ecdc2-32e4-4940-b927-cbbba007c484 tempest-VolumesActionsTest-1583469855 tempest-VolumesActionsTest-1583469855-project-member] Store glance_store._drivers.swift.store.SingleTenantStore doesn't support updating dynamic storage capabilities. Please overwrite 'update_capabilities' method of the store to implement updating logics if needed. {{(pid=103068) update_capabilities /opt/stack/data/venv/lib/python3.12/site-packages/glance_store/capabilities.py:91}}
Aug 07 16:13:52.884895 np0000006731 devstack@g-api.service[103068]: DEBUG glance_store.driver [None req-f99ecdc2-32e4-4940-b927-cbbba007c484 tempest-VolumesActionsTest-1583469855 tempest-VolumesActionsTest-1583469855-project-member] Late loading location class glance_store._drivers.swift.store.StoreLocation {{(pid=103068) get_store_location_class /opt/stack/data/venv/lib/python3.12/site-packages/glance_store/driver.py:134}}
Aug 07 16:13:52.885092 np0000006731 devstack@g-api.service[103068]: DEBUG glance_store.location [None req-f99ecdc2-32e4-4940-b927-cbbba007c484 tempest-VolumesActionsTest-1583469855 tempest-VolumesActionsTest-1583469855-project-member] Registering scheme swift+https with {'store': , 'location_class': , 'store_entry': 'swift'} {{(pid=103068) register_scheme_map /opt/stack/data/venv/lib/python3.12/site-packages/glance_store/location.py:146}}
Aug 07 16:13:52.885204 np0000006731 devstack@g-api.service[103068]: DEBUG glance_store.location [None req-f99ecdc2-32e4-4940-b927-cbbba007c484 tempest-VolumesActionsTest-1583469855 tempest-VolumesActionsTest-1583469855-project-member] Registering scheme swift+https with {'store': , 'location_class': , 'store_entry': 'swift'} {{(pid=103068) register_scheme_map /opt/stack/data/venv/lib/python3.12/site-packages/glance_store/location.py:146}}
Aug 07 16:13:52.885334 np0000006731 devstack@g-api.service[103068]: DEBUG glance_store.location [None req-f99ecdc2-32e4-4940-b927-cbbba007c484 tempest-VolumesActionsTest-1583469855 tempest-VolumesActionsTest-1583469855-project-member] Registering scheme swift with {'store': , 'location_class': , 'store_entry': 'swift'} {{(pid=103068) register_scheme_map /opt/stack/data/venv/lib/python3.12/site-packages/glance_store/location.py:146}}
Aug 07 16:13:52.885425 np0000006731 devstack@g-api.service[103068]: DEBUG glance_store.location [None req-f99ecdc2-32e4-4940-b927-cbbba007c484 tempest-VolumesActionsTest-1583469855 tempest-VolumesActionsTest-1583469855-project-member] Registering scheme swift+https with {'store': , 'location_class': , 'store_entry': 'swift'} {{(pid=103068) register_scheme_map /opt/stack/data/venv/lib/python3.12/site-packages/glance_store/location.py:146}}
Aug 07 16:13:52.885541 np0000006731 devstack@g-api.service[103068]: DEBUG glance_store.location [None req-f99ecdc2-32e4-4940-b927-cbbba007c484 tempest-VolumesActionsTest-1583469855 tempest-VolumesActionsTest-1583469855-project-member] Registering scheme swift with {'store': , 'location_class': , 'store_entry': 'swift'} {{(pid=103068) register_scheme_map /opt/stack/data/venv/lib/python3.12/site-packages/glance_store/location.py:146}}
Aug 07 16:13:52.885736 np0000006731 devstack@g-api.service[103068]: DEBUG glance_store.location [None req-f99ecdc2-32e4-4940-b927-cbbba007c484 tempest-VolumesActionsTest-1583469855 tempest-VolumesActionsTest-1583469855-project-member] Registering scheme swift+http with {'store': , 'location_class': , 'store_entry': 'swift'} {{(pid=103068) register_scheme_map /opt/stack/data/venv/lib/python3.12/site-packages/glance_store/location.py:146}}
Aug 07 16:13:52.885853 np0000006731 devstack@g-api.service[103068]: DEBUG glance_store.location [None req-f99ecdc2-32e4-4940-b927-cbbba007c484 tempest-VolumesActionsTest-1583469855 tempest-VolumesActionsTest-1583469855-project-member] Registering scheme swift+https with {'store': , 'location_class': , 'store_entry': 'swift'} {{(pid=103068) register_scheme_map /opt/stack/data/venv/lib/python3.12/site-packages/glance_store/location.py:146}}
Aug 07 16:13:52.885948 np0000006731 devstack@g-api.service[103068]: DEBUG glance_store.location [None req-f99ecdc2-32e4-4940-b927-cbbba007c484 tempest-VolumesActionsTest-1583469855 tempest-VolumesActionsTest-1583469855-project-member] Registering scheme swift with {'store': , 'location_class': , 'store_entry': 'swift'} {{(pid=103068) register_scheme_map /opt/stack/data/venv/lib/python3.12/site-packages/glance_store/location.py:146}}
Aug 07 16:13:52.886046 np0000006731 devstack@g-api.service[103068]: DEBUG glance_store.location [None req-f99ecdc2-32e4-4940-b927-cbbba007c484 tempest-VolumesActionsTest-1583469855 tempest-VolumesActionsTest-1583469855-project-member] Registering scheme swift+http with {'store': , 'location_class': , 'store_entry': 'swift'} {{(pid=103068) register_scheme_map /opt/stack/data/venv/lib/python3.12/site-packages/glance_store/location.py:146}}
Aug 07 16:13:52.886132 np0000006731 devstack@g-api.service[103068]: DEBUG glance_store.location [None req-f99ecdc2-32e4-4940-b927-cbbba007c484 tempest-VolumesActionsTest-1583469855 tempest-VolumesActionsTest-1583469855-project-member] Registering scheme swift+config with {'store': , 'location_class': , 'store_entry': 'swift'} {{(pid=103068) register_scheme_map /opt/stack/data/venv/lib/python3.12/site-packages/glance_store/location.py:146}}
Aug 07 16:13:53.255737 np0000006731 devstack@g-api.service[103068]: DEBUG swiftclient [None req-f99ecdc2-32e4-4940-b927-cbbba007c484 tempest-VolumesActionsTest-1583469855 tempest-VolumesActionsTest-1583469855-project-member] REQ: curl -i https://10.4.3.24:8080/v1/AUTH_8913f47aceab4d65b4d22d9180420e6a/glance -I -H "X-Auth-Token: gAAAAABqdgRAQ1DG..." {{(pid=103068) http_log /opt/stack/data/venv/lib/python3.12/site-packages/swiftclient/client.py:160}}
Aug 07 16:13:53.257203 np0000006731 devstack@g-api.service[103068]: DEBUG swiftclient [None req-f99ecdc2-32e4-4940-b927-cbbba007c484 tempest-VolumesActionsTest-1583469855 tempest-VolumesActionsTest-1583469855-project-member] RESP STATUS: 204 No Content {{(pid=103068) http_log /opt/stack/data/venv/lib/python3.12/site-packages/swiftclient/client.py:161}}
Aug 07 16:13:53.257203 np0000006731 devstack@g-api.service[103068]: DEBUG swiftclient [None req-f99ecdc2-32e4-4940-b927-cbbba007c484 tempest-VolumesActionsTest-1583469855 tempest-VolumesActionsTest-1583469855-project-member] RESP HEADERS: {'Date': 'Fri, 07 Aug 2026 16:13:53 GMT', 'Server': 'Apache/2.4.58 (Ubuntu)', 'Content-Type': 'text/plain; charset=utf-8', 'X-Container-Object-Count': '3', 'X-Container-Bytes-Used': '64356352', 'X-Timestamp': '1786118838.77012', 'Last-Modified': 'Fri, 07 Aug 2026 16:07:19 GMT', 'Accept-Ranges': 'bytes', 'X-Storage-Policy': 'Policy-0', 'X-Container-Sharding': 'False', 'Vary': 'Accept', 'X-Trans-Id': 'txa5e434e884f344d7906d3-006a760441', 'X-Openstack-Request-Id': 'txa5e434e884f344d7906d3-006a760441', 'Connection': 'close'} {{(pid=103068) http_log /opt/stack/data/venv/lib/python3.12/site-packages/swiftclient/client.py:162}}
Aug 07 16:13:53.257203 np0000006731 devstack@g-api.service[103068]: DEBUG glance_store._drivers.swift.store [None req-f99ecdc2-32e4-4940-b927-cbbba007c484 tempest-VolumesActionsTest-1583469855 tempest-VolumesActionsTest-1583469855-project-member] Adding image object '1f7cc698-1511-4ea1-8259-0f4832f15a6f' to Swift {{(pid=103068) add /opt/stack/data/venv/lib/python3.12/site-packages/glance_store/_drivers/swift/store.py:970}}
Aug 07 16:13:53.257402 np0000006731 devstack@g-api.service[103068]: DEBUG glance_store._drivers.swift.store [None req-f99ecdc2-32e4-4940-b927-cbbba007c484 tempest-VolumesActionsTest-1583469855 tempest-VolumesActionsTest-1583469855-project-member] Cannot determine image size because it is either not provided in the request or chunked-transfer encoding is used. Adding image as a segmented object to Swift. {{(pid=103068) add /opt/stack/data/venv/lib/python3.12/site-packages/glance_store/_drivers/swift/store.py:994}}
Aug 07 16:13:53.265683 np0000006731 devstack@g-api.service[103068]: DEBUG oslo_utils.imageutils.format_inspector [None req-f99ecdc2-32e4-4940-b927-cbbba007c484 tempest-VolumesActionsTest-1583469855 tempest-VolumesActionsTest-1583469855-project-member] Format inspector for vmdk does not match, excluding from consideration (Signature KDMV not found: b'\x00\x00\x00\x00') {{(pid=103068) _process_chunk /opt/stack/data/venv/lib/python3.12/site-packages/oslo_utils/imageutils/format_inspector.py:1758}}
Aug 07 16:13:53.274905 np0000006731 devstack@g-api.service[103068]: DEBUG oslo_utils.imageutils.format_inspector [None req-f99ecdc2-32e4-4940-b927-cbbba007c484 tempest-VolumesActionsTest-1583469855 tempest-VolumesActionsTest-1583469855-project-member] Format inspector for vhdx does not match, excluding from consideration (Region signature not found at 30000) {{(pid=103068) _process_chunk /opt/stack/data/venv/lib/python3.12/site-packages/oslo_utils/imageutils/format_inspector.py:1758}}
Aug 07 16:13:53.733604 np0000006731 devstack@g-api.service[103067]: DEBUG glance.api.middleware.version_negotiation [None req-d486634e-357e-41f8-8c5f-8430cab2b7d4 tempest-VolumesActionsTest-1583469855 tempest-VolumesActionsTest-1583469855-project-member] Determining version of request: GET /v2/images/1f7cc698-1511-4ea1-8259-0f4832f15a6f Accept: application/json {{(pid=103067) process_request /opt/stack/glance/glance/api/middleware/version_negotiation.py:44}}
Aug 07 16:13:53.733604 np0000006731 devstack@g-api.service[103067]: DEBUG glance.api.middleware.version_negotiation [None req-d486634e-357e-41f8-8c5f-8430cab2b7d4 tempest-VolumesActionsTest-1583469855 tempest-VolumesActionsTest-1583469855-project-member] Using url versioning {{(pid=103067) process_request /opt/stack/glance/glance/api/middleware/version_negotiation.py:57}}
Aug 07 16:13:53.733604 np0000006731 devstack@g-api.service[103067]: DEBUG glance.api.middleware.version_negotiation [None req-d486634e-357e-41f8-8c5f-8430cab2b7d4 tempest-VolumesActionsTest-1583469855 tempest-VolumesActionsTest-1583469855-project-member] Matched version: v2 {{(pid=103067) process_request /opt/stack/glance/glance/api/middleware/version_negotiation.py:69}}
Aug 07 16:13:53.733604 np0000006731 devstack@g-api.service[103067]: DEBUG glance.api.middleware.version_negotiation [None req-d486634e-357e-41f8-8c5f-8430cab2b7d4 tempest-VolumesActionsTest-1583469855 tempest-VolumesActionsTest-1583469855-project-member] new path /v2/images/1f7cc698-1511-4ea1-8259-0f4832f15a6f {{(pid=103067) process_request /opt/stack/glance/glance/api/middleware/version_negotiation.py:70}}
Aug 07 16:13:53.749138 np0000006731 devstack@g-api.service[103067]: [pid: 103067|app: 0|req: 77/294] 127.0.0.1 () {40 vars in 834 bytes} [Fri Aug 7 16:13:53 2026] GET /v2/images/1f7cc698-1511-4ea1-8259-0f4832f15a6f => generated 649 bytes in 16 msecs (HTTP/1.1 200) 4 headers in 157 bytes (1 switches on core 0)
Aug 07 16:13:54.766999 np0000006731 devstack@g-api.service[103066]: DEBUG glance.api.middleware.version_negotiation [None req-eae53ddf-1440-429b-a502-c970cf72982c tempest-VolumesActionsTest-1583469855 tempest-VolumesActionsTest-1583469855-project-member] Determining version of request: GET /v2/images/1f7cc698-1511-4ea1-8259-0f4832f15a6f Accept: application/json {{(pid=103066) process_request /opt/stack/glance/glance/api/middleware/version_negotiation.py:44}}
Aug 07 16:13:54.766999 np0000006731 devstack@g-api.service[103066]: DEBUG glance.api.middleware.version_negotiation [None req-eae53ddf-1440-429b-a502-c970cf72982c tempest-VolumesActionsTest-1583469855 tempest-VolumesActionsTest-1583469855-project-member] Using url versioning {{(pid=103066) process_request /opt/stack/glance/glance/api/middleware/version_negotiation.py:57}}
Aug 07 16:13:54.767633 np0000006731 devstack@g-api.service[103066]: DEBUG glance.api.middleware.version_negotiation [None req-eae53ddf-1440-429b-a502-c970cf72982c tempest-VolumesActionsTest-1583469855 tempest-VolumesActionsTest-1583469855-project-member] Matched version: v2 {{(pid=103066) process_request /opt/stack/glance/glance/api/middleware/version_negotiation.py:69}}
Aug 07 16:13:54.767633 np0000006731 devstack@g-api.service[103066]: DEBUG glance.api.middleware.version_negotiation [None req-eae53ddf-1440-429b-a502-c970cf72982c tempest-VolumesActionsTest-1583469855 tempest-VolumesActionsTest-1583469855-project-member] new path /v2/images/1f7cc698-1511-4ea1-8259-0f4832f15a6f {{(pid=103066) process_request /opt/stack/glance/glance/api/middleware/version_negotiation.py:70}}
Aug 07 16:13:54.793463 np0000006731 devstack@g-api.service[103066]: [pid: 103066|app: 0|req: 69/295] 127.0.0.1 () {40 vars in 834 bytes} [Fri Aug 7 16:13:54 2026] GET /v2/images/1f7cc698-1511-4ea1-8259-0f4832f15a6f => generated 649 bytes in 27 msecs (HTTP/1.1 200) 4 headers in 157 bytes (1 switches on core 0)
Aug 07 16:13:55.809133 np0000006731 devstack@g-api.service[103065]: DEBUG glance.api.middleware.version_negotiation [None req-77f8a1c5-e63a-4e0b-839d-c20abbd082ae tempest-VolumesActionsTest-1583469855 tempest-VolumesActionsTest-1583469855-project-member] Determining version of request: GET /v2/images/1f7cc698-1511-4ea1-8259-0f4832f15a6f Accept: application/json {{(pid=103065) process_request /opt/stack/glance/glance/api/middleware/version_negotiation.py:44}}
Aug 07 16:13:55.809133 np0000006731 devstack@g-api.service[103065]: DEBUG glance.api.middleware.version_negotiation [None req-77f8a1c5-e63a-4e0b-839d-c20abbd082ae tempest-VolumesActionsTest-1583469855 tempest-VolumesActionsTest-1583469855-project-member] Using url versioning {{(pid=103065) process_request /opt/stack/glance/glance/api/middleware/version_negotiation.py:57}}
Aug 07 16:13:55.809483 np0000006731 devstack@g-api.service[103065]: DEBUG glance.api.middleware.version_negotiation [None req-77f8a1c5-e63a-4e0b-839d-c20abbd082ae tempest-VolumesActionsTest-1583469855 tempest-VolumesActionsTest-1583469855-project-member] Matched version: v2 {{(pid=103065) process_request /opt/stack/glance/glance/api/middleware/version_negotiation.py:69}}
Aug 07 16:13:55.810281 np0000006731 devstack@g-api.service[103065]: DEBUG glance.api.middleware.version_negotiation [None req-77f8a1c5-e63a-4e0b-839d-c20abbd082ae tempest-VolumesActionsTest-1583469855 tempest-VolumesActionsTest-1583469855-project-member] new path /v2/images/1f7cc698-1511-4ea1-8259-0f4832f15a6f {{(pid=103065) process_request /opt/stack/glance/glance/api/middleware/version_negotiation.py:70}}
Aug 07 16:13:55.833371 np0000006731 devstack@g-api.service[103065]: [pid: 103065|app: 0|req: 75/296] 127.0.0.1 () {40 vars in 834 bytes} [Fri Aug 7 16:13:55 2026] GET /v2/images/1f7cc698-1511-4ea1-8259-0f4832f15a6f => generated 649 bytes in 25 msecs (HTTP/1.1 200) 4 headers in 157 bytes (1 switches on core 0)
Aug 07 16:13:56.849248 np0000006731 devstack@g-api.service[103067]: DEBUG glance.api.middleware.version_negotiation [None req-4eb792cb-a478-4b31-bc0c-fa01f3aa3556 tempest-VolumesActionsTest-1583469855 tempest-VolumesActionsTest-1583469855-project-member] Determining version of request: GET /v2/images/1f7cc698-1511-4ea1-8259-0f4832f15a6f Accept: application/json {{(pid=103067) process_request /opt/stack/glance/glance/api/middleware/version_negotiation.py:44}}
Aug 07 16:13:56.849822 np0000006731 devstack@g-api.service[103067]: DEBUG glance.api.middleware.version_negotiation [None req-4eb792cb-a478-4b31-bc0c-fa01f3aa3556 tempest-VolumesActionsTest-1583469855 tempest-VolumesActionsTest-1583469855-project-member] Using url versioning {{(pid=103067) process_request /opt/stack/glance/glance/api/middleware/version_negotiation.py:57}}
Aug 07 16:13:56.849942 np0000006731 devstack@g-api.service[103067]: DEBUG glance.api.middleware.version_negotiation [None req-4eb792cb-a478-4b31-bc0c-fa01f3aa3556 tempest-VolumesActionsTest-1583469855 tempest-VolumesActionsTest-1583469855-project-member] Matched version: v2 {{(pid=103067) process_request /opt/stack/glance/glance/api/middleware/version_negotiation.py:69}}
Aug 07 16:13:56.850073 np0000006731 devstack@g-api.service[103067]: DEBUG glance.api.middleware.version_negotiation [None req-4eb792cb-a478-4b31-bc0c-fa01f3aa3556 tempest-VolumesActionsTest-1583469855 tempest-VolumesActionsTest-1583469855-project-member] new path /v2/images/1f7cc698-1511-4ea1-8259-0f4832f15a6f {{(pid=103067) process_request /opt/stack/glance/glance/api/middleware/version_negotiation.py:70}}
Aug 07 16:13:56.868992 np0000006731 devstack@g-api.service[103067]: [pid: 103067|app: 0|req: 78/297] 127.0.0.1 () {40 vars in 834 bytes} [Fri Aug 7 16:13:56 2026] GET /v2/images/1f7cc698-1511-4ea1-8259-0f4832f15a6f => generated 649 bytes in 20 msecs (HTTP/1.1 200) 4 headers in 157 bytes (1 switches on core 0)
Aug 07 16:13:57.407071 np0000006731 devstack@g-api.service[103068]: DEBUG swiftclient [None req-f99ecdc2-32e4-4940-b927-cbbba007c484 tempest-VolumesActionsTest-1583469855 tempest-VolumesActionsTest-1583469855-project-member] REQ: curl -i https://10.4.3.24:8080/v1/AUTH_8913f47aceab4d65b4d22d9180420e6a/glance/1f7cc698-1511-4ea1-8259-0f4832f15a6f-00001 -X PUT -H "X-Auth-Token: gAAAAABqdgRAQ1DG..." {{(pid=103068) http_log /opt/stack/data/venv/lib/python3.12/site-packages/swiftclient/client.py:160}}
Aug 07 16:13:57.407413 np0000006731 devstack@g-api.service[103068]: DEBUG swiftclient [None req-f99ecdc2-32e4-4940-b927-cbbba007c484 tempest-VolumesActionsTest-1583469855 tempest-VolumesActionsTest-1583469855-project-member] RESP STATUS: 201 Created {{(pid=103068) http_log /opt/stack/data/venv/lib/python3.12/site-packages/swiftclient/client.py:161}}
Aug 07 16:13:57.407515 np0000006731 devstack@g-api.service[103068]: DEBUG swiftclient [None req-f99ecdc2-32e4-4940-b927-cbbba007c484 tempest-VolumesActionsTest-1583469855 tempest-VolumesActionsTest-1583469855-project-member] RESP HEADERS: {'Date': 'Fri, 07 Aug 2026 16:13:57 GMT', 'Server': 'Apache/2.4.58 (Ubuntu)', 'Content-Type': 'text/html; charset=UTF-8', 'Content-Length': '0', 'Etag': 'eda9a9889837ac4bc81d6387d92c1bec', 'Last-Modified': 'Fri, 07 Aug 2026 16:13:54 GMT', 'X-Trans-Id': 'txe68a234c8bdd424995333-006a760441', 'X-Openstack-Request-Id': 'txe68a234c8bdd424995333-006a760441', 'Connection': 'close'} {{(pid=103068) http_log /opt/stack/data/venv/lib/python3.12/site-packages/swiftclient/client.py:162}}
Aug 07 16:13:57.407687 np0000006731 devstack@g-api.service[103068]: DEBUG glance_store._drivers.swift.store [None req-f99ecdc2-32e4-4940-b927-cbbba007c484 tempest-VolumesActionsTest-1583469855 tempest-VolumesActionsTest-1583469855-project-member] Wrote chunk 1f7cc698-1511-4ea1-8259-0f4832f15a6f-00001 (1/?) of length 204800000 to Swift returning MD5 of content: eda9a9889837ac4bc81d6387d92c1bec {{(pid=103068) add /opt/stack/data/venv/lib/python3.12/site-packages/glance_store/_drivers/swift/store.py:1059}}
Aug 07 16:13:57.887663 np0000006731 devstack@g-api.service[103066]: DEBUG glance.api.middleware.version_negotiation [None req-9c2f079b-58a0-4704-b8a1-5a75412fd79d tempest-VolumesActionsTest-1583469855 tempest-VolumesActionsTest-1583469855-project-member] Determining version of request: GET /v2/images/1f7cc698-1511-4ea1-8259-0f4832f15a6f Accept: application/json {{(pid=103066) process_request /opt/stack/glance/glance/api/middleware/version_negotiation.py:44}}
Aug 07 16:13:57.887663 np0000006731 devstack@g-api.service[103066]: DEBUG glance.api.middleware.version_negotiation [None req-9c2f079b-58a0-4704-b8a1-5a75412fd79d tempest-VolumesActionsTest-1583469855 tempest-VolumesActionsTest-1583469855-project-member] Using url versioning {{(pid=103066) process_request /opt/stack/glance/glance/api/middleware/version_negotiation.py:57}}
Aug 07 16:13:57.887663 np0000006731 devstack@g-api.service[103066]: DEBUG glance.api.middleware.version_negotiation [None req-9c2f079b-58a0-4704-b8a1-5a75412fd79d tempest-VolumesActionsTest-1583469855 tempest-VolumesActionsTest-1583469855-project-member] Matched version: v2 {{(pid=103066) process_request /opt/stack/glance/glance/api/middleware/version_negotiation.py:69}}
Aug 07 16:13:57.887663 np0000006731 devstack@g-api.service[103066]: DEBUG glance.api.middleware.version_negotiation [None req-9c2f079b-58a0-4704-b8a1-5a75412fd79d tempest-VolumesActionsTest-1583469855 tempest-VolumesActionsTest-1583469855-project-member] new path /v2/images/1f7cc698-1511-4ea1-8259-0f4832f15a6f {{(pid=103066) process_request /opt/stack/glance/glance/api/middleware/version_negotiation.py:70}}
Aug 07 16:13:57.908760 np0000006731 devstack@g-api.service[103066]: [pid: 103066|app: 0|req: 70/298] 127.0.0.1 () {40 vars in 834 bytes} [Fri Aug 7 16:13:57 2026] GET /v2/images/1f7cc698-1511-4ea1-8259-0f4832f15a6f => generated 649 bytes in 22 msecs (HTTP/1.1 200) 4 headers in 157 bytes (1 switches on core 0)
Aug 07 16:13:58.920476 np0000006731 devstack@g-api.service[103065]: DEBUG glance.api.middleware.version_negotiation [None req-50502ecd-d780-4f83-89dc-5337b820466c tempest-VolumesActionsTest-1583469855 tempest-VolumesActionsTest-1583469855-project-member] Determining version of request: GET /v2/images/1f7cc698-1511-4ea1-8259-0f4832f15a6f Accept: application/json {{(pid=103065) process_request /opt/stack/glance/glance/api/middleware/version_negotiation.py:44}}
Aug 07 16:13:58.921086 np0000006731 devstack@g-api.service[103065]: DEBUG glance.api.middleware.version_negotiation [None req-50502ecd-d780-4f83-89dc-5337b820466c tempest-VolumesActionsTest-1583469855 tempest-VolumesActionsTest-1583469855-project-member] Using url versioning {{(pid=103065) process_request /opt/stack/glance/glance/api/middleware/version_negotiation.py:57}}
Aug 07 16:13:58.921570 np0000006731 devstack@g-api.service[103065]: DEBUG glance.api.middleware.version_negotiation [None req-50502ecd-d780-4f83-89dc-5337b820466c tempest-VolumesActionsTest-1583469855 tempest-VolumesActionsTest-1583469855-project-member] Matched version: v2 {{(pid=103065) process_request /opt/stack/glance/glance/api/middleware/version_negotiation.py:69}}
Aug 07 16:13:58.921570 np0000006731 devstack@g-api.service[103065]: DEBUG glance.api.middleware.version_negotiation [None req-50502ecd-d780-4f83-89dc-5337b820466c tempest-VolumesActionsTest-1583469855 tempest-VolumesActionsTest-1583469855-project-member] new path /v2/images/1f7cc698-1511-4ea1-8259-0f4832f15a6f {{(pid=103065) process_request /opt/stack/glance/glance/api/middleware/version_negotiation.py:70}}
Aug 07 16:13:58.938865 np0000006731 devstack@g-api.service[103065]: [pid: 103065|app: 0|req: 76/299] 127.0.0.1 () {40 vars in 834 bytes} [Fri Aug 7 16:13:58 2026] GET /v2/images/1f7cc698-1511-4ea1-8259-0f4832f15a6f => generated 649 bytes in 19 msecs (HTTP/1.1 200) 4 headers in 157 bytes (1 switches on core 0)
Aug 07 16:13:59.950523 np0000006731 devstack@g-api.service[103067]: DEBUG glance.api.middleware.version_negotiation [None req-96b5fc97-da63-45a5-98c0-3346bc0c600d tempest-VolumesActionsTest-1583469855 tempest-VolumesActionsTest-1583469855-project-member] Determining version of request: GET /v2/images/2c6868f8-146f-4182-b851-fd539b71bb98 Accept: */* {{(pid=103067) process_request /opt/stack/glance/glance/api/middleware/version_negotiation.py:44}}
Aug 07 16:13:59.954700 np0000006731 devstack@g-api.service[103067]: DEBUG glance.api.middleware.version_negotiation [None req-96b5fc97-da63-45a5-98c0-3346bc0c600d tempest-VolumesActionsTest-1583469855 tempest-VolumesActionsTest-1583469855-project-member] Using url versioning {{(pid=103067) process_request /opt/stack/glance/glance/api/middleware/version_negotiation.py:57}}
Aug 07 16:13:59.954700 np0000006731 devstack@g-api.service[103067]: DEBUG glance.api.middleware.version_negotiation [None req-96b5fc97-da63-45a5-98c0-3346bc0c600d tempest-VolumesActionsTest-1583469855 tempest-VolumesActionsTest-1583469855-project-member] Matched version: v2 {{(pid=103067) process_request /opt/stack/glance/glance/api/middleware/version_negotiation.py:69}}
Aug 07 16:13:59.955155 np0000006731 devstack@g-api.service[103067]: DEBUG glance.api.middleware.version_negotiation [None req-96b5fc97-da63-45a5-98c0-3346bc0c600d tempest-VolumesActionsTest-1583469855 tempest-VolumesActionsTest-1583469855-project-member] new path /v2/images/2c6868f8-146f-4182-b851-fd539b71bb98 {{(pid=103067) process_request /opt/stack/glance/glance/api/middleware/version_negotiation.py:70}}
Aug 07 16:13:59.957585 np0000006731 devstack@g-api.service[103066]: DEBUG glance.api.middleware.version_negotiation [None req-77582571-57cd-4e1a-b725-6d878124bec0 tempest-VolumesActionsTest-1583469855 tempest-VolumesActionsTest-1583469855-project-member] Determining version of request: GET /v2/images/1f7cc698-1511-4ea1-8259-0f4832f15a6f Accept: application/json {{(pid=103066) process_request /opt/stack/glance/glance/api/middleware/version_negotiation.py:44}}
Aug 07 16:13:59.957585 np0000006731 devstack@g-api.service[103066]: DEBUG glance.api.middleware.version_negotiation [None req-77582571-57cd-4e1a-b725-6d878124bec0 tempest-VolumesActionsTest-1583469855 tempest-VolumesActionsTest-1583469855-project-member] Using url versioning {{(pid=103066) process_request /opt/stack/glance/glance/api/middleware/version_negotiation.py:57}}
Aug 07 16:13:59.957585 np0000006731 devstack@g-api.service[103066]: DEBUG glance.api.middleware.version_negotiation [None req-77582571-57cd-4e1a-b725-6d878124bec0 tempest-VolumesActionsTest-1583469855 tempest-VolumesActionsTest-1583469855-project-member] Matched version: v2 {{(pid=103066) process_request /opt/stack/glance/glance/api/middleware/version_negotiation.py:69}}
Aug 07 16:13:59.957585 np0000006731 devstack@g-api.service[103066]: DEBUG glance.api.middleware.version_negotiation [None req-77582571-57cd-4e1a-b725-6d878124bec0 tempest-VolumesActionsTest-1583469855 tempest-VolumesActionsTest-1583469855-project-member] new path /v2/images/1f7cc698-1511-4ea1-8259-0f4832f15a6f {{(pid=103066) process_request /opt/stack/glance/glance/api/middleware/version_negotiation.py:70}}
Aug 07 16:13:59.976773 np0000006731 devstack@g-api.service[103067]: [pid: 103067|app: 0|req: 79/300] 127.0.0.1 () {44 vars in 1111 bytes} [Fri Aug 7 16:13:59 2026] GET /v2/images/2c6868f8-146f-4182-b851-fd539b71bb98 => generated 1044 bytes in 28 msecs (HTTP/1.1 200) 4 headers in 158 bytes (1 switches on core 0)
Aug 07 16:13:59.988333 np0000006731 devstack@g-api.service[103066]: [pid: 103066|app: 0|req: 71/301] 127.0.0.1 () {40 vars in 834 bytes} [Fri Aug 7 16:13:59 2026] GET /v2/images/1f7cc698-1511-4ea1-8259-0f4832f15a6f => generated 649 bytes in 32 msecs (HTTP/1.1 200) 4 headers in 157 bytes (1 switches on core 0)
Aug 07 16:14:00.039134 np0000006731 devstack@g-api.service[103065]: DEBUG glance.api.middleware.version_negotiation [None req-3a15e82d-8222-4278-a9fc-190ca640e6a3 tempest-VolumesActionsTest-1583469855 tempest-VolumesActionsTest-1583469855-project-member] Determining version of request: GET /v2/schemas/image Accept: */* {{(pid=103065) process_request /opt/stack/glance/glance/api/middleware/version_negotiation.py:44}}
Aug 07 16:14:00.039498 np0000006731 devstack@g-api.service[103065]: DEBUG glance.api.middleware.version_negotiation [None req-3a15e82d-8222-4278-a9fc-190ca640e6a3 tempest-VolumesActionsTest-1583469855 tempest-VolumesActionsTest-1583469855-project-member] Using url versioning {{(pid=103065) process_request /opt/stack/glance/glance/api/middleware/version_negotiation.py:57}}
Aug 07 16:14:00.039498 np0000006731 devstack@g-api.service[103065]: DEBUG glance.api.middleware.version_negotiation [None req-3a15e82d-8222-4278-a9fc-190ca640e6a3 tempest-VolumesActionsTest-1583469855 tempest-VolumesActionsTest-1583469855-project-member] Matched version: v2 {{(pid=103065) process_request /opt/stack/glance/glance/api/middleware/version_negotiation.py:69}}
Aug 07 16:14:00.039607 np0000006731 devstack@g-api.service[103065]: DEBUG glance.api.middleware.version_negotiation [None req-3a15e82d-8222-4278-a9fc-190ca640e6a3 tempest-VolumesActionsTest-1583469855 tempest-VolumesActionsTest-1583469855-project-member] new path /v2/schemas/image {{(pid=103065) process_request /opt/stack/glance/glance/api/middleware/version_negotiation.py:70}}
Aug 07 16:14:00.046523 np0000006731 devstack@g-api.service[103065]: [pid: 103065|app: 0|req: 77/302] 127.0.0.1 () {44 vars in 1051 bytes} [Fri Aug 7 16:14:00 2026] GET /v2/schemas/image => generated 6083 bytes in 6 msecs (HTTP/1.1 200) 4 headers in 158 bytes (1 switches on core 0)
Aug 07 16:14:00.773649 np0000006731 devstack@g-api.service[103068]: DEBUG swiftclient [None req-f99ecdc2-32e4-4940-b927-cbbba007c484 tempest-VolumesActionsTest-1583469855 tempest-VolumesActionsTest-1583469855-project-member] REQ: curl -i https://10.4.3.24:8080/v1/AUTH_8913f47aceab4d65b4d22d9180420e6a/glance/1f7cc698-1511-4ea1-8259-0f4832f15a6f-00002 -X PUT -H "X-Auth-Token: gAAAAABqdgRAQ1DG..." {{(pid=103068) http_log /opt/stack/data/venv/lib/python3.12/site-packages/swiftclient/client.py:160}}
Aug 07 16:14:00.774266 np0000006731 devstack@g-api.service[103068]: DEBUG swiftclient [None req-f99ecdc2-32e4-4940-b927-cbbba007c484 tempest-VolumesActionsTest-1583469855 tempest-VolumesActionsTest-1583469855-project-member] RESP STATUS: 201 Created {{(pid=103068) http_log /opt/stack/data/venv/lib/python3.12/site-packages/swiftclient/client.py:161}}
Aug 07 16:14:00.774266 np0000006731 devstack@g-api.service[103068]: DEBUG swiftclient [None req-f99ecdc2-32e4-4940-b927-cbbba007c484 tempest-VolumesActionsTest-1583469855 tempest-VolumesActionsTest-1583469855-project-member] RESP HEADERS: {'Date': 'Fri, 07 Aug 2026 16:14:00 GMT', 'Server': 'Apache/2.4.58 (Ubuntu)', 'Content-Type': 'text/html; charset=UTF-8', 'Content-Length': '0', 'Etag': 'eda9a9889837ac4bc81d6387d92c1bec', 'Last-Modified': 'Fri, 07 Aug 2026 16:13:58 GMT', 'X-Trans-Id': 'txb49f6533a60d4649a89f7-006a760445', 'X-Openstack-Request-Id': 'txb49f6533a60d4649a89f7-006a760445', 'Connection': 'close'} {{(pid=103068) http_log /opt/stack/data/venv/lib/python3.12/site-packages/swiftclient/client.py:162}}
Aug 07 16:14:00.774266 np0000006731 devstack@g-api.service[103068]: DEBUG glance_store._drivers.swift.store [None req-f99ecdc2-32e4-4940-b927-cbbba007c484 tempest-VolumesActionsTest-1583469855 tempest-VolumesActionsTest-1583469855-project-member] Wrote chunk 1f7cc698-1511-4ea1-8259-0f4832f15a6f-00002 (2/?) of length 204800000 to Swift returning MD5 of content: eda9a9889837ac4bc81d6387d92c1bec {{(pid=103068) add /opt/stack/data/venv/lib/python3.12/site-packages/glance_store/_drivers/swift/store.py:1059}}
Aug 07 16:14:01.008325 np0000006731 devstack@g-api.service[103067]: DEBUG glance.api.middleware.version_negotiation [None req-f0cdf512-dc16-45b9-94e2-2df29adb1aa6 tempest-AttachVolumeMultiAttachTest-1473127321 tempest-AttachVolumeMultiAttachTest-1473127321-project-member] Determining version of request: GET /v2/images/1f7cc698-1511-4ea1-8259-0f4832f15a6f Accept: application/json {{(pid=103067) process_request /opt/stack/glance/glance/api/middleware/version_negotiation.py:44}}
Aug 07 16:14:01.008325 np0000006731 devstack@g-api.service[103067]: DEBUG glance.api.middleware.version_negotiation [None req-f0cdf512-dc16-45b9-94e2-2df29adb1aa6 tempest-AttachVolumeMultiAttachTest-1473127321 tempest-AttachVolumeMultiAttachTest-1473127321-project-member] Using url versioning {{(pid=103067) process_request /opt/stack/glance/glance/api/middleware/version_negotiation.py:57}}
Aug 07 16:14:01.008325 np0000006731 devstack@g-api.service[103067]: DEBUG glance.api.middleware.version_negotiation [None req-f0cdf512-dc16-45b9-94e2-2df29adb1aa6 tempest-AttachVolumeMultiAttachTest-1473127321 tempest-AttachVolumeMultiAttachTest-1473127321-project-member] Matched version: v2 {{(pid=103067) process_request /opt/stack/glance/glance/api/middleware/version_negotiation.py:69}}
Aug 07 16:14:01.008325 np0000006731 devstack@g-api.service[103067]: DEBUG glance.api.middleware.version_negotiation [None req-f0cdf512-dc16-45b9-94e2-2df29adb1aa6 tempest-AttachVolumeMultiAttachTest-1473127321 tempest-AttachVolumeMultiAttachTest-1473127321-project-member] new path /v2/images/1f7cc698-1511-4ea1-8259-0f4832f15a6f {{(pid=103067) process_request /opt/stack/glance/glance/api/middleware/version_negotiation.py:70}}
Aug 07 16:14:01.027476 np0000006731 devstack@g-api.service[103067]: [pid: 103067|app: 0|req: 80/303] 127.0.0.1 () {40 vars in 834 bytes} [Fri Aug 7 16:14:01 2026] GET /v2/images/1f7cc698-1511-4ea1-8259-0f4832f15a6f => generated 649 bytes in 20 msecs (HTTP/1.1 200) 4 headers in 157 bytes (1 switches on core 0)
Aug 07 16:14:02.042537 np0000006731 devstack@g-api.service[103066]: DEBUG glance.api.middleware.version_negotiation [None req-fddb20b5-de87-4eb6-a834-722ca0be0c1e tempest-VolumesActionsTest-1583469855 tempest-VolumesActionsTest-1583469855-project-member] Determining version of request: GET /v2/images/1f7cc698-1511-4ea1-8259-0f4832f15a6f Accept: application/json {{(pid=103066) process_request /opt/stack/glance/glance/api/middleware/version_negotiation.py:44}}
Aug 07 16:14:02.042891 np0000006731 devstack@g-api.service[103066]: DEBUG glance.api.middleware.version_negotiation [None req-fddb20b5-de87-4eb6-a834-722ca0be0c1e tempest-VolumesActionsTest-1583469855 tempest-VolumesActionsTest-1583469855-project-member] Using url versioning {{(pid=103066) process_request /opt/stack/glance/glance/api/middleware/version_negotiation.py:57}}
Aug 07 16:14:02.042891 np0000006731 devstack@g-api.service[103066]: DEBUG glance.api.middleware.version_negotiation [None req-fddb20b5-de87-4eb6-a834-722ca0be0c1e tempest-VolumesActionsTest-1583469855 tempest-VolumesActionsTest-1583469855-project-member] Matched version: v2 {{(pid=103066) process_request /opt/stack/glance/glance/api/middleware/version_negotiation.py:69}}
Aug 07 16:14:02.042891 np0000006731 devstack@g-api.service[103066]: DEBUG glance.api.middleware.version_negotiation [None req-fddb20b5-de87-4eb6-a834-722ca0be0c1e tempest-VolumesActionsTest-1583469855 tempest-VolumesActionsTest-1583469855-project-member] new path /v2/images/1f7cc698-1511-4ea1-8259-0f4832f15a6f {{(pid=103066) process_request /opt/stack/glance/glance/api/middleware/version_negotiation.py:70}}
