Aug 07 16:14:10.615440 np0000006731 devstack@placement-api.service[93214]: DEBUG placement.requestlog [req-bc1f2bcc-d9da-4f5a-8acd-d203b246cf90 req-3894543d-5cf6-47ad-9b47-768d508c1d15 None None] Starting request: 10.4.3.24 "POST /placement/allocations" {{(pid=93214) __call__ /opt/stack/placement/placement/requestlog.py:55}}
Aug 07 16:14:10.645309 np0000006731 devstack@placement-api.service[93216]: DEBUG placement.requestlog [req-39b14aeb-1633-4747-a9c2-b364f5f670a8 req-92e65d0f-78a0-439b-81ad-90540343dcfe None None] Starting request: 10.4.3.24 "GET /placement/allocations/468472a3-cc8b-417c-a381-28e666096df1" {{(pid=93216) __call__ /opt/stack/placement/placement/requestlog.py:55}}
Aug 07 16:14:10.672431 np0000006731 devstack@placement-api.service[93216]: INFO placement.requestlog [req-39b14aeb-1633-4747-a9c2-b364f5f670a8 req-92e65d0f-78a0-439b-81ad-90540343dcfe service nova] 10.4.3.24 "GET /placement/allocations/468472a3-cc8b-417c-a381-28e666096df1" status: 200 len: 258 microversion: 1.28
Aug 07 16:14:10.672630 np0000006731 devstack@placement-api.service[93216]: [pid: 93216|app: 0|req: 211/834] 10.4.3.24 () {68 vars in 1492 bytes} [Fri Aug 7 16:14:10 2026] GET /placement/allocations/468472a3-cc8b-417c-a381-28e666096df1 => generated 258 bytes in 28 msecs (HTTP/1.1 200) 8 headers in 296 bytes (1 switches on core 0)
Aug 07 16:14:10.729337 np0000006731 devstack@placement-api.service[93214]: DEBUG placement.handlers.allocation [req-bc1f2bcc-d9da-4f5a-8acd-d203b246cf90 req-3894543d-5cf6-47ad-9b47-768d508c1d15 service nova] Successfully wrote allocations [, , , , , ] {{(pid=93214) _update_consumers_and_create_allocations /opt/stack/placement/placement/handlers/allocation.py:572}}
Aug 07 16:14:10.741121 np0000006731 devstack@placement-api.service[93213]: DEBUG placement.requestlog [req-39b14aeb-1633-4747-a9c2-b364f5f670a8 req-b7acc0f3-7066-4338-a367-605034d89150 None None] Starting request: 10.4.3.24 "GET /placement/allocations/fd123d54-c045-40ca-979e-9fd1ae3de759" {{(pid=93213) __call__ /opt/stack/placement/placement/requestlog.py:55}}
Aug 07 16:14:10.752572 np0000006731 devstack@placement-api.service[93214]: INFO placement.requestlog [req-bc1f2bcc-d9da-4f5a-8acd-d203b246cf90 req-3894543d-5cf6-47ad-9b47-768d508c1d15 service nova] 10.4.3.24 "POST /placement/allocations" status: 204 len: 0 microversion: 1.28
Aug 07 16:14:10.752572 np0000006731 devstack@placement-api.service[93214]: [pid: 93214|app: 0|req: 207/835] 10.4.3.24 () {72 vars in 1437 bytes} [Fri Aug 7 16:14:10 2026] POST /placement/allocations => generated 0 bytes in 136 msecs (HTTP/1.1 204) 5 headers in 199 bytes (1 switches on core 0)
Aug 07 16:14:10.760869 np0000006731 devstack@placement-api.service[93213]: INFO placement.requestlog [req-39b14aeb-1633-4747-a9c2-b364f5f670a8 req-b7acc0f3-7066-4338-a367-605034d89150 service nova] 10.4.3.24 "GET /placement/allocations/fd123d54-c045-40ca-979e-9fd1ae3de759" status: 200 len: 258 microversion: 1.28
Aug 07 16:14:10.762117 np0000006731 devstack@placement-api.service[93213]: [pid: 93213|app: 0|req: 210/836] 10.4.3.24 () {68 vars in 1492 bytes} [Fri Aug 7 16:14:10 2026] GET /placement/allocations/fd123d54-c045-40ca-979e-9fd1ae3de759 => generated 258 bytes in 21 msecs (HTTP/1.1 200) 8 headers in 296 bytes (1 switches on core 0)
Aug 07 16:14:10.825295 np0000006731 devstack@placement-api.service[93215]: DEBUG placement.requestlog [req-39b14aeb-1633-4747-a9c2-b364f5f670a8 req-eddb4f92-4a71-4e8b-b405-2601740d9a41 None None] Starting request: 10.4.3.24 "GET /placement/allocations/0999b25d-075f-4a3c-8822-e393e35a894e" {{(pid=93215) __call__ /opt/stack/placement/placement/requestlog.py:55}}
Aug 07 16:14:10.840258 np0000006731 devstack@placement-api.service[93215]: INFO placement.requestlog [req-39b14aeb-1633-4747-a9c2-b364f5f670a8 req-eddb4f92-4a71-4e8b-b405-2601740d9a41 service nova] 10.4.3.24 "GET /placement/allocations/0999b25d-075f-4a3c-8822-e393e35a894e" status: 200 len: 258 microversion: 1.28
Aug 07 16:14:10.840447 np0000006731 devstack@placement-api.service[93215]: [pid: 93215|app: 0|req: 209/837] 10.4.3.24 () {68 vars in 1492 bytes} [Fri Aug 7 16:14:10 2026] GET /placement/allocations/0999b25d-075f-4a3c-8822-e393e35a894e => generated 258 bytes in 17 msecs (HTTP/1.1 200) 8 headers in 296 bytes (1 switches on core 0)
Aug 07 16:14:10.895679 np0000006731 devstack@placement-api.service[93216]: DEBUG placement.requestlog [req-39b14aeb-1633-4747-a9c2-b364f5f670a8 req-1d631f35-4b1c-4e77-a1c3-57629537654e None None] Starting request: 10.4.3.24 "GET /placement/allocations/f645a578-a663-4552-996a-83409b82b573" {{(pid=93216) __call__ /opt/stack/placement/placement/requestlog.py:55}}
Aug 07 16:14:10.915547 np0000006731 devstack@placement-api.service[93216]: INFO placement.requestlog [req-39b14aeb-1633-4747-a9c2-b364f5f670a8 req-1d631f35-4b1c-4e77-a1c3-57629537654e service nova] 10.4.3.24 "GET /placement/allocations/f645a578-a663-4552-996a-83409b82b573" status: 200 len: 258 microversion: 1.28
Aug 07 16:14:10.915547 np0000006731 devstack@placement-api.service[93216]: [pid: 93216|app: 0|req: 212/838] 10.4.3.24 () {68 vars in 1492 bytes} [Fri Aug 7 16:14:10 2026] GET /placement/allocations/f645a578-a663-4552-996a-83409b82b573 => generated 258 bytes in 20 msecs (HTTP/1.1 200) 8 headers in 296 bytes (1 switches on core 0)
Aug 07 16:14:11.008967 np0000006731 devstack@placement-api.service[93214]: DEBUG placement.requestlog [req-39b14aeb-1633-4747-a9c2-b364f5f670a8 req-f7153275-86bc-4cac-b4bd-7cf80ee485fb None None] Starting request: 10.4.3.24 "GET /placement/allocations/f86a887b-0440-4644-84bc-c83f90ef481e" {{(pid=93214) __call__ /opt/stack/placement/placement/requestlog.py:55}}
Aug 07 16:14:11.028189 np0000006731 devstack@placement-api.service[93214]: INFO placement.requestlog [req-39b14aeb-1633-4747-a9c2-b364f5f670a8 req-f7153275-86bc-4cac-b4bd-7cf80ee485fb service nova] 10.4.3.24 "GET /placement/allocations/f86a887b-0440-4644-84bc-c83f90ef481e" status: 200 len: 258 microversion: 1.28
Aug 07 16:14:11.028189 np0000006731 devstack@placement-api.service[93214]: [pid: 93214|app: 0|req: 208/839] 10.4.3.24 () {68 vars in 1492 bytes} [Fri Aug 7 16:14:11 2026] GET /placement/allocations/f86a887b-0440-4644-84bc-c83f90ef481e => generated 258 bytes in 21 msecs (HTTP/1.1 200) 8 headers in 296 bytes (1 switches on core 0)
Aug 07 16:14:11.035379 np0000006731 devstack@placement-api.service[93213]: DEBUG placement.requestlog [req-bc1f2bcc-d9da-4f5a-8acd-d203b246cf90 req-0ab72300-3013-49ea-963f-b976ddc00523 None None] Starting request: 10.4.3.24 "GET /placement/allocation_candidates?limit=1000&resources=DISK_GB%3A1%2CMEMORY_MB%3A256%2CVCPU%3A1&root_required=%21COMPUTE_STATUS_DISABLED" {{(pid=93213) __call__ /opt/stack/placement/placement/requestlog.py:55}}
Aug 07 16:14:11.072337 np0000006731 devstack@placement-api.service[93213]: DEBUG placement.objects.research_context [req-bc1f2bcc-d9da-4f5a-8acd-d203b246cf90 req-0ab72300-3013-49ea-963f-b976ddc00523 service nova] getting providers with 1 DISK_GB {{(pid=93213) __init__ /opt/stack/placement/placement/objects/research_context.py:137}}
Aug 07 16:14:11.077860 np0000006731 devstack@placement-api.service[93213]: DEBUG placement.objects.research_context [req-bc1f2bcc-d9da-4f5a-8acd-d203b246cf90 req-0ab72300-3013-49ea-963f-b976ddc00523 service nova] getting providers with 256 MEMORY_MB {{(pid=93213) __init__ /opt/stack/placement/placement/objects/research_context.py:137}}
Aug 07 16:14:11.083415 np0000006731 devstack@placement-api.service[93213]: DEBUG placement.objects.research_context [req-bc1f2bcc-d9da-4f5a-8acd-d203b246cf90 req-0ab72300-3013-49ea-963f-b976ddc00523 service nova] getting providers with 1 VCPU {{(pid=93213) __init__ /opt/stack/placement/placement/objects/research_context.py:137}}
Aug 07 16:14:11.091021 np0000006731 devstack@placement-api.service[93213]: DEBUG placement.objects.research_context [req-bc1f2bcc-d9da-4f5a-8acd-d203b246cf90 req-0ab72300-3013-49ea-963f-b976ddc00523 service nova] found 1 providers with available 1 DISK_GB {{(pid=93213) get_provider_ids_matching /opt/stack/placement/placement/objects/research_context.py:566}}
Aug 07 16:14:11.091561 np0000006731 devstack@placement-api.service[93213]: DEBUG placement.objects.research_context [req-bc1f2bcc-d9da-4f5a-8acd-d203b246cf90 req-0ab72300-3013-49ea-963f-b976ddc00523 service nova] found 1 providers with available 256 MEMORY_MB {{(pid=93213) get_provider_ids_matching /opt/stack/placement/placement/objects/research_context.py:566}}
Aug 07 16:14:11.092039 np0000006731 devstack@placement-api.service[93213]: DEBUG placement.objects.research_context [req-bc1f2bcc-d9da-4f5a-8acd-d203b246cf90 req-0ab72300-3013-49ea-963f-b976ddc00523 service nova] found 1 providers after filtering by previous result {{(pid=93213) get_provider_ids_matching /opt/stack/placement/placement/objects/research_context.py:597}}
Aug 07 16:14:11.092346 np0000006731 devstack@placement-api.service[93213]: DEBUG placement.objects.research_context [req-bc1f2bcc-d9da-4f5a-8acd-d203b246cf90 req-0ab72300-3013-49ea-963f-b976ddc00523 service nova] found 1 providers with available 1 VCPU {{(pid=93213) get_provider_ids_matching /opt/stack/placement/placement/objects/research_context.py:566}}
Aug 07 16:14:11.092706 np0000006731 devstack@placement-api.service[93213]: DEBUG placement.objects.research_context [req-bc1f2bcc-d9da-4f5a-8acd-d203b246cf90 req-0ab72300-3013-49ea-963f-b976ddc00523 service nova] found 1 providers after filtering by previous result {{(pid=93213) get_provider_ids_matching /opt/stack/placement/placement/objects/research_context.py:597}}
Aug 07 16:14:11.098553 np0000006731 devstack@placement-api.service[93215]: DEBUG placement.requestlog [req-39b14aeb-1633-4747-a9c2-b364f5f670a8 req-0b0979a6-bce8-4970-b42e-3d4cce15a859 None None] Starting request: 10.4.3.24 "GET /placement/allocations/a2ffe795-790a-4831-b190-d6e8127967c0" {{(pid=93215) __call__ /opt/stack/placement/placement/requestlog.py:55}}
Aug 07 16:14:11.112740 np0000006731 devstack@placement-api.service[93213]: DEBUG placement.objects.allocation_candidate [req-bc1f2bcc-d9da-4f5a-8acd-d203b246cf90 req-0ab72300-3013-49ea-963f-b976ddc00523 service nova] RequestGroup(use_same_provider=False, resources={DISK_GB:1, MEMORY_MB:256, VCPU:1}, traits=(), aggregates=[]) (suffix '') returned 1 matches {{(pid=93213) _get_by_requests /opt/stack/placement/placement/objects/allocation_candidate.py:158}}
Aug 07 16:14:11.113258 np0000006731 devstack@placement-api.service[93213]: DEBUG placement.objects.allocation_candidate [req-bc1f2bcc-d9da-4f5a-8acd-d203b246cf90 req-0ab72300-3013-49ea-963f-b976ddc00523 service nova] Merging candidates yields 1 allocation requests and 1 provider summaries {{(pid=93213) _merge_candidates /opt/stack/placement/placement/objects/allocation_candidate.py:973}}
Aug 07 16:14:11.115615 np0000006731 devstack@placement-api.service[93215]: INFO placement.requestlog [req-39b14aeb-1633-4747-a9c2-b364f5f670a8 req-0b0979a6-bce8-4970-b42e-3d4cce15a859 service nova] 10.4.3.24 "GET /placement/allocations/a2ffe795-790a-4831-b190-d6e8127967c0" status: 200 len: 258 microversion: 1.28
Aug 07 16:14:11.115726 np0000006731 devstack@placement-api.service[93213]: INFO placement.requestlog [req-bc1f2bcc-d9da-4f5a-8acd-d203b246cf90 req-0ab72300-3013-49ea-963f-b976ddc00523 service nova] 10.4.3.24 "GET /placement/allocation_candidates?limit=1000&resources=DISK_GB%3A1%2CMEMORY_MB%3A256%2CVCPU%3A1&root_required=%21COMPUTE_STATUS_DISABLED" status: 200 len: 2495 microversion: 1.36
Aug 07 16:14:11.115924 np0000006731 devstack@placement-api.service[93215]: [pid: 93215|app: 0|req: 210/840] 10.4.3.24 () {68 vars in 1492 bytes} [Fri Aug 7 16:14:11 2026] GET /placement/allocations/a2ffe795-790a-4831-b190-d6e8127967c0 => generated 258 bytes in 17 msecs (HTTP/1.1 200) 8 headers in 296 bytes (1 switches on core 0)
Aug 07 16:14:11.116447 np0000006731 devstack@placement-api.service[93213]: [pid: 93213|app: 0|req: 211/841] 10.4.3.24 () {68 vars in 1618 bytes} [Fri Aug 7 16:14:11 2026] GET /placement/allocation_candidates?limit=1000&resources=DISK_GB%3A1%2CMEMORY_MB%3A256%2CVCPU%3A1&root_required=%21COMPUTE_STATUS_DISABLED => generated 2495 bytes in 82 msecs (HTTP/1.1 200) 8 headers in 297 bytes (1 switches on core 0)
Aug 07 16:14:11.179129 np0000006731 devstack@placement-api.service[93216]: DEBUG placement.requestlog [req-39b14aeb-1633-4747-a9c2-b364f5f670a8 req-a54a497c-a048-43ea-8296-715cb829210f None None] Starting request: 10.4.3.24 "GET /placement/allocations/fb27ad89-0734-466c-929b-232507ef4eac" {{(pid=93216) __call__ /opt/stack/placement/placement/requestlog.py:55}}
Aug 07 16:14:11.205221 np0000006731 devstack@placement-api.service[93216]: INFO placement.requestlog [req-39b14aeb-1633-4747-a9c2-b364f5f670a8 req-a54a497c-a048-43ea-8296-715cb829210f service nova] 10.4.3.24 "GET /placement/allocations/fb27ad89-0734-466c-929b-232507ef4eac" status: 200 len: 19 microversion: 1.28
Aug 07 16:14:11.206113 np0000006731 devstack@placement-api.service[93216]: [pid: 93216|app: 0|req: 213/842] 10.4.3.24 () {68 vars in 1492 bytes} [Fri Aug 7 16:14:11 2026] GET /placement/allocations/fb27ad89-0734-466c-929b-232507ef4eac => generated 19 bytes in 28 msecs (HTTP/1.1 200) 8 headers in 295 bytes (1 switches on core 0)
Aug 07 16:14:11.207285 np0000006731 devstack@placement-api.service[93214]: DEBUG placement.requestlog [req-bc1f2bcc-d9da-4f5a-8acd-d203b246cf90 req-37a09bba-2643-4b6a-8026-9f1f929e032d None None] Starting request: 10.4.3.24 "GET /placement/allocations/fb27ad89-0734-466c-929b-232507ef4eac" {{(pid=93214) __call__ /opt/stack/placement/placement/requestlog.py:55}}
Aug 07 16:14:11.217232 np0000006731 devstack@placement-api.service[93214]: INFO placement.requestlog [req-bc1f2bcc-d9da-4f5a-8acd-d203b246cf90 req-37a09bba-2643-4b6a-8026-9f1f929e032d service nova] 10.4.3.24 "GET /placement/allocations/fb27ad89-0734-466c-929b-232507ef4eac" status: 200 len: 19 microversion: 1.28
Aug 07 16:14:11.217752 np0000006731 devstack@placement-api.service[93214]: [pid: 93214|app: 0|req: 209/843] 10.4.3.24 () {68 vars in 1494 bytes} [Fri Aug 7 16:14:11 2026] GET /placement/allocations/fb27ad89-0734-466c-929b-232507ef4eac => generated 19 bytes in 11 msecs (HTTP/1.1 200) 8 headers in 295 bytes (1 switches on core 0)
Aug 07 16:14:11.271246 np0000006731 devstack@placement-api.service[93215]: DEBUG placement.requestlog [req-39b14aeb-1633-4747-a9c2-b364f5f670a8 req-a9fef812-4879-453d-aa6c-dac8a4804497 None None] Starting request: 10.4.3.24 "GET /placement/allocations/e68c4bf3-23ca-49cc-a99b-07106e30f823" {{(pid=93215) __call__ /opt/stack/placement/placement/requestlog.py:55}}
Aug 07 16:14:11.279888 np0000006731 devstack@placement-api.service[93213]: DEBUG placement.requestlog [req-bc1f2bcc-d9da-4f5a-8acd-d203b246cf90 req-fbb2e719-43f0-4520-a38b-0ed72de88dbe None None] Starting request: 10.4.3.24 "PUT /placement/allocations/fb27ad89-0734-466c-929b-232507ef4eac" {{(pid=93213) __call__ /opt/stack/placement/placement/requestlog.py:55}}
Aug 07 16:14:11.302488 np0000006731 devstack@placement-api.service[93215]: INFO placement.requestlog [req-39b14aeb-1633-4747-a9c2-b364f5f670a8 req-a9fef812-4879-453d-aa6c-dac8a4804497 service nova] 10.4.3.24 "GET /placement/allocations/e68c4bf3-23ca-49cc-a99b-07106e30f823" status: 200 len: 258 microversion: 1.28
Aug 07 16:14:11.302488 np0000006731 devstack@placement-api.service[93215]: [pid: 93215|app: 0|req: 211/844] 10.4.3.24 () {68 vars in 1492 bytes} [Fri Aug 7 16:14:11 2026] GET /placement/allocations/e68c4bf3-23ca-49cc-a99b-07106e30f823 => generated 258 bytes in 30 msecs (HTTP/1.1 200) 8 headers in 296 bytes (1 switches on core 0)
Aug 07 16:14:11.359001 np0000006731 devstack@placement-api.service[93216]: DEBUG placement.requestlog [req-39b14aeb-1633-4747-a9c2-b364f5f670a8 req-0e25f1bb-eb2b-4a9e-9c4e-9e393dd60123 None None] Starting request: 10.4.3.24 "GET /placement/allocations/2d12cceb-81d2-4520-8ee1-d6ac01f7c242" {{(pid=93216) __call__ /opt/stack/placement/placement/requestlog.py:55}}
Aug 07 16:14:11.374110 np0000006731 devstack@placement-api.service[93216]: INFO placement.requestlog [req-39b14aeb-1633-4747-a9c2-b364f5f670a8 req-0e25f1bb-eb2b-4a9e-9c4e-9e393dd60123 service nova] 10.4.3.24 "GET /placement/allocations/2d12cceb-81d2-4520-8ee1-d6ac01f7c242" status: 200 len: 258 microversion: 1.28
Aug 07 16:14:11.374110 np0000006731 devstack@placement-api.service[93216]: [pid: 93216|app: 0|req: 214/845] 10.4.3.24 () {68 vars in 1492 bytes} [Fri Aug 7 16:14:11 2026] GET /placement/allocations/2d12cceb-81d2-4520-8ee1-d6ac01f7c242 => generated 258 bytes in 16 msecs (HTTP/1.1 200) 8 headers in 296 bytes (1 switches on core 0)
Aug 07 16:14:11.382020 np0000006731 devstack@placement-api.service[93213]: DEBUG placement.handlers.allocation [req-bc1f2bcc-d9da-4f5a-8acd-d203b246cf90 req-fbb2e719-43f0-4520-a38b-0ed72de88dbe service nova] Successfully wrote allocations [, , ] {{(pid=93213) _update_consumers_and_create_allocations /opt/stack/placement/placement/handlers/allocation.py:462}}
Aug 07 16:14:11.388375 np0000006731 devstack@placement-api.service[93213]: INFO placement.requestlog [req-bc1f2bcc-d9da-4f5a-8acd-d203b246cf90 req-fbb2e719-43f0-4520-a38b-0ed72de88dbe service nova] 10.4.3.24 "PUT /placement/allocations/fb27ad89-0734-466c-929b-232507ef4eac" status: 204 len: 0 microversion: 1.36
Aug 07 16:14:11.388742 np0000006731 devstack@placement-api.service[93213]: [pid: 93213|app: 0|req: 212/846] 10.4.3.24 () {72 vars in 1547 bytes} [Fri Aug 7 16:14:11 2026] PUT /placement/allocations/fb27ad89-0734-466c-929b-232507ef4eac => generated 0 bytes in 109 msecs (HTTP/1.1 204) 5 headers in 199 bytes (1 switches on core 0)
Aug 07 16:14:11.455187 np0000006731 devstack@placement-api.service[93214]: DEBUG placement.requestlog [req-39b14aeb-1633-4747-a9c2-b364f5f670a8 req-03098bf1-4c2a-4e3f-a2e0-d0c2f41d5273 None None] Starting request: 10.4.3.24 "GET /placement/allocations/e78c5939-4e51-49d3-9f12-295bfa60fa14" {{(pid=93214) __call__ /opt/stack/placement/placement/requestlog.py:55}}
Aug 07 16:14:11.469170 np0000006731 devstack@placement-api.service[93214]: INFO placement.requestlog [req-39b14aeb-1633-4747-a9c2-b364f5f670a8 req-03098bf1-4c2a-4e3f-a2e0-d0c2f41d5273 service nova] 10.4.3.24 "GET /placement/allocations/e78c5939-4e51-49d3-9f12-295bfa60fa14" status: 200 len: 258 microversion: 1.28
Aug 07 16:14:11.470333 np0000006731 devstack@placement-api.service[93214]: [pid: 93214|app: 0|req: 210/847] 10.4.3.24 () {68 vars in 1492 bytes} [Fri Aug 7 16:14:11 2026] GET /placement/allocations/e78c5939-4e51-49d3-9f12-295bfa60fa14 => generated 258 bytes in 16 msecs (HTTP/1.1 200) 8 headers in 296 bytes (1 switches on core 0)
Aug 07 16:14:11.555483 np0000006731 devstack@placement-api.service[93215]: DEBUG placement.requestlog [req-39b14aeb-1633-4747-a9c2-b364f5f670a8 req-7a378029-030b-49d2-ab85-cb196fd87e18 None None] Starting request: 10.4.3.24 "GET /placement/allocations/6a78c922-1667-4a0b-be95-99368f15fce6" {{(pid=93215) __call__ /opt/stack/placement/placement/requestlog.py:55}}
Aug 07 16:14:11.569138 np0000006731 devstack@placement-api.service[93215]: INFO placement.requestlog [req-39b14aeb-1633-4747-a9c2-b364f5f670a8 req-7a378029-030b-49d2-ab85-cb196fd87e18 service nova] 10.4.3.24 "GET /placement/allocations/6a78c922-1667-4a0b-be95-99368f15fce6" status: 200 len: 258 microversion: 1.28
Aug 07 16:14:11.569899 np0000006731 devstack@placement-api.service[93215]: [pid: 93215|app: 0|req: 212/848] 10.4.3.24 () {68 vars in 1492 bytes} [Fri Aug 7 16:14:11 2026] GET /placement/allocations/6a78c922-1667-4a0b-be95-99368f15fce6 => generated 258 bytes in 15 msecs (HTTP/1.1 200) 8 headers in 296 bytes (1 switches on core 0)
Aug 07 16:14:11.622235 np0000006731 devstack@placement-api.service[93216]: DEBUG placement.requestlog [req-39b14aeb-1633-4747-a9c2-b364f5f670a8 req-88b4f2ed-f1a3-4b72-bf64-1c2a9066eb33 None None] Starting request: 10.4.3.24 "GET /placement/allocations/9ece6375-d18e-41f0-a17f-34a32f94fba2" {{(pid=93216) __call__ /opt/stack/placement/placement/requestlog.py:55}}
Aug 07 16:14:11.637868 np0000006731 devstack@placement-api.service[93216]: INFO placement.requestlog [req-39b14aeb-1633-4747-a9c2-b364f5f670a8 req-88b4f2ed-f1a3-4b72-bf64-1c2a9066eb33 service nova] 10.4.3.24 "GET /placement/allocations/9ece6375-d18e-41f0-a17f-34a32f94fba2" status: 200 len: 258 microversion: 1.28
Aug 07 16:14:11.638227 np0000006731 devstack@placement-api.service[93216]: [pid: 93216|app: 0|req: 215/849] 10.4.3.24 () {68 vars in 1492 bytes} [Fri Aug 7 16:14:11 2026] GET /placement/allocations/9ece6375-d18e-41f0-a17f-34a32f94fba2 => generated 258 bytes in 16 msecs (HTTP/1.1 200) 8 headers in 296 bytes (1 switches on core 0)
Aug 07 16:14:11.667226 np0000006731 devstack@placement-api.service[93213]: DEBUG placement.requestlog [req-bc1f2bcc-d9da-4f5a-8acd-d203b246cf90 req-d1d8fe71-c776-4f01-ab24-f26384a01e92 None None] Starting request: 10.4.3.24 "GET /placement/allocations/fb27ad89-0734-466c-929b-232507ef4eac" {{(pid=93213) __call__ /opt/stack/placement/placement/requestlog.py:55}}
Aug 07 16:14:11.679392 np0000006731 devstack@placement-api.service[93213]: INFO placement.requestlog [req-bc1f2bcc-d9da-4f5a-8acd-d203b246cf90 req-d1d8fe71-c776-4f01-ab24-f26384a01e92 service nova] 10.4.3.24 "GET /placement/allocations/fb27ad89-0734-466c-929b-232507ef4eac" status: 200 len: 258 microversion: 1.28
Aug 07 16:14:11.679652 np0000006731 devstack@placement-api.service[93213]: [pid: 93213|app: 0|req: 213/850] 10.4.3.24 () {68 vars in 1492 bytes} [Fri Aug 7 16:14:11 2026] GET /placement/allocations/fb27ad89-0734-466c-929b-232507ef4eac => generated 258 bytes in 13 msecs (HTTP/1.1 200) 8 headers in 296 bytes (1 switches on core 0)
Aug 07 16:14:11.885408 np0000006731 devstack@placement-api.service[93214]: DEBUG placement.requestlog [req-ff15bccf-e62d-4c52-8358-50a3fb654345 req-b2cdfb4c-9670-41e3-935a-7cc9bc5bd07a None None] Starting request: 10.4.3.24 "GET /placement/resource_providers/f463c803-fc49-4815-83ed-fba314fe889d/allocations" {{(pid=93214) __call__ /opt/stack/placement/placement/requestlog.py:55}}
Aug 07 16:14:11.900153 np0000006731 devstack@placement-api.service[93214]: INFO placement.requestlog [req-ff15bccf-e62d-4c52-8358-50a3fb654345 req-b2cdfb4c-9670-41e3-935a-7cc9bc5bd07a service nova] 10.4.3.24 "GET /placement/resource_providers/f463c803-fc49-4815-83ed-fba314fe889d/allocations" status: 200 len: 1525 microversion: 1.0
Aug 07 16:14:11.900343 np0000006731 devstack@placement-api.service[93214]: [pid: 93214|app: 0|req: 211/851] 10.4.3.24 () {66 vars in 1505 bytes} [Fri Aug 7 16:14:11 2026] GET /placement/resource_providers/f463c803-fc49-4815-83ed-fba314fe889d/allocations => generated 1525 bytes in 15 msecs (HTTP/1.1 200) 6 headers in 225 bytes (1 switches on core 0)
Aug 07 16:14:11.953217 np0000006731 devstack@placement-api.service[93215]: DEBUG placement.requestlog [req-ff15bccf-e62d-4c52-8358-50a3fb654345 req-dac8e108-f6ac-4340-87af-3b60ca799830 None None] Starting request: 10.4.3.24 "GET /placement/resource_providers/f463c803-fc49-4815-83ed-fba314fe889d/allocations" {{(pid=93215) __call__ /opt/stack/placement/placement/requestlog.py:55}}
Aug 07 16:14:11.972479 np0000006731 devstack@placement-api.service[93215]: INFO placement.requestlog [req-ff15bccf-e62d-4c52-8358-50a3fb654345 req-dac8e108-f6ac-4340-87af-3b60ca799830 service nova] 10.4.3.24 "GET /placement/resource_providers/f463c803-fc49-4815-83ed-fba314fe889d/allocations" status: 200 len: 1525 microversion: 1.0
Aug 07 16:14:11.972792 np0000006731 devstack@placement-api.service[93215]: [pid: 93215|app: 0|req: 213/852] 10.4.3.24 () {66 vars in 1505 bytes} [Fri Aug 7 16:14:11 2026] GET /placement/resource_providers/f463c803-fc49-4815-83ed-fba314fe889d/allocations => generated 1525 bytes in 20 msecs (HTTP/1.1 200) 6 headers in 225 bytes (1 switches on core 0)
Aug 07 16:14:12.058910 np0000006731 devstack@placement-api.service[93216]: DEBUG placement.requestlog [req-ff15bccf-e62d-4c52-8358-50a3fb654345 req-59555888-6ec7-4d87-b1ff-2bd5688b701c None None] Starting request: 10.4.3.24 "GET /placement/allocations/bc563d41-8755-48ff-bff9-5c12f80f2381" {{(pid=93216) __call__ /opt/stack/placement/placement/requestlog.py:55}}
Aug 07 16:14:12.073230 np0000006731 devstack@placement-api.service[93216]: INFO placement.requestlog [req-ff15bccf-e62d-4c52-8358-50a3fb654345 req-59555888-6ec7-4d87-b1ff-2bd5688b701c service nova] 10.4.3.24 "GET /placement/allocations/bc563d41-8755-48ff-bff9-5c12f80f2381" status: 200 len: 244 microversion: 1.28
Aug 07 16:14:12.073441 np0000006731 devstack@placement-api.service[93216]: [pid: 93216|app: 0|req: 216/853] 10.4.3.24 () {68 vars in 1492 bytes} [Fri Aug 7 16:14:12 2026] GET /placement/allocations/bc563d41-8755-48ff-bff9-5c12f80f2381 => generated 244 bytes in 15 msecs (HTTP/1.1 200) 8 headers in 296 bytes (1 switches on core 0)
Aug 07 16:14:12.160507 np0000006731 devstack@placement-api.service[93213]: DEBUG placement.requestlog [req-ff15bccf-e62d-4c52-8358-50a3fb654345 req-4743a632-4e07-46f8-bf45-03ae7ff2a139 None None] Starting request: 10.4.3.24 "GET /placement/allocations/fcb40160-68fe-4364-82d9-dc0e67812217" {{(pid=93213) __call__ /opt/stack/placement/placement/requestlog.py:55}}
Aug 07 16:14:12.180345 np0000006731 devstack@placement-api.service[93213]: INFO placement.requestlog [req-ff15bccf-e62d-4c52-8358-50a3fb654345 req-4743a632-4e07-46f8-bf45-03ae7ff2a139 service nova] 10.4.3.24 "GET /placement/allocations/fcb40160-68fe-4364-82d9-dc0e67812217" status: 200 len: 244 microversion: 1.28
Aug 07 16:14:12.180345 np0000006731 devstack@placement-api.service[93213]: [pid: 93213|app: 0|req: 214/854] 10.4.3.24 () {68 vars in 1492 bytes} [Fri Aug 7 16:14:12 2026] GET /placement/allocations/fcb40160-68fe-4364-82d9-dc0e67812217 => generated 244 bytes in 19 msecs (HTTP/1.1 200) 8 headers in 296 bytes (1 switches on core 0)
Aug 07 16:14:12.249891 np0000006731 devstack@placement-api.service[93214]: DEBUG placement.requestlog [req-ff15bccf-e62d-4c52-8358-50a3fb654345 req-c131eaf3-5860-4522-932d-2f63f8ab48bd None None] Starting request: 10.4.3.24 "GET /placement/allocations/468472a3-cc8b-417c-a381-28e666096df1" {{(pid=93214) __call__ /opt/stack/placement/placement/requestlog.py:55}}
Aug 07 16:14:12.262662 np0000006731 devstack@placement-api.service[93214]: INFO placement.requestlog [req-ff15bccf-e62d-4c52-8358-50a3fb654345 req-c131eaf3-5860-4522-932d-2f63f8ab48bd service nova] 10.4.3.24 "GET /placement/allocations/468472a3-cc8b-417c-a381-28e666096df1" status: 200 len: 258 microversion: 1.28
Aug 07 16:14:12.263056 np0000006731 devstack@placement-api.service[93214]: [pid: 93214|app: 0|req: 212/855] 10.4.3.24 () {68 vars in 1492 bytes} [Fri Aug 7 16:14:12 2026] GET /placement/allocations/468472a3-cc8b-417c-a381-28e666096df1 => generated 258 bytes in 13 msecs (HTTP/1.1 200) 8 headers in 296 bytes (1 switches on core 0)
Aug 07 16:14:12.334080 np0000006731 devstack@placement-api.service[93215]: DEBUG placement.requestlog [req-ff15bccf-e62d-4c52-8358-50a3fb654345 req-6808d89e-cac9-49fe-a23f-d47929fb2b23 None None] Starting request: 10.4.3.24 "GET /placement/allocations/fd123d54-c045-40ca-979e-9fd1ae3de759" {{(pid=93215) __call__ /opt/stack/placement/placement/requestlog.py:55}}
Aug 07 16:14:12.351985 np0000006731 devstack@placement-api.service[93215]: INFO placement.requestlog [req-ff15bccf-e62d-4c52-8358-50a3fb654345 req-6808d89e-cac9-49fe-a23f-d47929fb2b23 service nova] 10.4.3.24 "GET /placement/allocations/fd123d54-c045-40ca-979e-9fd1ae3de759" status: 200 len: 258 microversion: 1.28
Aug 07 16:14:12.351985 np0000006731 devstack@placement-api.service[93215]: [pid: 93215|app: 0|req: 214/856] 10.4.3.24 () {68 vars in 1492 bytes} [Fri Aug 7 16:14:12 2026] GET /placement/allocations/fd123d54-c045-40ca-979e-9fd1ae3de759 => generated 258 bytes in 19 msecs (HTTP/1.1 200) 8 headers in 296 bytes (1 switches on core 0)
Aug 07 16:14:12.431529 np0000006731 devstack@placement-api.service[93216]: DEBUG placement.requestlog [req-ff15bccf-e62d-4c52-8358-50a3fb654345 req-6d59398a-1489-4e75-afd6-dcdcde3c8afd None None] Starting request: 10.4.3.24 "GET /placement/allocations/0999b25d-075f-4a3c-8822-e393e35a894e" {{(pid=93216) __call__ /opt/stack/placement/placement/requestlog.py:55}}
Aug 07 16:14:12.449379 np0000006731 devstack@placement-api.service[93216]: INFO placement.requestlog [req-ff15bccf-e62d-4c52-8358-50a3fb654345 req-6d59398a-1489-4e75-afd6-dcdcde3c8afd service nova] 10.4.3.24 "GET /placement/allocations/0999b25d-075f-4a3c-8822-e393e35a894e" status: 200 len: 258 microversion: 1.28
Aug 07 16:14:12.449558 np0000006731 devstack@placement-api.service[93216]: [pid: 93216|app: 0|req: 217/857] 10.4.3.24 () {68 vars in 1492 bytes} [Fri Aug 7 16:14:12 2026] GET /placement/allocations/0999b25d-075f-4a3c-8822-e393e35a894e => generated 258 bytes in 18 msecs (HTTP/1.1 200) 8 headers in 296 bytes (1 switches on core 0)
Aug 07 16:14:12.506628 np0000006731 devstack@placement-api.service[93213]: DEBUG placement.requestlog [req-ff15bccf-e62d-4c52-8358-50a3fb654345 req-66a4d7ec-c29d-448b-af8c-19bea956589b None None] Starting request: 10.4.3.24 "GET /placement/allocations/f645a578-a663-4552-996a-83409b82b573" {{(pid=93213) __call__ /opt/stack/placement/placement/requestlog.py:55}}
Aug 07 16:14:12.521455 np0000006731 devstack@placement-api.service[93213]: INFO placement.requestlog [req-ff15bccf-e62d-4c52-8358-50a3fb654345 req-66a4d7ec-c29d-448b-af8c-19bea956589b service nova] 10.4.3.24 "GET /placement/allocations/f645a578-a663-4552-996a-83409b82b573" status: 200 len: 258 microversion: 1.28
Aug 07 16:14:12.521666 np0000006731 devstack@placement-api.service[93213]: [pid: 93213|app: 0|req: 215/858] 10.4.3.24 () {68 vars in 1492 bytes} [Fri Aug 7 16:14:12 2026] GET /placement/allocations/f645a578-a663-4552-996a-83409b82b573 => generated 258 bytes in 15 msecs (HTTP/1.1 200) 8 headers in 296 bytes (1 switches on core 0)
Aug 07 16:14:12.595570 np0000006731 devstack@placement-api.service[93214]: DEBUG placement.requestlog [req-ff15bccf-e62d-4c52-8358-50a3fb654345 req-99b0438f-0ebe-460b-a7b7-ed5debdfe4e4 None None] Starting request: 10.4.3.24 "GET /placement/allocations/f86a887b-0440-4644-84bc-c83f90ef481e" {{(pid=93214) __call__ /opt/stack/placement/placement/requestlog.py:55}}
Aug 07 16:14:12.613447 np0000006731 devstack@placement-api.service[93214]: INFO placement.requestlog [req-ff15bccf-e62d-4c52-8358-50a3fb654345 req-99b0438f-0ebe-460b-a7b7-ed5debdfe4e4 service nova] 10.4.3.24 "GET /placement/allocations/f86a887b-0440-4644-84bc-c83f90ef481e" status: 200 len: 258 microversion: 1.28
Aug 07 16:14:12.613708 np0000006731 devstack@placement-api.service[93214]: [pid: 93214|app: 0|req: 213/859] 10.4.3.24 () {68 vars in 1492 bytes} [Fri Aug 7 16:14:12 2026] GET /placement/allocations/f86a887b-0440-4644-84bc-c83f90ef481e => generated 258 bytes in 18 msecs (HTTP/1.1 200) 8 headers in 296 bytes (1 switches on core 0)
Aug 07 16:14:12.672555 np0000006731 devstack@placement-api.service[93215]: DEBUG placement.requestlog [req-ff15bccf-e62d-4c52-8358-50a3fb654345 req-df84f341-d041-4dfc-a665-e169cdf8516e None None] Starting request: 10.4.3.24 "GET /placement/allocations/a2ffe795-790a-4831-b190-d6e8127967c0" {{(pid=93215) __call__ /opt/stack/placement/placement/requestlog.py:55}}
Aug 07 16:14:12.684517 np0000006731 devstack@placement-api.service[93215]: INFO placement.requestlog [req-ff15bccf-e62d-4c52-8358-50a3fb654345 req-df84f341-d041-4dfc-a665-e169cdf8516e service nova] 10.4.3.24 "GET /placement/allocations/a2ffe795-790a-4831-b190-d6e8127967c0" status: 200 len: 258 microversion: 1.28
Aug 07 16:14:12.685254 np0000006731 devstack@placement-api.service[93215]: [pid: 93215|app: 0|req: 215/860] 10.4.3.24 () {68 vars in 1492 bytes} [Fri Aug 7 16:14:12 2026] GET /placement/allocations/a2ffe795-790a-4831-b190-d6e8127967c0 => generated 258 bytes in 12 msecs (HTTP/1.1 200) 8 headers in 296 bytes (1 switches on core 0)
Aug 07 16:14:12.737705 np0000006731 devstack@placement-api.service[93216]: DEBUG placement.requestlog [req-ff15bccf-e62d-4c52-8358-50a3fb654345 req-e2483a02-e0a8-4024-9aa1-f9eca6cd0fba None None] Starting request: 10.4.3.24 "GET /placement/allocations/cd42b42c-d79d-4b3e-814c-9757815148b1" {{(pid=93216) __call__ /opt/stack/placement/placement/requestlog.py:55}}
Aug 07 16:14:12.760946 np0000006731 devstack@placement-api.service[93216]: INFO placement.requestlog [req-ff15bccf-e62d-4c52-8358-50a3fb654345 req-e2483a02-e0a8-4024-9aa1-f9eca6cd0fba service nova] 10.4.3.24 "GET /placement/allocations/cd42b42c-d79d-4b3e-814c-9757815148b1" status: 200 len: 258 microversion: 1.28
Aug 07 16:14:12.760946 np0000006731 devstack@placement-api.service[93216]: [pid: 93216|app: 0|req: 218/861] 10.4.3.24 () {68 vars in 1492 bytes} [Fri Aug 7 16:14:12 2026] GET /placement/allocations/cd42b42c-d79d-4b3e-814c-9757815148b1 => generated 258 bytes in 23 msecs (HTTP/1.1 200) 8 headers in 296 bytes (2 switches on core 0)
Aug 07 16:14:12.828972 np0000006731 devstack@placement-api.service[93213]: DEBUG placement.requestlog [req-ff15bccf-e62d-4c52-8358-50a3fb654345 req-3f2c113a-fedd-40c5-ab2c-269a9050d67e None None] Starting request: 10.4.3.24 "GET /placement/allocations/fb27ad89-0734-466c-929b-232507ef4eac" {{(pid=93213) __call__ /opt/stack/placement/placement/requestlog.py:55}}
Aug 07 16:14:12.851087 np0000006731 devstack@placement-api.service[93213]: INFO placement.requestlog [req-ff15bccf-e62d-4c52-8358-50a3fb654345 req-3f2c113a-fedd-40c5-ab2c-269a9050d67e service nova] 10.4.3.24 "GET /placement/allocations/fb27ad89-0734-466c-929b-232507ef4eac" status: 200 len: 258 microversion: 1.28
Aug 07 16:14:12.851087 np0000006731 devstack@placement-api.service[93213]: [pid: 93213|app: 0|req: 216/862] 10.4.3.24 () {68 vars in 1492 bytes} [Fri Aug 7 16:14:12 2026] GET /placement/allocations/fb27ad89-0734-466c-929b-232507ef4eac => generated 258 bytes in 21 msecs (HTTP/1.1 200) 8 headers in 296 bytes (1 switches on core 0)
Aug 07 16:14:12.923391 np0000006731 devstack@placement-api.service[93214]: DEBUG placement.requestlog [req-ff15bccf-e62d-4c52-8358-50a3fb654345 req-31bbe36b-bd53-40dc-886d-4edad728a203 None None] Starting request: 10.4.3.24 "GET /placement/allocations/e68c4bf3-23ca-49cc-a99b-07106e30f823" {{(pid=93214) __call__ /opt/stack/placement/placement/requestlog.py:55}}
Aug 07 16:14:12.941359 np0000006731 devstack@placement-api.service[93214]: INFO placement.requestlog [req-ff15bccf-e62d-4c52-8358-50a3fb654345 req-31bbe36b-bd53-40dc-886d-4edad728a203 service nova] 10.4.3.24 "GET /placement/allocations/e68c4bf3-23ca-49cc-a99b-07106e30f823" status: 200 len: 258 microversion: 1.28
Aug 07 16:14:12.941359 np0000006731 devstack@placement-api.service[93214]: [pid: 93214|app: 0|req: 214/863] 10.4.3.24 () {68 vars in 1492 bytes} [Fri Aug 7 16:14:12 2026] GET /placement/allocations/e68c4bf3-23ca-49cc-a99b-07106e30f823 => generated 258 bytes in 18 msecs (HTTP/1.1 200) 8 headers in 296 bytes (1 switches on core 0)
Aug 07 16:14:12.991087 np0000006731 devstack@placement-api.service[93215]: DEBUG placement.requestlog [req-ff15bccf-e62d-4c52-8358-50a3fb654345 req-f7d1bc3c-7a64-4dd3-b873-6afa52b3d9a2 None None] Starting request: 10.4.3.24 "GET /placement/allocations/2d12cceb-81d2-4520-8ee1-d6ac01f7c242" {{(pid=93215) __call__ /opt/stack/placement/placement/requestlog.py:55}}
Aug 07 16:14:13.011482 np0000006731 devstack@placement-api.service[93215]: INFO placement.requestlog [req-ff15bccf-e62d-4c52-8358-50a3fb654345 req-f7d1bc3c-7a64-4dd3-b873-6afa52b3d9a2 service nova] 10.4.3.24 "GET /placement/allocations/2d12cceb-81d2-4520-8ee1-d6ac01f7c242" status: 200 len: 258 microversion: 1.28
Aug 07 16:14:13.011482 np0000006731 devstack@placement-api.service[93215]: [pid: 93215|app: 0|req: 216/864] 10.4.3.24 () {68 vars in 1492 bytes} [Fri Aug 7 16:14:12 2026] GET /placement/allocations/2d12cceb-81d2-4520-8ee1-d6ac01f7c242 => generated 258 bytes in 21 msecs (HTTP/1.1 200) 8 headers in 296 bytes (2 switches on core 0)
Aug 07 16:14:13.068570 np0000006731 devstack@placement-api.service[93216]: DEBUG placement.requestlog [req-ff15bccf-e62d-4c52-8358-50a3fb654345 req-57dbebcc-7525-4c97-81f2-aaf424e15bad None None] Starting request: 10.4.3.24 "GET /placement/allocations/e78c5939-4e51-49d3-9f12-295bfa60fa14" {{(pid=93216) __call__ /opt/stack/placement/placement/requestlog.py:55}}
Aug 07 16:14:13.084993 np0000006731 devstack@placement-api.service[93216]: INFO placement.requestlog [req-ff15bccf-e62d-4c52-8358-50a3fb654345 req-57dbebcc-7525-4c97-81f2-aaf424e15bad service nova] 10.4.3.24 "GET /placement/allocations/e78c5939-4e51-49d3-9f12-295bfa60fa14" status: 200 len: 258 microversion: 1.28
Aug 07 16:14:13.084993 np0000006731 devstack@placement-api.service[93216]: [pid: 93216|app: 0|req: 219/865] 10.4.3.24 () {68 vars in 1492 bytes} [Fri Aug 7 16:14:13 2026] GET /placement/allocations/e78c5939-4e51-49d3-9f12-295bfa60fa14 => generated 258 bytes in 17 msecs (HTTP/1.1 200) 8 headers in 296 bytes (1 switches on core 0)
Aug 07 16:14:13.147887 np0000006731 devstack@placement-api.service[93213]: DEBUG placement.requestlog [req-ff15bccf-e62d-4c52-8358-50a3fb654345 req-c175f41e-3544-427d-8365-3a3e30f761c3 None None] Starting request: 10.4.3.24 "GET /placement/allocations/6a78c922-1667-4a0b-be95-99368f15fce6" {{(pid=93213) __call__ /opt/stack/placement/placement/requestlog.py:55}}
Aug 07 16:14:13.162598 np0000006731 devstack@placement-api.service[93213]: INFO placement.requestlog [req-ff15bccf-e62d-4c52-8358-50a3fb654345 req-c175f41e-3544-427d-8365-3a3e30f761c3 service nova] 10.4.3.24 "GET /placement/allocations/6a78c922-1667-4a0b-be95-99368f15fce6" status: 200 len: 258 microversion: 1.28
Aug 07 16:14:13.163109 np0000006731 devstack@placement-api.service[93213]: [pid: 93213|app: 0|req: 217/866] 10.4.3.24 () {68 vars in 1492 bytes} [Fri Aug 7 16:14:13 2026] GET /placement/allocations/6a78c922-1667-4a0b-be95-99368f15fce6 => generated 258 bytes in 15 msecs (HTTP/1.1 200) 8 headers in 296 bytes (1 switches on core 0)
Aug 07 16:14:13.222170 np0000006731 devstack@placement-api.service[93214]: DEBUG placement.requestlog [req-ff15bccf-e62d-4c52-8358-50a3fb654345 req-772f6e1e-8a60-438a-9b48-c5b237121e27 None None] Starting request: 10.4.3.24 "GET /placement/allocations/9ece6375-d18e-41f0-a17f-34a32f94fba2" {{(pid=93214) __call__ /opt/stack/placement/placement/requestlog.py:55}}
Aug 07 16:14:13.240609 np0000006731 devstack@placement-api.service[93214]: INFO placement.requestlog [req-ff15bccf-e62d-4c52-8358-50a3fb654345 req-772f6e1e-8a60-438a-9b48-c5b237121e27 service nova] 10.4.3.24 "GET /placement/allocations/9ece6375-d18e-41f0-a17f-34a32f94fba2" status: 200 len: 258 microversion: 1.28
Aug 07 16:14:13.240887 np0000006731 devstack@placement-api.service[93214]: [pid: 93214|app: 0|req: 215/867] 10.4.3.24 () {68 vars in 1492 bytes} [Fri Aug 7 16:14:13 2026] GET /placement/allocations/9ece6375-d18e-41f0-a17f-34a32f94fba2 => generated 258 bytes in 19 msecs (HTTP/1.1 200) 8 headers in 296 bytes (1 switches on core 0)
Aug 07 16:14:13.487485 np0000006731 devstack@placement-api.service[93215]: DEBUG placement.requestlog [req-bc1f2bcc-d9da-4f5a-8acd-d203b246cf90 req-5832db25-2478-4189-96b0-8090bf052c93 None None] Starting request: 10.4.3.24 "GET /placement/resource_providers/f463c803-fc49-4815-83ed-fba314fe889d/allocations" {{(pid=93215) __call__ /opt/stack/placement/placement/requestlog.py:55}}
Aug 07 16:14:13.503958 np0000006731 devstack@placement-api.service[93215]: INFO placement.requestlog [req-bc1f2bcc-d9da-4f5a-8acd-d203b246cf90 req-5832db25-2478-4189-96b0-8090bf052c93 service nova] 10.4.3.24 "GET /placement/resource_providers/f463c803-fc49-4815-83ed-fba314fe889d/allocations" status: 200 len: 1525 microversion: 1.0
Aug 07 16:14:13.504188 np0000006731 devstack@placement-api.service[93215]: [pid: 93215|app: 0|req: 217/868] 10.4.3.24 () {66 vars in 1505 bytes} [Fri Aug 7 16:14:13 2026] GET /placement/resource_providers/f463c803-fc49-4815-83ed-fba314fe889d/allocations => generated 1525 bytes in 17 msecs (HTTP/1.1 200) 6 headers in 225 bytes (1 switches on core 0)
Aug 07 16:14:13.570647 np0000006731 devstack@placement-api.service[93216]: DEBUG placement.requestlog [req-bc1f2bcc-d9da-4f5a-8acd-d203b246cf90 req-9a902176-a0bd-4917-b482-ebad51eebee1 None None] Starting request: 10.4.3.24 "GET /placement/allocations/bc563d41-8755-48ff-bff9-5c12f80f2381" {{(pid=93216) __call__ /opt/stack/placement/placement/requestlog.py:55}}
Aug 07 16:14:13.580885 np0000006731 devstack@placement-api.service[93216]: INFO placement.requestlog [req-bc1f2bcc-d9da-4f5a-8acd-d203b246cf90 req-9a902176-a0bd-4917-b482-ebad51eebee1 service nova] 10.4.3.24 "GET /placement/allocations/bc563d41-8755-48ff-bff9-5c12f80f2381" status: 200 len: 244 microversion: 1.28
Aug 07 16:14:13.581152 np0000006731 devstack@placement-api.service[93216]: [pid: 93216|app: 0|req: 220/869] 10.4.3.24 () {68 vars in 1492 bytes} [Fri Aug 7 16:14:13 2026] GET /placement/allocations/bc563d41-8755-48ff-bff9-5c12f80f2381 => generated 244 bytes in 11 msecs (HTTP/1.1 200) 8 headers in 296 bytes (1 switches on core 0)
Aug 07 16:14:13.634030 np0000006731 devstack@placement-api.service[93213]: DEBUG placement.requestlog [req-bc1f2bcc-d9da-4f5a-8acd-d203b246cf90 req-110e296e-f71a-42be-aefc-751406d095bc None None] Starting request: 10.4.3.24 "GET /placement/allocations/fcb40160-68fe-4364-82d9-dc0e67812217" {{(pid=93213) __call__ /opt/stack/placement/placement/requestlog.py:55}}
Aug 07 16:14:13.648896 np0000006731 devstack@placement-api.service[93213]: INFO placement.requestlog [req-bc1f2bcc-d9da-4f5a-8acd-d203b246cf90 req-110e296e-f71a-42be-aefc-751406d095bc service nova] 10.4.3.24 "GET /placement/allocations/fcb40160-68fe-4364-82d9-dc0e67812217" status: 200 len: 244 microversion: 1.28
Aug 07 16:14:13.649285 np0000006731 devstack@placement-api.service[93213]: [pid: 93213|app: 0|req: 218/870] 10.4.3.24 () {68 vars in 1492 bytes} [Fri Aug 7 16:14:13 2026] GET /placement/allocations/fcb40160-68fe-4364-82d9-dc0e67812217 => generated 244 bytes in 15 msecs (HTTP/1.1 200) 8 headers in 296 bytes (1 switches on core 0)
Aug 07 16:14:13.697980 np0000006731 devstack@placement-api.service[93214]: DEBUG placement.requestlog [req-bc1f2bcc-d9da-4f5a-8acd-d203b246cf90 req-7ee3c016-36d3-43e6-a1e1-ad6e19802ea9 None None] Starting request: 10.4.3.24 "GET /placement/allocations/468472a3-cc8b-417c-a381-28e666096df1" {{(pid=93214) __call__ /opt/stack/placement/placement/requestlog.py:55}}
Aug 07 16:14:13.707357 np0000006731 devstack@placement-api.service[93214]: INFO placement.requestlog [req-bc1f2bcc-d9da-4f5a-8acd-d203b246cf90 req-7ee3c016-36d3-43e6-a1e1-ad6e19802ea9 service nova] 10.4.3.24 "GET /placement/allocations/468472a3-cc8b-417c-a381-28e666096df1" status: 200 len: 258 microversion: 1.28
Aug 07 16:14:13.707823 np0000006731 devstack@placement-api.service[93214]: [pid: 93214|app: 0|req: 216/871] 10.4.3.24 () {68 vars in 1492 bytes} [Fri Aug 7 16:14:13 2026] GET /placement/allocations/468472a3-cc8b-417c-a381-28e666096df1 => generated 258 bytes in 10 msecs (HTTP/1.1 200) 8 headers in 296 bytes (1 switches on core 0)
Aug 07 16:14:13.785350 np0000006731 devstack@placement-api.service[93215]: DEBUG placement.requestlog [req-bc1f2bcc-d9da-4f5a-8acd-d203b246cf90 req-18749e2e-5d1b-4433-ba08-97e09d027b6a None None] Starting request: 10.4.3.24 "GET /placement/allocations/fd123d54-c045-40ca-979e-9fd1ae3de759" {{(pid=93215) __call__ /opt/stack/placement/placement/requestlog.py:55}}
Aug 07 16:14:13.801318 np0000006731 devstack@placement-api.service[93215]: INFO placement.requestlog [req-bc1f2bcc-d9da-4f5a-8acd-d203b246cf90 req-18749e2e-5d1b-4433-ba08-97e09d027b6a service nova] 10.4.3.24 "GET /placement/allocations/fd123d54-c045-40ca-979e-9fd1ae3de759" status: 200 len: 258 microversion: 1.28
Aug 07 16:14:13.801518 np0000006731 devstack@placement-api.service[93215]: [pid: 93215|app: 0|req: 218/872] 10.4.3.24 () {68 vars in 1492 bytes} [Fri Aug 7 16:14:13 2026] GET /placement/allocations/fd123d54-c045-40ca-979e-9fd1ae3de759 => generated 258 bytes in 16 msecs (HTTP/1.1 200) 8 headers in 296 bytes (1 switches on core 0)
Aug 07 16:14:13.871328 np0000006731 devstack@placement-api.service[93216]: DEBUG placement.requestlog [req-bc1f2bcc-d9da-4f5a-8acd-d203b246cf90 req-9b36a13c-130a-42a0-9fcb-616df489805d None None] Starting request: 10.4.3.24 "GET /placement/allocations/0999b25d-075f-4a3c-8822-e393e35a894e" {{(pid=93216) __call__ /opt/stack/placement/placement/requestlog.py:55}}
Aug 07 16:14:13.881747 np0000006731 devstack@placement-api.service[93216]: INFO placement.requestlog [req-bc1f2bcc-d9da-4f5a-8acd-d203b246cf90 req-9b36a13c-130a-42a0-9fcb-616df489805d service nova] 10.4.3.24 "GET /placement/allocations/0999b25d-075f-4a3c-8822-e393e35a894e" status: 200 len: 258 microversion: 1.28
Aug 07 16:14:13.882427 np0000006731 devstack@placement-api.service[93216]: [pid: 93216|app: 0|req: 221/873] 10.4.3.24 () {68 vars in 1492 bytes} [Fri Aug 7 16:14:13 2026] GET /placement/allocations/0999b25d-075f-4a3c-8822-e393e35a894e => generated 258 bytes in 11 msecs (HTTP/1.1 200) 8 headers in 296 bytes (1 switches on core 0)
Aug 07 16:14:13.941642 np0000006731 devstack@placement-api.service[93213]: DEBUG placement.requestlog [req-bc1f2bcc-d9da-4f5a-8acd-d203b246cf90 req-74839c6c-d482-4c2e-9634-f12138e0d6be None None] Starting request: 10.4.3.24 "GET /placement/allocations/f645a578-a663-4552-996a-83409b82b573" {{(pid=93213) __call__ /opt/stack/placement/placement/requestlog.py:55}}
Aug 07 16:14:13.961180 np0000006731 devstack@placement-api.service[93213]: INFO placement.requestlog [req-bc1f2bcc-d9da-4f5a-8acd-d203b246cf90 req-74839c6c-d482-4c2e-9634-f12138e0d6be service nova] 10.4.3.24 "GET /placement/allocations/f645a578-a663-4552-996a-83409b82b573" status: 200 len: 258 microversion: 1.28
Aug 07 16:14:13.961421 np0000006731 devstack@placement-api.service[93213]: [pid: 93213|app: 0|req: 219/874] 10.4.3.24 () {68 vars in 1492 bytes} [Fri Aug 7 16:14:13 2026] GET /placement/allocations/f645a578-a663-4552-996a-83409b82b573 => generated 258 bytes in 20 msecs (HTTP/1.1 200) 8 headers in 296 bytes (1 switches on core 0)
Aug 07 16:14:14.023417 np0000006731 devstack@placement-api.service[93214]: DEBUG placement.requestlog [req-bc1f2bcc-d9da-4f5a-8acd-d203b246cf90 req-794c1848-81f5-4e5a-9b67-39b3938c2300 None None] Starting request: 10.4.3.24 "GET /placement/allocations/f86a887b-0440-4644-84bc-c83f90ef481e" {{(pid=93214) __call__ /opt/stack/placement/placement/requestlog.py:55}}
Aug 07 16:14:14.034911 np0000006731 devstack@placement-api.service[93214]: INFO placement.requestlog [req-bc1f2bcc-d9da-4f5a-8acd-d203b246cf90 req-794c1848-81f5-4e5a-9b67-39b3938c2300 service nova] 10.4.3.24 "GET /placement/allocations/f86a887b-0440-4644-84bc-c83f90ef481e" status: 200 len: 258 microversion: 1.28
Aug 07 16:14:14.037347 np0000006731 devstack@placement-api.service[93214]: [pid: 93214|app: 0|req: 217/875] 10.4.3.24 () {68 vars in 1492 bytes} [Fri Aug 7 16:14:14 2026] GET /placement/allocations/f86a887b-0440-4644-84bc-c83f90ef481e => generated 258 bytes in 13 msecs (HTTP/1.1 200) 8 headers in 296 bytes (1 switches on core 0)
Aug 07 16:14:14.104551 np0000006731 devstack@placement-api.service[93215]: DEBUG placement.requestlog [req-bc1f2bcc-d9da-4f5a-8acd-d203b246cf90 req-89719d6d-8422-4894-b187-25e90dc57b0b None None] Starting request: 10.4.3.24 "GET /placement/allocations/a2ffe795-790a-4831-b190-d6e8127967c0" {{(pid=93215) __call__ /opt/stack/placement/placement/requestlog.py:55}}
Aug 07 16:14:14.121188 np0000006731 devstack@placement-api.service[93215]: INFO placement.requestlog [req-bc1f2bcc-d9da-4f5a-8acd-d203b246cf90 req-89719d6d-8422-4894-b187-25e90dc57b0b service nova] 10.4.3.24 "GET /placement/allocations/a2ffe795-790a-4831-b190-d6e8127967c0" status: 200 len: 258 microversion: 1.28
Aug 07 16:14:14.121188 np0000006731 devstack@placement-api.service[93215]: [pid: 93215|app: 0|req: 219/876] 10.4.3.24 () {68 vars in 1492 bytes} [Fri Aug 7 16:14:14 2026] GET /placement/allocations/a2ffe795-790a-4831-b190-d6e8127967c0 => generated 258 bytes in 15 msecs (HTTP/1.1 200) 8 headers in 296 bytes (1 switches on core 0)
Aug 07 16:14:14.191000 np0000006731 devstack@placement-api.service[93216]: DEBUG placement.requestlog [req-bc1f2bcc-d9da-4f5a-8acd-d203b246cf90 req-658360ec-c266-41c5-b34f-0305e4fbe768 None None] Starting request: 10.4.3.24 "GET /placement/allocations/cd42b42c-d79d-4b3e-814c-9757815148b1" {{(pid=93216) __call__ /opt/stack/placement/placement/requestlog.py:55}}
Aug 07 16:14:14.201577 np0000006731 devstack@placement-api.service[93216]: INFO placement.requestlog [req-bc1f2bcc-d9da-4f5a-8acd-d203b246cf90 req-658360ec-c266-41c5-b34f-0305e4fbe768 service nova] 10.4.3.24 "GET /placement/allocations/cd42b42c-d79d-4b3e-814c-9757815148b1" status: 200 len: 258 microversion: 1.28
Aug 07 16:14:14.201758 np0000006731 devstack@placement-api.service[93216]: [pid: 93216|app: 0|req: 222/877] 10.4.3.24 () {68 vars in 1492 bytes} [Fri Aug 7 16:14:14 2026] GET /placement/allocations/cd42b42c-d79d-4b3e-814c-9757815148b1 => generated 258 bytes in 11 msecs (HTTP/1.1 200) 8 headers in 296 bytes (1 switches on core 0)
Aug 07 16:14:14.276826 np0000006731 devstack@placement-api.service[93213]: DEBUG placement.requestlog [req-bc1f2bcc-d9da-4f5a-8acd-d203b246cf90 req-f88d77ca-a1d0-42e9-ac80-820306c53ed9 None None] Starting request: 10.4.3.24 "GET /placement/allocations/fb27ad89-0734-466c-929b-232507ef4eac" {{(pid=93213) __call__ /opt/stack/placement/placement/requestlog.py:55}}
Aug 07 16:14:14.287249 np0000006731 devstack@placement-api.service[93213]: INFO placement.requestlog [req-bc1f2bcc-d9da-4f5a-8acd-d203b246cf90 req-f88d77ca-a1d0-42e9-ac80-820306c53ed9 service nova] 10.4.3.24 "GET /placement/allocations/fb27ad89-0734-466c-929b-232507ef4eac" status: 200 len: 258 microversion: 1.28
