Jul 21 05:55:46.113479 np0000005534 nova-conductor[98957]: DEBUG cotyledon.oslo_config_glue [-] workarounds.disable_fallback_pcpu_query = False {{(pid=98957) log_opt_values /opt/stack/data/venv/lib/python3.12/site-packages/oslo_config/cfg.py:3253}}
Jul 21 05:55:46.113479 np0000005534 nova-conductor[98957]: DEBUG cotyledon.oslo_config_glue [-] workarounds.disable_group_policy_check_upcall = False {{(pid=98957) log_opt_values /opt/stack/data/venv/lib/python3.12/site-packages/oslo_config/cfg.py:3253}}
Jul 21 05:55:46.113479 np0000005534 nova-conductor[98957]: DEBUG cotyledon.oslo_config_glue [-] workarounds.disable_libvirt_livesnapshot = False {{(pid=98957) log_opt_values /opt/stack/data/venv/lib/python3.12/site-packages/oslo_config/cfg.py:3253}}
Jul 21 05:55:46.113479 np0000005534 nova-conductor[98957]: DEBUG cotyledon.oslo_config_glue [-] workarounds.disable_rootwrap = False {{(pid=98957) log_opt_values /opt/stack/data/venv/lib/python3.12/site-packages/oslo_config/cfg.py:3253}}
Jul 21 05:55:46.113479 np0000005534 nova-conductor[98957]: DEBUG cotyledon.oslo_config_glue [-] workarounds.enable_numa_live_migration = False {{(pid=98957) log_opt_values /opt/stack/data/venv/lib/python3.12/site-packages/oslo_config/cfg.py:3253}}
Jul 21 05:55:46.113479 np0000005534 nova-conductor[98957]: DEBUG cotyledon.oslo_config_glue [-] workarounds.enable_qemu_monitor_announce_self = False {{(pid=98957) log_opt_values /opt/stack/data/venv/lib/python3.12/site-packages/oslo_config/cfg.py:3253}}
Jul 21 05:55:46.113479 np0000005534 nova-conductor[98957]: DEBUG cotyledon.oslo_config_glue [-] workarounds.ensure_libvirt_rbd_instance_dir_cleanup = False {{(pid=98957) log_opt_values /opt/stack/data/venv/lib/python3.12/site-packages/oslo_config/cfg.py:3253}}
Jul 21 05:55:46.113779 np0000005534 nova-conductor[98957]: DEBUG cotyledon.oslo_config_glue [-] workarounds.handle_virt_lifecycle_events = True {{(pid=98957) log_opt_values /opt/stack/data/venv/lib/python3.12/site-packages/oslo_config/cfg.py:3253}}
Jul 21 05:55:46.113779 np0000005534 nova-conductor[98957]: DEBUG cotyledon.oslo_config_glue [-] workarounds.libvirt_disable_apic = False {{(pid=98957) log_opt_values /opt/stack/data/venv/lib/python3.12/site-packages/oslo_config/cfg.py:3253}}
Jul 21 05:55:46.113779 np0000005534 nova-conductor[98957]: DEBUG cotyledon.oslo_config_glue [-] workarounds.never_download_image_if_on_rbd = False {{(pid=98957) log_opt_values /opt/stack/data/venv/lib/python3.12/site-packages/oslo_config/cfg.py:3253}}
Jul 21 05:55:46.113779 np0000005534 nova-conductor[98957]: DEBUG cotyledon.oslo_config_glue [-] workarounds.qemu_monitor_announce_self_count = 3 {{(pid=98957) log_opt_values /opt/stack/data/venv/lib/python3.12/site-packages/oslo_config/cfg.py:3253}}
Jul 21 05:55:46.113779 np0000005534 nova-conductor[98957]: DEBUG cotyledon.oslo_config_glue [-] workarounds.qemu_monitor_announce_self_interval = 1 {{(pid=98957) log_opt_values /opt/stack/data/venv/lib/python3.12/site-packages/oslo_config/cfg.py:3253}}
Jul 21 05:55:46.113779 np0000005534 nova-conductor[98957]: DEBUG cotyledon.oslo_config_glue [-] workarounds.reserve_disk_resource_for_image_cache = False {{(pid=98957) log_opt_values /opt/stack/data/venv/lib/python3.12/site-packages/oslo_config/cfg.py:3253}}
Jul 21 05:55:46.113779 np0000005534 nova-conductor[98957]: DEBUG cotyledon.oslo_config_glue [-] workarounds.skip_cpu_compare_at_startup = False {{(pid=98957) log_opt_values /opt/stack/data/venv/lib/python3.12/site-packages/oslo_config/cfg.py:3253}}
Jul 21 05:55:46.113779 np0000005534 nova-conductor[98957]: DEBUG cotyledon.oslo_config_glue [-] workarounds.skip_cpu_compare_on_dest = False {{(pid=98957) log_opt_values /opt/stack/data/venv/lib/python3.12/site-packages/oslo_config/cfg.py:3253}}
Jul 21 05:55:46.113779 np0000005534 nova-conductor[98957]: DEBUG cotyledon.oslo_config_glue [-] workarounds.skip_hypervisor_version_check_on_lm = False {{(pid=98957) log_opt_values /opt/stack/data/venv/lib/python3.12/site-packages/oslo_config/cfg.py:3253}}
Jul 21 05:55:46.114086 np0000005534 nova-conductor[98957]: DEBUG cotyledon.oslo_config_glue [-] workarounds.skip_reserve_in_use_ironic_nodes = False {{(pid=98957) log_opt_values /opt/stack/data/venv/lib/python3.12/site-packages/oslo_config/cfg.py:3253}}
Jul 21 05:55:46.114086 np0000005534 nova-conductor[98957]: DEBUG cotyledon.oslo_config_glue [-] workarounds.unified_limits_count_pcpu_as_vcpu = False {{(pid=98957) log_opt_values /opt/stack/data/venv/lib/python3.12/site-packages/oslo_config/cfg.py:3253}}
Jul 21 05:55:46.114086 np0000005534 nova-conductor[98957]: DEBUG cotyledon.oslo_config_glue [-] workarounds.wait_for_vif_plugged_event_during_hard_reboot = [] {{(pid=98957) log_opt_values /opt/stack/data/venv/lib/python3.12/site-packages/oslo_config/cfg.py:3253}}
Jul 21 05:55:46.114086 np0000005534 nova-conductor[98957]: DEBUG cotyledon.oslo_config_glue [-] wsgi.api_paste_config = /etc/nova/api-paste.ini {{(pid=98957) log_opt_values /opt/stack/data/venv/lib/python3.12/site-packages/oslo_config/cfg.py:3253}}
Jul 21 05:55:46.114086 np0000005534 nova-conductor[98957]: DEBUG cotyledon.oslo_config_glue [-] wsgi.secure_proxy_ssl_header = None {{(pid=98957) log_opt_values /opt/stack/data/venv/lib/python3.12/site-packages/oslo_config/cfg.py:3253}}
Jul 21 05:55:46.114086 np0000005534 nova-conductor[98957]: DEBUG cotyledon.oslo_config_glue [-] zvm.ca_file = None {{(pid=98957) log_opt_values /opt/stack/data/venv/lib/python3.12/site-packages/oslo_config/cfg.py:3253}}
Jul 21 05:55:46.114086 np0000005534 nova-conductor[98957]: DEBUG cotyledon.oslo_config_glue [-] zvm.cloud_connector_url = None {{(pid=98957) log_opt_values /opt/stack/data/venv/lib/python3.12/site-packages/oslo_config/cfg.py:3253}}
Jul 21 05:55:46.114086 np0000005534 nova-conductor[98957]: DEBUG cotyledon.oslo_config_glue [-] zvm.image_tmp_path = /opt/stack/data/nova/images {{(pid=98957) log_opt_values /opt/stack/data/venv/lib/python3.12/site-packages/oslo_config/cfg.py:3253}}
Jul 21 05:55:46.114086 np0000005534 nova-conductor[98957]: DEBUG cotyledon.oslo_config_glue [-] zvm.reachable_timeout = 300 {{(pid=98957) log_opt_values /opt/stack/data/venv/lib/python3.12/site-packages/oslo_config/cfg.py:3253}}
Jul 21 05:55:46.114304 np0000005534 nova-conductor[98957]: DEBUG cotyledon.oslo_config_glue [-] oslo_versionedobjects.fatal_exception_format_errors = False {{(pid=98957) log_opt_values /opt/stack/data/venv/lib/python3.12/site-packages/oslo_config/cfg.py:3253}}
Jul 21 05:55:46.114304 np0000005534 nova-conductor[98957]: DEBUG cotyledon.oslo_config_glue [-] oslo_middleware.http_basic_auth_user_file = /etc/htpasswd {{(pid=98957) log_opt_values /opt/stack/data/venv/lib/python3.12/site-packages/oslo_config/cfg.py:3253}}
Jul 21 05:55:46.114304 np0000005534 nova-conductor[98957]: DEBUG cotyledon.oslo_config_glue [-] profiler.connection_string = messaging:// {{(pid=98957) log_opt_values /opt/stack/data/venv/lib/python3.12/site-packages/oslo_config/cfg.py:3253}}
Jul 21 05:55:46.114304 np0000005534 nova-conductor[98957]: DEBUG cotyledon.oslo_config_glue [-] profiler.enabled = False {{(pid=98957) log_opt_values /opt/stack/data/venv/lib/python3.12/site-packages/oslo_config/cfg.py:3253}}
Jul 21 05:55:46.114304 np0000005534 nova-conductor[98957]: DEBUG cotyledon.oslo_config_glue [-] profiler.es_doc_type = notification {{(pid=98957) log_opt_values /opt/stack/data/venv/lib/python3.12/site-packages/oslo_config/cfg.py:3253}}
Jul 21 05:55:46.114304 np0000005534 nova-conductor[98957]: DEBUG cotyledon.oslo_config_glue [-] profiler.es_scroll_size = 10000 {{(pid=98957) log_opt_values /opt/stack/data/venv/lib/python3.12/site-packages/oslo_config/cfg.py:3253}}
Jul 21 05:55:46.114304 np0000005534 nova-conductor[98957]: DEBUG cotyledon.oslo_config_glue [-] profiler.es_scroll_time = 2m {{(pid=98957) log_opt_values /opt/stack/data/venv/lib/python3.12/site-packages/oslo_config/cfg.py:3253}}
Jul 21 05:55:46.114304 np0000005534 nova-conductor[98957]: DEBUG cotyledon.oslo_config_glue [-] profiler.filter_error_trace = False {{(pid=98957) log_opt_values /opt/stack/data/venv/lib/python3.12/site-packages/oslo_config/cfg.py:3253}}
Jul 21 05:55:46.114304 np0000005534 nova-conductor[98957]: DEBUG cotyledon.oslo_config_glue [-] profiler.hmac_keys = **** {{(pid=98957) log_opt_values /opt/stack/data/venv/lib/python3.12/site-packages/oslo_config/cfg.py:3253}}
Jul 21 05:55:46.114603 np0000005534 nova-conductor[98957]: DEBUG cotyledon.oslo_config_glue [-] profiler.sentinel_service_name = mymaster {{(pid=98957) log_opt_values /opt/stack/data/venv/lib/python3.12/site-packages/oslo_config/cfg.py:3253}}
Jul 21 05:55:46.114603 np0000005534 nova-conductor[98957]: DEBUG cotyledon.oslo_config_glue [-] profiler.socket_timeout = 0.1 {{(pid=98957) log_opt_values /opt/stack/data/venv/lib/python3.12/site-packages/oslo_config/cfg.py:3253}}
Jul 21 05:55:46.114603 np0000005534 nova-conductor[98957]: DEBUG cotyledon.oslo_config_glue [-] profiler.trace_requests = False {{(pid=98957) log_opt_values /opt/stack/data/venv/lib/python3.12/site-packages/oslo_config/cfg.py:3253}}
Jul 21 05:55:46.114603 np0000005534 nova-conductor[98957]: DEBUG cotyledon.oslo_config_glue [-] profiler.trace_sqlalchemy = False {{(pid=98957) log_opt_values /opt/stack/data/venv/lib/python3.12/site-packages/oslo_config/cfg.py:3253}}
Jul 21 05:55:46.114603 np0000005534 nova-conductor[98957]: DEBUG cotyledon.oslo_config_glue [-] profiler_jaeger.process_tags = {} {{(pid=98957) log_opt_values /opt/stack/data/venv/lib/python3.12/site-packages/oslo_config/cfg.py:3253}}
Jul 21 05:55:46.114603 np0000005534 nova-conductor[98957]: DEBUG cotyledon.oslo_config_glue [-] profiler_jaeger.service_name_prefix = None {{(pid=98957) log_opt_values /opt/stack/data/venv/lib/python3.12/site-packages/oslo_config/cfg.py:3253}}
Jul 21 05:55:46.114603 np0000005534 nova-conductor[98957]: DEBUG cotyledon.oslo_config_glue [-] profiler_otlp.service_name_prefix = None {{(pid=98957) log_opt_values /opt/stack/data/venv/lib/python3.12/site-packages/oslo_config/cfg.py:3253}}
Jul 21 05:55:46.114603 np0000005534 nova-conductor[98957]: DEBUG cotyledon.oslo_config_glue [-] oslo_messaging_rabbit.amqp_auto_delete = False {{(pid=98957) log_opt_values /opt/stack/data/venv/lib/python3.12/site-packages/oslo_config/cfg.py:3253}}
Jul 21 05:55:46.114603 np0000005534 nova-conductor[98957]: DEBUG cotyledon.oslo_config_glue [-] oslo_messaging_rabbit.amqp_durable_queues = False {{(pid=98957) log_opt_values /opt/stack/data/venv/lib/python3.12/site-packages/oslo_config/cfg.py:3253}}
Jul 21 05:55:46.114900 np0000005534 nova-conductor[98957]: DEBUG cotyledon.oslo_config_glue [-] oslo_messaging_rabbit.conn_pool_min_size = 2 {{(pid=98957) log_opt_values /opt/stack/data/venv/lib/python3.12/site-packages/oslo_config/cfg.py:3253}}
Jul 21 05:55:46.114900 np0000005534 nova-conductor[98957]: DEBUG cotyledon.oslo_config_glue [-] oslo_messaging_rabbit.conn_pool_ttl = 1200 {{(pid=98957) log_opt_values /opt/stack/data/venv/lib/python3.12/site-packages/oslo_config/cfg.py:3253}}
Jul 21 05:55:46.114900 np0000005534 nova-conductor[98957]: DEBUG cotyledon.oslo_config_glue [-] oslo_messaging_rabbit.direct_mandatory_flag = True {{(pid=98957) log_opt_values /opt/stack/data/venv/lib/python3.12/site-packages/oslo_config/cfg.py:3253}}
Jul 21 05:55:46.114900 np0000005534 nova-conductor[98957]: DEBUG cotyledon.oslo_config_glue [-] oslo_messaging_rabbit.enable_cancel_on_failover = False {{(pid=98957) log_opt_values /opt/stack/data/venv/lib/python3.12/site-packages/oslo_config/cfg.py:3253}}
Jul 21 05:55:46.114900 np0000005534 nova-conductor[98957]: DEBUG cotyledon.oslo_config_glue [-] oslo_messaging_rabbit.heartbeat_rate = 3 {{(pid=98957) log_opt_values /opt/stack/data/venv/lib/python3.12/site-packages/oslo_config/cfg.py:3253}}
Jul 21 05:55:46.114900 np0000005534 nova-conductor[98957]: DEBUG cotyledon.oslo_config_glue [-] oslo_messaging_rabbit.heartbeat_timeout_threshold = 60 {{(pid=98957) log_opt_values /opt/stack/data/venv/lib/python3.12/site-packages/oslo_config/cfg.py:3253}}
Jul 21 05:55:46.114900 np0000005534 nova-conductor[98957]: DEBUG cotyledon.oslo_config_glue [-] oslo_messaging_rabbit.hostname = np0000005534 {{(pid=98957) log_opt_values /opt/stack/data/venv/lib/python3.12/site-packages/oslo_config/cfg.py:3253}}
Jul 21 05:55:46.114900 np0000005534 nova-conductor[98957]: DEBUG cotyledon.oslo_config_glue [-] oslo_messaging_rabbit.kombu_compression = None {{(pid=98957) log_opt_values /opt/stack/data/venv/lib/python3.12/site-packages/oslo_config/cfg.py:3253}}
Jul 21 05:55:46.114900 np0000005534 nova-conductor[98957]: DEBUG cotyledon.oslo_config_glue [-] oslo_messaging_rabbit.kombu_failover_strategy = round-robin {{(pid=98957) log_opt_values /opt/stack/data/venv/lib/python3.12/site-packages/oslo_config/cfg.py:3253}}
Jul 21 05:55:46.115186 np0000005534 nova-conductor[98957]: DEBUG cotyledon.oslo_config_glue [-] oslo_messaging_rabbit.kombu_missing_consumer_retry_timeout = 60 {{(pid=98957) log_opt_values /opt/stack/data/venv/lib/python3.12/site-packages/oslo_config/cfg.py:3253}}
Jul 21 05:55:46.115186 np0000005534 nova-conductor[98957]: DEBUG cotyledon.oslo_config_glue [-] oslo_messaging_rabbit.kombu_reconnect_delay = 1.0 {{(pid=98957) log_opt_values /opt/stack/data/venv/lib/python3.12/site-packages/oslo_config/cfg.py:3253}}
Jul 21 05:55:46.115186 np0000005534 nova-conductor[98957]: DEBUG cotyledon.oslo_config_glue [-] oslo_messaging_rabbit.kombu_reconnect_splay = 0.0 {{(pid=98957) log_opt_values /opt/stack/data/venv/lib/python3.12/site-packages/oslo_config/cfg.py:3253}}
Jul 21 05:55:46.115186 np0000005534 nova-conductor[98957]: DEBUG cotyledon.oslo_config_glue [-] oslo_messaging_rabbit.processname = nova-conductor {{(pid=98957) log_opt_values /opt/stack/data/venv/lib/python3.12/site-packages/oslo_config/cfg.py:3253}}
Jul 21 05:55:46.115186 np0000005534 nova-conductor[98957]: DEBUG cotyledon.oslo_config_glue [-] oslo_messaging_rabbit.rabbit_ha_queues = False {{(pid=98957) log_opt_values /opt/stack/data/venv/lib/python3.12/site-packages/oslo_config/cfg.py:3253}}
Jul 21 05:55:46.115186 np0000005534 nova-conductor[98957]: DEBUG cotyledon.oslo_config_glue [-] oslo_messaging_rabbit.rabbit_interval_max = 30 {{(pid=98957) log_opt_values /opt/stack/data/venv/lib/python3.12/site-packages/oslo_config/cfg.py:3253}}
Jul 21 05:55:46.115186 np0000005534 nova-conductor[98957]: DEBUG cotyledon.oslo_config_glue [-] oslo_messaging_rabbit.rabbit_login_method = AMQPLAIN {{(pid=98957) log_opt_values /opt/stack/data/venv/lib/python3.12/site-packages/oslo_config/cfg.py:3253}}
Jul 21 05:55:46.115186 np0000005534 nova-conductor[98957]: DEBUG cotyledon.oslo_config_glue [-] oslo_messaging_rabbit.rabbit_qos_prefetch_count = 0 {{(pid=98957) log_opt_values /opt/stack/data/venv/lib/python3.12/site-packages/oslo_config/cfg.py:3253}}
Jul 21 05:55:46.115186 np0000005534 nova-conductor[98957]: DEBUG cotyledon.oslo_config_glue [-] oslo_messaging_rabbit.rabbit_quorum_delivery_limit = 0 {{(pid=98957) log_opt_values /opt/stack/data/venv/lib/python3.12/site-packages/oslo_config/cfg.py:3253}}
Jul 21 05:55:46.115484 np0000005534 nova-conductor[98957]: DEBUG cotyledon.oslo_config_glue [-] oslo_messaging_rabbit.rabbit_quorum_max_memory_bytes = 0 {{(pid=98957) log_opt_values /opt/stack/data/venv/lib/python3.12/site-packages/oslo_config/cfg.py:3253}}
Jul 21 05:55:46.115484 np0000005534 nova-conductor[98957]: DEBUG cotyledon.oslo_config_glue [-] oslo_messaging_rabbit.rabbit_quorum_max_memory_length = 0 {{(pid=98957) log_opt_values /opt/stack/data/venv/lib/python3.12/site-packages/oslo_config/cfg.py:3253}}
Jul 21 05:55:46.115484 np0000005534 nova-conductor[98957]: DEBUG cotyledon.oslo_config_glue [-] oslo_messaging_rabbit.rabbit_quorum_queue = False {{(pid=98957) log_opt_values /opt/stack/data/venv/lib/python3.12/site-packages/oslo_config/cfg.py:3253}}
Jul 21 05:55:46.115484 np0000005534 nova-conductor[98957]: DEBUG cotyledon.oslo_config_glue [-] oslo_messaging_rabbit.rabbit_retry_backoff = 2 {{(pid=98957) log_opt_values /opt/stack/data/venv/lib/python3.12/site-packages/oslo_config/cfg.py:3253}}
Jul 21 05:55:46.115484 np0000005534 nova-conductor[98957]: DEBUG cotyledon.oslo_config_glue [-] oslo_messaging_rabbit.rabbit_retry_interval = 1 {{(pid=98957) log_opt_values /opt/stack/data/venv/lib/python3.12/site-packages/oslo_config/cfg.py:3253}}
Jul 21 05:55:46.115484 np0000005534 nova-conductor[98957]: DEBUG cotyledon.oslo_config_glue [-] oslo_messaging_rabbit.rabbit_stream_fanout = False {{(pid=98957) log_opt_values /opt/stack/data/venv/lib/python3.12/site-packages/oslo_config/cfg.py:3253}}
Jul 21 05:55:46.115484 np0000005534 nova-conductor[98957]: DEBUG cotyledon.oslo_config_glue [-] oslo_messaging_rabbit.rabbit_transient_queues_ttl = 1800 {{(pid=98957) log_opt_values /opt/stack/data/venv/lib/python3.12/site-packages/oslo_config/cfg.py:3253}}
Jul 21 05:55:46.115484 np0000005534 nova-conductor[98957]: DEBUG cotyledon.oslo_config_glue [-] oslo_messaging_rabbit.rabbit_transient_quorum_queue = False {{(pid=98957) log_opt_values /opt/stack/data/venv/lib/python3.12/site-packages/oslo_config/cfg.py:3253}}
Jul 21 05:55:46.115756 np0000005534 nova-conductor[98957]: DEBUG cotyledon.oslo_config_glue [-] oslo_messaging_rabbit.rpc_conn_pool_size = 30 {{(pid=98957) log_opt_values /opt/stack/data/venv/lib/python3.12/site-packages/oslo_config/cfg.py:3253}}
Jul 21 05:55:46.115756 np0000005534 nova-conductor[98957]: DEBUG cotyledon.oslo_config_glue [-] oslo_messaging_rabbit.ssl = False {{(pid=98957) log_opt_values /opt/stack/data/venv/lib/python3.12/site-packages/oslo_config/cfg.py:3253}}
Jul 21 05:55:46.115756 np0000005534 nova-conductor[98957]: DEBUG cotyledon.oslo_config_glue [-] oslo_messaging_rabbit.ssl_ca_file = {{(pid=98957) log_opt_values /opt/stack/data/venv/lib/python3.12/site-packages/oslo_config/cfg.py:3253}}
Jul 21 05:55:46.115756 np0000005534 nova-conductor[98957]: DEBUG cotyledon.oslo_config_glue [-] oslo_messaging_rabbit.ssl_cert_file = {{(pid=98957) log_opt_values /opt/stack/data/venv/lib/python3.12/site-packages/oslo_config/cfg.py:3253}}
Jul 21 05:55:46.115756 np0000005534 nova-conductor[98957]: DEBUG cotyledon.oslo_config_glue [-] oslo_messaging_rabbit.ssl_enforce_fips_mode = False {{(pid=98957) log_opt_values /opt/stack/data/venv/lib/python3.12/site-packages/oslo_config/cfg.py:3253}}
Jul 21 05:55:46.115756 np0000005534 nova-conductor[98957]: DEBUG cotyledon.oslo_config_glue [-] oslo_messaging_rabbit.ssl_enforce_hostname_verification = True {{(pid=98957) log_opt_values /opt/stack/data/venv/lib/python3.12/site-packages/oslo_config/cfg.py:3253}}
Jul 21 05:55:46.115756 np0000005534 nova-conductor[98957]: DEBUG cotyledon.oslo_config_glue [-] oslo_messaging_rabbit.ssl_key_file = {{(pid=98957) log_opt_values /opt/stack/data/venv/lib/python3.12/site-packages/oslo_config/cfg.py:3253}}
Jul 21 05:55:46.115756 np0000005534 nova-conductor[98957]: DEBUG cotyledon.oslo_config_glue [-] oslo_messaging_rabbit.ssl_version = {{(pid=98957) log_opt_values /opt/stack/data/venv/lib/python3.12/site-packages/oslo_config/cfg.py:3253}}
Jul 21 05:55:46.115756 np0000005534 nova-conductor[98957]: DEBUG cotyledon.oslo_config_glue [-] oslo_messaging_rabbit.use_queue_manager = False {{(pid=98957) log_opt_values /opt/stack/data/venv/lib/python3.12/site-packages/oslo_config/cfg.py:3253}}
Jul 21 05:55:46.116058 np0000005534 nova-conductor[98957]: DEBUG cotyledon.oslo_config_glue [-] oslo_messaging_notifications.driver = ['messagingv2'] {{(pid=98957) log_opt_values /opt/stack/data/venv/lib/python3.12/site-packages/oslo_config/cfg.py:3253}}
Jul 21 05:55:46.116058 np0000005534 nova-conductor[98957]: DEBUG cotyledon.oslo_config_glue [-] oslo_messaging_notifications.retry = -1 {{(pid=98957) log_opt_values /opt/stack/data/venv/lib/python3.12/site-packages/oslo_config/cfg.py:3253}}
Jul 21 05:55:46.116058 np0000005534 nova-conductor[98957]: DEBUG cotyledon.oslo_config_glue [-] oslo_messaging_notifications.topics = ['notifications'] {{(pid=98957) log_opt_values /opt/stack/data/venv/lib/python3.12/site-packages/oslo_config/cfg.py:3253}}
Jul 21 05:55:46.116058 np0000005534 nova-conductor[98957]: DEBUG cotyledon.oslo_config_glue [-] oslo_messaging_notifications.transport_url = **** {{(pid=98957) log_opt_values /opt/stack/data/venv/lib/python3.12/site-packages/oslo_config/cfg.py:3253}}
Jul 21 05:55:46.116058 np0000005534 nova-conductor[98957]: DEBUG cotyledon.oslo_config_glue [-] oslo_limit.auth_section = None {{(pid=98957) log_opt_values /opt/stack/data/venv/lib/python3.12/site-packages/oslo_config/cfg.py:3253}}
Jul 21 05:55:46.116058 np0000005534 nova-conductor[98957]: DEBUG cotyledon.oslo_config_glue [-] oslo_limit.auth_type = None {{(pid=98957) log_opt_values /opt/stack/data/venv/lib/python3.12/site-packages/oslo_config/cfg.py:3253}}
Jul 21 05:55:46.116058 np0000005534 nova-conductor[98957]: DEBUG cotyledon.oslo_config_glue [-] oslo_limit.cafile = None {{(pid=98957) log_opt_values /opt/stack/data/venv/lib/python3.12/site-packages/oslo_config/cfg.py:3253}}
Jul 21 05:55:46.116058 np0000005534 nova-conductor[98957]: DEBUG cotyledon.oslo_config_glue [-] oslo_limit.certfile = None {{(pid=98957) log_opt_values /opt/stack/data/venv/lib/python3.12/site-packages/oslo_config/cfg.py:3253}}
Jul 21 05:55:46.116058 np0000005534 nova-conductor[98957]: DEBUG cotyledon.oslo_config_glue [-] oslo_limit.collect_timing = False {{(pid=98957) log_opt_values /opt/stack/data/venv/lib/python3.12/site-packages/oslo_config/cfg.py:3253}}
Jul 21 05:55:46.116628 np0000005534 nova-conductor[98957]: DEBUG cotyledon.oslo_config_glue [-] oslo_limit.connect_retries = None {{(pid=98957) log_opt_values /opt/stack/data/venv/lib/python3.12/site-packages/oslo_config/cfg.py:3253}}
Jul 21 05:55:46.116628 np0000005534 nova-conductor[98957]: DEBUG cotyledon.oslo_config_glue [-] oslo_limit.connect_retry_delay = None {{(pid=98957) log_opt_values /opt/stack/data/venv/lib/python3.12/site-packages/oslo_config/cfg.py:3253}}
Jul 21 05:55:46.116628 np0000005534 nova-conductor[98957]: DEBUG cotyledon.oslo_config_glue [-] oslo_limit.endpoint_id = None {{(pid=98957) log_opt_values /opt/stack/data/venv/lib/python3.12/site-packages/oslo_config/cfg.py:3253}}
Jul 21 05:55:46.116628 np0000005534 nova-conductor[98957]: DEBUG cotyledon.oslo_config_glue [-] oslo_limit.endpoint_interface = public {{(pid=98957) log_opt_values /opt/stack/data/venv/lib/python3.12/site-packages/oslo_config/cfg.py:3253}}
Jul 21 05:55:46.116628 np0000005534 nova-conductor[98957]: DEBUG cotyledon.oslo_config_glue [-] oslo_limit.endpoint_override = None {{(pid=98957) log_opt_values /opt/stack/data/venv/lib/python3.12/site-packages/oslo_config/cfg.py:3253}}
Jul 21 05:55:46.116628 np0000005534 nova-conductor[98957]: DEBUG cotyledon.oslo_config_glue [-] oslo_limit.endpoint_region_name = None {{(pid=98957) log_opt_values /opt/stack/data/venv/lib/python3.12/site-packages/oslo_config/cfg.py:3253}}
Jul 21 05:55:46.116628 np0000005534 nova-conductor[98957]: DEBUG cotyledon.oslo_config_glue [-] oslo_limit.endpoint_service_name = None {{(pid=98957) log_opt_values /opt/stack/data/venv/lib/python3.12/site-packages/oslo_config/cfg.py:3253}}
Jul 21 05:55:46.116628 np0000005534 nova-conductor[98957]: DEBUG cotyledon.oslo_config_glue [-] oslo_limit.endpoint_service_type = None {{(pid=98957) log_opt_values /opt/stack/data/venv/lib/python3.12/site-packages/oslo_config/cfg.py:3253}}
Jul 21 05:55:46.116628 np0000005534 nova-conductor[98957]: DEBUG cotyledon.oslo_config_glue [-] oslo_limit.insecure = False {{(pid=98957) log_opt_values /opt/stack/data/venv/lib/python3.12/site-packages/oslo_config/cfg.py:3253}}
Jul 21 05:55:46.116894 np0000005534 nova-conductor[98957]: DEBUG cotyledon.oslo_config_glue [-] oslo_limit.keyfile = None {{(pid=98957) log_opt_values /opt/stack/data/venv/lib/python3.12/site-packages/oslo_config/cfg.py:3253}}
Jul 21 05:55:46.116894 np0000005534 nova-conductor[98957]: DEBUG cotyledon.oslo_config_glue [-] oslo_limit.max_version = None {{(pid=98957) log_opt_values /opt/stack/data/venv/lib/python3.12/site-packages/oslo_config/cfg.py:3253}}
Jul 21 05:55:46.116894 np0000005534 nova-conductor[98957]: DEBUG cotyledon.oslo_config_glue [-] oslo_limit.min_version = None {{(pid=98957) log_opt_values /opt/stack/data/venv/lib/python3.12/site-packages/oslo_config/cfg.py:3253}}
Jul 21 05:55:46.116894 np0000005534 nova-conductor[98957]: DEBUG cotyledon.oslo_config_glue [-] oslo_limit.region_name = None {{(pid=98957) log_opt_values /opt/stack/data/venv/lib/python3.12/site-packages/oslo_config/cfg.py:3253}}
Jul 21 05:55:46.116894 np0000005534 nova-conductor[98957]: DEBUG cotyledon.oslo_config_glue [-] oslo_limit.retriable_status_codes = None {{(pid=98957) log_opt_values /opt/stack/data/venv/lib/python3.12/site-packages/oslo_config/cfg.py:3253}}
Jul 21 05:55:46.116894 np0000005534 nova-conductor[98957]: DEBUG cotyledon.oslo_config_glue [-] oslo_limit.service_name = None {{(pid=98957) log_opt_values /opt/stack/data/venv/lib/python3.12/site-packages/oslo_config/cfg.py:3253}}
Jul 21 05:55:46.116894 np0000005534 nova-conductor[98957]: DEBUG cotyledon.oslo_config_glue [-] oslo_limit.service_type = None {{(pid=98957) log_opt_values /opt/stack/data/venv/lib/python3.12/site-packages/oslo_config/cfg.py:3253}}
Jul 21 05:55:46.116894 np0000005534 nova-conductor[98957]: DEBUG cotyledon.oslo_config_glue [-] oslo_limit.split_loggers = False {{(pid=98957) log_opt_values /opt/stack/data/venv/lib/python3.12/site-packages/oslo_config/cfg.py:3253}}
Jul 21 05:55:46.116894 np0000005534 nova-conductor[98957]: DEBUG cotyledon.oslo_config_glue [-] oslo_limit.status_code_retries = None {{(pid=98957) log_opt_values /opt/stack/data/venv/lib/python3.12/site-packages/oslo_config/cfg.py:3253}}
Jul 21 05:55:46.117219 np0000005534 nova-conductor[98957]: DEBUG cotyledon.oslo_config_glue [-] oslo_limit.status_code_retry_delay = None {{(pid=98957) log_opt_values /opt/stack/data/venv/lib/python3.12/site-packages/oslo_config/cfg.py:3253}}
Jul 21 05:55:46.117219 np0000005534 nova-conductor[98957]: DEBUG cotyledon.oslo_config_glue [-] oslo_limit.timeout = None {{(pid=98957) log_opt_values /opt/stack/data/venv/lib/python3.12/site-packages/oslo_config/cfg.py:3253}}
Jul 21 05:55:46.117219 np0000005534 nova-conductor[98957]: DEBUG cotyledon.oslo_config_glue [-] oslo_limit.valid_interfaces = None {{(pid=98957) log_opt_values /opt/stack/data/venv/lib/python3.12/site-packages/oslo_config/cfg.py:3253}}
Jul 21 05:55:46.117219 np0000005534 nova-conductor[98957]: DEBUG cotyledon.oslo_config_glue [-] oslo_limit.version = None {{(pid=98957) log_opt_values /opt/stack/data/venv/lib/python3.12/site-packages/oslo_config/cfg.py:3253}}
Jul 21 05:55:46.117219 np0000005534 nova-conductor[98957]: DEBUG cotyledon.oslo_config_glue [-] oslo_reports.file_event_handler = None {{(pid=98957) log_opt_values /opt/stack/data/venv/lib/python3.12/site-packages/oslo_config/cfg.py:3253}}
Jul 21 05:55:46.117219 np0000005534 nova-conductor[98957]: DEBUG cotyledon.oslo_config_glue [-] oslo_reports.file_event_handler_interval = 1 {{(pid=98957) log_opt_values /opt/stack/data/venv/lib/python3.12/site-packages/oslo_config/cfg.py:3253}}
Jul 21 05:55:46.117219 np0000005534 nova-conductor[98957]: DEBUG cotyledon.oslo_config_glue [-] oslo_reports.log_dir = None {{(pid=98957) log_opt_values /opt/stack/data/venv/lib/python3.12/site-packages/oslo_config/cfg.py:3253}}
Jul 21 05:55:46.117219 np0000005534 nova-conductor[98957]: DEBUG cotyledon.oslo_config_glue [-] ******************************************************************************** {{(pid=98957) log_opt_values /opt/stack/data/venv/lib/python3.12/site-packages/oslo_config/cfg.py:3260}}
Jul 21 05:55:46.117219 np0000005534 nova-conductor[98957]: DEBUG cotyledon._service_worker [-] Run service ServiceWrapper(3) [98957] {{(pid=98957) wait_forever /opt/stack/data/venv/lib/python3.12/site-packages/cotyledon/_service_worker.py:218}}
Jul 21 05:55:46.117484 np0000005534 nova-conductor[98957]: INFO nova.service [-] Starting conductor node (version 33.1.0)
Jul 21 05:55:46.117484 np0000005534 nova-conductor[98957]: INFO dbcounter [None req-913433ed-c1be-4f57-bf0f-bb5a239d732d None None] Registered counter for database nova_cell0
Jul 21 05:55:46.117524 np0000005534 nova-conductor[98930]: DEBUG oslo_db.sqlalchemy.engines [None req-94d8024e-d3c4-4b94-aedc-e31d0e59ea67 None None] MySQL server mode set to STRICT_TRANS_TABLES,STRICT_ALL_TABLES,NO_ZERO_IN_DATE,NO_ZERO_DATE,ERROR_FOR_DIVISION_BY_ZERO,TRADITIONAL,NO_ENGINE_SUBSTITUTION {{(pid=98930) _check_effective_sql_mode /opt/stack/data/venv/lib/python3.12/site-packages/oslo_db/sqlalchemy/engines.py:325}}
Jul 21 05:55:46.117524 np0000005534 nova-conductor[98930]: DEBUG dbcounter [-] [98930] Writer thread running {{(pid=98930) stat_writer /opt/stack/data/venv/lib/python3.12/site-packages/dbcounter.py:102}}
Jul 21 05:55:46.117793 np0000005534 nova-conductor[98930]: DEBUG nova.service [None req-94d8024e-d3c4-4b94-aedc-e31d0e59ea67 None None] Creating RPC server for service: nova-conductor on topic: conductor {{(pid=98930) start /opt/stack/nova/nova/service.py:196}}
Jul 21 05:55:46.117989 np0000005534 nova-conductor[98944]: DEBUG oslo_db.sqlalchemy.engines [None req-36e48169-cfcb-476d-b6ea-e42f04af1654 None None] MySQL server mode set to STRICT_TRANS_TABLES,STRICT_ALL_TABLES,NO_ZERO_IN_DATE,NO_ZERO_DATE,ERROR_FOR_DIVISION_BY_ZERO,TRADITIONAL,NO_ENGINE_SUBSTITUTION {{(pid=98944) _check_effective_sql_mode /opt/stack/data/venv/lib/python3.12/site-packages/oslo_db/sqlalchemy/engines.py:325}}
Jul 21 05:55:46.126983 np0000005534 nova-conductor[98957]: DEBUG oslo_db.sqlalchemy.engines [None req-913433ed-c1be-4f57-bf0f-bb5a239d732d None None] MySQL server mode set to STRICT_TRANS_TABLES,STRICT_ALL_TABLES,NO_ZERO_IN_DATE,NO_ZERO_DATE,ERROR_FOR_DIVISION_BY_ZERO,TRADITIONAL,NO_ENGINE_SUBSTITUTION {{(pid=98957) _check_effective_sql_mode /opt/stack/data/venv/lib/python3.12/site-packages/oslo_db/sqlalchemy/engines.py:325}}
Jul 21 05:55:46.130849 np0000005534 nova-conductor[98944]: DEBUG dbcounter [-] [98944] Writer thread running {{(pid=98944) stat_writer /opt/stack/data/venv/lib/python3.12/site-packages/dbcounter.py:102}}
Jul 21 05:55:46.135145 np0000005534 nova-conductor[98944]: DEBUG nova.service [None req-36e48169-cfcb-476d-b6ea-e42f04af1654 None None] Creating RPC server for service: nova-conductor on topic: conductor {{(pid=98944) start /opt/stack/nova/nova/service.py:196}}
Jul 21 05:55:46.138168 np0000005534 nova-conductor[98949]: DEBUG oslo_db.sqlalchemy.engines [None req-f90c94e5-287c-4ae2-85bc-51aa0a282e32 None None] MySQL server mode set to STRICT_TRANS_TABLES,STRICT_ALL_TABLES,NO_ZERO_IN_DATE,NO_ZERO_DATE,ERROR_FOR_DIVISION_BY_ZERO,TRADITIONAL,NO_ENGINE_SUBSTITUTION {{(pid=98949) _check_effective_sql_mode /opt/stack/data/venv/lib/python3.12/site-packages/oslo_db/sqlalchemy/engines.py:325}}
Jul 21 05:55:46.138456 np0000005534 nova-conductor[98957]: DEBUG dbcounter [-] [98957] Writer thread running {{(pid=98957) stat_writer /opt/stack/data/venv/lib/python3.12/site-packages/dbcounter.py:102}}
Jul 21 05:55:46.142279 np0000005534 nova-conductor[98957]: DEBUG nova.service [None req-913433ed-c1be-4f57-bf0f-bb5a239d732d None None] Creating RPC server for service: nova-conductor on topic: conductor {{(pid=98957) start /opt/stack/nova/nova/service.py:196}}
Jul 21 05:55:46.150884 np0000005534 nova-conductor[98949]: DEBUG dbcounter [-] [98949] Writer thread running {{(pid=98949) stat_writer /opt/stack/data/venv/lib/python3.12/site-packages/dbcounter.py:102}}
Jul 21 05:55:46.157340 np0000005534 nova-conductor[98930]: DEBUG nova.service [None req-94d8024e-d3c4-4b94-aedc-e31d0e59ea67 None None] Join ServiceGroup membership for this service conductor {{(pid=98930) start /opt/stack/nova/nova/service.py:222}}
Jul 21 05:55:46.157340 np0000005534 nova-conductor[98930]: DEBUG nova.servicegroup.drivers.db [None req-94d8024e-d3c4-4b94-aedc-e31d0e59ea67 None None] DB_Driver: join new ServiceGroup member np0000005534 to the conductor group, service = {{(pid=98930) join /opt/stack/nova/nova/servicegroup/drivers/db.py:44}}
Jul 21 05:55:46.158847 np0000005534 nova-conductor[98949]: DEBUG nova.service [None req-f90c94e5-287c-4ae2-85bc-51aa0a282e32 None None] Creating RPC server for service: nova-conductor on topic: conductor {{(pid=98949) start /opt/stack/nova/nova/service.py:196}}
Jul 21 05:55:46.164361 np0000005534 nova-conductor[98944]: DEBUG nova.service [None req-36e48169-cfcb-476d-b6ea-e42f04af1654 None None] Join ServiceGroup membership for this service conductor {{(pid=98944) start /opt/stack/nova/nova/service.py:222}}
Jul 21 05:55:46.164633 np0000005534 nova-conductor[98944]: DEBUG nova.servicegroup.drivers.db [None req-36e48169-cfcb-476d-b6ea-e42f04af1654 None None] DB_Driver: join new ServiceGroup member np0000005534 to the conductor group, service = {{(pid=98944) join /opt/stack/nova/nova/servicegroup/drivers/db.py:44}}
Jul 21 05:55:46.167614 np0000005534 nova-conductor[98957]: DEBUG nova.service [None req-913433ed-c1be-4f57-bf0f-bb5a239d732d None None] Join ServiceGroup membership for this service conductor {{(pid=98957) start /opt/stack/nova/nova/service.py:222}}
Jul 21 05:55:46.167867 np0000005534 nova-conductor[98957]: DEBUG nova.servicegroup.drivers.db [None req-913433ed-c1be-4f57-bf0f-bb5a239d732d None None] DB_Driver: join new ServiceGroup member np0000005534 to the conductor group, service = {{(pid=98957) join /opt/stack/nova/nova/servicegroup/drivers/db.py:44}}
Jul 21 05:55:46.179064 np0000005534 nova-conductor[98949]: DEBUG nova.service [None req-f90c94e5-287c-4ae2-85bc-51aa0a282e32 None None] Join ServiceGroup membership for this service conductor {{(pid=98949) start /opt/stack/nova/nova/service.py:222}}
Jul 21 05:55:46.179064 np0000005534 nova-conductor[98949]: DEBUG nova.servicegroup.drivers.db [None req-f90c94e5-287c-4ae2-85bc-51aa0a282e32 None None] DB_Driver: join new ServiceGroup member np0000005534 to the conductor group, service = {{(pid=98949) join /opt/stack/nova/nova/servicegroup/drivers/db.py:44}}
Jul 21 05:55:51.174820 np0000005534 nova-conductor[98930]: DEBUG oslo.service.backend._threading.loopingcall [-] Fixed interval looping call 'nova.servicegroup.drivers.db.DbDriver._report_state' sleeping for 119.99 seconds {{(pid=98930) _run_loop /opt/stack/data/venv/lib/python3.12/site-packages/oslo_service/backend/_threading/loopingcall.py:125}}
Jul 21 05:55:51.179720 np0000005534 nova-conductor[98957]: DEBUG oslo.service.backend._threading.loopingcall [-] Fixed interval looping call 'nova.servicegroup.drivers.db.DbDriver._report_state' sleeping for 119.99 seconds {{(pid=98957) _run_loop /opt/stack/data/venv/lib/python3.12/site-packages/oslo_service/backend/_threading/loopingcall.py:125}}
Jul 21 05:55:51.180123 np0000005534 nova-conductor[98944]: DEBUG oslo.service.backend._threading.loopingcall [-] Fixed interval looping call 'nova.servicegroup.drivers.db.DbDriver._report_state' sleeping for 119.99 seconds {{(pid=98944) _run_loop /opt/stack/data/venv/lib/python3.12/site-packages/oslo_service/backend/_threading/loopingcall.py:125}}
Jul 21 05:55:51.191323 np0000005534 nova-conductor[98949]: DEBUG oslo.service.backend._threading.loopingcall [-] Fixed interval looping call 'nova.servicegroup.drivers.db.DbDriver._report_state' sleeping for 119.99 seconds {{(pid=98949) _run_loop /opt/stack/data/venv/lib/python3.12/site-packages/oslo_service/backend/_threading/loopingcall.py:125}}
Jul 21 05:55:54.657835 np0000005534 nova-conductor[97437]: DEBUG dbcounter [-] [97437] Writing DB stats nova_api:SELECT=1 {{(pid=97437) stat_writer /opt/stack/data/venv/lib/python3.12/site-packages/dbcounter.py:115}}
Jul 21 05:55:54.831236 np0000005534 nova-conductor[97437]: DEBUG dbcounter [-] [97437] Writing DB stats nova_cell1:SELECT=1 {{(pid=97437) stat_writer /opt/stack/data/venv/lib/python3.12/site-packages/dbcounter.py:115}}
Jul 21 05:55:54.835941 np0000005534 nova-conductor[97437]: DEBUG dbcounter [-] [97437] Writing DB stats nova_cell0:SELECT=1 {{(pid=97437) stat_writer /opt/stack/data/venv/lib/python3.12/site-packages/dbcounter.py:115}}
Jul 21 05:56:01.170425 np0000005534 nova-conductor[98930]: DEBUG dbcounter [-] [98930] Writing DB stats nova_cell0:SELECT=4,nova_cell0:INSERT=1,nova_cell0:UPDATE=1 {{(pid=98930) stat_writer /opt/stack/data/venv/lib/python3.12/site-packages/dbcounter.py:115}}
Jul 21 05:56:01.176043 np0000005534 nova-conductor[98957]: DEBUG dbcounter [-] [98957] Writing DB stats nova_cell0:SELECT=3 {{(pid=98957) stat_writer /opt/stack/data/venv/lib/python3.12/site-packages/dbcounter.py:115}}
Jul 21 05:56:01.180943 np0000005534 nova-conductor[98944]: DEBUG dbcounter [-] [98944] Writing DB stats nova_cell0:SELECT=3,nova_cell0:UPDATE=1 {{(pid=98944) stat_writer /opt/stack/data/venv/lib/python3.12/site-packages/dbcounter.py:115}}
Jul 21 05:56:01.191197 np0000005534 nova-conductor[98949]: DEBUG dbcounter [-] [98949] Writing DB stats nova_cell0:SELECT=3 {{(pid=98949) stat_writer /opt/stack/data/venv/lib/python3.12/site-packages/dbcounter.py:115}}
Jul 21 05:56:14.170051 np0000005534 nova-conductor[98957]: DEBUG oslo.service.backend._threading.loopingcall [None req-78adf443-33d4-4c50-ae60-ca03f9157a3d None None] Dynamic interval looping call 'nova.service.Service.periodic_tasks' sleeping for 60.00 seconds {{(pid=98957) _run_loop /opt/stack/data/venv/lib/python3.12/site-packages/oslo_service/backend/_threading/loopingcall.py:125}}
Jul 21 05:56:16.167142 np0000005534 nova-conductor[98944]: DEBUG oslo.service.backend._threading.loopingcall [None req-756d73ae-1530-4e2f-8837-9bca81b13fa8 None None] Dynamic interval looping call 'nova.service.Service.periodic_tasks' sleeping for 60.00 seconds {{(pid=98944) _run_loop /opt/stack/data/venv/lib/python3.12/site-packages/oslo_service/backend/_threading/loopingcall.py:125}}
Jul 21 05:56:21.181446 np0000005534 nova-conductor[98949]: DEBUG oslo.service.backend._threading.loopingcall [None req-0ccce253-b055-41e4-a557-3d4b58195ebf None None] Dynamic interval looping call 'nova.service.Service.periodic_tasks' sleeping for 60.00 seconds {{(pid=98949) _run_loop /opt/stack/data/venv/lib/python3.12/site-packages/oslo_service/backend/_threading/loopingcall.py:125}}
Jul 21 05:56:45.160372 np0000005534 nova-conductor[98930]: DEBUG oslo.service.backend._threading.loopingcall [None req-b2d15b2f-4c91-4df2-b579-e26ab1adf7d0 None None] Dynamic interval looping call 'nova.service.Service.periodic_tasks' sleeping for 60.00 seconds {{(pid=98930) _run_loop /opt/stack/data/venv/lib/python3.12/site-packages/oslo_service/backend/_threading/loopingcall.py:125}}
Jul 21 05:57:14.170588 np0000005534 nova-conductor[98957]: DEBUG oslo.service.backend._threading.loopingcall [None req-78adf443-33d4-4c50-ae60-ca03f9157a3d None None] Dynamic interval looping call 'nova.service.Service.periodic_tasks' sleeping for 60.00 seconds {{(pid=98957) _run_loop /opt/stack/data/venv/lib/python3.12/site-packages/oslo_service/backend/_threading/loopingcall.py:125}}
Jul 21 05:57:16.167688 np0000005534 nova-conductor[98944]: DEBUG oslo.service.backend._threading.loopingcall [None req-756d73ae-1530-4e2f-8837-9bca81b13fa8 None None] Dynamic interval looping call 'nova.service.Service.periodic_tasks' sleeping for 60.00 seconds {{(pid=98944) _run_loop /opt/stack/data/venv/lib/python3.12/site-packages/oslo_service/backend/_threading/loopingcall.py:125}}
Jul 21 05:57:21.182012 np0000005534 nova-conductor[98949]: DEBUG oslo.service.backend._threading.loopingcall [None req-0ccce253-b055-41e4-a557-3d4b58195ebf None None] Dynamic interval looping call 'nova.service.Service.periodic_tasks' sleeping for 60.00 seconds {{(pid=98949) _run_loop /opt/stack/data/venv/lib/python3.12/site-packages/oslo_service/backend/_threading/loopingcall.py:125}}
Jul 21 05:57:45.161014 np0000005534 nova-conductor[98930]: DEBUG oslo.service.backend._threading.loopingcall [None req-b2d15b2f-4c91-4df2-b579-e26ab1adf7d0 None None] Dynamic interval looping call 'nova.service.Service.periodic_tasks' sleeping for 60.00 seconds {{(pid=98930) _run_loop /opt/stack/data/venv/lib/python3.12/site-packages/oslo_service/backend/_threading/loopingcall.py:125}}
Jul 21 05:57:51.172947 np0000005534 nova-conductor[98930]: DEBUG oslo.service.backend._threading.loopingcall [-] Fixed interval looping call 'nova.servicegroup.drivers.db.DbDriver._report_state' sleeping for 119.99 seconds {{(pid=98930) _run_loop /opt/stack/data/venv/lib/python3.12/site-packages/oslo_service/backend/_threading/loopingcall.py:125}}
Jul 21 05:57:51.174350 np0000005534 nova-conductor[98944]: DEBUG oslo.service.backend._threading.loopingcall [-] Fixed interval looping call 'nova.servicegroup.drivers.db.DbDriver._report_state' sleeping for 120.00 seconds {{(pid=98944) _run_loop /opt/stack/data/venv/lib/python3.12/site-packages/oslo_service/backend/_threading/loopingcall.py:125}}
Jul 21 05:57:51.175651 np0000005534 nova-conductor[98957]: DEBUG oslo.service.backend._threading.loopingcall [-] Fixed interval looping call 'nova.servicegroup.drivers.db.DbDriver._report_state' sleeping for 119.99 seconds {{(pid=98957) _run_loop /opt/stack/data/venv/lib/python3.12/site-packages/oslo_service/backend/_threading/loopingcall.py:125}}
Jul 21 05:57:51.185282 np0000005534 nova-conductor[98949]: DEBUG oslo.service.backend._threading.loopingcall [-] Fixed interval looping call 'nova.servicegroup.drivers.db.DbDriver._report_state' sleeping for 120.00 seconds {{(pid=98949) _run_loop /opt/stack/data/venv/lib/python3.12/site-packages/oslo_service/backend/_threading/loopingcall.py:125}}
Jul 21 05:58:01.168510 np0000005534 nova-conductor[98930]: DEBUG dbcounter [-] [98930] Writing DB stats nova_cell0:SELECT=1,nova_cell0:UPDATE=1 {{(pid=98930) stat_writer /opt/stack/data/venv/lib/python3.12/site-packages/dbcounter.py:115}}
Jul 21 05:58:01.173807 np0000005534 nova-conductor[98944]: DEBUG dbcounter [-] [98944] Writing DB stats nova_cell0:SELECT=1,nova_cell0:UPDATE=1 {{(pid=98944) stat_writer /opt/stack/data/venv/lib/python3.12/site-packages/dbcounter.py:115}}
Jul 21 05:58:01.175114 np0000005534 nova-conductor[98957]: DEBUG dbcounter [-] [98957] Writing DB stats nova_cell0:SELECT=1,nova_cell0:UPDATE=1 {{(pid=98957) stat_writer /opt/stack/data/venv/lib/python3.12/site-packages/dbcounter.py:115}}
Jul 21 05:58:01.183375 np0000005534 nova-conductor[98949]: DEBUG dbcounter [-] [98949] Writing DB stats nova_cell0:SELECT=1 {{(pid=98949) stat_writer /opt/stack/data/venv/lib/python3.12/site-packages/dbcounter.py:115}}
Jul 21 05:58:14.171254 np0000005534 nova-conductor[98957]: DEBUG oslo.service.backend._threading.loopingcall [None req-78adf443-33d4-4c50-ae60-ca03f9157a3d None None] Dynamic interval looping call 'nova.service.Service.periodic_tasks' sleeping for 60.00 seconds {{(pid=98957) _run_loop /opt/stack/data/venv/lib/python3.12/site-packages/oslo_service/backend/_threading/loopingcall.py:125}}
Jul 21 05:58:15.322725 np0000005534 nova-conductor[98930]: DEBUG oslo_db.sqlalchemy.engines [None req-5c45f1cd-e951-4c4a-ae49-f6273df392da tempest-DeleteServersTestJSON-739664287 tempest-DeleteServersTestJSON-739664287-project-member] Parent process 97437 forked (98930) with an open database connection, which is being discarded and recreated. {{(pid=98930) checkout /opt/stack/data/venv/lib/python3.12/site-packages/oslo_db/sqlalchemy/engines.py:402}}
Jul 21 05:58:15.389015 np0000005534 nova-conductor[98930]: DEBUG dbcounter [-] [98930] Writer thread running {{(pid=98930) stat_writer /opt/stack/data/venv/lib/python3.12/site-packages/dbcounter.py:102}}
Jul 21 05:58:16.168133 np0000005534 nova-conductor[98944]: DEBUG oslo.service.backend._threading.loopingcall [None req-756d73ae-1530-4e2f-8837-9bca81b13fa8 None None] Dynamic interval looping call 'nova.service.Service.periodic_tasks' sleeping for 60.00 seconds {{(pid=98944) _run_loop /opt/stack/data/venv/lib/python3.12/site-packages/oslo_service/backend/_threading/loopingcall.py:125}}
Jul 21 05:58:16.584573 np0000005534 nova-conductor[98930]: DEBUG nova.conductor.manager [None req-5c45f1cd-e951-4c4a-ae49-f6273df392da tempest-DeleteServersTestJSON-739664287 tempest-DeleteServersTestJSON-739664287-project-member] Took 1.19 seconds to select destinations for 1 instance(s). {{(pid=98930) _schedule_instances /opt/stack/nova/nova/conductor/manager.py:968}}
Jul 21 05:58:16.621325 np0000005534 nova-conductor[98930]: DEBUG oslo_concurrency.lockutils [None req-5c45f1cd-e951-4c4a-ae49-f6273df392da tempest-DeleteServersTestJSON-739664287 tempest-DeleteServersTestJSON-739664287-project-member] Acquiring lock "d9d27bb4-3922-475d-8426-4cce924912eb" by "nova.context.set_target_cell..get_or_set_cached_cell_and_set_connections" {{(pid=98930) inner /opt/stack/data/venv/lib/python3.12/site-packages/oslo_concurrency/lockutils.py:512}}
Jul 21 05:58:16.621588 np0000005534 nova-conductor[98930]: DEBUG oslo_concurrency.lockutils [None req-5c45f1cd-e951-4c4a-ae49-f6273df392da tempest-DeleteServersTestJSON-739664287 tempest-DeleteServersTestJSON-739664287-project-member] Lock "d9d27bb4-3922-475d-8426-4cce924912eb" acquired by "nova.context.set_target_cell..get_or_set_cached_cell_and_set_connections" :: waited 0.000s {{(pid=98930) inner /opt/stack/data/venv/lib/python3.12/site-packages/oslo_concurrency/lockutils.py:525}}
Jul 21 05:58:16.623019 np0000005534 nova-conductor[98930]: DEBUG oslo_concurrency.lockutils [None req-5c45f1cd-e951-4c4a-ae49-f6273df392da tempest-DeleteServersTestJSON-739664287 tempest-DeleteServersTestJSON-739664287-project-member] Lock "d9d27bb4-3922-475d-8426-4cce924912eb" "released" by "nova.context.set_target_cell..get_or_set_cached_cell_and_set_connections" :: held 0.001s {{(pid=98930) inner /opt/stack/data/venv/lib/python3.12/site-packages/oslo_concurrency/lockutils.py:544}}
Jul 21 05:58:16.625067 np0000005534 nova-conductor[98930]: INFO dbcounter [None req-5c45f1cd-e951-4c4a-ae49-f6273df392da tempest-DeleteServersTestJSON-739664287 tempest-DeleteServersTestJSON-739664287-project-member] Registered counter for database nova_cell1
Jul 21 05:58:16.674157 np0000005534 nova-conductor[98930]: DEBUG oslo_db.sqlalchemy.engines [None req-5c45f1cd-e951-4c4a-ae49-f6273df392da tempest-DeleteServersTestJSON-739664287 tempest-DeleteServersTestJSON-739664287-project-member] MySQL server mode set to STRICT_TRANS_TABLES,STRICT_ALL_TABLES,NO_ZERO_IN_DATE,NO_ZERO_DATE,ERROR_FOR_DIVISION_BY_ZERO,TRADITIONAL,NO_ENGINE_SUBSTITUTION {{(pid=98930) _check_effective_sql_mode /opt/stack/data/venv/lib/python3.12/site-packages/oslo_db/sqlalchemy/engines.py:325}}
Jul 21 05:58:16.681669 np0000005534 nova-conductor[98930]: DEBUG dbcounter [-] [98930] Writer thread running {{(pid=98930) stat_writer /opt/stack/data/venv/lib/python3.12/site-packages/dbcounter.py:102}}
Jul 21 05:58:16.753248 np0000005534 nova-conductor[98930]: INFO nova.utils [None req-5c45f1cd-e951-4c4a-ae49-f6273df392da tempest-DeleteServersTestJSON-739664287 tempest-DeleteServersTestJSON-739664287-project-member] The cell worker thread pool ForkProcess-1.cell_worker is initialized
Jul 21 05:58:16.753740 np0000005534 nova-conductor[98930]: DEBUG oslo_concurrency.lockutils [None req-5c45f1cd-e951-4c4a-ae49-f6273df392da tempest-DeleteServersTestJSON-739664287 tempest-DeleteServersTestJSON-739664287-project-member] Acquiring lock "00000000-0000-0000-0000-000000000000" by "nova.context.set_target_cell..get_or_set_cached_cell_and_set_connections" {{(pid=98930) inner /opt/stack/data/venv/lib/python3.12/site-packages/oslo_concurrency/lockutils.py:512}}
Jul 21 05:58:16.753894 np0000005534 nova-conductor[98930]: DEBUG oslo_concurrency.lockutils [None req-5c45f1cd-e951-4c4a-ae49-f6273df392da tempest-DeleteServersTestJSON-739664287 tempest-DeleteServersTestJSON-739664287-project-member] Lock "00000000-0000-0000-0000-000000000000" acquired by "nova.context.set_target_cell..get_or_set_cached_cell_and_set_connections" :: waited 0.000s {{(pid=98930) inner /opt/stack/data/venv/lib/python3.12/site-packages/oslo_concurrency/lockutils.py:525}}
Jul 21 05:58:16.754438 np0000005534 nova-conductor[98930]: DEBUG oslo_concurrency.lockutils [None req-5c45f1cd-e951-4c4a-ae49-f6273df392da tempest-DeleteServersTestJSON-739664287 tempest-DeleteServersTestJSON-739664287-project-member] Lock "00000000-0000-0000-0000-000000000000" "released" by "nova.context.set_target_cell..get_or_set_cached_cell_and_set_connections" :: held 0.001s {{(pid=98930) inner /opt/stack/data/venv/lib/python3.12/site-packages/oslo_concurrency/lockutils.py:544}}
Jul 21 05:58:16.755346 np0000005534 nova-conductor[98930]: DEBUG oslo_concurrency.lockutils [None req-5c45f1cd-e951-4c4a-ae49-f6273df392da tempest-DeleteServersTestJSON-739664287 tempest-DeleteServersTestJSON-739664287-project-member] Acquiring lock "d9d27bb4-3922-475d-8426-4cce924912eb" by "nova.context.set_target_cell..get_or_set_cached_cell_and_set_connections" {{(pid=98930) inner /opt/stack/data/venv/lib/python3.12/site-packages/oslo_concurrency/lockutils.py:512}}
Jul 21 05:58:16.755484 np0000005534 nova-conductor[98930]: DEBUG oslo_concurrency.lockutils [None req-5c45f1cd-e951-4c4a-ae49-f6273df392da tempest-DeleteServersTestJSON-739664287 tempest-DeleteServersTestJSON-739664287-project-member] Lock "d9d27bb4-3922-475d-8426-4cce924912eb" acquired by "nova.context.set_target_cell..get_or_set_cached_cell_and_set_connections" :: waited 0.000s {{(pid=98930) inner /opt/stack/data/venv/lib/python3.12/site-packages/oslo_concurrency/lockutils.py:525}}
Jul 21 05:58:16.755684 np0000005534 nova-conductor[98930]: DEBUG oslo_concurrency.lockutils [None req-5c45f1cd-e951-4c4a-ae49-f6273df392da tempest-DeleteServersTestJSON-739664287 tempest-DeleteServersTestJSON-739664287-project-member] Lock "d9d27bb4-3922-475d-8426-4cce924912eb" "released" by "nova.context.set_target_cell..get_or_set_cached_cell_and_set_connections" :: held 0.000s {{(pid=98930) inner /opt/stack/data/venv/lib/python3.12/site-packages/oslo_concurrency/lockutils.py:544}}
