Jul 21 05:56:45.252825 np0000005534 devstack@neutron-api.service[90656]: DEBUG neutron.plugins.ml2.drivers.ovn.mech_driver.ovsdb.ovsdb_monitor [None req-ae0f5cf5-6910-46c7-a9b8-cc03c040937e None None] Hash Ring: Node e5c036a03c2e5a9cbf4de8b027d4af3b (host: np0000005534) handling event "update" for row 6122d683-d131-47c5-94e2-0bc86fb130d7 (table: Logical_Switch) {{(pid=90656) notify /opt/stack/neutron/neutron/plugins/ml2/drivers/ovn/mech_driver/ovsdb/ovsdb_monitor.py:1009}}
Jul 21 05:56:45.257691 np0000005534 devstack@neutron-api.service[90658]: DEBUG neutron.plugins.ml2.drivers.ovn.mech_driver.ovsdb.ovsdb_monitor [None req-9d7168d2-477d-42a2-a3c7-e2b212785d89 None None] Hash Ring: Node 34a9161cdf995a3ab8e0db77f58c68ec (host: np0000005534) handling event "create" for row e4dc9bb2-dc94-40df-869f-8b9facb6f37d (table: Logical_Switch_Port) {{(pid=90658) notify /opt/stack/neutron/neutron/plugins/ml2/drivers/ovn/mech_driver/ovsdb/ovsdb_monitor.py:1009}}
Jul 21 05:56:45.260017 np0000005534 devstack@neutron-api.service[90658]: DEBUG ovsdbapp.backend.ovs_idl.event [None req-9d7168d2-477d-42a2-a3c7-e2b212785d89 None None] Matched CREATE: LogicalSwitchPortCreateEvent(events=('create',), table='Logical_Switch_Port', conditions=[], old_conditions=None), priority=20 to row=Logical_Switch_Port(uuid=e4dc9bb2-dc94-40df-869f-8b9facb6f37d, addresses=['fa:16:3e:67:77:9c'], dhcpv4_options=[], dhcpv6_options=[], dynamic_addresses=[], enabled=True, external_ids={'neutron:cidrs': '', 'neutron:device_id': 'ovnmeta-6122d683-d131-47c5-94e2-0bc86fb130d7', 'neutron:device_owner': 'network:distributed', 'neutron:mtu': '1372', 'neutron:network_name': 'neutron-6122d683-d131-47c5-94e2-0bc86fb130d7', 'neutron:port_capabilities': '', 'neutron:port_name': '', 'neutron:project_id': 'ecf306c0072c4b4a97c1800bb939939f', 'neutron:revision_number': '1', 'neutron:security_group_ids': '', 'neutron:subnet_pool_addr_scope4': '', 'neutron:subnet_pool_addr_scope6': '', 'neutron:vnic_type': 'normal'}, ha_chassis_group=[], mirror_rules=[], name='8f6cd50d-2908-42d9-b29e-c9fc016eebd2', options={}, parent_name=[], port_security=[], tag=[], tag_request=[], type='localport', up=[]) old= {{(pid=90658) matches /opt/stack/data/venv/lib/python3.12/site-packages/ovsdbapp/backend/ovs_idl/event.py:55}}
Jul 21 05:56:45.261891 np0000005534 devstack@neutron-api.service[90658]: DEBUG neutron.plugins.ml2.drivers.ovn.mech_driver.ovsdb.ovsdb_monitor [None req-212a2f16-c488-4b5f-80cc-eac16c75dc57 None None] Hash Ring: Node 34a9161cdf995a3ab8e0db77f58c68ec (host: np0000005534) handling event "create" for row 23e1d4fa-a809-47a1-8084-b11482fcbb7c (table: Port_Binding) {{(pid=90658) notify /opt/stack/neutron/neutron/plugins/ml2/drivers/ovn/mech_driver/ovsdb/ovsdb_monitor.py:1009}}
Jul 21 05:56:45.262318 np0000005534 devstack@neutron-api.service[90658]: INFO neutron.plugins.ml2.drivers.ovn.mech_driver.mech_driver [None req-2adf23e9-62f8-4bf5-b390-9426c295ff4c None None] OVN reports status down for port: 8f6cd50d-2908-42d9-b29e-c9fc016eebd2
Jul 21 05:56:45.262900 np0000005534 devstack@neutron-api.service[90658]: DEBUG neutron.plugins.ml2.drivers.ovn.mech_driver.ovsdb.ovsdb_monitor [None req-9d7168d2-477d-42a2-a3c7-e2b212785d89 None None] Hash Ring: Node 34a9161cdf995a3ab8e0db77f58c68ec (host: np0000005534) handling event "update" for row e4dc9bb2-dc94-40df-869f-8b9facb6f37d (table: Logical_Switch_Port) {{(pid=90658) notify /opt/stack/neutron/neutron/plugins/ml2/drivers/ovn/mech_driver/ovsdb/ovsdb_monitor.py:1009}}
Jul 21 05:56:45.290229 np0000005534 devstack@neutron-api.service[90656]: INFO neutron.db.ovn_revision_numbers_db [None req-b6d0d373-b483-439c-919a-9868908ede85 admin admin] Successfully bumped revision number for resource 8f6cd50d-2908-42d9-b29e-c9fc016eebd2 (type: ports) to 1
Jul 21 05:56:45.291001 np0000005534 devstack@neutron-api.service[90658]: DEBUG neutron.db.provisioning_blocks [None req-2adf23e9-62f8-4bf5-b390-9426c295ff4c None None] Transition to ACTIVE for port object 8f6cd50d-2908-42d9-b29e-c9fc016eebd2 will not be triggered until provisioned by entity L2. {{(pid=90658) add_provisioning_component /opt/stack/neutron/neutron/db/provisioning_blocks.py:74}}
Jul 21 05:56:45.299684 np0000005534 devstack@neutron-api.service[90656]: DEBUG neutron.pecan_wsgi.hooks.policy_enforcement [None req-b6d0d373-b483-439c-919a-9868908ede85 admin admin] Attributes excluded by policy engine: ['standard_attr_id'] {{(pid=90656) _exclude_attributes_by_policy /opt/stack/neutron/neutron/pecan_wsgi/hooks/policy_enforcement.py:259}}
Jul 21 05:56:45.300112 np0000005534 devstack@neutron-api.service[90656]: DEBUG neutron_lib.callbacks.manager [None req-b6d0d373-b483-439c-919a-9868908ede85 admin admin] Publish callbacks [] for network (None), before_response {{(pid=90656) _notify_loop /opt/stack/data/venv/lib/python3.12/site-packages/neutron_lib/callbacks/manager.py:184}}
Jul 21 05:56:45.313672 np0000005534 devstack@neutron-api.service[90656]: [pid: 90656|app: 0|req: 9/37] 10.4.3.164 () {68 vars in 1326 bytes} [Tue Jul 21 05:56:44 2026] POST /networking/v2.0/networks => generated 679 bytes in 703 msecs (HTTP/1.1 201) 4 headers in 162 bytes (1 switches on core 0)
Jul 21 05:56:45.321266 np0000005534 devstack@neutron-api.service[90658]: DEBUG neutron.plugins.ml2.plugin [None req-2adf23e9-62f8-4bf5-b390-9426c295ff4c None None] Current status of the port 8f6cd50d-2908-42d9-b29e-c9fc016eebd2 is: DOWN; New status is: DOWN {{(pid=90658) _update_individual_port_db_status /opt/stack/neutron/neutron/plugins/ml2/plugin.py:2473}}
Jul 21 05:56:45.322484 np0000005534 devstack@neutron-api.service[90658]: DEBUG ovsdbapp.backend.ovs_idl.transaction [None req-9d7168d2-477d-42a2-a3c7-e2b212785d89 None None] Running txn n=1 command(idx=0): DbRemoveCommand(_result=None, table=Logical_Switch_Port, record=8f6cd50d-2908-42d9-b29e-c9fc016eebd2, column=external_ids, values=('neutron:host_id',), keyvalues={}, if_exists=True) {{(pid=90658) do_commit /opt/stack/data/venv/lib/python3.12/site-packages/ovsdbapp/backend/ovs_idl/transaction.py:89}}
Jul 21 05:56:45.545760 np0000005534 devstack@neutron-api.service[90659]: INFO neutron.pecan_wsgi.hooks.translation [None req-6e9be081-777c-4b0c-8328-0b720fed5009 admin admin] GET failed (client error): The resource could not be found.
Jul 21 05:56:45.546506 np0000005534 devstack@neutron-api.service[90659]: [pid: 90659|app: 0|req: 11/38] 10.4.3.164 () {64 vars in 1294 bytes} [Tue Jul 21 05:56:45 2026] GET /networking/v2.0/networks/shared => generated 108 bytes in 9 msecs (HTTP/1.1 404) 4 headers in 164 bytes (1 switches on core 0)
Jul 21 05:56:45.586757 np0000005534 devstack@neutron-api.service[90658]: DEBUG neutron.pecan_wsgi.hooks.policy_enforcement [None req-7eddb89a-bb10-4328-a7f7-96dd8342dc6e admin admin] Attributes excluded by policy engine: ['standard_attr_id'] {{(pid=90658) _exclude_attributes_by_policy /opt/stack/neutron/neutron/pecan_wsgi/hooks/policy_enforcement.py:259}}
Jul 21 05:56:45.588167 np0000005534 devstack@neutron-api.service[90658]: [pid: 90658|app: 0|req: 10/39] 10.4.3.164 () {64 vars in 1309 bytes} [Tue Jul 21 05:56:45 2026] GET /networking/v2.0/networks?name=shared => generated 663 bytes in 34 msecs (HTTP/1.1 200) 4 headers in 157 bytes (1 switches on core 0)
Jul 21 05:56:45.603958 np0000005534 devstack@neutron-api.service[90657]: DEBUG neutron.api.v2.base [None req-5a16d0fc-5657-418b-b18c-4e33114d5277 admin admin] Request body: {'subnet': {'description': 'shared-subnet', 'network_id': '6122d683-d131-47c5-94e2-0bc86fb130d7', 'cidr': '192.168.233.0/24', 'ip_version': 4, 'name': 'shared-subnet'}} {{(pid=90657) prepare_request_body /opt/stack/neutron/neutron/api/v2/base.py:727}}
Jul 21 05:56:45.621894 np0000005534 devstack@neutron-api.service[90657]: DEBUG neutron.pecan_wsgi.hooks.quota_enforcement [None req-5a16d0fc-5657-418b-b18c-4e33114d5277 admin admin] Made reservation on behalf of ecf306c0072c4b4a97c1800bb939939f for: {'subnet': 1} {{(pid=90657) before /opt/stack/neutron/neutron/pecan_wsgi/hooks/quota_enforcement.py:66}}
Jul 21 05:56:45.624471 np0000005534 devstack@neutron-api.service[90657]: DEBUG neutron_lib.callbacks.manager [None req-5a16d0fc-5657-418b-b18c-4e33114d5277 admin admin] Publish callbacks [] for subnet (None), before_create {{(pid=90657) _notify_loop /opt/stack/data/venv/lib/python3.12/site-packages/neutron_lib/callbacks/manager.py:184}}
Jul 21 05:56:45.686898 np0000005534 devstack@neutron-api.service[90657]: DEBUG neutron.db.ovn_revision_numbers_db [None req-5a16d0fc-5657-418b-b18c-4e33114d5277 admin admin] create_initial_revision uuid=298343dd-3143-4cc7-9efa-aa874c460805, type=subnets, rev=-1 {{(pid=90657) create_initial_revision /opt/stack/neutron/neutron/db/ovn_revision_numbers_db.py:98}}
Jul 21 05:56:45.691571 np0000005534 devstack@neutron-api.service[90657]: DEBUG neutron_lib.callbacks.manager [None req-5a16d0fc-5657-418b-b18c-4e33114d5277 admin admin] Publish callbacks ['neutron.plugins.ml2.ovo_rpc._ObjectChangeHandler.handle_event-1213321'] for subnet (298343dd-3143-4cc7-9efa-aa874c460805), after_create {{(pid=90657) _notify_loop /opt/stack/data/venv/lib/python3.12/site-packages/neutron_lib/callbacks/manager.py:184}}
Jul 21 05:56:45.705354 np0000005534 devstack@neutron-api.service[90657]: DEBUG neutron.api.rpc.handlers.resources_rpc [None req-5a16d0fc-5657-418b-b18c-4e33114d5277 admin admin] Pushing event updated for resources: {'Subnet': ['ID=298343dd-3143-4cc7-9efa-aa874c460805,revision_number=0']} {{(pid=90657) push /opt/stack/neutron/neutron/api/rpc/handlers/resources_rpc.py:237}}
Jul 21 05:56:45.758717 np0000005534 devstack@neutron-api.service[90657]: DEBUG neutron_lib.callbacks.manager [None req-5a16d0fc-5657-418b-b18c-4e33114d5277 admin admin] Publish callbacks ['neutron.plugins.ml2.plugin.SecurityGroupDbMixin._ensure_default_security_group_handler-275911', 'neutron.services.ovn_l3.plugin.OVNL3RouterPlugin._port_update-8501685299244', 'neutron.db.l3_db.L3_NAT_dbonly_mixin._prevent_internal_ip_change_for_fip-8501687778588'] for port (8f6cd50d-2908-42d9-b29e-c9fc016eebd2), before_update {{(pid=90657) _notify_loop /opt/stack/data/venv/lib/python3.12/site-packages/neutron_lib/callbacks/manager.py:184}}
Jul 21 05:56:45.846401 np0000005534 devstack@neutron-api.service[90657]: DEBUG neutron.db.db_base_plugin_common [None req-5a16d0fc-5657-418b-b18c-4e33114d5277 admin admin] Allocated IP 192.168.233.2 (6122d683-d131-47c5-94e2-0bc86fb130d7/298343dd-3143-4cc7-9efa-aa874c460805/8f6cd50d-2908-42d9-b29e-c9fc016eebd2) {{(pid=90657) _store_ip_allocation /opt/stack/neutron/neutron/db/db_base_plugin_common.py:131}}
Jul 21 05:56:45.918057 np0000005534 devstack@neutron-api.service[90657]: DEBUG neutron_lib.callbacks.manager [None req-5a16d0fc-5657-418b-b18c-4e33114d5277 admin admin] Publish callbacks [] for port (8f6cd50d-2908-42d9-b29e-c9fc016eebd2), precommit_update {{(pid=90657) _notify_loop /opt/stack/data/venv/lib/python3.12/site-packages/neutron_lib/callbacks/manager.py:184}}
Jul 21 05:56:45.918289 np0000005534 devstack@neutron-api.service[90657]: DEBUG neutron.plugins.ml2.drivers.ovn.mech_driver.mech_driver [None req-5a16d0fc-5657-418b-b18c-4e33114d5277 admin admin] No provisioning block for port 8f6cd50d-2908-42d9-b29e-c9fc016eebd2 since it does not have a host {{(pid=90657) _is_port_provisioning_required /opt/stack/neutron/neutron/plugins/ml2/drivers/ovn/mech_driver/mech_driver.py:899}}
Jul 21 05:56:45.927561 np0000005534 devstack@neutron-api.service[90657]: DEBUG neutron_lib.callbacks.manager [None req-5a16d0fc-5657-418b-b18c-4e33114d5277 admin admin] Publish callbacks ['neutron.plugins.ml2.ovo_rpc._ObjectChangeHandler.handle_event-1213107', 'neutron.services.ovn_l3.plugin.OVNL3RouterPlugin._port_update-8501685299244'] for port (8f6cd50d-2908-42d9-b29e-c9fc016eebd2), after_update {{(pid=90657) _notify_loop /opt/stack/data/venv/lib/python3.12/site-packages/neutron_lib/callbacks/manager.py:184}}
Jul 21 05:56:45.966392 np0000005534 devstack@neutron-api.service[90657]: DEBUG neutron.api.rpc.handlers.resources_rpc [None req-5a16d0fc-5657-418b-b18c-4e33114d5277 admin admin] Pushing event updated for resources: {'Port': ['ID=8f6cd50d-2908-42d9-b29e-c9fc016eebd2,revision_number=2']} {{(pid=90657) push /opt/stack/neutron/neutron/api/rpc/handlers/resources_rpc.py:237}}
Jul 21 05:56:46.071025 np0000005534 devstack@neutron-api.service[90657]: DEBUG neutron.plugins.ml2.drivers.ovn.mech_driver.ovsdb.commands [None req-5a16d0fc-5657-418b-b18c-4e33114d5277 admin admin] Converting tag [] to a tag_request {{(pid=90657) _tag_column_to_tag_request /opt/stack/neutron/neutron/plugins/ml2/drivers/ovn/mech_driver/ovsdb/commands.py:205}}
Jul 21 05:56:46.071874 np0000005534 devstack@neutron-api.service[90657]: DEBUG ovsdbapp.backend.ovs_idl.transaction [None req-4c7cbaa0-3d5c-4464-aad2-f73b319a5342 None None] Running txn n=1 command(idx=0): CheckRevisionNumberCommand(_result=None, name=8f6cd50d-2908-42d9-b29e-c9fc016eebd2, resource={'id': '8f6cd50d-2908-42d9-b29e-c9fc016eebd2', 'name': '', 'network_id': '6122d683-d131-47c5-94e2-0bc86fb130d7', 'project_id': 'ecf306c0072c4b4a97c1800bb939939f', 'mac_address': 'fa:16:3e:67:77:9c', 'admin_state_up': True, 'status': 'DOWN', 'device_id': 'ovnmeta-6122d683-d131-47c5-94e2-0bc86fb130d7', 'device_owner': 'network:distributed', 'standard_attr_id': 28, 'fixed_ips': [{'subnet_id': '298343dd-3143-4cc7-9efa-aa874c460805', 'ip_address': '192.168.233.2'}], 'allowed_address_pairs': [], 'extra_dhcp_opts': [], 'security_groups': [], 'description': '', 'binding:vnic_type': 'normal', 'binding:profile': {}, 'binding:host_id': '', 'binding:vif_type': 'unbound', 'binding:vif_details': {}, 'port_security_enabled': False, 'tags': [], 'created_at': '2026-07-21T05:56:45Z', 'updated_at': '2026-07-21T05:56:45Z', 'revision_number': 2, 'tenant_id': 'ecf306c0072c4b4a97c1800bb939939f', 'network': {'id': '6122d683-d131-47c5-94e2-0bc86fb130d7', 'name': 'shared', 'tenant_id': 'ecf306c0072c4b4a97c1800bb939939f', 'project_id': 'ecf306c0072c4b4a97c1800bb939939f', 'admin_state_up': True, 'mtu': 1372, 'status': 'ACTIVE', 'subnets': ['298343dd-3143-4cc7-9efa-aa874c460805'], 'standard_attr_id': 26, 'shared': True, 'availability_zone_hints': [], 'availability_zones': [], 'ipv4_address_scope': None, 'ipv6_address_scope': None, 'router:external': False, 'qinq': False, 'vlan_transparent': False, 'description': '', 'port_security_enabled': True, 'tags': [], 'created_at': '2026-07-21T05:56:44Z', 'updated_at': '2026-07-21T05:56:45Z', 'revision_number': 2, 'provider:network_type': 'geneve', 'provider:physical_network': None, 'provider:segmentation_id': 21860}}, resource_type=ports, if_exists=True) {{(pid=90657) do_commit /opt/stack/data/venv/lib/python3.12/site-packages/ovsdbapp/backend/ovs_idl/transaction.py:89}}
Jul 21 05:56:46.072298 np0000005534 devstack@neutron-api.service[90657]: DEBUG ovsdbapp.backend.ovs_idl.transaction [None req-4c7cbaa0-3d5c-4464-aad2-f73b319a5342 None None] Running txn n=1 command(idx=1): AddDHCPOptionsCommand(_result=None, columns={'cidr': '192.168.233.0/24', 'options': {'server_id': '192.168.233.1', 'lease_time': '43200', 'mtu': '1372', 'router': '192.168.233.1', 'server_mac': 'fa:16:3e:64:f3:60', 'dns_server': '{127.0.0.53}', 'classless_static_route': '{169.254.169.254/32,192.168.233.2, 0.0.0.0/0,192.168.233.1}'}, 'external_ids': {'subnet_id': '298343dd-3143-4cc7-9efa-aa874c460805', 'neutron:network_id': '6122d683-d131-47c5-94e2-0bc86fb130d7', 'neutron:revision_number': '0'}}, may_exist=True, subnet_id=298343dd-3143-4cc7-9efa-aa874c460805, port_id=None, new_insert=False) {{(pid=90657) do_commit /opt/stack/data/venv/lib/python3.12/site-packages/ovsdbapp/backend/ovs_idl/transaction.py:89}}
Jul 21 05:56:46.072578 np0000005534 devstack@neutron-api.service[90657]: DEBUG ovsdbapp.backend.ovs_idl.transaction [None req-4c7cbaa0-3d5c-4464-aad2-f73b319a5342 None None] Running txn n=1 command(idx=2): SetLSwitchPortCommand(_result=None, lport=8f6cd50d-2908-42d9-b29e-c9fc016eebd2, external_ids_update=None, columns={'external_ids': {'neutron:port_name': '', 'neutron:device_id': 'ovnmeta-6122d683-d131-47c5-94e2-0bc86fb130d7', 'neutron:project_id': 'ecf306c0072c4b4a97c1800bb939939f', 'neutron:cidrs': '192.168.233.2/24', 'neutron:device_owner': 'network:distributed', 'neutron:subnet_pool_addr_scope4': '', 'neutron:subnet_pool_addr_scope6': '', 'neutron:network_name': 'neutron-6122d683-d131-47c5-94e2-0bc86fb130d7', 'neutron:security_group_ids': '', 'neutron:revision_number': '2', 'neutron:vnic_type': 'normal', 'neutron:port_capabilities': '', 'neutron:mtu': '1372'}, 'parent_name': [], 'options': {}, 'enabled': True, 'port_security': [], 'dhcpv4_options': [], 'dhcpv6_options': [], 'type': 'localport', 'addresses': ['fa:16:3e:67:77:9c 192.168.233.2'], 'ha_chassis_group': [], 'tag_request': []}, if_exists=False) {{(pid=90657) do_commit /opt/stack/data/venv/lib/python3.12/site-packages/ovsdbapp/backend/ovs_idl/transaction.py:89}}
Jul 21 05:56:46.073218 np0000005534 devstack@neutron-api.service[90657]: DEBUG ovsdbapp.backend.ovs_idl.transaction [None req-4c7cbaa0-3d5c-4464-aad2-f73b319a5342 None None] Running txn n=1 command(idx=3): PgDelPortCommand(_result=None, port_group=neutron_pg_drop, lsp=['8f6cd50d-2908-42d9-b29e-c9fc016eebd2'], if_exists=False) {{(pid=90657) do_commit /opt/stack/data/venv/lib/python3.12/site-packages/ovsdbapp/backend/ovs_idl/transaction.py:89}}
Jul 21 05:56:46.076674 np0000005534 devstack@neutron-api.service[90658]: DEBUG neutron.plugins.ml2.drivers.ovn.mech_driver.ovsdb.ovsdb_monitor [None req-9d7168d2-477d-42a2-a3c7-e2b212785d89 None None] Hash Ring: Node 34a9161cdf995a3ab8e0db77f58c68ec (host: np0000005534) handling event "create" for row 3ed8aafc-0fca-453c-a345-4125725828a7 (table: DHCP_Options) {{(pid=90658) notify /opt/stack/neutron/neutron/plugins/ml2/drivers/ovn/mech_driver/ovsdb/ovsdb_monitor.py:1009}}
Jul 21 05:56:46.076909 np0000005534 devstack@neutron-api.service[90658]: DEBUG neutron.plugins.ml2.drivers.ovn.mech_driver.ovsdb.ovsdb_monitor [None req-9d7168d2-477d-42a2-a3c7-e2b212785d89 None None] Hash Ring: Node 34a9161cdf995a3ab8e0db77f58c68ec (host: np0000005534) handling event "update" for row e4dc9bb2-dc94-40df-869f-8b9facb6f37d (table: Logical_Switch_Port) {{(pid=90658) notify /opt/stack/neutron/neutron/plugins/ml2/drivers/ovn/mech_driver/ovsdb/ovsdb_monitor.py:1009}}
Jul 21 05:56:46.080719 np0000005534 devstack@neutron-api.service[90658]: DEBUG neutron.plugins.ml2.drivers.ovn.mech_driver.ovsdb.ovsdb_monitor [None req-212a2f16-c488-4b5f-80cc-eac16c75dc57 None None] Hash Ring: Node 34a9161cdf995a3ab8e0db77f58c68ec (host: np0000005534) handling event "update" for row 23e1d4fa-a809-47a1-8084-b11482fcbb7c (table: Port_Binding) {{(pid=90658) notify /opt/stack/neutron/neutron/plugins/ml2/drivers/ovn/mech_driver/ovsdb/ovsdb_monitor.py:1009}}
Jul 21 05:56:46.103780 np0000005534 devstack@neutron-api.service[90657]: INFO neutron.db.ovn_revision_numbers_db [None req-5a16d0fc-5657-418b-b18c-4e33114d5277 admin admin] Successfully bumped revision number for resource 8f6cd50d-2908-42d9-b29e-c9fc016eebd2 (type: ports) to 2
Jul 21 05:56:46.112496 np0000005534 devstack@neutron-api.service[90657]: DEBUG neutron.plugins.ml2.plugin [None req-5a16d0fc-5657-418b-b18c-4e33114d5277 admin admin] In _notify_port_updated(), no bound segment for port 8f6cd50d-2908-42d9-b29e-c9fc016eebd2 on network 6122d683-d131-47c5-94e2-0bc86fb130d7 {{(pid=90657) _notify_port_updated /opt/stack/neutron/neutron/plugins/ml2/plugin.py:1041}}
Jul 21 05:56:46.127682 np0000005534 devstack@neutron-api.service[90657]: INFO neutron.db.ovn_revision_numbers_db [None req-5a16d0fc-5657-418b-b18c-4e33114d5277 admin admin] Successfully bumped revision number for resource 298343dd-3143-4cc7-9efa-aa874c460805 (type: subnets) to 0
Jul 21 05:56:46.128749 np0000005534 devstack@neutron-api.service[90657]: DEBUG neutron.pecan_wsgi.hooks.policy_enforcement [None req-5a16d0fc-5657-418b-b18c-4e33114d5277 admin admin] Attributes excluded by policy engine: ['standard_attr_id', 'shared', 'network'] {{(pid=90657) _exclude_attributes_by_policy /opt/stack/neutron/neutron/pecan_wsgi/hooks/policy_enforcement.py:259}}
Jul 21 05:56:46.129037 np0000005534 devstack@neutron-api.service[90657]: DEBUG neutron_lib.callbacks.manager [None req-5a16d0fc-5657-418b-b18c-4e33114d5277 admin admin] Publish callbacks [] for subnet (None), before_response {{(pid=90657) _notify_loop /opt/stack/data/venv/lib/python3.12/site-packages/neutron_lib/callbacks/manager.py:184}}
Jul 21 05:56:46.138522 np0000005534 devstack@neutron-api.service[90657]: [pid: 90657|app: 0|req: 10/40] 10.4.3.164 () {68 vars in 1324 bytes} [Tue Jul 21 05:56:45 2026] POST /networking/v2.0/subnets => generated 665 bytes in 538 msecs (HTTP/1.1 201) 4 headers in 162 bytes (1 switches on core 0)
Jul 21 05:56:50.055779 np0000005534 devstack@neutron-api.service[90659]: DEBUG ovsdbapp.backend.ovs_idl.event [None req-be62aefc-a785-4668-90ea-c8b3674cf6d7 None None] Matched UPDATE: ChassisOVNAgentWriteEvent(events=('create', 'update'), table='Chassis_Private', conditions=None, old_conditions=None), priority=20 to row=Chassis_Private(uuid=8ce06f5f-d108-45d5-a1ac-6504bd198fc6, chassis=c3fa08ea-4c6d-41fb-810c-e4b3d8c0b9e7, external_ids={'neutron:ovn-bridge': 'br-int', 'neutron:ovn-neutron-agent-id': '66b1f824-b15e-5262-b305-07f6a3f32f70', 'neutron:ovn-neutron-agent-sb-cfg': '2'}, name='28dc8c5b-4c88-4ea8-a7f6-d5cbbbc93f99', nb_cfg=2, nb_cfg_timestamp=1784613405041) old=Chassis_Private(uuid=8ce06f5f-d108-45d5-a1ac-6504bd198fc6, external_ids={'neutron:ovn-bridge': 'br-int', 'neutron:ovn-neutron-agent-id': '66b1f824-b15e-5262-b305-07f6a3f32f70', 'neutron:ovn-neutron-agent-sb-cfg': '1'}) {{(pid=90659) matches /opt/stack/data/venv/lib/python3.12/site-packages/ovsdbapp/backend/ovs_idl/event.py:55}}
Jul 21 05:56:50.056618 np0000005534 devstack@neutron-api.service[90656]: DEBUG ovsdbapp.backend.ovs_idl.event [None req-28f036f5-1213-4926-9624-158f5650e1aa None None] Matched UPDATE: ChassisOVNAgentWriteEvent(events=('create', 'update'), table='Chassis_Private', conditions=None, old_conditions=None), priority=20 to row=Chassis_Private(uuid=8ce06f5f-d108-45d5-a1ac-6504bd198fc6, chassis=c3fa08ea-4c6d-41fb-810c-e4b3d8c0b9e7, external_ids={'neutron:ovn-bridge': 'br-int', 'neutron:ovn-neutron-agent-id': '66b1f824-b15e-5262-b305-07f6a3f32f70', 'neutron:ovn-neutron-agent-sb-cfg': '2'}, name='28dc8c5b-4c88-4ea8-a7f6-d5cbbbc93f99', nb_cfg=2, nb_cfg_timestamp=1784613405041) old=Chassis_Private(uuid=8ce06f5f-d108-45d5-a1ac-6504bd198fc6, external_ids={'neutron:ovn-bridge': 'br-int', 'neutron:ovn-neutron-agent-id': '66b1f824-b15e-5262-b305-07f6a3f32f70', 'neutron:ovn-neutron-agent-sb-cfg': '1'}) {{(pid=90656) matches /opt/stack/data/venv/lib/python3.12/site-packages/ovsdbapp/backend/ovs_idl/event.py:55}}
Jul 21 05:56:50.056938 np0000005534 devstack@neutron-api.service[90657]: DEBUG ovsdbapp.backend.ovs_idl.event [-] Matched UPDATE: ChassisOVNAgentWriteEvent(events=('create', 'update'), table='Chassis_Private', conditions=None, old_conditions=None), priority=20 to row=Chassis_Private(uuid=8ce06f5f-d108-45d5-a1ac-6504bd198fc6, chassis=c3fa08ea-4c6d-41fb-810c-e4b3d8c0b9e7, external_ids={'neutron:ovn-bridge': 'br-int', 'neutron:ovn-neutron-agent-id': '66b1f824-b15e-5262-b305-07f6a3f32f70', 'neutron:ovn-neutron-agent-sb-cfg': '2'}, name='28dc8c5b-4c88-4ea8-a7f6-d5cbbbc93f99', nb_cfg=2, nb_cfg_timestamp=1784613405041) old=Chassis_Private(uuid=8ce06f5f-d108-45d5-a1ac-6504bd198fc6, external_ids={'neutron:ovn-bridge': 'br-int', 'neutron:ovn-neutron-agent-id': '66b1f824-b15e-5262-b305-07f6a3f32f70', 'neutron:ovn-neutron-agent-sb-cfg': '1'}) {{(pid=90657) matches /opt/stack/data/venv/lib/python3.12/site-packages/ovsdbapp/backend/ovs_idl/event.py:55}}
Jul 21 05:56:50.057242 np0000005534 devstack@neutron-api.service[90658]: DEBUG ovsdbapp.backend.ovs_idl.event [None req-212a2f16-c488-4b5f-80cc-eac16c75dc57 None None] Matched UPDATE: ChassisOVNAgentWriteEvent(events=('create', 'update'), table='Chassis_Private', conditions=None, old_conditions=None), priority=20 to row=Chassis_Private(uuid=8ce06f5f-d108-45d5-a1ac-6504bd198fc6, chassis=c3fa08ea-4c6d-41fb-810c-e4b3d8c0b9e7, external_ids={'neutron:ovn-bridge': 'br-int', 'neutron:ovn-neutron-agent-id': '66b1f824-b15e-5262-b305-07f6a3f32f70', 'neutron:ovn-neutron-agent-sb-cfg': '2'}, name='28dc8c5b-4c88-4ea8-a7f6-d5cbbbc93f99', nb_cfg=2, nb_cfg_timestamp=1784613405041) old=Chassis_Private(uuid=8ce06f5f-d108-45d5-a1ac-6504bd198fc6, external_ids={'neutron:ovn-bridge': 'br-int', 'neutron:ovn-neutron-agent-id': '66b1f824-b15e-5262-b305-07f6a3f32f70', 'neutron:ovn-neutron-agent-sb-cfg': '1'}) {{(pid=90658) matches /opt/stack/data/venv/lib/python3.12/site-packages/ovsdbapp/backend/ovs_idl/event.py:55}}
Jul 21 05:56:50.057530 np0000005534 devstack@neutron-api.service[90658]: DEBUG neutron.plugins.ml2.drivers.ovn.mech_driver.ovsdb.ovsdb_monitor [None req-212a2f16-c488-4b5f-80cc-eac16c75dc57 None None] Hash Ring: Node 34a9161cdf995a3ab8e0db77f58c68ec (host: np0000005534) handling event "update" for row 8ce06f5f-d108-45d5-a1ac-6504bd198fc6 (table: Chassis_Private) {{(pid=90658) notify /opt/stack/neutron/neutron/plugins/ml2/drivers/ovn/mech_driver/ovsdb/ovsdb_monitor.py:1009}}
Jul 21 05:56:55.221031 np0000005534 devstack@neutron-api.service[90659]: DEBUG futurist.periodics [-] Submitting periodic callback 'neutron.plugins.ml2.drivers.ovn.mech_driver.ovsdb.maintenance.HashRingHealthCheckPeriodics.touch_hash_ring_node' {{(pid=90659) _process_scheduled /opt/stack/data/venv/lib/python3.12/site-packages/futurist/periodics.py:784}}
Jul 21 05:56:55.221509 np0000005534 devstack@neutron-api.service[90659]: DEBUG neutron.plugins.ml2.drivers.ovn.mech_driver.ovsdb.maintenance [-] Touching Hash Ring node "2ab6d7bb6a355a85a3720d9a33bae38e" from periodic health check thread {{(pid=90659) touch_hash_ring_node /opt/stack/neutron/neutron/plugins/ml2/drivers/ovn/mech_driver/ovsdb/maintenance.py:1417}}
Jul 21 05:56:55.307943 np0000005534 devstack@neutron-api.service[90656]: DEBUG dbcounter [-] [90656] Writing DB stats neutron:UPDATE=10,neutron:SELECT=135,neutron:INSERT=14,neutron:DELETE=2 {{(pid=90656) stat_writer /opt/stack/data/venv/lib/python3.12/site-packages/dbcounter.py:115}}
Jul 21 05:56:55.583216 np0000005534 devstack@neutron-api.service[90658]: DEBUG dbcounter [-] [90658] Writing DB stats neutron:UPDATE=1,neutron:SELECT=39,neutron:INSERT=1 {{(pid=90658) stat_writer /opt/stack/data/venv/lib/python3.12/site-packages/dbcounter.py:115}}
Jul 21 05:56:56.134871 np0000005534 devstack@neutron-api.service[90657]: DEBUG dbcounter [-] [90657] Writing DB stats neutron:UPDATE=6,neutron:SELECT=255,neutron:INSERT=11,neutron:DELETE=2 {{(pid=90657) stat_writer /opt/stack/data/venv/lib/python3.12/site-packages/dbcounter.py:115}}
Jul 21 05:56:56.228010 np0000005534 devstack@neutron-api.service[90657]: DEBUG futurist.periodics [-] Submitting periodic callback 'neutron.plugins.ml2.drivers.ovn.mech_driver.ovsdb.maintenance.HashRingHealthCheckPeriodics.touch_hash_ring_node' {{(pid=90657) _process_scheduled /opt/stack/data/venv/lib/python3.12/site-packages/futurist/periodics.py:784}}
Jul 21 05:56:56.228248 np0000005534 devstack@neutron-api.service[90657]: DEBUG neutron.plugins.ml2.drivers.ovn.mech_driver.ovsdb.maintenance [-] Touching Hash Ring node "22823d961e885a1d9066e07c4873728d" from periodic health check thread {{(pid=90657) touch_hash_ring_node /opt/stack/neutron/neutron/plugins/ml2/drivers/ovn/mech_driver/ovsdb/maintenance.py:1417}}
Jul 21 05:56:56.250453 np0000005534 devstack@neutron-api.service[90658]: DEBUG futurist.periodics [-] Submitting periodic callback 'neutron.plugins.ml2.drivers.ovn.mech_driver.ovsdb.maintenance.HashRingHealthCheckPeriodics.touch_hash_ring_node' {{(pid=90658) _process_scheduled /opt/stack/data/venv/lib/python3.12/site-packages/futurist/periodics.py:784}}
Jul 21 05:56:56.250676 np0000005534 devstack@neutron-api.service[90658]: DEBUG neutron.plugins.ml2.drivers.ovn.mech_driver.ovsdb.maintenance [-] Touching Hash Ring node "34a9161cdf995a3ab8e0db77f58c68ec" from periodic health check thread {{(pid=90658) touch_hash_ring_node /opt/stack/neutron/neutron/plugins/ml2/drivers/ovn/mech_driver/ovsdb/maintenance.py:1417}}
Jul 21 05:56:56.274083 np0000005534 devstack@neutron-api.service[90656]: DEBUG futurist.periodics [-] Submitting periodic callback 'neutron.plugins.ml2.drivers.ovn.mech_driver.ovsdb.maintenance.HashRingHealthCheckPeriodics.touch_hash_ring_node' {{(pid=90656) _process_scheduled /opt/stack/data/venv/lib/python3.12/site-packages/futurist/periodics.py:784}}
Jul 21 05:56:56.274345 np0000005534 devstack@neutron-api.service[90656]: DEBUG neutron.plugins.ml2.drivers.ovn.mech_driver.ovsdb.maintenance [-] Touching Hash Ring node "e5c036a03c2e5a9cbf4de8b027d4af3b" from periodic health check thread {{(pid=90656) touch_hash_ring_node /opt/stack/neutron/neutron/plugins/ml2/drivers/ovn/mech_driver/ovsdb/maintenance.py:1417}}
Jul 21 05:57:05.230351 np0000005534 devstack@neutron-api.service[90659]: DEBUG dbcounter [-] [90659] Writing DB stats neutron:UPDATE=2,neutron:SELECT=7 {{(pid=90659) stat_writer /opt/stack/data/venv/lib/python3.12/site-packages/dbcounter.py:115}}
Jul 21 05:57:06.235684 np0000005534 devstack@neutron-api.service[90657]: DEBUG dbcounter [-] [90657] Writing DB stats neutron:UPDATE=1,neutron:SELECT=1 {{(pid=90657) stat_writer /opt/stack/data/venv/lib/python3.12/site-packages/dbcounter.py:115}}
Jul 21 05:57:06.257819 np0000005534 devstack@neutron-api.service[90658]: DEBUG dbcounter [-] [90658] Writing DB stats neutron:UPDATE=1,neutron:SELECT=1 {{(pid=90658) stat_writer /opt/stack/data/venv/lib/python3.12/site-packages/dbcounter.py:115}}
Jul 21 05:57:06.282542 np0000005534 devstack@neutron-api.service[90656]: DEBUG dbcounter [-] [90656] Writing DB stats neutron:UPDATE=1,neutron:SELECT=1 {{(pid=90656) stat_writer /opt/stack/data/venv/lib/python3.12/site-packages/dbcounter.py:115}}
Jul 21 05:57:10.221587 np0000005534 devstack@neutron-api.service[90659]: DEBUG futurist.periodics [-] Submitting periodic callback 'neutron.plugins.ml2.drivers.ovn.mech_driver.ovsdb.maintenance.HashRingHealthCheckPeriodics.touch_hash_ring_node' {{(pid=90659) _process_scheduled /opt/stack/data/venv/lib/python3.12/site-packages/futurist/periodics.py:784}}
Jul 21 05:57:10.222176 np0000005534 devstack@neutron-api.service[90659]: DEBUG neutron.plugins.ml2.drivers.ovn.mech_driver.ovsdb.maintenance [-] Touching Hash Ring node "2ab6d7bb6a355a85a3720d9a33bae38e" from periodic health check thread {{(pid=90659) touch_hash_ring_node /opt/stack/neutron/neutron/plugins/ml2/drivers/ovn/mech_driver/ovsdb/maintenance.py:1417}}
Jul 21 05:57:11.228520 np0000005534 devstack@neutron-api.service[90657]: DEBUG futurist.periodics [-] Submitting periodic callback 'neutron.plugins.ml2.drivers.ovn.mech_driver.ovsdb.maintenance.HashRingHealthCheckPeriodics.touch_hash_ring_node' {{(pid=90657) _process_scheduled /opt/stack/data/venv/lib/python3.12/site-packages/futurist/periodics.py:784}}
Jul 21 05:57:11.229044 np0000005534 devstack@neutron-api.service[90657]: DEBUG neutron.plugins.ml2.drivers.ovn.mech_driver.ovsdb.maintenance [-] Touching Hash Ring node "22823d961e885a1d9066e07c4873728d" from periodic health check thread {{(pid=90657) touch_hash_ring_node /opt/stack/neutron/neutron/plugins/ml2/drivers/ovn/mech_driver/ovsdb/maintenance.py:1417}}
Jul 21 05:57:11.250987 np0000005534 devstack@neutron-api.service[90658]: DEBUG futurist.periodics [-] Submitting periodic callback 'neutron.plugins.ml2.drivers.ovn.mech_driver.ovsdb.maintenance.HashRingHealthCheckPeriodics.touch_hash_ring_node' {{(pid=90658) _process_scheduled /opt/stack/data/venv/lib/python3.12/site-packages/futurist/periodics.py:784}}
Jul 21 05:57:11.251431 np0000005534 devstack@neutron-api.service[90658]: DEBUG neutron.plugins.ml2.drivers.ovn.mech_driver.ovsdb.maintenance [-] Touching Hash Ring node "34a9161cdf995a3ab8e0db77f58c68ec" from periodic health check thread {{(pid=90658) touch_hash_ring_node /opt/stack/neutron/neutron/plugins/ml2/drivers/ovn/mech_driver/ovsdb/maintenance.py:1417}}
Jul 21 05:57:11.274598 np0000005534 devstack@neutron-api.service[90656]: DEBUG futurist.periodics [-] Submitting periodic callback 'neutron.plugins.ml2.drivers.ovn.mech_driver.ovsdb.maintenance.HashRingHealthCheckPeriodics.touch_hash_ring_node' {{(pid=90656) _process_scheduled /opt/stack/data/venv/lib/python3.12/site-packages/futurist/periodics.py:784}}
Jul 21 05:57:11.275130 np0000005534 devstack@neutron-api.service[90656]: DEBUG neutron.plugins.ml2.drivers.ovn.mech_driver.ovsdb.maintenance [-] Touching Hash Ring node "e5c036a03c2e5a9cbf4de8b027d4af3b" from periodic health check thread {{(pid=90656) touch_hash_ring_node /opt/stack/neutron/neutron/plugins/ml2/drivers/ovn/mech_driver/ovsdb/maintenance.py:1417}}
Jul 21 05:57:17.443958 np0000005534 devstack@neutron-api.service[90656]: DEBUG neutron.api.wsgi [None req-826fb6dc-6b4e-4b32-81b0-61afa7cec59e tempest-verify_tempest_config-830307446 tempest-verify_tempest_config-830307446-project-member] https://10.4.3.164/networking/v2.0/extensions returned with HTTP 200 {{(pid=90656) __call__ /opt/stack/neutron/neutron/api/wsgi.py:540}}
Jul 21 05:57:17.443958 np0000005534 devstack@neutron-api.service[90656]: [pid: 90656|app: 0|req: 10/41] 10.4.3.164 () {66 vars in 1261 bytes} [Tue Jul 21 05:57:17 2026] GET /networking/v2.0/extensions => generated 16171 bytes in 4 msecs (HTTP/1.1 200) 4 headers in 159 bytes (1 switches on core 0)
Jul 21 05:57:18.019391 np0000005534 devstack@neutron-api.service[90659]: DEBUG neutron_lib.callbacks.manager [None req-5e4b9a5e-8b63-42d8-bbd0-2b5e19e117ee admin admin] Publish callbacks [] for security_group (None), before_create {{(pid=90659) _notify_loop /opt/stack/data/venv/lib/python3.12/site-packages/neutron_lib/callbacks/manager.py:184}}
Jul 21 05:57:18.119551 np0000005534 devstack@neutron-api.service[90659]: DEBUG neutron_lib.callbacks.manager [None req-5e4b9a5e-8b63-42d8-bbd0-2b5e19e117ee admin admin] Publish callbacks ['neutron.plugins.ml2.drivers.ovn.mech_driver.mech_driver.OVNMechanismDriver._create_security_group_precommit-146306'] for security_group (22ab4c52-9c2b-4dd8-9f47-c53a5f00c4a0), precommit_create {{(pid=90659) _notify_loop /opt/stack/data/venv/lib/python3.12/site-packages/neutron_lib/callbacks/manager.py:184}}
Jul 21 05:57:18.119710 np0000005534 devstack@neutron-api.service[90659]: DEBUG neutron.db.ovn_revision_numbers_db [None req-5e4b9a5e-8b63-42d8-bbd0-2b5e19e117ee admin admin] create_initial_revision uuid=22ab4c52-9c2b-4dd8-9f47-c53a5f00c4a0, type=security_groups, rev=-1 {{(pid=90659) create_initial_revision /opt/stack/neutron/neutron/db/ovn_revision_numbers_db.py:98}}
Jul 21 05:57:18.121245 np0000005534 devstack@neutron-api.service[90659]: DEBUG neutron.db.ovn_revision_numbers_db [None req-5e4b9a5e-8b63-42d8-bbd0-2b5e19e117ee admin admin] create_initial_revision uuid=00baa52a-7143-4e94-9410-c7c5c5d48276, type=security_group_rules, rev=-1 {{(pid=90659) create_initial_revision /opt/stack/neutron/neutron/db/ovn_revision_numbers_db.py:98}}
Jul 21 05:57:18.122179 np0000005534 devstack@neutron-api.service[90659]: DEBUG neutron.db.ovn_revision_numbers_db [None req-5e4b9a5e-8b63-42d8-bbd0-2b5e19e117ee admin admin] create_initial_revision uuid=0134f6f8-6f08-49c4-a842-f44d0a073bc7, type=security_group_rules, rev=-1 {{(pid=90659) create_initial_revision /opt/stack/neutron/neutron/db/ovn_revision_numbers_db.py:98}}
Jul 21 05:57:18.123138 np0000005534 devstack@neutron-api.service[90659]: DEBUG neutron.db.ovn_revision_numbers_db [None req-5e4b9a5e-8b63-42d8-bbd0-2b5e19e117ee admin admin] create_initial_revision uuid=837d7f6f-5700-41eb-8345-c8cd2849317e, type=security_group_rules, rev=-1 {{(pid=90659) create_initial_revision /opt/stack/neutron/neutron/db/ovn_revision_numbers_db.py:98}}
Jul 21 05:57:18.124047 np0000005534 devstack@neutron-api.service[90659]: DEBUG neutron.db.ovn_revision_numbers_db [None req-5e4b9a5e-8b63-42d8-bbd0-2b5e19e117ee admin admin] create_initial_revision uuid=b571cf9f-04a5-4329-be35-27a48d0499ce, type=security_group_rules, rev=-1 {{(pid=90659) create_initial_revision /opt/stack/neutron/neutron/db/ovn_revision_numbers_db.py:98}}
Jul 21 05:57:18.126985 np0000005534 devstack@neutron-api.service[90659]: DEBUG neutron_lib.callbacks.manager [None req-5e4b9a5e-8b63-42d8-bbd0-2b5e19e117ee admin admin] Publish callbacks ['neutron.plugins.ml2.drivers.ovn.mech_driver.mech_driver.OVNMechanismDriver._create_security_group-146312', 'neutron.plugins.ml2.ovo_rpc._ObjectChangeHandler.handle_event-1287952'] for security_group (22ab4c52-9c2b-4dd8-9f47-c53a5f00c4a0), after_create {{(pid=90659) _notify_loop /opt/stack/data/venv/lib/python3.12/site-packages/neutron_lib/callbacks/manager.py:184}}
Jul 21 05:57:18.127480 np0000005534 devstack@neutron-api.service[90659]: DEBUG ovsdbapp.backend.ovs_idl.transaction [None req-c2601c91-c8c6-46e2-9b1d-be656e22b150 None None] Running txn n=1 command(idx=0): PgAddCommand(_result=None, name=pg_22ab4c52_9c2b_4dd8_9f47_c53a5f00c4a0, may_exist=False, columns={'acls': [], 'external_ids': {'neutron:security_group_id': '22ab4c52-9c2b-4dd8-9f47-c53a5f00c4a0'}}) {{(pid=90659) do_commit /opt/stack/data/venv/lib/python3.12/site-packages/ovsdbapp/backend/ovs_idl/transaction.py:89}}
Jul 21 05:57:18.127783 np0000005534 devstack@neutron-api.service[90659]: DEBUG ovsdbapp.backend.ovs_idl.transaction [None req-c2601c91-c8c6-46e2-9b1d-be656e22b150 None None] Running txn n=1 command(idx=1): PgAclAddCommand(_result=None, entity=pg_22ab4c52_9c2b_4dd8_9f47_c53a5f00c4a0, direction=from-lport, priority=1002, match=inport == @pg_22ab4c52_9c2b_4dd8_9f47_c53a5f00c4a0 && ip4, action=allow-related, log=False, may_exist=True, severity=[], name=[], meter=[], external_ids={'neutron:security_group_rule_id': '00baa52a-7143-4e94-9410-c7c5c5d48276'}) {{(pid=90659) do_commit /opt/stack/data/venv/lib/python3.12/site-packages/ovsdbapp/backend/ovs_idl/transaction.py:89}}
Jul 21 05:57:18.128107 np0000005534 devstack@neutron-api.service[90659]: DEBUG ovsdbapp.backend.ovs_idl.transaction [None req-c2601c91-c8c6-46e2-9b1d-be656e22b150 None None] Running txn n=1 command(idx=2): PgAclAddCommand(_result=None, entity=pg_22ab4c52_9c2b_4dd8_9f47_c53a5f00c4a0, direction=to-lport, priority=1002, match=outport == @pg_22ab4c52_9c2b_4dd8_9f47_c53a5f00c4a0 && ip6 && ip6.src == $pg_22ab4c52_9c2b_4dd8_9f47_c53a5f00c4a0_ip6, action=allow-related, log=False, may_exist=True, severity=[], name=[], meter=[], external_ids={'neutron:security_group_rule_id': '0134f6f8-6f08-49c4-a842-f44d0a073bc7'}) {{(pid=90659) do_commit /opt/stack/data/venv/lib/python3.12/site-packages/ovsdbapp/backend/ovs_idl/transaction.py:89}}
Jul 21 05:57:18.128362 np0000005534 devstack@neutron-api.service[90659]: DEBUG ovsdbapp.backend.ovs_idl.transaction [None req-c2601c91-c8c6-46e2-9b1d-be656e22b150 None None] Running txn n=1 command(idx=3): PgAclAddCommand(_result=None, entity=pg_22ab4c52_9c2b_4dd8_9f47_c53a5f00c4a0, direction=to-lport, priority=1002, match=outport == @pg_22ab4c52_9c2b_4dd8_9f47_c53a5f00c4a0 && ip4 && ip4.src == $pg_22ab4c52_9c2b_4dd8_9f47_c53a5f00c4a0_ip4, action=allow-related, log=False, may_exist=True, severity=[], name=[], meter=[], external_ids={'neutron:security_group_rule_id': '837d7f6f-5700-41eb-8345-c8cd2849317e'}) {{(pid=90659) do_commit /opt/stack/data/venv/lib/python3.12/site-packages/ovsdbapp/backend/ovs_idl/transaction.py:89}}
Jul 21 05:57:18.128590 np0000005534 devstack@neutron-api.service[90659]: DEBUG ovsdbapp.backend.ovs_idl.transaction [None req-c2601c91-c8c6-46e2-9b1d-be656e22b150 None None] Running txn n=1 command(idx=4): PgAclAddCommand(_result=None, entity=pg_22ab4c52_9c2b_4dd8_9f47_c53a5f00c4a0, direction=from-lport, priority=1002, match=inport == @pg_22ab4c52_9c2b_4dd8_9f47_c53a5f00c4a0 && ip6, action=allow-related, log=False, may_exist=True, severity=[], name=[], meter=[], external_ids={'neutron:security_group_rule_id': 'b571cf9f-04a5-4329-be35-27a48d0499ce'}) {{(pid=90659) do_commit /opt/stack/data/venv/lib/python3.12/site-packages/ovsdbapp/backend/ovs_idl/transaction.py:89}}
Jul 21 05:57:18.142005 np0000005534 devstack@neutron-api.service[90659]: DEBUG neutron.plugins.ml2.drivers.ovn.mech_driver.ovsdb.ovsdb_monitor [None req-c2601c91-c8c6-46e2-9b1d-be656e22b150 None None] Touching Hash Ring node "2ab6d7bb6a355a85a3720d9a33bae38e" from IDL notify handler {{(pid=90659) notify /opt/stack/neutron/neutron/plugins/ml2/drivers/ovn/mech_driver/ovsdb/ovsdb_monitor.py:1001}}
Jul 21 05:57:18.143794 np0000005534 devstack@neutron-api.service[90656]: DEBUG neutron.plugins.ml2.drivers.ovn.mech_driver.ovsdb.ovsdb_monitor [None req-ae0f5cf5-6910-46c7-a9b8-cc03c040937e None None] Touching Hash Ring node "e5c036a03c2e5a9cbf4de8b027d4af3b" from IDL notify handler {{(pid=90656) notify /opt/stack/neutron/neutron/plugins/ml2/drivers/ovn/mech_driver/ovsdb/ovsdb_monitor.py:1001}}
Jul 21 05:57:18.144776 np0000005534 devstack@neutron-api.service[90658]: DEBUG neutron.plugins.ml2.drivers.ovn.mech_driver.ovsdb.ovsdb_monitor [None req-9d7168d2-477d-42a2-a3c7-e2b212785d89 None None] Touching Hash Ring node "34a9161cdf995a3ab8e0db77f58c68ec" from IDL notify handler {{(pid=90658) notify /opt/stack/neutron/neutron/plugins/ml2/drivers/ovn/mech_driver/ovsdb/ovsdb_monitor.py:1001}}
Jul 21 05:57:18.146887 np0000005534 devstack@neutron-api.service[90659]: DEBUG neutron.plugins.ml2.drivers.ovn.mech_driver.ovsdb.ovsdb_monitor [None req-c2601c91-c8c6-46e2-9b1d-be656e22b150 None None] Hash Ring: Node 2ab6d7bb6a355a85a3720d9a33bae38e (host: np0000005534) handling event "create" for row 1e9ba67c-9d6b-4a63-9b86-2c316c0f78fd (table: ACL) {{(pid=90659) notify /opt/stack/neutron/neutron/plugins/ml2/drivers/ovn/mech_driver/ovsdb/ovsdb_monitor.py:1009}}
Jul 21 05:57:18.147617 np0000005534 devstack@neutron-api.service[90659]: DEBUG neutron.plugins.ml2.drivers.ovn.mech_driver.ovsdb.ovsdb_monitor [None req-c2601c91-c8c6-46e2-9b1d-be656e22b150 None None] Touching Hash Ring node "2ab6d7bb6a355a85a3720d9a33bae38e" from IDL notify handler {{(pid=90659) notify /opt/stack/neutron/neutron/plugins/ml2/drivers/ovn/mech_driver/ovsdb/ovsdb_monitor.py:1001}}
Jul 21 05:57:18.148379 np0000005534 devstack@neutron-api.service[90656]: DEBUG neutron.plugins.ml2.drivers.ovn.mech_driver.ovsdb.ovsdb_monitor [None req-ae0f5cf5-6910-46c7-a9b8-cc03c040937e None None] Hash Ring: Node e5c036a03c2e5a9cbf4de8b027d4af3b (host: np0000005534) handling event "create" for row 13f30cb1-ec0b-477b-a61d-b048ff18cee3 (table: ACL) {{(pid=90656) notify /opt/stack/neutron/neutron/plugins/ml2/drivers/ovn/mech_driver/ovsdb/ovsdb_monitor.py:1009}}
Jul 21 05:57:18.149055 np0000005534 devstack@neutron-api.service[90658]: DEBUG neutron.plugins.ml2.drivers.ovn.mech_driver.ovsdb.ovsdb_monitor [None req-9d7168d2-477d-42a2-a3c7-e2b212785d89 None None] Hash Ring: Node 34a9161cdf995a3ab8e0db77f58c68ec (host: np0000005534) handling event "create" for row 9befb7e8-bcaa-4b84-9fb1-f94d8befaa5e (table: Port_Group) {{(pid=90658) notify /opt/stack/neutron/neutron/plugins/ml2/drivers/ovn/mech_driver/ovsdb/ovsdb_monitor.py:1009}}
Jul 21 05:57:18.149168 np0000005534 devstack@neutron-api.service[90656]: DEBUG neutron.plugins.ml2.drivers.ovn.mech_driver.ovsdb.ovsdb_monitor [None req-ae0f5cf5-6910-46c7-a9b8-cc03c040937e None None] Touching Hash Ring node "e5c036a03c2e5a9cbf4de8b027d4af3b" from IDL notify handler {{(pid=90656) notify /opt/stack/neutron/neutron/plugins/ml2/drivers/ovn/mech_driver/ovsdb/ovsdb_monitor.py:1001}}
Jul 21 05:57:18.149628 np0000005534 devstack@neutron-api.service[90659]: DEBUG neutron.plugins.ml2.drivers.ovn.mech_driver.ovsdb.ovsdb_monitor [None req-c2601c91-c8c6-46e2-9b1d-be656e22b150 None None] Hash Ring: Node 2ab6d7bb6a355a85a3720d9a33bae38e (host: np0000005534) handling event "create" for row 82dcbb14-8116-46a5-8491-ef71122d8f18 (table: ACL) {{(pid=90659) notify /opt/stack/neutron/neutron/plugins/ml2/drivers/ovn/mech_driver/ovsdb/ovsdb_monitor.py:1009}}
Jul 21 05:57:18.151131 np0000005534 devstack@neutron-api.service[90656]: DEBUG neutron.plugins.ml2.drivers.ovn.mech_driver.ovsdb.ovsdb_monitor [None req-ae0f5cf5-6910-46c7-a9b8-cc03c040937e None None] Hash Ring: Node e5c036a03c2e5a9cbf4de8b027d4af3b (host: np0000005534) handling event "create" for row d24a5339-738b-471a-aa6a-5bbe453e5fc5 (table: ACL) {{(pid=90656) notify /opt/stack/neutron/neutron/plugins/ml2/drivers/ovn/mech_driver/ovsdb/ovsdb_monitor.py:1009}}
Jul 21 05:57:18.169753 np0000005534 devstack@neutron-api.service[90659]: INFO neutron.db.ovn_revision_numbers_db [None req-5e4b9a5e-8b63-42d8-bbd0-2b5e19e117ee admin admin] Successfully bumped revision number for resource 22ab4c52-9c2b-4dd8-9f47-c53a5f00c4a0 (type: security_groups) to 1
Jul 21 05:57:18.183111 np0000005534 devstack@neutron-api.service[90659]: INFO neutron.db.ovn_revision_numbers_db [None req-5e4b9a5e-8b63-42d8-bbd0-2b5e19e117ee admin admin] Successfully bumped revision number for resource 00baa52a-7143-4e94-9410-c7c5c5d48276 (type: security_group_rules) to 0
Jul 21 05:57:18.192581 np0000005534 devstack@neutron-api.service[90659]: INFO neutron.db.ovn_revision_numbers_db [None req-5e4b9a5e-8b63-42d8-bbd0-2b5e19e117ee admin admin] Successfully bumped revision number for resource 0134f6f8-6f08-49c4-a842-f44d0a073bc7 (type: security_group_rules) to 0
Jul 21 05:57:18.201398 np0000005534 devstack@neutron-api.service[90659]: INFO neutron.db.ovn_revision_numbers_db [None req-5e4b9a5e-8b63-42d8-bbd0-2b5e19e117ee admin admin] Successfully bumped revision number for resource 837d7f6f-5700-41eb-8345-c8cd2849317e (type: security_group_rules) to 0
Jul 21 05:57:18.211750 np0000005534 devstack@neutron-api.service[90659]: INFO neutron.db.ovn_revision_numbers_db [None req-5e4b9a5e-8b63-42d8-bbd0-2b5e19e117ee admin admin] Successfully bumped revision number for resource b571cf9f-04a5-4329-be35-27a48d0499ce (type: security_group_rules) to 0
Jul 21 05:57:18.230265 np0000005534 devstack@neutron-api.service[90659]: DEBUG neutron.api.rpc.handlers.resources_rpc [None req-5e4b9a5e-8b63-42d8-bbd0-2b5e19e117ee admin admin] Pushing event updated for resources: {'SecurityGroup': ['ID=22ab4c52-9c2b-4dd8-9f47-c53a5f00c4a0,revision_number=1']} {{(pid=90659) push /opt/stack/neutron/neutron/api/rpc/handlers/resources_rpc.py:237}}
Jul 21 05:57:18.235196 np0000005534 devstack@neutron-api.service[90659]: DEBUG neutron.api.rpc.callbacks.version_manager [None req-5e4b9a5e-8b63-42d8-bbd0-2b5e19e117ee admin admin] Tracked resource versions report:
Jul 21 05:57:18.235196 np0000005534 devstack@neutron-api.service[90659]: pushed versions:
Jul 21 05:57:18.235196 np0000005534 devstack@neutron-api.service[90659]: { 'AddressGroup': {'1.2'},
Jul 21 05:57:18.235196 np0000005534 devstack@neutron-api.service[90659]: 'Agent': {'1.1'},
Jul 21 05:57:18.235196 np0000005534 devstack@neutron-api.service[90659]: 'ConntrackHelper': {'1.0'},
Jul 21 05:57:18.235196 np0000005534 devstack@neutron-api.service[90659]: 'LocalIPAssociation': {'1.0'},
Jul 21 05:57:18.235196 np0000005534 devstack@neutron-api.service[90659]: 'Log': {'1.0'},
Jul 21 05:57:18.235196 np0000005534 devstack@neutron-api.service[90659]: 'NDPProxy': {'1.0'},
Jul 21 05:57:18.235196 np0000005534 devstack@neutron-api.service[90659]: 'Network': {'1.3'},
Jul 21 05:57:18.235196 np0000005534 devstack@neutron-api.service[90659]: 'Port': {'1.11'},
Jul 21 05:57:18.235196 np0000005534 devstack@neutron-api.service[90659]: 'PortForwarding': {'1.3'},
Jul 21 05:57:18.235196 np0000005534 devstack@neutron-api.service[90659]: 'QosPolicy': {'1.10'},
Jul 21 05:57:18.235196 np0000005534 devstack@neutron-api.service[90659]: 'SecurityGroup': {'1.6'},
Jul 21 05:57:18.235196 np0000005534 devstack@neutron-api.service[90659]: 'SecurityGroupRule': {'1.3'},
Jul 21 05:57:18.235196 np0000005534 devstack@neutron-api.service[90659]: 'SubPort': {'1.0'},
Jul 21 05:57:18.235196 np0000005534 devstack@neutron-api.service[90659]: 'Subnet': {'1.2'},
Jul 21 05:57:18.235196 np0000005534 devstack@neutron-api.service[90659]: 'Trunk': {'1.1'}}
Jul 21 05:57:18.235196 np0000005534 devstack@neutron-api.service[90659]: consumer versions:
Jul 21 05:57:18.235196 np0000005534 devstack@neutron-api.service[90659]: { OVN Controller Gateway agent@np0000005534: {},
Jul 21 05:57:18.235196 np0000005534 devstack@neutron-api.service[90659]: OVN Neutron agent@np0000005534: {}}
Jul 21 05:57:18.235196 np0000005534 devstack@neutron-api.service[90659]: {{(pid=90659) report /opt/stack/neutron/neutron/api/rpc/callbacks/version_manager.py:183}}
Jul 21 05:57:18.252292 np0000005534 devstack@neutron-api.service[90659]: [pid: 90659|app: 0|req: 12/42] 10.4.3.164 () {66 vars in 1389 bytes} [Tue Jul 21 05:57:17 2026] GET /networking/v2.0/security-groups?project_id=d853f5f0cfed4dfc8de9fc0248615884&name=default => generated 2921 bytes in 417 msecs (HTTP/1.1 200) 4 headers in 158 bytes (1 switches on core 0)
Jul 21 05:57:18.316516 np0000005534 devstack@neutron-api.service[90658]: DEBUG neutron_lib.callbacks.manager [None req-bb9c6f4e-ae61-4b24-807b-b1fa336b0c70 admin admin] Publish callbacks [] for security_group (22ab4c52-9c2b-4dd8-9f47-c53a5f00c4a0), before_delete {{(pid=90658) _notify_loop /opt/stack/data/venv/lib/python3.12/site-packages/neutron_lib/callbacks/manager.py:184}}
Jul 21 05:57:18.333374 np0000005534 devstack@neutron-api.service[90658]: DEBUG neutron_lib.callbacks.manager [None req-bb9c6f4e-ae61-4b24-807b-b1fa336b0c70 admin admin] Publish callbacks ['neutron.plugins.ml2.drivers.ovn.mech_driver.mech_driver.OVNMechanismDriver._delete_security_group_precommit-219330'] for security_group (22ab4c52-9c2b-4dd8-9f47-c53a5f00c4a0), precommit_delete {{(pid=90658) _notify_loop /opt/stack/data/venv/lib/python3.12/site-packages/neutron_lib/callbacks/manager.py:184}}
