May 12 21:32:00.783762 np0000000645 nova-scheduler[95597]: DEBUG cotyledon.oslo_config_glue [-] oslo_messaging_notifications.topics = ['notifications'] {{(pid=95597) log_opt_values /opt/stack/data/venv/lib/python3.12/site-packages/oslo_config/cfg.py:3006}}
May 12 21:32:00.783762 np0000000645 nova-scheduler[95597]: DEBUG cotyledon.oslo_config_glue [-] oslo_messaging_notifications.transport_url = **** {{(pid=95597) log_opt_values /opt/stack/data/venv/lib/python3.12/site-packages/oslo_config/cfg.py:3006}}
May 12 21:32:00.783762 np0000000645 nova-scheduler[95597]: DEBUG cotyledon.oslo_config_glue [-] oslo_limit.auth_section = None {{(pid=95597) log_opt_values /opt/stack/data/venv/lib/python3.12/site-packages/oslo_config/cfg.py:3006}}
May 12 21:32:00.783762 np0000000645 nova-scheduler[95597]: DEBUG cotyledon.oslo_config_glue [-] oslo_limit.auth_type = None {{(pid=95597) log_opt_values /opt/stack/data/venv/lib/python3.12/site-packages/oslo_config/cfg.py:3006}}
May 12 21:32:00.783762 np0000000645 nova-scheduler[95597]: DEBUG cotyledon.oslo_config_glue [-] oslo_limit.cafile = None {{(pid=95597) log_opt_values /opt/stack/data/venv/lib/python3.12/site-packages/oslo_config/cfg.py:3006}}
May 12 21:32:00.783762 np0000000645 nova-scheduler[95597]: DEBUG cotyledon.oslo_config_glue [-] oslo_limit.certfile = None {{(pid=95597) log_opt_values /opt/stack/data/venv/lib/python3.12/site-packages/oslo_config/cfg.py:3006}}
May 12 21:32:00.783999 np0000000645 nova-scheduler[95597]: DEBUG cotyledon.oslo_config_glue [-] oslo_limit.collect_timing = False {{(pid=95597) log_opt_values /opt/stack/data/venv/lib/python3.12/site-packages/oslo_config/cfg.py:3006}}
May 12 21:32:00.783999 np0000000645 nova-scheduler[95597]: DEBUG cotyledon.oslo_config_glue [-] oslo_limit.connect_retries = None {{(pid=95597) log_opt_values /opt/stack/data/venv/lib/python3.12/site-packages/oslo_config/cfg.py:3006}}
May 12 21:32:00.783999 np0000000645 nova-scheduler[95597]: DEBUG cotyledon.oslo_config_glue [-] oslo_limit.connect_retry_delay = None {{(pid=95597) log_opt_values /opt/stack/data/venv/lib/python3.12/site-packages/oslo_config/cfg.py:3006}}
May 12 21:32:00.783999 np0000000645 nova-scheduler[95597]: DEBUG cotyledon.oslo_config_glue [-] oslo_limit.endpoint_id = None {{(pid=95597) log_opt_values /opt/stack/data/venv/lib/python3.12/site-packages/oslo_config/cfg.py:3006}}
May 12 21:32:00.783999 np0000000645 nova-scheduler[95597]: DEBUG cotyledon.oslo_config_glue [-] oslo_limit.endpoint_interface = public {{(pid=95597) log_opt_values /opt/stack/data/venv/lib/python3.12/site-packages/oslo_config/cfg.py:3006}}
May 12 21:32:00.783999 np0000000645 nova-scheduler[95597]: DEBUG cotyledon.oslo_config_glue [-] oslo_limit.endpoint_override = None {{(pid=95597) log_opt_values /opt/stack/data/venv/lib/python3.12/site-packages/oslo_config/cfg.py:3006}}
May 12 21:32:00.783999 np0000000645 nova-scheduler[95597]: DEBUG cotyledon.oslo_config_glue [-] oslo_limit.endpoint_region_name = None {{(pid=95597) log_opt_values /opt/stack/data/venv/lib/python3.12/site-packages/oslo_config/cfg.py:3006}}
May 12 21:32:00.783999 np0000000645 nova-scheduler[95597]: DEBUG cotyledon.oslo_config_glue [-] oslo_limit.endpoint_service_name = None {{(pid=95597) log_opt_values /opt/stack/data/venv/lib/python3.12/site-packages/oslo_config/cfg.py:3006}}
May 12 21:32:00.783999 np0000000645 nova-scheduler[95597]: DEBUG cotyledon.oslo_config_glue [-] oslo_limit.endpoint_service_type = None {{(pid=95597) log_opt_values /opt/stack/data/venv/lib/python3.12/site-packages/oslo_config/cfg.py:3006}}
May 12 21:32:00.784178 np0000000645 nova-scheduler[95597]: DEBUG cotyledon.oslo_config_glue [-] oslo_limit.insecure = False {{(pid=95597) log_opt_values /opt/stack/data/venv/lib/python3.12/site-packages/oslo_config/cfg.py:3006}}
May 12 21:32:00.784178 np0000000645 nova-scheduler[95597]: DEBUG cotyledon.oslo_config_glue [-] oslo_limit.keyfile = None {{(pid=95597) log_opt_values /opt/stack/data/venv/lib/python3.12/site-packages/oslo_config/cfg.py:3006}}
May 12 21:32:00.784178 np0000000645 nova-scheduler[95597]: DEBUG cotyledon.oslo_config_glue [-] oslo_limit.max_version = None {{(pid=95597) log_opt_values /opt/stack/data/venv/lib/python3.12/site-packages/oslo_config/cfg.py:3006}}
May 12 21:32:00.784178 np0000000645 nova-scheduler[95597]: DEBUG cotyledon.oslo_config_glue [-] oslo_limit.min_version = None {{(pid=95597) log_opt_values /opt/stack/data/venv/lib/python3.12/site-packages/oslo_config/cfg.py:3006}}
May 12 21:32:00.784178 np0000000645 nova-scheduler[95597]: DEBUG cotyledon.oslo_config_glue [-] oslo_limit.region_name = None {{(pid=95597) log_opt_values /opt/stack/data/venv/lib/python3.12/site-packages/oslo_config/cfg.py:3006}}
May 12 21:32:00.784178 np0000000645 nova-scheduler[95597]: DEBUG cotyledon.oslo_config_glue [-] oslo_limit.retriable_status_codes = None {{(pid=95597) log_opt_values /opt/stack/data/venv/lib/python3.12/site-packages/oslo_config/cfg.py:3006}}
May 12 21:32:00.784178 np0000000645 nova-scheduler[95597]: DEBUG cotyledon.oslo_config_glue [-] oslo_limit.service_name = None {{(pid=95597) log_opt_values /opt/stack/data/venv/lib/python3.12/site-packages/oslo_config/cfg.py:3006}}
May 12 21:32:00.784178 np0000000645 nova-scheduler[95597]: DEBUG cotyledon.oslo_config_glue [-] oslo_limit.service_type = None {{(pid=95597) log_opt_values /opt/stack/data/venv/lib/python3.12/site-packages/oslo_config/cfg.py:3006}}
May 12 21:32:00.784178 np0000000645 nova-scheduler[95597]: DEBUG cotyledon.oslo_config_glue [-] oslo_limit.split_loggers = False {{(pid=95597) log_opt_values /opt/stack/data/venv/lib/python3.12/site-packages/oslo_config/cfg.py:3006}}
May 12 21:32:00.784343 np0000000645 nova-scheduler[95597]: DEBUG cotyledon.oslo_config_glue [-] oslo_limit.status_code_retries = None {{(pid=95597) log_opt_values /opt/stack/data/venv/lib/python3.12/site-packages/oslo_config/cfg.py:3006}}
May 12 21:32:00.784343 np0000000645 nova-scheduler[95597]: DEBUG cotyledon.oslo_config_glue [-] oslo_limit.status_code_retry_delay = None {{(pid=95597) log_opt_values /opt/stack/data/venv/lib/python3.12/site-packages/oslo_config/cfg.py:3006}}
May 12 21:32:00.784343 np0000000645 nova-scheduler[95597]: DEBUG cotyledon.oslo_config_glue [-] oslo_limit.timeout = None {{(pid=95597) log_opt_values /opt/stack/data/venv/lib/python3.12/site-packages/oslo_config/cfg.py:3006}}
May 12 21:32:00.784343 np0000000645 nova-scheduler[95597]: DEBUG cotyledon.oslo_config_glue [-] oslo_limit.valid_interfaces = None {{(pid=95597) log_opt_values /opt/stack/data/venv/lib/python3.12/site-packages/oslo_config/cfg.py:3006}}
May 12 21:32:00.784343 np0000000645 nova-scheduler[95597]: DEBUG cotyledon.oslo_config_glue [-] oslo_limit.version = None {{(pid=95597) log_opt_values /opt/stack/data/venv/lib/python3.12/site-packages/oslo_config/cfg.py:3006}}
May 12 21:32:00.784343 np0000000645 nova-scheduler[95597]: DEBUG cotyledon.oslo_config_glue [-] oslo_reports.file_event_handler = None {{(pid=95597) log_opt_values /opt/stack/data/venv/lib/python3.12/site-packages/oslo_config/cfg.py:3006}}
May 12 21:32:00.784343 np0000000645 nova-scheduler[95597]: DEBUG cotyledon.oslo_config_glue [-] oslo_reports.file_event_handler_interval = 1 {{(pid=95597) log_opt_values /opt/stack/data/venv/lib/python3.12/site-packages/oslo_config/cfg.py:3006}}
May 12 21:32:00.784343 np0000000645 nova-scheduler[95597]: DEBUG cotyledon.oslo_config_glue [-] oslo_reports.log_dir = None {{(pid=95597) log_opt_values /opt/stack/data/venv/lib/python3.12/site-packages/oslo_config/cfg.py:3006}}
May 12 21:32:00.784343 np0000000645 nova-scheduler[95597]: DEBUG cotyledon.oslo_config_glue [-] ******************************************************************************** {{(pid=95597) log_opt_values /opt/stack/data/venv/lib/python3.12/site-packages/oslo_config/cfg.py:3013}}
May 12 21:32:00.784546 np0000000645 nova-scheduler[95597]: DEBUG cotyledon._service_worker [-] Run service ServiceWrapper(1) [95597] {{(pid=95597) wait_forever /opt/stack/data/venv/lib/python3.12/site-packages/cotyledon/_service_worker.py:218}}
May 12 21:32:00.784546 np0000000645 nova-scheduler[95597]: INFO nova.service [-] Starting scheduler node (version 33.1.0)
May 12 21:32:00.784588 np0000000645 nova-scheduler[95599]: INFO dbcounter [None req-e49cf554-97f7-4932-b5cb-9460ad91cc57 None None] Registered counter for database nova_cell0
May 12 21:32:00.784613 np0000000645 nova-scheduler[95597]: INFO dbcounter [None req-74f25327-6f99-409c-ad9f-f574f50037c3 None None] Registered counter for database nova_cell0
May 12 21:32:00.784636 np0000000645 nova-scheduler[95595]: DEBUG nova.service [None req-d671598f-b93b-48be-ac3a-8c4514cb71c4 None None] Creating RPC server for service: nova-scheduler on topic: scheduler {{(pid=95595) start /opt/stack/nova/nova/service.py:195}}
May 12 21:32:00.791921 np0000000645 nova-scheduler[95599]: DEBUG oslo_db.sqlalchemy.engines [None req-e49cf554-97f7-4932-b5cb-9460ad91cc57 None None] MySQL server mode set to STRICT_TRANS_TABLES,STRICT_ALL_TABLES,NO_ZERO_IN_DATE,NO_ZERO_DATE,ERROR_FOR_DIVISION_BY_ZERO,TRADITIONAL,NO_ENGINE_SUBSTITUTION {{(pid=95599) _check_effective_sql_mode /opt/stack/data/venv/lib/python3.12/site-packages/oslo_db/sqlalchemy/engines.py:325}}
May 12 21:32:00.792943 np0000000645 nova-scheduler[95597]: DEBUG oslo_db.sqlalchemy.engines [None req-74f25327-6f99-409c-ad9f-f574f50037c3 None None] MySQL server mode set to STRICT_TRANS_TABLES,STRICT_ALL_TABLES,NO_ZERO_IN_DATE,NO_ZERO_DATE,ERROR_FOR_DIVISION_BY_ZERO,TRADITIONAL,NO_ENGINE_SUBSTITUTION {{(pid=95597) _check_effective_sql_mode /opt/stack/data/venv/lib/python3.12/site-packages/oslo_db/sqlalchemy/engines.py:325}}
May 12 21:32:00.800336 np0000000645 nova-scheduler[95599]: DEBUG dbcounter [-] [95599] Writer thread running {{(pid=95599) stat_writer /opt/stack/data/venv/lib/python3.12/site-packages/dbcounter.py:102}}
May 12 21:32:00.801315 np0000000645 nova-scheduler[95597]: DEBUG dbcounter [-] [95597] Writer thread running {{(pid=95597) stat_writer /opt/stack/data/venv/lib/python3.12/site-packages/dbcounter.py:102}}
May 12 21:32:00.802821 np0000000645 nova-scheduler[95599]: DEBUG nova.service [None req-e49cf554-97f7-4932-b5cb-9460ad91cc57 None None] Creating RPC server for service: nova-scheduler on topic: scheduler {{(pid=95599) start /opt/stack/nova/nova/service.py:195}}
May 12 21:32:00.803808 np0000000645 nova-scheduler[95597]: DEBUG nova.service [None req-74f25327-6f99-409c-ad9f-f574f50037c3 None None] Creating RPC server for service: nova-scheduler on topic: scheduler {{(pid=95597) start /opt/stack/nova/nova/service.py:195}}
May 12 21:32:00.832070 np0000000645 nova-scheduler[95595]: DEBUG nova.service [None req-d671598f-b93b-48be-ac3a-8c4514cb71c4 None None] Join ServiceGroup membership for this service scheduler {{(pid=95595) start /opt/stack/nova/nova/service.py:221}}
May 12 21:32:00.832764 np0000000645 nova-scheduler[95595]: DEBUG nova.servicegroup.drivers.db [None req-d671598f-b93b-48be-ac3a-8c4514cb71c4 None None] DB_Driver: join new ServiceGroup member np0000000645 to the scheduler group, service = {{(pid=95595) join /opt/stack/nova/nova/servicegroup/drivers/db.py:44}}
May 12 21:32:00.840032 np0000000645 nova-scheduler[95599]: DEBUG nova.service [None req-e49cf554-97f7-4932-b5cb-9460ad91cc57 None None] Join ServiceGroup membership for this service scheduler {{(pid=95599) start /opt/stack/nova/nova/service.py:221}}
May 12 21:32:00.840473 np0000000645 nova-scheduler[95599]: DEBUG nova.servicegroup.drivers.db [None req-e49cf554-97f7-4932-b5cb-9460ad91cc57 None None] DB_Driver: join new ServiceGroup member np0000000645 to the scheduler group, service = {{(pid=95599) join /opt/stack/nova/nova/servicegroup/drivers/db.py:44}}
May 12 21:32:00.841274 np0000000645 nova-scheduler[95597]: DEBUG nova.service [None req-74f25327-6f99-409c-ad9f-f574f50037c3 None None] Join ServiceGroup membership for this service scheduler {{(pid=95597) start /opt/stack/nova/nova/service.py:221}}
May 12 21:32:00.841447 np0000000645 nova-scheduler[95597]: DEBUG nova.servicegroup.drivers.db [None req-74f25327-6f99-409c-ad9f-f574f50037c3 None None] DB_Driver: join new ServiceGroup member np0000000645 to the scheduler group, service = {{(pid=95597) join /opt/stack/nova/nova/servicegroup/drivers/db.py:44}}
May 12 21:32:05.844679 np0000000645 nova-scheduler[95595]: DEBUG oslo.service.backend._threading.loopingcall [-] Fixed interval looping call 'nova.servicegroup.drivers.db.DbDriver._report_state' sleeping for 119.99 seconds {{(pid=95595) _run_loop /opt/stack/data/venv/lib/python3.12/site-packages/oslo_service/backend/_threading/loopingcall.py:125}}
May 12 21:32:05.851460 np0000000645 nova-scheduler[95599]: DEBUG oslo.service.backend._threading.loopingcall [-] Fixed interval looping call 'nova.servicegroup.drivers.db.DbDriver._report_state' sleeping for 119.99 seconds {{(pid=95599) _run_loop /opt/stack/data/venv/lib/python3.12/site-packages/oslo_service/backend/_threading/loopingcall.py:125}}
May 12 21:32:05.853462 np0000000645 nova-scheduler[95597]: DEBUG oslo.service.backend._threading.loopingcall [-] Fixed interval looping call 'nova.servicegroup.drivers.db.DbDriver._report_state' sleeping for 119.99 seconds {{(pid=95597) _run_loop /opt/stack/data/venv/lib/python3.12/site-packages/oslo_service/backend/_threading/loopingcall.py:125}}
May 12 21:32:09.451956 np0000000645 nova-scheduler[94396]: DEBUG dbcounter [-] [94396] Writing DB stats nova_api:SELECT=3 {{(pid=94396) stat_writer /opt/stack/data/venv/lib/python3.12/site-packages/dbcounter.py:115}}
May 12 21:32:09.544337 np0000000645 nova-scheduler[94396]: DEBUG dbcounter [-] [94396] Writing DB stats nova_cell0:SELECT=1 {{(pid=94396) stat_writer /opt/stack/data/venv/lib/python3.12/site-packages/dbcounter.py:115}}
May 12 21:32:09.556315 np0000000645 nova-scheduler[94396]: DEBUG dbcounter [-] [94396] Writing DB stats nova_cell1:SELECT=1 {{(pid=94396) stat_writer /opt/stack/data/venv/lib/python3.12/site-packages/dbcounter.py:115}}
May 12 21:32:15.840330 np0000000645 nova-scheduler[95595]: DEBUG dbcounter [-] [95595] Writing DB stats nova_cell0:SELECT=4,nova_cell0:INSERT=1,nova_cell0:UPDATE=1 {{(pid=95595) stat_writer /opt/stack/data/venv/lib/python3.12/site-packages/dbcounter.py:115}}
May 12 21:32:15.848530 np0000000645 nova-scheduler[95599]: DEBUG dbcounter [-] [95599] Writing DB stats nova_cell0:SELECT=3 {{(pid=95599) stat_writer /opt/stack/data/venv/lib/python3.12/site-packages/dbcounter.py:115}}
May 12 21:32:15.851104 np0000000645 nova-scheduler[95597]: DEBUG dbcounter [-] [95597] Writing DB stats nova_cell0:SELECT=3 {{(pid=95597) stat_writer /opt/stack/data/venv/lib/python3.12/site-packages/dbcounter.py:115}}
May 12 21:32:32.843324 np0000000645 nova-scheduler[95597]: DEBUG oslo.service.backend._threading.loopingcall [None req-8951ff2e-cdcf-4be6-b164-7a490c40d4c9 None None] Dynamic interval looping call 'nova.service.Service.periodic_tasks' sleeping for 60.00 seconds {{(pid=95597) _run_loop /opt/stack/data/venv/lib/python3.12/site-packages/oslo_service/backend/_threading/loopingcall.py:125}}
May 12 21:32:35.842959 np0000000645 nova-scheduler[95599]: DEBUG oslo.service.backend._threading.loopingcall [None req-05b7eba0-6f78-4ab0-993a-e42019e68617 None None] Dynamic interval looping call 'nova.service.Service.periodic_tasks' sleeping for 60.00 seconds {{(pid=95599) _run_loop /opt/stack/data/venv/lib/python3.12/site-packages/oslo_service/backend/_threading/loopingcall.py:125}}
May 12 21:33:00.834721 np0000000645 nova-scheduler[95595]: DEBUG oslo.service.backend._threading.loopingcall [None req-e6b27bf0-6bf6-4b33-a0eb-1d7ad2441b6c None None] Dynamic interval looping call 'nova.service.Service.periodic_tasks' sleeping for 60.00 seconds {{(pid=95595) _run_loop /opt/stack/data/venv/lib/python3.12/site-packages/oslo_service/backend/_threading/loopingcall.py:125}}
May 12 21:33:32.843749 np0000000645 nova-scheduler[95597]: DEBUG oslo.service.backend._threading.loopingcall [None req-8951ff2e-cdcf-4be6-b164-7a490c40d4c9 None None] Dynamic interval looping call 'nova.service.Service.periodic_tasks' sleeping for 60.00 seconds {{(pid=95597) _run_loop /opt/stack/data/venv/lib/python3.12/site-packages/oslo_service/backend/_threading/loopingcall.py:125}}
May 12 21:33:35.843590 np0000000645 nova-scheduler[95599]: DEBUG oslo.service.backend._threading.loopingcall [None req-05b7eba0-6f78-4ab0-993a-e42019e68617 None None] Dynamic interval looping call 'nova.service.Service.periodic_tasks' sleeping for 60.00 seconds {{(pid=95599) _run_loop /opt/stack/data/venv/lib/python3.12/site-packages/oslo_service/backend/_threading/loopingcall.py:125}}
May 12 21:34:00.835211 np0000000645 nova-scheduler[95595]: DEBUG oslo.service.backend._threading.loopingcall [None req-e6b27bf0-6bf6-4b33-a0eb-1d7ad2441b6c None None] Dynamic interval looping call 'nova.service.Service.periodic_tasks' sleeping for 60.00 seconds {{(pid=95595) _run_loop /opt/stack/data/venv/lib/python3.12/site-packages/oslo_service/backend/_threading/loopingcall.py:125}}
May 12 21:34:05.839670 np0000000645 nova-scheduler[95595]: DEBUG oslo.service.backend._threading.loopingcall [-] Fixed interval looping call 'nova.servicegroup.drivers.db.DbDriver._report_state' sleeping for 120.00 seconds {{(pid=95595) _run_loop /opt/stack/data/venv/lib/python3.12/site-packages/oslo_service/backend/_threading/loopingcall.py:125}}
May 12 21:34:05.845103 np0000000645 nova-scheduler[95599]: DEBUG oslo.service.backend._threading.loopingcall [-] Fixed interval looping call 'nova.servicegroup.drivers.db.DbDriver._report_state' sleeping for 120.00 seconds {{(pid=95599) _run_loop /opt/stack/data/venv/lib/python3.12/site-packages/oslo_service/backend/_threading/loopingcall.py:125}}
May 12 21:34:05.846783 np0000000645 nova-scheduler[95597]: DEBUG oslo.service.backend._threading.loopingcall [-] Fixed interval looping call 'nova.servicegroup.drivers.db.DbDriver._report_state' sleeping for 120.00 seconds {{(pid=95597) _run_loop /opt/stack/data/venv/lib/python3.12/site-packages/oslo_service/backend/_threading/loopingcall.py:125}}
May 12 21:34:15.837511 np0000000645 nova-scheduler[95595]: DEBUG dbcounter [-] [95595] Writing DB stats nova_cell0:SELECT=1,nova_cell0:UPDATE=1 {{(pid=95595) stat_writer /opt/stack/data/venv/lib/python3.12/site-packages/dbcounter.py:115}}
May 12 21:34:15.843516 np0000000645 nova-scheduler[95599]: DEBUG dbcounter [-] [95599] Writing DB stats nova_cell0:SELECT=1 {{(pid=95599) stat_writer /opt/stack/data/venv/lib/python3.12/site-packages/dbcounter.py:115}}
May 12 21:34:15.845243 np0000000645 nova-scheduler[95597]: DEBUG dbcounter [-] [95597] Writing DB stats nova_cell0:SELECT=1 {{(pid=95597) stat_writer /opt/stack/data/venv/lib/python3.12/site-packages/dbcounter.py:115}}
May 12 21:34:32.844324 np0000000645 nova-scheduler[95597]: DEBUG oslo.service.backend._threading.loopingcall [None req-8951ff2e-cdcf-4be6-b164-7a490c40d4c9 None None] Dynamic interval looping call 'nova.service.Service.periodic_tasks' sleeping for 60.00 seconds {{(pid=95597) _run_loop /opt/stack/data/venv/lib/python3.12/site-packages/oslo_service/backend/_threading/loopingcall.py:125}}
May 12 21:34:35.844045 np0000000645 nova-scheduler[95599]: DEBUG oslo.service.backend._threading.loopingcall [None req-05b7eba0-6f78-4ab0-993a-e42019e68617 None None] Dynamic interval looping call 'nova.service.Service.periodic_tasks' sleeping for 60.00 seconds {{(pid=95599) _run_loop /opt/stack/data/venv/lib/python3.12/site-packages/oslo_service/backend/_threading/loopingcall.py:125}}
May 12 21:34:59.693920 np0000000645 nova-scheduler[95595]: DEBUG nova.scheduler.manager [None req-4872906f-6cef-401d-a15f-89b310e60ad8 tempest-ServerBootFromVolumeStableRescueTest-513831744 tempest-ServerBootFromVolumeStableRescueTest-513831744-project-member] Starting to schedule for instances: ['d72d5669-9ed0-4429-9143-88b8371883ec'] {{(pid=95595) select_destinations /opt/stack/nova/nova/scheduler/manager.py:210}}
May 12 21:34:59.694296 np0000000645 nova-scheduler[95595]: DEBUG nova.scheduler.request_filter [None req-4872906f-6cef-401d-a15f-89b310e60ad8 tempest-ServerBootFromVolumeStableRescueTest-513831744 tempest-ServerBootFromVolumeStableRescueTest-513831744-project-member] compute_status_filter request filter added forbidden trait COMPUTE_STATUS_DISABLED {{(pid=95595) compute_status_filter /opt/stack/nova/nova/scheduler/request_filter.py:253}}
May 12 21:34:59.694442 np0000000645 nova-scheduler[95595]: DEBUG nova.scheduler.request_filter [None req-4872906f-6cef-401d-a15f-89b310e60ad8 tempest-ServerBootFromVolumeStableRescueTest-513831744 tempest-ServerBootFromVolumeStableRescueTest-513831744-project-member] Request filter 'compute_status_filter' took 0.0 seconds {{(pid=95595) wrapper /opt/stack/nova/nova/scheduler/request_filter.py:46}}
May 12 21:34:59.694585 np0000000645 nova-scheduler[95595]: DEBUG nova.scheduler.request_filter [None req-4872906f-6cef-401d-a15f-89b310e60ad8 tempest-ServerBootFromVolumeStableRescueTest-513831744 tempest-ServerBootFromVolumeStableRescueTest-513831744-project-member] Request filter 'accelerators_filter' took 0.0 seconds {{(pid=95595) wrapper /opt/stack/nova/nova/scheduler/request_filter.py:46}}
May 12 21:34:59.695003 np0000000645 nova-scheduler[95595]: DEBUG nova.scheduler.request_filter [None req-4872906f-6cef-401d-a15f-89b310e60ad8 tempest-ServerBootFromVolumeStableRescueTest-513831744 tempest-ServerBootFromVolumeStableRescueTest-513831744-project-member] Request filter 'packed_virtqueue_filter' took 0.0 seconds {{(pid=95595) wrapper /opt/stack/nova/nova/scheduler/request_filter.py:46}}
May 12 21:34:59.700669 np0000000645 nova-scheduler[95595]: DEBUG nova.scheduler.request_filter [None req-4872906f-6cef-401d-a15f-89b310e60ad8 tempest-ServerBootFromVolumeStableRescueTest-513831744 tempest-ServerBootFromVolumeStableRescueTest-513831744-project-member] Request filter 'remote_managed_ports_filter' took 0.0 seconds {{(pid=95595) wrapper /opt/stack/nova/nova/scheduler/request_filter.py:46}}
May 12 21:34:59.700669 np0000000645 nova-scheduler[95595]: DEBUG nova.scheduler.request_filter [None req-4872906f-6cef-401d-a15f-89b310e60ad8 tempest-ServerBootFromVolumeStableRescueTest-513831744 tempest-ServerBootFromVolumeStableRescueTest-513831744-project-member] ephemeral_encryption_filter skipped {{(pid=95595) ephemeral_encryption_filter /opt/stack/nova/nova/scheduler/request_filter.py:426}}
May 12 21:34:59.700978 np0000000645 nova-scheduler[95595]: DEBUG nova.scheduler.request_filter [None req-4872906f-6cef-401d-a15f-89b310e60ad8 tempest-ServerBootFromVolumeStableRescueTest-513831744 tempest-ServerBootFromVolumeStableRescueTest-513831744-project-member] virtio_sound_filter skipped {{(pid=95595) virtio_sound_filter /opt/stack/nova/nova/scheduler/request_filter.py:460}}
May 12 21:34:59.701143 np0000000645 nova-scheduler[95595]: DEBUG nova.scheduler.request_filter [None req-4872906f-6cef-401d-a15f-89b310e60ad8 tempest-ServerBootFromVolumeStableRescueTest-513831744 tempest-ServerBootFromVolumeStableRescueTest-513831744-project-member] tpm_secret_security_filter skipped {{(pid=95595) tpm_secret_security_filter /opt/stack/nova/nova/scheduler/request_filter.py:477}}
May 12 21:35:00.144711 np0000000645 nova-scheduler[95595]: INFO nova.utils [None req-4872906f-6cef-401d-a15f-89b310e60ad8 tempest-ServerBootFromVolumeStableRescueTest-513831744 tempest-ServerBootFromVolumeStableRescueTest-513831744-project-member] The cell worker thread pool ForkProcess-1.cell_worker is initialized
May 12 21:35:00.145204 np0000000645 nova-scheduler[95595]: DEBUG oslo_concurrency.lockutils [None req-4872906f-6cef-401d-a15f-89b310e60ad8 tempest-ServerBootFromVolumeStableRescueTest-513831744 tempest-ServerBootFromVolumeStableRescueTest-513831744-project-member] Acquiring lock "c06f5db6-1960-4320-9168-7d701871f463" by "nova.context.set_target_cell..get_or_set_cached_cell_and_set_connections" {{(pid=95595) inner /opt/stack/data/venv/lib/python3.12/site-packages/oslo_concurrency/lockutils.py:506}}
May 12 21:35:00.145481 np0000000645 nova-scheduler[95595]: DEBUG oslo_concurrency.lockutils [None req-4872906f-6cef-401d-a15f-89b310e60ad8 tempest-ServerBootFromVolumeStableRescueTest-513831744 tempest-ServerBootFromVolumeStableRescueTest-513831744-project-member] Lock "c06f5db6-1960-4320-9168-7d701871f463" acquired by "nova.context.set_target_cell..get_or_set_cached_cell_and_set_connections" :: waited 0.000s {{(pid=95595) inner /opt/stack/data/venv/lib/python3.12/site-packages/oslo_concurrency/lockutils.py:519}}
May 12 21:35:00.147710 np0000000645 nova-scheduler[95595]: DEBUG oslo_concurrency.lockutils [None req-4872906f-6cef-401d-a15f-89b310e60ad8 tempest-ServerBootFromVolumeStableRescueTest-513831744 tempest-ServerBootFromVolumeStableRescueTest-513831744-project-member] Lock "c06f5db6-1960-4320-9168-7d701871f463" "released" by "nova.context.set_target_cell..get_or_set_cached_cell_and_set_connections" :: held 0.002s {{(pid=95595) inner /opt/stack/data/venv/lib/python3.12/site-packages/oslo_concurrency/lockutils.py:538}}
May 12 21:35:00.149202 np0000000645 nova-scheduler[95595]: INFO dbcounter [None req-4872906f-6cef-401d-a15f-89b310e60ad8 tempest-ServerBootFromVolumeStableRescueTest-513831744 tempest-ServerBootFromVolumeStableRescueTest-513831744-project-member] Registered counter for database nova_cell1
May 12 21:35:00.156156 np0000000645 nova-scheduler[95595]: DEBUG oslo_db.sqlalchemy.engines [None req-4872906f-6cef-401d-a15f-89b310e60ad8 tempest-ServerBootFromVolumeStableRescueTest-513831744 tempest-ServerBootFromVolumeStableRescueTest-513831744-project-member] MySQL server mode set to STRICT_TRANS_TABLES,STRICT_ALL_TABLES,NO_ZERO_IN_DATE,NO_ZERO_DATE,ERROR_FOR_DIVISION_BY_ZERO,TRADITIONAL,NO_ENGINE_SUBSTITUTION {{(pid=95595) _check_effective_sql_mode /opt/stack/data/venv/lib/python3.12/site-packages/oslo_db/sqlalchemy/engines.py:325}}
May 12 21:35:00.160466 np0000000645 nova-scheduler[95595]: DEBUG dbcounter [-] [95595] Writer thread running {{(pid=95595) stat_writer /opt/stack/data/venv/lib/python3.12/site-packages/dbcounter.py:102}}
May 12 21:35:00.172371 np0000000645 nova-scheduler[95595]: DEBUG oslo_db.sqlalchemy.engines [None req-4872906f-6cef-401d-a15f-89b310e60ad8 tempest-ServerBootFromVolumeStableRescueTest-513831744 tempest-ServerBootFromVolumeStableRescueTest-513831744-project-member] Parent process 94396 forked (95595) with an open database connection, which is being discarded and recreated. {{(pid=95595) checkout /opt/stack/data/venv/lib/python3.12/site-packages/oslo_db/sqlalchemy/engines.py:402}}
May 12 21:35:00.179210 np0000000645 nova-scheduler[95595]: DEBUG dbcounter [-] [95595] Writer thread running {{(pid=95595) stat_writer /opt/stack/data/venv/lib/python3.12/site-packages/dbcounter.py:102}}
May 12 21:35:00.182407 np0000000645 nova-scheduler[95595]: DEBUG oslo_concurrency.lockutils [None req-4872906f-6cef-401d-a15f-89b310e60ad8 tempest-ServerBootFromVolumeStableRescueTest-513831744 tempest-ServerBootFromVolumeStableRescueTest-513831744-project-member] Acquiring lock "c06f5db6-1960-4320-9168-7d701871f463" by "nova.context.set_target_cell..get_or_set_cached_cell_and_set_connections" {{(pid=95595) inner /opt/stack/data/venv/lib/python3.12/site-packages/oslo_concurrency/lockutils.py:506}}
May 12 21:35:00.182798 np0000000645 nova-scheduler[95595]: DEBUG oslo_concurrency.lockutils [None req-4872906f-6cef-401d-a15f-89b310e60ad8 tempest-ServerBootFromVolumeStableRescueTest-513831744 tempest-ServerBootFromVolumeStableRescueTest-513831744-project-member] Lock "c06f5db6-1960-4320-9168-7d701871f463" acquired by "nova.context.set_target_cell..get_or_set_cached_cell_and_set_connections" :: waited 0.000s {{(pid=95595) inner /opt/stack/data/venv/lib/python3.12/site-packages/oslo_concurrency/lockutils.py:519}}
May 12 21:35:00.183946 np0000000645 nova-scheduler[95595]: DEBUG oslo_concurrency.lockutils [None req-4872906f-6cef-401d-a15f-89b310e60ad8 tempest-ServerBootFromVolumeStableRescueTest-513831744 tempest-ServerBootFromVolumeStableRescueTest-513831744-project-member] Lock "c06f5db6-1960-4320-9168-7d701871f463" "released" by "nova.context.set_target_cell..get_or_set_cached_cell_and_set_connections" :: held 0.000s {{(pid=95595) inner /opt/stack/data/venv/lib/python3.12/site-packages/oslo_concurrency/lockutils.py:538}}
May 12 21:35:00.186935 np0000000645 nova-scheduler[95595]: DEBUG oslo_concurrency.lockutils [None req-4872906f-6cef-401d-a15f-89b310e60ad8 tempest-ServerBootFromVolumeStableRescueTest-513831744 tempest-ServerBootFromVolumeStableRescueTest-513831744-project-member] Acquiring lock "('np0000000645', 'np0000000645')" by "nova.scheduler.host_manager.HostState.update.._locked_update" {{(pid=95595) inner /opt/stack/data/venv/lib/python3.12/site-packages/oslo_concurrency/lockutils.py:506}}
May 12 21:35:00.187250 np0000000645 nova-scheduler[95595]: DEBUG oslo_concurrency.lockutils [None req-4872906f-6cef-401d-a15f-89b310e60ad8 tempest-ServerBootFromVolumeStableRescueTest-513831744 tempest-ServerBootFromVolumeStableRescueTest-513831744-project-member] Lock "('np0000000645', 'np0000000645')" acquired by "nova.scheduler.host_manager.HostState.update.._locked_update" :: waited 0.000s {{(pid=95595) inner /opt/stack/data/venv/lib/python3.12/site-packages/oslo_concurrency/lockutils.py:519}}
May 12 21:35:00.189859 np0000000645 nova-scheduler[95595]: DEBUG nova.scheduler.host_manager [None req-4872906f-6cef-401d-a15f-89b310e60ad8 tempest-ServerBootFromVolumeStableRescueTest-513831744 tempest-ServerBootFromVolumeStableRescueTest-513831744-project-member] Update host state from compute node: ComputeNode(cpu_allocation_ratio=4.0,cpu_info='{"arch": "x86_64", "model": "EPYC-Milan", "vendor": "AMD", "topology": {"cells": 1, "sockets": 12, "cores": 1, "threads": 1}, "maxphysaddr": {"mode": "emulate", "bits": 40}, "features": ["rdrand", "fpu", "pclmuldq", "pfthreshold", "pse36", "null-sel-clr-base", "clflush", "mmxext", "wbnoinvd", "sep", "npt", "avx2", "lm", "pku", "pause-filter", "fsgsbase", "cx8", "virt-ssbd", "avx", "abm", "hypervisor", "vme", "pge", "smap", "adx", "clwb", "v-vmsave-vmload", "perfctr_core", "vmcb-clean", "3dnowprefetch", "vaes", "rdctl-no", "sse4.2", "amd-ssbd", "pat", "osvw", "amd-stibp", "mce", "fxsr", "clzero", "misalignsse", "ibrs", "popcnt", "mds-no", "fsrm", "tsc_adjust", "tsc-deadline", "movbe", "fma", "topoext", "sha-ni", "syscall", "sse4.1", "xgetbv1", "xsaveopt", "cmov", "bmi2", "bmi1", "xsavec", "nrip-save", "xsaveerptr", "pcid", "amd-psfd", "pse", "ibpb", "nx", "fxsr_opt", "arch-capabilities", "stibp", "arat", "ssbd", "msr", "stibp-always-on", "rdtscp", "skip-l1dfl-vmentry", "xsave", "smep", "invpcid", "lfence-always-serializing", "ssse3", "xsaves", "pdpe1gb", "pni", "apic", "tsc-scale", "pschange-mc-no", "vpclmulqdq", "sse2", "pae", "spec-ctrl", "svme-addr-chk", "umip", "gds-no", "mmx", "mca", "rdseed", "aes", "de", "sse", "vgif", "cr8legacy", "f16c", "rdpid", "tsc", "sse4a", "x2apic", "flushbyasid", "erms", "lahf_lm", "cmp_legacy", "lbrv", "clflushopt", "cx16", "svm", "mtrr", "no-nested-data-bp"]}',created_at=2026-05-12T21:32:26Z,current_workload=0,deleted=False,deleted_at=None,disk_allocation_ratio=1.0,disk_available_least=74,free_disk_gb=95,free_ram_mb=23518,host='np0000000645',host_ip=10.4.3.109,hypervisor_hostname='np0000000645',hypervisor_type='QEMU',hypervisor_version=8002002,id=1,local_gb=95,local_gb_used=0,mapped=1,memory_mb=24030,memory_mb_used=512,metrics='[]',numa_topology='{"nova_object.name": "NUMATopology", "nova_object.namespace": "nova", "nova_object.version": "1.2", "nova_object.data": {"cells": [{"nova_object.name": "NUMACell", "nova_object.namespace": "nova", "nova_object.version": "1.5", "nova_object.data": {"id": 0, "cpuset": [0, 1, 2, 3, 4, 5, 6, 7, 8, 9, 10, 11], "pcpuset": [0, 1, 2, 3, 4, 5, 6, 7, 8, 9, 10, 11], "memory": 24030, "cpu_usage": 0, "memory_usage": 0, "pinned_cpus": [], "siblings": [[6], [2], [5], [11], [8], [4], [1], [7], [10], [0], [3], [9]], "mempages": [{"nova_object.name": "NUMAPagesTopology", "nova_object.namespace": "nova", "nova_object.version": "1.1", "nova_object.data": {"size_kb": 4, "total": 6151798, "used": 0, "reserved": 0}, "nova_object.changes": ["reserved", "size_kb", "total", "used"]}, {"nova_object.name": "NUMAPagesTopology", "nova_object.namespace": "nova", "nova_object.version": "1.1", "nova_object.data": {"size_kb": 2048, "total": 0, "used": 0, "reserved": 0}, "nova_object.changes": ["reserved", "size_kb", "total", "used"]}, {"nova_object.name": "NUMAPagesTopology", "nova_object.namespace": "nova", "nova_object.version": "1.1", "nova_object.data": {"size_kb": 1048576, "total": 0, "used": 0, "reserved": 0}, "nova_object.changes": ["reserved", "size_kb", "total", "used"]}], "network_metadata": {"nova_object.name": "NetworkMetadata", "nova_object.namespace": "nova", "nova_object.version": "1.0", "nova_object.data": {"physnets": [], "tunneled": false}, "nova_object.changes": ["physnets", "tunneled"]}, "socket": null}, "nova_object.changes": ["network_metadata", "cpuset", "memory", "pinned_cpus", "memory_usage", "siblings", "mempages", "pcpuset", "socket", "cpu_usage", "id"]}]}, "nova_object.changes": ["cells"]}',pci_device_pools=PciDevicePoolList,ram_allocation_ratio=1.0,running_vms=0,service_id=2,stats={failed_builds='0',uptime=' 21:34:11 up 28 min, 2 users, load average: 1.12, 1.39, 0.82
May 12 21:35:00.189859 np0000000645 nova-scheduler[95595]: '},supported_hv_specs=[HVSpec,HVSpec,HVSpec,HVSpec,HVSpec,HVSpec,HVSpec,HVSpec,HVSpec,HVSpec,HVSpec,HVSpec,HVSpec,HVSpec,HVSpec,HVSpec,HVSpec,HVSpec,HVSpec,HVSpec,HVSpec,HVSpec,HVSpec,HVSpec,HVSpec],updated_at=2026-05-12T21:34:14Z,uuid=249aedce-cff4-4ff2-9a4b-8e3fb12919c7,vcpus=12,vcpus_used=0) {{(pid=95595) _locked_update /opt/stack/nova/nova/scheduler/host_manager.py:168}}
May 12 21:35:00.189859 np0000000645 nova-scheduler[95595]: DEBUG nova.scheduler.host_manager [None req-4872906f-6cef-401d-a15f-89b310e60ad8 tempest-ServerBootFromVolumeStableRescueTest-513831744 tempest-ServerBootFromVolumeStableRescueTest-513831744-project-member] Update host state with aggregates: [] {{(pid=95595) _locked_update /opt/stack/nova/nova/scheduler/host_manager.py:171}}
May 12 21:35:00.189859 np0000000645 nova-scheduler[95595]: DEBUG nova.scheduler.host_manager [None req-4872906f-6cef-401d-a15f-89b310e60ad8 tempest-ServerBootFromVolumeStableRescueTest-513831744 tempest-ServerBootFromVolumeStableRescueTest-513831744-project-member] Update host state with service dict: {'id': 2, 'uuid': '96d78c7c-db2d-42bc-a704-a3f6c8295e68', 'host': 'np0000000645', 'binary': 'nova-compute', 'topic': 'compute', 'report_count': 2, 'disabled': False, 'disabled_reason': None, 'last_seen_up': datetime.datetime(2026, 5, 12, 21, 34, 34, tzinfo=datetime.timezone.utc), 'forced_down': False, 'version': 72, 'created_at': datetime.datetime(2026, 5, 12, 21, 32, 24, tzinfo=datetime.timezone.utc), 'updated_at': datetime.datetime(2026, 5, 12, 21, 34, 34, tzinfo=datetime.timezone.utc), 'deleted_at': None, 'deleted': False} {{(pid=95595) _locked_update /opt/stack/nova/nova/scheduler/host_manager.py:174}}
May 12 21:35:00.190396 np0000000645 nova-scheduler[95595]: DEBUG nova.scheduler.host_manager [None req-4872906f-6cef-401d-a15f-89b310e60ad8 tempest-ServerBootFromVolumeStableRescueTest-513831744 tempest-ServerBootFromVolumeStableRescueTest-513831744-project-member] Update host state with instances: [] {{(pid=95595) _locked_update /opt/stack/nova/nova/scheduler/host_manager.py:177}}
May 12 21:35:00.190396 np0000000645 nova-scheduler[95595]: DEBUG oslo_concurrency.lockutils [None req-4872906f-6cef-401d-a15f-89b310e60ad8 tempest-ServerBootFromVolumeStableRescueTest-513831744 tempest-ServerBootFromVolumeStableRescueTest-513831744-project-member] Lock "('np0000000645', 'np0000000645')" "released" by "nova.scheduler.host_manager.HostState.update.._locked_update" :: held 0.003s {{(pid=95595) inner /opt/stack/data/venv/lib/python3.12/site-packages/oslo_concurrency/lockutils.py:538}}
May 12 21:35:00.190791 np0000000645 nova-scheduler[95595]: DEBUG nova.filters [None req-4872906f-6cef-401d-a15f-89b310e60ad8 tempest-ServerBootFromVolumeStableRescueTest-513831744 tempest-ServerBootFromVolumeStableRescueTest-513831744-project-member] Starting with 1 host(s) {{(pid=95595) get_filtered_objects /opt/stack/nova/nova/filters.py:70}}
May 12 21:35:00.191120 np0000000645 nova-scheduler[95595]: DEBUG nova.filters [None req-4872906f-6cef-401d-a15f-89b310e60ad8 tempest-ServerBootFromVolumeStableRescueTest-513831744 tempest-ServerBootFromVolumeStableRescueTest-513831744-project-member] Filter ComputeFilter returned 1 host(s) {{(pid=95595) get_filtered_objects /opt/stack/nova/nova/filters.py:102}}
May 12 21:35:00.191325 np0000000645 nova-scheduler[95595]: DEBUG nova.filters [None req-4872906f-6cef-401d-a15f-89b310e60ad8 tempest-ServerBootFromVolumeStableRescueTest-513831744 tempest-ServerBootFromVolumeStableRescueTest-513831744-project-member] Filter ComputeCapabilitiesFilter returned 1 host(s) {{(pid=95595) get_filtered_objects /opt/stack/nova/nova/filters.py:102}}
May 12 21:35:00.191881 np0000000645 nova-scheduler[95595]: DEBUG nova.filters [None req-4872906f-6cef-401d-a15f-89b310e60ad8 tempest-ServerBootFromVolumeStableRescueTest-513831744 tempest-ServerBootFromVolumeStableRescueTest-513831744-project-member] Filter ImagePropertiesFilter returned 1 host(s) {{(pid=95595) get_filtered_objects /opt/stack/nova/nova/filters.py:102}}
May 12 21:35:00.192096 np0000000645 nova-scheduler[95595]: DEBUG nova.filters [None req-4872906f-6cef-401d-a15f-89b310e60ad8 tempest-ServerBootFromVolumeStableRescueTest-513831744 tempest-ServerBootFromVolumeStableRescueTest-513831744-project-member] Filter ServerGroupAntiAffinityFilter returned 1 host(s) {{(pid=95595) get_filtered_objects /opt/stack/nova/nova/filters.py:102}}
May 12 21:35:00.192346 np0000000645 nova-scheduler[95595]: DEBUG nova.filters [None req-4872906f-6cef-401d-a15f-89b310e60ad8 tempest-ServerBootFromVolumeStableRescueTest-513831744 tempest-ServerBootFromVolumeStableRescueTest-513831744-project-member] Filter ServerGroupAffinityFilter returned 1 host(s) {{(pid=95595) get_filtered_objects /opt/stack/nova/nova/filters.py:102}}
May 12 21:35:00.192417 np0000000645 nova-scheduler[95595]: DEBUG nova.filters [None req-4872906f-6cef-401d-a15f-89b310e60ad8 tempest-ServerBootFromVolumeStableRescueTest-513831744 tempest-ServerBootFromVolumeStableRescueTest-513831744-project-member] Filter SameHostFilter returned 1 host(s) {{(pid=95595) get_filtered_objects /opt/stack/nova/nova/filters.py:102}}
May 12 21:35:00.192683 np0000000645 nova-scheduler[95595]: DEBUG nova.filters [None req-4872906f-6cef-401d-a15f-89b310e60ad8 tempest-ServerBootFromVolumeStableRescueTest-513831744 tempest-ServerBootFromVolumeStableRescueTest-513831744-project-member] Filter DifferentHostFilter returned 1 host(s) {{(pid=95595) get_filtered_objects /opt/stack/nova/nova/filters.py:102}}
May 12 21:35:00.192896 np0000000645 nova-scheduler[95595]: DEBUG nova.scheduler.manager [None req-4872906f-6cef-401d-a15f-89b310e60ad8 tempest-ServerBootFromVolumeStableRescueTest-513831744 tempest-ServerBootFromVolumeStableRescueTest-513831744-project-member] Filtered [(np0000000645, np0000000645) ram: 23518MB disk: 75776MB io_ops: 0 instances: 0, allocation_candidates: 1] {{(pid=95595) _get_sorted_hosts /opt/stack/nova/nova/scheduler/manager.py:743}}
May 12 21:35:00.193175 np0000000645 nova-scheduler[95595]: DEBUG nova.scheduler.manager [None req-4872906f-6cef-401d-a15f-89b310e60ad8 tempest-ServerBootFromVolumeStableRescueTest-513831744 tempest-ServerBootFromVolumeStableRescueTest-513831744-project-member] Weighed [WeighedHost [host: (np0000000645, np0000000645) ram: 23518MB disk: 75776MB io_ops: 0 instances: 0, allocation_candidates: 1, weight: 0.0]] {{(pid=95595) _get_sorted_hosts /opt/stack/nova/nova/scheduler/manager.py:765}}
May 12 21:35:00.193473 np0000000645 nova-scheduler[95595]: DEBUG nova.scheduler.utils [None req-4872906f-6cef-401d-a15f-89b310e60ad8 tempest-ServerBootFromVolumeStableRescueTest-513831744 tempest-ServerBootFromVolumeStableRescueTest-513831744-project-member] Attempting to claim resources in the placement API for instance d72d5669-9ed0-4429-9143-88b8371883ec {{(pid=95595) claim_resources /opt/stack/nova/nova/scheduler/utils.py:1304}}
May 12 21:35:00.363782 np0000000645 nova-scheduler[95595]: DEBUG nova.scheduler.manager [None req-4872906f-6cef-401d-a15f-89b310e60ad8 tempest-ServerBootFromVolumeStableRescueTest-513831744 tempest-ServerBootFromVolumeStableRescueTest-513831744-project-member] [instance: d72d5669-9ed0-4429-9143-88b8371883ec] Selected host: (np0000000645, np0000000645) ram: 23518MB disk: 75776MB io_ops: 0 instances: 0, allocation_candidates: 1 {{(pid=95595) _consume_selected_host /opt/stack/nova/nova/scheduler/manager.py:625}}
May 12 21:35:00.364122 np0000000645 nova-scheduler[95595]: DEBUG oslo_concurrency.lockutils [None req-4872906f-6cef-401d-a15f-89b310e60ad8 tempest-ServerBootFromVolumeStableRescueTest-513831744 tempest-ServerBootFromVolumeStableRescueTest-513831744-project-member] Acquiring lock "('np0000000645', 'np0000000645')" by "nova.scheduler.host_manager.HostState.consume_from_request.._locked" {{(pid=95595) inner /opt/stack/data/venv/lib/python3.12/site-packages/oslo_concurrency/lockutils.py:506}}
May 12 21:35:00.364391 np0000000645 nova-scheduler[95595]: DEBUG oslo_concurrency.lockutils [None req-4872906f-6cef-401d-a15f-89b310e60ad8 tempest-ServerBootFromVolumeStableRescueTest-513831744 tempest-ServerBootFromVolumeStableRescueTest-513831744-project-member] Lock "('np0000000645', 'np0000000645')" acquired by "nova.scheduler.host_manager.HostState.consume_from_request.._locked" :: waited 0.000s {{(pid=95595) inner /opt/stack/data/venv/lib/python3.12/site-packages/oslo_concurrency/lockutils.py:519}}
May 12 21:35:00.364627 np0000000645 nova-scheduler[95595]: DEBUG oslo_concurrency.lockutils [None req-4872906f-6cef-401d-a15f-89b310e60ad8 tempest-ServerBootFromVolumeStableRescueTest-513831744 tempest-ServerBootFromVolumeStableRescueTest-513831744-project-member] Lock "('np0000000645', 'np0000000645')" "released" by "nova.scheduler.host_manager.HostState.consume_from_request.._locked" :: held 0.000s {{(pid=95595) inner /opt/stack/data/venv/lib/python3.12/site-packages/oslo_concurrency/lockutils.py:538}}
May 12 21:35:00.670057 np0000000645 nova-scheduler[95599]: DEBUG nova.scheduler.manager [None req-f9b2d986-1337-4558-a109-21bae8280f27 tempest-ServerActionsTestOtherB-1766049287 tempest-ServerActionsTestOtherB-1766049287-project-member] Starting to schedule for instances: ['8d41aff5-fe17-4623-8339-c4509142887a'] {{(pid=95599) select_destinations /opt/stack/nova/nova/scheduler/manager.py:210}}
May 12 21:35:00.670490 np0000000645 nova-scheduler[95599]: DEBUG nova.scheduler.request_filter [None req-f9b2d986-1337-4558-a109-21bae8280f27 tempest-ServerActionsTestOtherB-1766049287 tempest-ServerActionsTestOtherB-1766049287-project-member] compute_status_filter request filter added forbidden trait COMPUTE_STATUS_DISABLED {{(pid=95599) compute_status_filter /opt/stack/nova/nova/scheduler/request_filter.py:253}}
May 12 21:35:00.670604 np0000000645 nova-scheduler[95599]: DEBUG nova.scheduler.request_filter [None req-f9b2d986-1337-4558-a109-21bae8280f27 tempest-ServerActionsTestOtherB-1766049287 tempest-ServerActionsTestOtherB-1766049287-project-member] Request filter 'compute_status_filter' took 0.0 seconds {{(pid=95599) wrapper /opt/stack/nova/nova/scheduler/request_filter.py:46}}
May 12 21:35:00.670798 np0000000645 nova-scheduler[95599]: DEBUG nova.scheduler.request_filter [None req-f9b2d986-1337-4558-a109-21bae8280f27 tempest-ServerActionsTestOtherB-1766049287 tempest-ServerActionsTestOtherB-1766049287-project-member] Request filter 'accelerators_filter' took 0.0 seconds {{(pid=95599) wrapper /opt/stack/nova/nova/scheduler/request_filter.py:46}}
May 12 21:35:00.671015 np0000000645 nova-scheduler[95599]: DEBUG nova.scheduler.request_filter [None req-f9b2d986-1337-4558-a109-21bae8280f27 tempest-ServerActionsTestOtherB-1766049287 tempest-ServerActionsTestOtherB-1766049287-project-member] Request filter 'packed_virtqueue_filter' took 0.0 seconds {{(pid=95599) wrapper /opt/stack/nova/nova/scheduler/request_filter.py:46}}
May 12 21:35:00.671266 np0000000645 nova-scheduler[95599]: DEBUG nova.scheduler.request_filter [None req-f9b2d986-1337-4558-a109-21bae8280f27 tempest-ServerActionsTestOtherB-1766049287 tempest-ServerActionsTestOtherB-1766049287-project-member] Request filter 'remote_managed_ports_filter' took 0.0 seconds {{(pid=95599) wrapper /opt/stack/nova/nova/scheduler/request_filter.py:46}}
May 12 21:35:00.671450 np0000000645 nova-scheduler[95599]: DEBUG nova.scheduler.request_filter [None req-f9b2d986-1337-4558-a109-21bae8280f27 tempest-ServerActionsTestOtherB-1766049287 tempest-ServerActionsTestOtherB-1766049287-project-member] ephemeral_encryption_filter skipped {{(pid=95599) ephemeral_encryption_filter /opt/stack/nova/nova/scheduler/request_filter.py:426}}
May 12 21:35:00.671534 np0000000645 nova-scheduler[95599]: DEBUG nova.scheduler.request_filter [None req-f9b2d986-1337-4558-a109-21bae8280f27 tempest-ServerActionsTestOtherB-1766049287 tempest-ServerActionsTestOtherB-1766049287-project-member] virtio_sound_filter skipped {{(pid=95599) virtio_sound_filter /opt/stack/nova/nova/scheduler/request_filter.py:460}}
May 12 21:35:00.671642 np0000000645 nova-scheduler[95599]: DEBUG nova.scheduler.request_filter [None req-f9b2d986-1337-4558-a109-21bae8280f27 tempest-ServerActionsTestOtherB-1766049287 tempest-ServerActionsTestOtherB-1766049287-project-member] tpm_secret_security_filter skipped {{(pid=95599) tpm_secret_security_filter /opt/stack/nova/nova/scheduler/request_filter.py:477}}
May 12 21:35:00.773905 np0000000645 nova-scheduler[95599]: INFO nova.utils [None req-f9b2d986-1337-4558-a109-21bae8280f27 tempest-ServerActionsTestOtherB-1766049287 tempest-ServerActionsTestOtherB-1766049287-project-member] The cell worker thread pool ForkProcess-3.cell_worker is initialized
May 12 21:35:00.774251 np0000000645 nova-scheduler[95599]: DEBUG oslo_concurrency.lockutils [None req-f9b2d986-1337-4558-a109-21bae8280f27 tempest-ServerActionsTestOtherB-1766049287 tempest-ServerActionsTestOtherB-1766049287-project-member] Acquiring lock "c06f5db6-1960-4320-9168-7d701871f463" by "nova.context.set_target_cell..get_or_set_cached_cell_and_set_connections" {{(pid=95599) inner /opt/stack/data/venv/lib/python3.12/site-packages/oslo_concurrency/lockutils.py:506}}
May 12 21:35:00.775098 np0000000645 nova-scheduler[95599]: DEBUG oslo_concurrency.lockutils [None req-f9b2d986-1337-4558-a109-21bae8280f27 tempest-ServerActionsTestOtherB-1766049287 tempest-ServerActionsTestOtherB-1766049287-project-member] Lock "c06f5db6-1960-4320-9168-7d701871f463" acquired by "nova.context.set_target_cell..get_or_set_cached_cell_and_set_connections" :: waited 0.000s {{(pid=95599) inner /opt/stack/data/venv/lib/python3.12/site-packages/oslo_concurrency/lockutils.py:519}}
May 12 21:35:00.775760 np0000000645 nova-scheduler[95599]: DEBUG oslo_concurrency.lockutils [None req-f9b2d986-1337-4558-a109-21bae8280f27 tempest-ServerActionsTestOtherB-1766049287 tempest-ServerActionsTestOtherB-1766049287-project-member] Lock "c06f5db6-1960-4320-9168-7d701871f463" "released" by "nova.context.set_target_cell..get_or_set_cached_cell_and_set_connections" :: held 0.001s {{(pid=95599) inner /opt/stack/data/venv/lib/python3.12/site-packages/oslo_concurrency/lockutils.py:538}}
May 12 21:35:00.777750 np0000000645 nova-scheduler[95599]: INFO dbcounter [None req-f9b2d986-1337-4558-a109-21bae8280f27 tempest-ServerActionsTestOtherB-1766049287 tempest-ServerActionsTestOtherB-1766049287-project-member] Registered counter for database nova_cell1
May 12 21:35:00.787401 np0000000645 nova-scheduler[95599]: DEBUG oslo_db.sqlalchemy.engines [None req-f9b2d986-1337-4558-a109-21bae8280f27 tempest-ServerActionsTestOtherB-1766049287 tempest-ServerActionsTestOtherB-1766049287-project-member] MySQL server mode set to STRICT_TRANS_TABLES,STRICT_ALL_TABLES,NO_ZERO_IN_DATE,NO_ZERO_DATE,ERROR_FOR_DIVISION_BY_ZERO,TRADITIONAL,NO_ENGINE_SUBSTITUTION {{(pid=95599) _check_effective_sql_mode /opt/stack/data/venv/lib/python3.12/site-packages/oslo_db/sqlalchemy/engines.py:325}}
May 12 21:35:00.792394 np0000000645 nova-scheduler[95599]: DEBUG dbcounter [-] [95599] Writer thread running {{(pid=95599) stat_writer /opt/stack/data/venv/lib/python3.12/site-packages/dbcounter.py:102}}
May 12 21:35:00.807888 np0000000645 nova-scheduler[95599]: DEBUG dbcounter [-] [95599] Writer thread running {{(pid=95599) stat_writer /opt/stack/data/venv/lib/python3.12/site-packages/dbcounter.py:102}}
May 12 21:35:00.810261 np0000000645 nova-scheduler[95599]: DEBUG oslo_concurrency.lockutils [None req-f9b2d986-1337-4558-a109-21bae8280f27 tempest-ServerActionsTestOtherB-1766049287 tempest-ServerActionsTestOtherB-1766049287-project-member] Acquiring lock "c06f5db6-1960-4320-9168-7d701871f463" by "nova.context.set_target_cell..get_or_set_cached_cell_and_set_connections" {{(pid=95599) inner /opt/stack/data/venv/lib/python3.12/site-packages/oslo_concurrency/lockutils.py:506}}
May 12 21:35:00.810408 np0000000645 nova-scheduler[95599]: DEBUG oslo_concurrency.lockutils [None req-f9b2d986-1337-4558-a109-21bae8280f27 tempest-ServerActionsTestOtherB-1766049287 tempest-ServerActionsTestOtherB-1766049287-project-member] Lock "c06f5db6-1960-4320-9168-7d701871f463" acquired by "nova.context.set_target_cell..get_or_set_cached_cell_and_set_connections" :: waited 0.000s {{(pid=95599) inner /opt/stack/data/venv/lib/python3.12/site-packages/oslo_concurrency/lockutils.py:519}}
