May 12 21:32:06.203599 np0000000645 nova-conductor[98035]: DEBUG cotyledon.oslo_config_glue [-] oslo_messaging_rabbit.ssl_version = {{(pid=98035) log_opt_values /opt/stack/data/venv/lib/python3.12/site-packages/oslo_config/cfg.py:3006}}
May 12 21:32:06.203881 np0000000645 nova-conductor[98035]: DEBUG cotyledon.oslo_config_glue [-] oslo_messaging_rabbit.use_queue_manager = False {{(pid=98035) log_opt_values /opt/stack/data/venv/lib/python3.12/site-packages/oslo_config/cfg.py:3006}}
May 12 21:32:06.203881 np0000000645 nova-conductor[98035]: DEBUG cotyledon.oslo_config_glue [-] oslo_messaging_notifications.driver = ['messagingv2'] {{(pid=98035) log_opt_values /opt/stack/data/venv/lib/python3.12/site-packages/oslo_config/cfg.py:3006}}
May 12 21:32:06.203881 np0000000645 nova-conductor[98035]: DEBUG cotyledon.oslo_config_glue [-] oslo_messaging_notifications.retry = -1 {{(pid=98035) log_opt_values /opt/stack/data/venv/lib/python3.12/site-packages/oslo_config/cfg.py:3006}}
May 12 21:32:06.203881 np0000000645 nova-conductor[98035]: DEBUG cotyledon.oslo_config_glue [-] oslo_messaging_notifications.topics = ['notifications'] {{(pid=98035) log_opt_values /opt/stack/data/venv/lib/python3.12/site-packages/oslo_config/cfg.py:3006}}
May 12 21:32:06.203881 np0000000645 nova-conductor[98035]: DEBUG cotyledon.oslo_config_glue [-] oslo_messaging_notifications.transport_url = **** {{(pid=98035) log_opt_values /opt/stack/data/venv/lib/python3.12/site-packages/oslo_config/cfg.py:3006}}
May 12 21:32:06.203881 np0000000645 nova-conductor[98035]: DEBUG cotyledon.oslo_config_glue [-] oslo_limit.auth_section = None {{(pid=98035) log_opt_values /opt/stack/data/venv/lib/python3.12/site-packages/oslo_config/cfg.py:3006}}
May 12 21:32:06.203881 np0000000645 nova-conductor[98035]: DEBUG cotyledon.oslo_config_glue [-] oslo_limit.auth_type = None {{(pid=98035) log_opt_values /opt/stack/data/venv/lib/python3.12/site-packages/oslo_config/cfg.py:3006}}
May 12 21:32:06.203881 np0000000645 nova-conductor[98035]: DEBUG cotyledon.oslo_config_glue [-] oslo_limit.cafile = None {{(pid=98035) log_opt_values /opt/stack/data/venv/lib/python3.12/site-packages/oslo_config/cfg.py:3006}}
May 12 21:32:06.203881 np0000000645 nova-conductor[98035]: DEBUG cotyledon.oslo_config_glue [-] oslo_limit.certfile = None {{(pid=98035) log_opt_values /opt/stack/data/venv/lib/python3.12/site-packages/oslo_config/cfg.py:3006}}
May 12 21:32:06.204091 np0000000645 nova-conductor[98035]: DEBUG cotyledon.oslo_config_glue [-] oslo_limit.collect_timing = False {{(pid=98035) log_opt_values /opt/stack/data/venv/lib/python3.12/site-packages/oslo_config/cfg.py:3006}}
May 12 21:32:06.204091 np0000000645 nova-conductor[98035]: DEBUG cotyledon.oslo_config_glue [-] oslo_limit.connect_retries = None {{(pid=98035) log_opt_values /opt/stack/data/venv/lib/python3.12/site-packages/oslo_config/cfg.py:3006}}
May 12 21:32:06.204091 np0000000645 nova-conductor[98035]: DEBUG cotyledon.oslo_config_glue [-] oslo_limit.connect_retry_delay = None {{(pid=98035) log_opt_values /opt/stack/data/venv/lib/python3.12/site-packages/oslo_config/cfg.py:3006}}
May 12 21:32:06.204091 np0000000645 nova-conductor[98035]: DEBUG cotyledon.oslo_config_glue [-] oslo_limit.endpoint_id = None {{(pid=98035) log_opt_values /opt/stack/data/venv/lib/python3.12/site-packages/oslo_config/cfg.py:3006}}
May 12 21:32:06.204091 np0000000645 nova-conductor[98035]: DEBUG cotyledon.oslo_config_glue [-] oslo_limit.endpoint_interface = public {{(pid=98035) log_opt_values /opt/stack/data/venv/lib/python3.12/site-packages/oslo_config/cfg.py:3006}}
May 12 21:32:06.204091 np0000000645 nova-conductor[98035]: DEBUG cotyledon.oslo_config_glue [-] oslo_limit.endpoint_override = None {{(pid=98035) log_opt_values /opt/stack/data/venv/lib/python3.12/site-packages/oslo_config/cfg.py:3006}}
May 12 21:32:06.204091 np0000000645 nova-conductor[98035]: DEBUG cotyledon.oslo_config_glue [-] oslo_limit.endpoint_region_name = None {{(pid=98035) log_opt_values /opt/stack/data/venv/lib/python3.12/site-packages/oslo_config/cfg.py:3006}}
May 12 21:32:06.204091 np0000000645 nova-conductor[98035]: DEBUG cotyledon.oslo_config_glue [-] oslo_limit.endpoint_service_name = None {{(pid=98035) log_opt_values /opt/stack/data/venv/lib/python3.12/site-packages/oslo_config/cfg.py:3006}}
May 12 21:32:06.204091 np0000000645 nova-conductor[98035]: DEBUG cotyledon.oslo_config_glue [-] oslo_limit.endpoint_service_type = None {{(pid=98035) log_opt_values /opt/stack/data/venv/lib/python3.12/site-packages/oslo_config/cfg.py:3006}}
May 12 21:32:06.204276 np0000000645 nova-conductor[98035]: DEBUG cotyledon.oslo_config_glue [-] oslo_limit.insecure = False {{(pid=98035) log_opt_values /opt/stack/data/venv/lib/python3.12/site-packages/oslo_config/cfg.py:3006}}
May 12 21:32:06.204276 np0000000645 nova-conductor[98035]: DEBUG cotyledon.oslo_config_glue [-] oslo_limit.keyfile = None {{(pid=98035) log_opt_values /opt/stack/data/venv/lib/python3.12/site-packages/oslo_config/cfg.py:3006}}
May 12 21:32:06.204276 np0000000645 nova-conductor[98035]: DEBUG cotyledon.oslo_config_glue [-] oslo_limit.max_version = None {{(pid=98035) log_opt_values /opt/stack/data/venv/lib/python3.12/site-packages/oslo_config/cfg.py:3006}}
May 12 21:32:06.204276 np0000000645 nova-conductor[98035]: DEBUG cotyledon.oslo_config_glue [-] oslo_limit.min_version = None {{(pid=98035) log_opt_values /opt/stack/data/venv/lib/python3.12/site-packages/oslo_config/cfg.py:3006}}
May 12 21:32:06.204276 np0000000645 nova-conductor[98035]: DEBUG cotyledon.oslo_config_glue [-] oslo_limit.region_name = None {{(pid=98035) log_opt_values /opt/stack/data/venv/lib/python3.12/site-packages/oslo_config/cfg.py:3006}}
May 12 21:32:06.204276 np0000000645 nova-conductor[98035]: DEBUG cotyledon.oslo_config_glue [-] oslo_limit.retriable_status_codes = None {{(pid=98035) log_opt_values /opt/stack/data/venv/lib/python3.12/site-packages/oslo_config/cfg.py:3006}}
May 12 21:32:06.204276 np0000000645 nova-conductor[98035]: DEBUG cotyledon.oslo_config_glue [-] oslo_limit.service_name = None {{(pid=98035) log_opt_values /opt/stack/data/venv/lib/python3.12/site-packages/oslo_config/cfg.py:3006}}
May 12 21:32:06.204276 np0000000645 nova-conductor[98035]: DEBUG cotyledon.oslo_config_glue [-] oslo_limit.service_type = None {{(pid=98035) log_opt_values /opt/stack/data/venv/lib/python3.12/site-packages/oslo_config/cfg.py:3006}}
May 12 21:32:06.204276 np0000000645 nova-conductor[98035]: DEBUG cotyledon.oslo_config_glue [-] oslo_limit.split_loggers = False {{(pid=98035) log_opt_values /opt/stack/data/venv/lib/python3.12/site-packages/oslo_config/cfg.py:3006}}
May 12 21:32:06.204494 np0000000645 nova-conductor[98035]: DEBUG cotyledon.oslo_config_glue [-] oslo_limit.status_code_retries = None {{(pid=98035) log_opt_values /opt/stack/data/venv/lib/python3.12/site-packages/oslo_config/cfg.py:3006}}
May 12 21:32:06.204494 np0000000645 nova-conductor[98035]: DEBUG cotyledon.oslo_config_glue [-] oslo_limit.status_code_retry_delay = None {{(pid=98035) log_opt_values /opt/stack/data/venv/lib/python3.12/site-packages/oslo_config/cfg.py:3006}}
May 12 21:32:06.204494 np0000000645 nova-conductor[98035]: DEBUG cotyledon.oslo_config_glue [-] oslo_limit.timeout = None {{(pid=98035) log_opt_values /opt/stack/data/venv/lib/python3.12/site-packages/oslo_config/cfg.py:3006}}
May 12 21:32:06.204494 np0000000645 nova-conductor[98035]: DEBUG cotyledon.oslo_config_glue [-] oslo_limit.valid_interfaces = None {{(pid=98035) log_opt_values /opt/stack/data/venv/lib/python3.12/site-packages/oslo_config/cfg.py:3006}}
May 12 21:32:06.204494 np0000000645 nova-conductor[98035]: DEBUG cotyledon.oslo_config_glue [-] oslo_limit.version = None {{(pid=98035) log_opt_values /opt/stack/data/venv/lib/python3.12/site-packages/oslo_config/cfg.py:3006}}
May 12 21:32:06.204494 np0000000645 nova-conductor[98035]: DEBUG cotyledon.oslo_config_glue [-] oslo_reports.file_event_handler = None {{(pid=98035) log_opt_values /opt/stack/data/venv/lib/python3.12/site-packages/oslo_config/cfg.py:3006}}
May 12 21:32:06.204494 np0000000645 nova-conductor[98035]: DEBUG cotyledon.oslo_config_glue [-] oslo_reports.file_event_handler_interval = 1 {{(pid=98035) log_opt_values /opt/stack/data/venv/lib/python3.12/site-packages/oslo_config/cfg.py:3006}}
May 12 21:32:06.204494 np0000000645 nova-conductor[98035]: DEBUG cotyledon.oslo_config_glue [-] oslo_reports.log_dir = None {{(pid=98035) log_opt_values /opt/stack/data/venv/lib/python3.12/site-packages/oslo_config/cfg.py:3006}}
May 12 21:32:06.204494 np0000000645 nova-conductor[98035]: DEBUG cotyledon.oslo_config_glue [-] ******************************************************************************** {{(pid=98035) log_opt_values /opt/stack/data/venv/lib/python3.12/site-packages/oslo_config/cfg.py:3013}}
May 12 21:32:06.204660 np0000000645 nova-conductor[98035]: DEBUG cotyledon._service_worker [-] Run service ServiceWrapper(2) [98035] {{(pid=98035) wait_forever /opt/stack/data/venv/lib/python3.12/site-packages/cotyledon/_service_worker.py:218}}
May 12 21:32:06.205135 np0000000645 nova-conductor[98031]: INFO dbcounter [None req-4187880c-8295-4340-86e6-53fa4cf5283f None None] Registered counter for database nova_cell0
May 12 21:32:06.205318 np0000000645 nova-conductor[98035]: INFO nova.service [-] Starting conductor node (version 33.1.0)
May 12 21:32:06.209315 np0000000645 nova-conductor[98035]: INFO dbcounter [None req-9279006a-493d-44fb-94b9-2d9d1a6e329a None None] Registered counter for database nova_cell0
May 12 21:32:06.213337 np0000000645 nova-conductor[98031]: DEBUG oslo_db.sqlalchemy.engines [None req-4187880c-8295-4340-86e6-53fa4cf5283f None None] MySQL server mode set to STRICT_TRANS_TABLES,STRICT_ALL_TABLES,NO_ZERO_IN_DATE,NO_ZERO_DATE,ERROR_FOR_DIVISION_BY_ZERO,TRADITIONAL,NO_ENGINE_SUBSTITUTION {{(pid=98031) _check_effective_sql_mode /opt/stack/data/venv/lib/python3.12/site-packages/oslo_db/sqlalchemy/engines.py:325}}
May 12 21:32:06.214871 np0000000645 nova-conductor[98035]: DEBUG oslo_db.sqlalchemy.engines [None req-9279006a-493d-44fb-94b9-2d9d1a6e329a None None] MySQL server mode set to STRICT_TRANS_TABLES,STRICT_ALL_TABLES,NO_ZERO_IN_DATE,NO_ZERO_DATE,ERROR_FOR_DIVISION_BY_ZERO,TRADITIONAL,NO_ENGINE_SUBSTITUTION {{(pid=98035) _check_effective_sql_mode /opt/stack/data/venv/lib/python3.12/site-packages/oslo_db/sqlalchemy/engines.py:325}}
May 12 21:32:06.224107 np0000000645 nova-conductor[98025]: DEBUG nova.service [None req-fc55da9d-8f42-4966-923c-b641318b164c None None] Join ServiceGroup membership for this service conductor {{(pid=98025) start /opt/stack/nova/nova/service.py:221}}
May 12 21:32:06.224290 np0000000645 nova-conductor[98025]: DEBUG nova.servicegroup.drivers.db [None req-fc55da9d-8f42-4966-923c-b641318b164c None None] DB_Driver: join new ServiceGroup member np0000000645 to the conductor group, service = {{(pid=98025) join /opt/stack/nova/nova/servicegroup/drivers/db.py:44}}
May 12 21:32:06.225106 np0000000645 nova-conductor[98035]: DEBUG dbcounter [-] [98035] Writer thread running {{(pid=98035) stat_writer /opt/stack/data/venv/lib/python3.12/site-packages/dbcounter.py:102}}
May 12 21:32:06.230074 np0000000645 nova-conductor[98035]: DEBUG nova.service [None req-9279006a-493d-44fb-94b9-2d9d1a6e329a None None] Creating RPC server for service: nova-conductor on topic: conductor {{(pid=98035) start /opt/stack/nova/nova/service.py:195}}
May 12 21:32:06.230179 np0000000645 nova-conductor[98031]: DEBUG dbcounter [-] [98031] Writer thread running {{(pid=98031) stat_writer /opt/stack/data/venv/lib/python3.12/site-packages/dbcounter.py:102}}
May 12 21:32:06.233393 np0000000645 nova-conductor[98031]: DEBUG nova.service [None req-4187880c-8295-4340-86e6-53fa4cf5283f None None] Creating RPC server for service: nova-conductor on topic: conductor {{(pid=98031) start /opt/stack/nova/nova/service.py:195}}
May 12 21:32:06.248099 np0000000645 nova-conductor[98035]: DEBUG nova.service [None req-9279006a-493d-44fb-94b9-2d9d1a6e329a None None] Join ServiceGroup membership for this service conductor {{(pid=98035) start /opt/stack/nova/nova/service.py:221}}
May 12 21:32:06.248365 np0000000645 nova-conductor[98035]: DEBUG nova.servicegroup.drivers.db [None req-9279006a-493d-44fb-94b9-2d9d1a6e329a None None] DB_Driver: join new ServiceGroup member np0000000645 to the conductor group, service = {{(pid=98035) join /opt/stack/nova/nova/servicegroup/drivers/db.py:44}}
May 12 21:32:06.250828 np0000000645 nova-conductor[98031]: DEBUG nova.service [None req-4187880c-8295-4340-86e6-53fa4cf5283f None None] Join ServiceGroup membership for this service conductor {{(pid=98031) start /opt/stack/nova/nova/service.py:221}}
May 12 21:32:06.251067 np0000000645 nova-conductor[98031]: DEBUG nova.servicegroup.drivers.db [None req-4187880c-8295-4340-86e6-53fa4cf5283f None None] DB_Driver: join new ServiceGroup member np0000000645 to the conductor group, service = {{(pid=98031) join /opt/stack/nova/nova/servicegroup/drivers/db.py:44}}
May 12 21:32:11.242162 np0000000645 nova-conductor[98025]: DEBUG oslo.service.backend._threading.loopingcall [-] Fixed interval looping call 'nova.servicegroup.drivers.db.DbDriver._report_state' sleeping for 119.98 seconds {{(pid=98025) _run_loop /opt/stack/data/venv/lib/python3.12/site-packages/oslo_service/backend/_threading/loopingcall.py:125}}
May 12 21:32:11.264924 np0000000645 nova-conductor[98031]: DEBUG oslo.service.backend._threading.loopingcall [-] Fixed interval looping call 'nova.servicegroup.drivers.db.DbDriver._report_state' sleeping for 119.99 seconds {{(pid=98031) _run_loop /opt/stack/data/venv/lib/python3.12/site-packages/oslo_service/backend/_threading/loopingcall.py:125}}
May 12 21:32:11.269860 np0000000645 nova-conductor[98035]: DEBUG oslo.service.backend._threading.loopingcall [-] Fixed interval looping call 'nova.servicegroup.drivers.db.DbDriver._report_state' sleeping for 119.98 seconds {{(pid=98035) _run_loop /opt/stack/data/venv/lib/python3.12/site-packages/oslo_service/backend/_threading/loopingcall.py:125}}
May 12 21:32:14.890204 np0000000645 nova-conductor[96520]: DEBUG dbcounter [-] [96520] Writing DB stats nova_api:SELECT=1 {{(pid=96520) stat_writer /opt/stack/data/venv/lib/python3.12/site-packages/dbcounter.py:115}}
May 12 21:32:14.985890 np0000000645 nova-conductor[96520]: DEBUG dbcounter [-] [96520] Writing DB stats nova_cell1:SELECT=1 {{(pid=96520) stat_writer /opt/stack/data/venv/lib/python3.12/site-packages/dbcounter.py:115}}
May 12 21:32:14.988484 np0000000645 nova-conductor[96520]: DEBUG dbcounter [-] [96520] Writing DB stats nova_cell0:SELECT=1 {{(pid=96520) stat_writer /opt/stack/data/venv/lib/python3.12/site-packages/dbcounter.py:115}}
May 12 21:32:15.225636 np0000000645 nova-conductor[98025]: DEBUG oslo.service.backend._threading.loopingcall [None req-a15c22d0-f871-44de-86fe-383665a715a7 None None] Dynamic interval looping call 'nova.service.Service.periodic_tasks' sleeping for 60.00 seconds {{(pid=98025) _run_loop /opt/stack/data/venv/lib/python3.12/site-packages/oslo_service/backend/_threading/loopingcall.py:125}}
May 12 21:32:21.238820 np0000000645 nova-conductor[98025]: DEBUG dbcounter [-] [98025] Writing DB stats nova_cell0:SELECT=4,nova_cell0:INSERT=1,nova_cell0:UPDATE=1 {{(pid=98025) stat_writer /opt/stack/data/venv/lib/python3.12/site-packages/dbcounter.py:115}}
May 12 21:32:21.262604 np0000000645 nova-conductor[98031]: DEBUG dbcounter [-] [98031] Writing DB stats nova_cell0:SELECT=3 {{(pid=98031) stat_writer /opt/stack/data/venv/lib/python3.12/site-packages/dbcounter.py:115}}
May 12 21:32:21.263730 np0000000645 nova-conductor[98035]: DEBUG dbcounter [-] [98035] Writing DB stats nova_cell0:SELECT=3 {{(pid=98035) stat_writer /opt/stack/data/venv/lib/python3.12/site-packages/dbcounter.py:115}}
May 12 21:32:54.253889 np0000000645 nova-conductor[98035]: DEBUG oslo.service.backend._threading.loopingcall [None req-6f5aa184-4c41-4486-8e67-5958e3da50b5 None None] Dynamic interval looping call 'nova.service.Service.periodic_tasks' sleeping for 60.00 seconds {{(pid=98035) _run_loop /opt/stack/data/venv/lib/python3.12/site-packages/oslo_service/backend/_threading/loopingcall.py:125}}
May 12 21:33:00.253139 np0000000645 nova-conductor[98031]: DEBUG oslo.service.backend._threading.loopingcall [None req-098540b4-f10c-47c9-8305-20c96b45e8fb None None] Dynamic interval looping call 'nova.service.Service.periodic_tasks' sleeping for 60.00 seconds {{(pid=98031) _run_loop /opt/stack/data/venv/lib/python3.12/site-packages/oslo_service/backend/_threading/loopingcall.py:125}}
May 12 21:33:15.226211 np0000000645 nova-conductor[98025]: DEBUG oslo.service.backend._threading.loopingcall [None req-a15c22d0-f871-44de-86fe-383665a715a7 None None] Dynamic interval looping call 'nova.service.Service.periodic_tasks' sleeping for 60.00 seconds {{(pid=98025) _run_loop /opt/stack/data/venv/lib/python3.12/site-packages/oslo_service/backend/_threading/loopingcall.py:125}}
May 12 21:33:54.255152 np0000000645 nova-conductor[98035]: DEBUG oslo.service.backend._threading.loopingcall [None req-6f5aa184-4c41-4486-8e67-5958e3da50b5 None None] Dynamic interval looping call 'nova.service.Service.periodic_tasks' sleeping for 60.00 seconds {{(pid=98035) _run_loop /opt/stack/data/venv/lib/python3.12/site-packages/oslo_service/backend/_threading/loopingcall.py:125}}
May 12 21:34:00.253576 np0000000645 nova-conductor[98031]: DEBUG oslo.service.backend._threading.loopingcall [None req-098540b4-f10c-47c9-8305-20c96b45e8fb None None] Dynamic interval looping call 'nova.service.Service.periodic_tasks' sleeping for 60.00 seconds {{(pid=98031) _run_loop /opt/stack/data/venv/lib/python3.12/site-packages/oslo_service/backend/_threading/loopingcall.py:125}}
May 12 21:34:11.230796 np0000000645 nova-conductor[98025]: DEBUG oslo.service.backend._threading.loopingcall [-] Fixed interval looping call 'nova.servicegroup.drivers.db.DbDriver._report_state' sleeping for 119.99 seconds {{(pid=98025) _run_loop /opt/stack/data/venv/lib/python3.12/site-packages/oslo_service/backend/_threading/loopingcall.py:125}}
May 12 21:34:11.253173 np0000000645 nova-conductor[98035]: DEBUG oslo.service.backend._threading.loopingcall [-] Fixed interval looping call 'nova.servicegroup.drivers.db.DbDriver._report_state' sleeping for 120.00 seconds {{(pid=98035) _run_loop /opt/stack/data/venv/lib/python3.12/site-packages/oslo_service/backend/_threading/loopingcall.py:125}}
May 12 21:34:11.257700 np0000000645 nova-conductor[98031]: DEBUG oslo.service.backend._threading.loopingcall [-] Fixed interval looping call 'nova.servicegroup.drivers.db.DbDriver._report_state' sleeping for 120.00 seconds {{(pid=98031) _run_loop /opt/stack/data/venv/lib/python3.12/site-packages/oslo_service/backend/_threading/loopingcall.py:125}}
May 12 21:34:15.226710 np0000000645 nova-conductor[98025]: DEBUG oslo.service.backend._threading.loopingcall [None req-a15c22d0-f871-44de-86fe-383665a715a7 None None] Dynamic interval looping call 'nova.service.Service.periodic_tasks' sleeping for 60.00 seconds {{(pid=98025) _run_loop /opt/stack/data/venv/lib/python3.12/site-packages/oslo_service/backend/_threading/loopingcall.py:125}}
May 12 21:34:21.224949 np0000000645 nova-conductor[98025]: DEBUG dbcounter [-] [98025] Writing DB stats nova_cell0:SELECT=1,nova_cell0:UPDATE=1 {{(pid=98025) stat_writer /opt/stack/data/venv/lib/python3.12/site-packages/dbcounter.py:115}}
May 12 21:34:21.251588 np0000000645 nova-conductor[98035]: DEBUG dbcounter [-] [98035] Writing DB stats nova_cell0:SELECT=1 {{(pid=98035) stat_writer /opt/stack/data/venv/lib/python3.12/site-packages/dbcounter.py:115}}
May 12 21:34:21.256428 np0000000645 nova-conductor[98031]: DEBUG dbcounter [-] [98031] Writing DB stats nova_cell0:SELECT=1 {{(pid=98031) stat_writer /opt/stack/data/venv/lib/python3.12/site-packages/dbcounter.py:115}}
May 12 21:34:54.256473 np0000000645 nova-conductor[98035]: DEBUG oslo.service.backend._threading.loopingcall [None req-6f5aa184-4c41-4486-8e67-5958e3da50b5 None None] Dynamic interval looping call 'nova.service.Service.periodic_tasks' sleeping for 60.00 seconds {{(pid=98035) _run_loop /opt/stack/data/venv/lib/python3.12/site-packages/oslo_service/backend/_threading/loopingcall.py:125}}
May 12 21:34:59.657951 np0000000645 nova-conductor[98025]: DEBUG oslo_db.sqlalchemy.engines [None req-4872906f-6cef-401d-a15f-89b310e60ad8 tempest-ServerBootFromVolumeStableRescueTest-513831744 tempest-ServerBootFromVolumeStableRescueTest-513831744-project-member] Parent process 96520 forked (98025) with an open database connection, which is being discarded and recreated. {{(pid=98025) checkout /opt/stack/data/venv/lib/python3.12/site-packages/oslo_db/sqlalchemy/engines.py:402}}
May 12 21:34:59.661406 np0000000645 nova-conductor[98025]: DEBUG dbcounter [-] [98025] Writer thread running {{(pid=98025) stat_writer /opt/stack/data/venv/lib/python3.12/site-packages/dbcounter.py:102}}
May 12 21:35:00.254237 np0000000645 nova-conductor[98031]: DEBUG oslo.service.backend._threading.loopingcall [None req-098540b4-f10c-47c9-8305-20c96b45e8fb None None] Dynamic interval looping call 'nova.service.Service.periodic_tasks' sleeping for 60.00 seconds {{(pid=98031) _run_loop /opt/stack/data/venv/lib/python3.12/site-packages/oslo_service/backend/_threading/loopingcall.py:125}}
May 12 21:35:00.640297 np0000000645 nova-conductor[98035]: DEBUG dbcounter [-] [98035] Writer thread running {{(pid=98035) stat_writer /opt/stack/data/venv/lib/python3.12/site-packages/dbcounter.py:102}}
May 12 21:35:00.691833 np0000000645 nova-conductor[98025]: DEBUG nova.conductor.manager [None req-4872906f-6cef-401d-a15f-89b310e60ad8 tempest-ServerBootFromVolumeStableRescueTest-513831744 tempest-ServerBootFromVolumeStableRescueTest-513831744-project-member] Took 1.03 seconds to select destinations for 1 instance(s). {{(pid=98025) _schedule_instances /opt/stack/nova/nova/conductor/manager.py:968}}
May 12 21:35:00.719490 np0000000645 nova-conductor[98025]: DEBUG oslo_concurrency.lockutils [None req-4872906f-6cef-401d-a15f-89b310e60ad8 tempest-ServerBootFromVolumeStableRescueTest-513831744 tempest-ServerBootFromVolumeStableRescueTest-513831744-project-member] Acquiring lock "c06f5db6-1960-4320-9168-7d701871f463" by "nova.context.set_target_cell..get_or_set_cached_cell_and_set_connections" {{(pid=98025) inner /opt/stack/data/venv/lib/python3.12/site-packages/oslo_concurrency/lockutils.py:506}}
May 12 21:35:00.719690 np0000000645 nova-conductor[98025]: DEBUG oslo_concurrency.lockutils [None req-4872906f-6cef-401d-a15f-89b310e60ad8 tempest-ServerBootFromVolumeStableRescueTest-513831744 tempest-ServerBootFromVolumeStableRescueTest-513831744-project-member] Lock "c06f5db6-1960-4320-9168-7d701871f463" acquired by "nova.context.set_target_cell..get_or_set_cached_cell_and_set_connections" :: waited 0.000s {{(pid=98025) inner /opt/stack/data/venv/lib/python3.12/site-packages/oslo_concurrency/lockutils.py:519}}
May 12 21:35:00.721441 np0000000645 nova-conductor[98025]: DEBUG oslo_concurrency.lockutils [None req-4872906f-6cef-401d-a15f-89b310e60ad8 tempest-ServerBootFromVolumeStableRescueTest-513831744 tempest-ServerBootFromVolumeStableRescueTest-513831744-project-member] Lock "c06f5db6-1960-4320-9168-7d701871f463" "released" by "nova.context.set_target_cell..get_or_set_cached_cell_and_set_connections" :: held 0.001s {{(pid=98025) inner /opt/stack/data/venv/lib/python3.12/site-packages/oslo_concurrency/lockutils.py:538}}
May 12 21:35:00.723355 np0000000645 nova-conductor[98025]: INFO dbcounter [None req-4872906f-6cef-401d-a15f-89b310e60ad8 tempest-ServerBootFromVolumeStableRescueTest-513831744 tempest-ServerBootFromVolumeStableRescueTest-513831744-project-member] Registered counter for database nova_cell1
May 12 21:35:00.729624 np0000000645 nova-conductor[98025]: DEBUG oslo_db.sqlalchemy.engines [None req-4872906f-6cef-401d-a15f-89b310e60ad8 tempest-ServerBootFromVolumeStableRescueTest-513831744 tempest-ServerBootFromVolumeStableRescueTest-513831744-project-member] MySQL server mode set to STRICT_TRANS_TABLES,STRICT_ALL_TABLES,NO_ZERO_IN_DATE,NO_ZERO_DATE,ERROR_FOR_DIVISION_BY_ZERO,TRADITIONAL,NO_ENGINE_SUBSTITUTION {{(pid=98025) _check_effective_sql_mode /opt/stack/data/venv/lib/python3.12/site-packages/oslo_db/sqlalchemy/engines.py:325}}
May 12 21:35:00.735155 np0000000645 nova-conductor[98025]: DEBUG dbcounter [-] [98025] Writer thread running {{(pid=98025) stat_writer /opt/stack/data/venv/lib/python3.12/site-packages/dbcounter.py:102}}
May 12 21:35:00.796374 np0000000645 nova-conductor[98025]: INFO nova.utils [None req-4872906f-6cef-401d-a15f-89b310e60ad8 tempest-ServerBootFromVolumeStableRescueTest-513831744 tempest-ServerBootFromVolumeStableRescueTest-513831744-project-member] The cell worker thread pool ForkProcess-1.cell_worker is initialized
May 12 21:35:00.796650 np0000000645 nova-conductor[98025]: DEBUG oslo_concurrency.lockutils [None req-4872906f-6cef-401d-a15f-89b310e60ad8 tempest-ServerBootFromVolumeStableRescueTest-513831744 tempest-ServerBootFromVolumeStableRescueTest-513831744-project-member] Acquiring lock "00000000-0000-0000-0000-000000000000" by "nova.context.set_target_cell..get_or_set_cached_cell_and_set_connections" {{(pid=98025) inner /opt/stack/data/venv/lib/python3.12/site-packages/oslo_concurrency/lockutils.py:506}}
May 12 21:35:00.797022 np0000000645 nova-conductor[98025]: DEBUG oslo_concurrency.lockutils [None req-4872906f-6cef-401d-a15f-89b310e60ad8 tempest-ServerBootFromVolumeStableRescueTest-513831744 tempest-ServerBootFromVolumeStableRescueTest-513831744-project-member] Lock "00000000-0000-0000-0000-000000000000" acquired by "nova.context.set_target_cell..get_or_set_cached_cell_and_set_connections" :: waited 0.000s {{(pid=98025) inner /opt/stack/data/venv/lib/python3.12/site-packages/oslo_concurrency/lockutils.py:519}}
May 12 21:35:00.797150 np0000000645 nova-conductor[98025]: DEBUG oslo_concurrency.lockutils [None req-4872906f-6cef-401d-a15f-89b310e60ad8 tempest-ServerBootFromVolumeStableRescueTest-513831744 tempest-ServerBootFromVolumeStableRescueTest-513831744-project-member] Lock "00000000-0000-0000-0000-000000000000" "released" by "nova.context.set_target_cell..get_or_set_cached_cell_and_set_connections" :: held 0.000s {{(pid=98025) inner /opt/stack/data/venv/lib/python3.12/site-packages/oslo_concurrency/lockutils.py:538}}
May 12 21:35:00.797859 np0000000645 nova-conductor[98025]: DEBUG oslo_concurrency.lockutils [None req-4872906f-6cef-401d-a15f-89b310e60ad8 tempest-ServerBootFromVolumeStableRescueTest-513831744 tempest-ServerBootFromVolumeStableRescueTest-513831744-project-member] Acquiring lock "c06f5db6-1960-4320-9168-7d701871f463" by "nova.context.set_target_cell..get_or_set_cached_cell_and_set_connections" {{(pid=98025) inner /opt/stack/data/venv/lib/python3.12/site-packages/oslo_concurrency/lockutils.py:506}}
May 12 21:35:00.798011 np0000000645 nova-conductor[98025]: DEBUG oslo_concurrency.lockutils [None req-4872906f-6cef-401d-a15f-89b310e60ad8 tempest-ServerBootFromVolumeStableRescueTest-513831744 tempest-ServerBootFromVolumeStableRescueTest-513831744-project-member] Lock "c06f5db6-1960-4320-9168-7d701871f463" acquired by "nova.context.set_target_cell..get_or_set_cached_cell_and_set_connections" :: waited 0.000s {{(pid=98025) inner /opt/stack/data/venv/lib/python3.12/site-packages/oslo_concurrency/lockutils.py:519}}
May 12 21:35:00.798147 np0000000645 nova-conductor[98025]: DEBUG oslo_concurrency.lockutils [None req-4872906f-6cef-401d-a15f-89b310e60ad8 tempest-ServerBootFromVolumeStableRescueTest-513831744 tempest-ServerBootFromVolumeStableRescueTest-513831744-project-member] Lock "c06f5db6-1960-4320-9168-7d701871f463" "released" by "nova.context.set_target_cell..get_or_set_cached_cell_and_set_connections" :: held 0.000s {{(pid=98025) inner /opt/stack/data/venv/lib/python3.12/site-packages/oslo_concurrency/lockutils.py:538}}
May 12 21:35:00.799579 np0000000645 nova-conductor[98025]: INFO dbcounter [None req-4872906f-6cef-401d-a15f-89b310e60ad8 tempest-ServerBootFromVolumeStableRescueTest-513831744 tempest-ServerBootFromVolumeStableRescueTest-513831744-project-member] Registered counter for database nova_cell0
May 12 21:35:00.811005 np0000000645 nova-conductor[98025]: DEBUG oslo_db.sqlalchemy.engines [None req-4872906f-6cef-401d-a15f-89b310e60ad8 tempest-ServerBootFromVolumeStableRescueTest-513831744 tempest-ServerBootFromVolumeStableRescueTest-513831744-project-member] MySQL server mode set to STRICT_TRANS_TABLES,STRICT_ALL_TABLES,NO_ZERO_IN_DATE,NO_ZERO_DATE,ERROR_FOR_DIVISION_BY_ZERO,TRADITIONAL,NO_ENGINE_SUBSTITUTION {{(pid=98025) _check_effective_sql_mode /opt/stack/data/venv/lib/python3.12/site-packages/oslo_db/sqlalchemy/engines.py:325}}
May 12 21:35:00.818213 np0000000645 nova-conductor[98025]: DEBUG dbcounter [-] [98025] Writer thread running {{(pid=98025) stat_writer /opt/stack/data/venv/lib/python3.12/site-packages/dbcounter.py:102}}
May 12 21:35:00.826655 np0000000645 nova-conductor[98025]: DEBUG nova.quota [None req-4872906f-6cef-401d-a15f-89b310e60ad8 tempest-ServerBootFromVolumeStableRescueTest-513831744 tempest-ServerBootFromVolumeStableRescueTest-513831744-project-member] Getting quotas for project c2d1e77c42ea4a3d8c0459751c9c4d02. Resources: {'cores', 'instances', 'ram'} {{(pid=98025) _get_quotas /opt/stack/nova/nova/quota.py:392}}
May 12 21:35:00.829546 np0000000645 nova-conductor[98025]: DEBUG nova.quota [None req-4872906f-6cef-401d-a15f-89b310e60ad8 tempest-ServerBootFromVolumeStableRescueTest-513831744 tempest-ServerBootFromVolumeStableRescueTest-513831744-project-member] Getting quotas for user c4c90c069b044587867416e929a3b745 and project c2d1e77c42ea4a3d8c0459751c9c4d02. Resources: {'cores', 'instances', 'ram'} {{(pid=98025) _get_quotas /opt/stack/nova/nova/quota.py:382}}
May 12 21:35:00.834887 np0000000645 nova-conductor[98025]: DEBUG nova.conductor.manager [None req-4872906f-6cef-401d-a15f-89b310e60ad8 tempest-ServerBootFromVolumeStableRescueTest-513831744 tempest-ServerBootFromVolumeStableRescueTest-513831744-project-member] [instance: d72d5669-9ed0-4429-9143-88b8371883ec] Selected host: np0000000645; Selected node: np0000000645; Alternates: [] {{(pid=98025) schedule_and_build_instances /opt/stack/nova/nova/conductor/manager.py:1784}}
May 12 21:35:00.834887 np0000000645 nova-conductor[98025]: DEBUG oslo_concurrency.lockutils [None req-4872906f-6cef-401d-a15f-89b310e60ad8 tempest-ServerBootFromVolumeStableRescueTest-513831744 tempest-ServerBootFromVolumeStableRescueTest-513831744-project-member] Acquiring lock "c06f5db6-1960-4320-9168-7d701871f463" by "nova.context.set_target_cell..get_or_set_cached_cell_and_set_connections" {{(pid=98025) inner /opt/stack/data/venv/lib/python3.12/site-packages/oslo_concurrency/lockutils.py:506}}
May 12 21:35:00.835011 np0000000645 nova-conductor[98025]: DEBUG oslo_concurrency.lockutils [None req-4872906f-6cef-401d-a15f-89b310e60ad8 tempest-ServerBootFromVolumeStableRescueTest-513831744 tempest-ServerBootFromVolumeStableRescueTest-513831744-project-member] Lock "c06f5db6-1960-4320-9168-7d701871f463" acquired by "nova.context.set_target_cell..get_or_set_cached_cell_and_set_connections" :: waited 0.000s {{(pid=98025) inner /opt/stack/data/venv/lib/python3.12/site-packages/oslo_concurrency/lockutils.py:519}}
May 12 21:35:00.835119 np0000000645 nova-conductor[98025]: DEBUG oslo_concurrency.lockutils [None req-4872906f-6cef-401d-a15f-89b310e60ad8 tempest-ServerBootFromVolumeStableRescueTest-513831744 tempest-ServerBootFromVolumeStableRescueTest-513831744-project-member] Lock "c06f5db6-1960-4320-9168-7d701871f463" "released" by "nova.context.set_target_cell..get_or_set_cached_cell_and_set_connections" :: held 0.000s {{(pid=98025) inner /opt/stack/data/venv/lib/python3.12/site-packages/oslo_concurrency/lockutils.py:538}}
May 12 21:35:00.842618 np0000000645 nova-conductor[98025]: DEBUG nova.conductor.manager [None req-4872906f-6cef-401d-a15f-89b310e60ad8 tempest-ServerBootFromVolumeStableRescueTest-513831744 tempest-ServerBootFromVolumeStableRescueTest-513831744-project-member] [instance: d72d5669-9ed0-4429-9143-88b8371883ec] block_device_mapping [BlockDeviceMapping(attachment_id=,boot_index=0,connection_info=None,created_at=,delete_on_termination=True,deleted=,deleted_at=,destination_type='local',device_name=None,device_type='disk',disk_bus=None,encrypted=False,encryption_format=None,encryption_options=None,encryption_secret_uuid=None,guest_format=None,id=,image_id='8773cf3e-af12-4de8-95f3-4051ae05c17d',instance=,instance_uuid=,no_device=False,snapshot_id=None,source_type='image',tag=None,updated_at=,uuid=,volume_id=None,volume_size=None,volume_type=None)] {{(pid=98025) _create_block_device_mapping /opt/stack/nova/nova/conductor/manager.py:1529}}
May 12 21:35:00.843915 np0000000645 nova-conductor[98025]: DEBUG oslo_concurrency.lockutils [None req-4872906f-6cef-401d-a15f-89b310e60ad8 tempest-ServerBootFromVolumeStableRescueTest-513831744 tempest-ServerBootFromVolumeStableRescueTest-513831744-project-member] Acquiring lock "c06f5db6-1960-4320-9168-7d701871f463" by "nova.context.set_target_cell..get_or_set_cached_cell_and_set_connections" {{(pid=98025) inner /opt/stack/data/venv/lib/python3.12/site-packages/oslo_concurrency/lockutils.py:506}}
May 12 21:35:00.844051 np0000000645 nova-conductor[98025]: DEBUG oslo_concurrency.lockutils [None req-4872906f-6cef-401d-a15f-89b310e60ad8 tempest-ServerBootFromVolumeStableRescueTest-513831744 tempest-ServerBootFromVolumeStableRescueTest-513831744-project-member] Lock "c06f5db6-1960-4320-9168-7d701871f463" acquired by "nova.context.set_target_cell..get_or_set_cached_cell_and_set_connections" :: waited 0.000s {{(pid=98025) inner /opt/stack/data/venv/lib/python3.12/site-packages/oslo_concurrency/lockutils.py:519}}
May 12 21:35:00.844156 np0000000645 nova-conductor[98025]: DEBUG oslo_concurrency.lockutils [None req-4872906f-6cef-401d-a15f-89b310e60ad8 tempest-ServerBootFromVolumeStableRescueTest-513831744 tempest-ServerBootFromVolumeStableRescueTest-513831744-project-member] Lock "c06f5db6-1960-4320-9168-7d701871f463" "released" by "nova.context.set_target_cell..get_or_set_cached_cell_and_set_connections" :: held 0.000s {{(pid=98025) inner /opt/stack/data/venv/lib/python3.12/site-packages/oslo_concurrency/lockutils.py:538}}
May 12 21:35:00.880938 np0000000645 nova-conductor[98025]: DEBUG oslo_concurrency.lockutils [None req-4872906f-6cef-401d-a15f-89b310e60ad8 tempest-ServerBootFromVolumeStableRescueTest-513831744 tempest-ServerBootFromVolumeStableRescueTest-513831744-project-member] Acquiring lock "c06f5db6-1960-4320-9168-7d701871f463" by "nova.context.set_target_cell..get_or_set_cached_cell_and_set_connections" {{(pid=98025) inner /opt/stack/data/venv/lib/python3.12/site-packages/oslo_concurrency/lockutils.py:506}}
May 12 21:35:00.880938 np0000000645 nova-conductor[98025]: DEBUG oslo_concurrency.lockutils [None req-4872906f-6cef-401d-a15f-89b310e60ad8 tempest-ServerBootFromVolumeStableRescueTest-513831744 tempest-ServerBootFromVolumeStableRescueTest-513831744-project-member] Lock "c06f5db6-1960-4320-9168-7d701871f463" acquired by "nova.context.set_target_cell..get_or_set_cached_cell_and_set_connections" :: waited 0.000s {{(pid=98025) inner /opt/stack/data/venv/lib/python3.12/site-packages/oslo_concurrency/lockutils.py:519}}
May 12 21:35:00.880938 np0000000645 nova-conductor[98025]: DEBUG oslo_concurrency.lockutils [None req-4872906f-6cef-401d-a15f-89b310e60ad8 tempest-ServerBootFromVolumeStableRescueTest-513831744 tempest-ServerBootFromVolumeStableRescueTest-513831744-project-member] Lock "c06f5db6-1960-4320-9168-7d701871f463" "released" by "nova.context.set_target_cell..get_or_set_cached_cell_and_set_connections" :: held 0.000s {{(pid=98025) inner /opt/stack/data/venv/lib/python3.12/site-packages/oslo_concurrency/lockutils.py:538}}
May 12 21:35:00.880938 np0000000645 nova-conductor[98025]: DEBUG oslo_concurrency.lockutils [None req-4872906f-6cef-401d-a15f-89b310e60ad8 tempest-ServerBootFromVolumeStableRescueTest-513831744 tempest-ServerBootFromVolumeStableRescueTest-513831744-project-member] Acquiring lock "compute-rpcapi-router" {{(pid=98025) lock /opt/stack/data/venv/lib/python3.12/site-packages/oslo_concurrency/lockutils.py:390}}
May 12 21:35:00.881229 np0000000645 nova-conductor[98025]: DEBUG oslo_concurrency.lockutils [None req-4872906f-6cef-401d-a15f-89b310e60ad8 tempest-ServerBootFromVolumeStableRescueTest-513831744 tempest-ServerBootFromVolumeStableRescueTest-513831744-project-member] Acquired lock "compute-rpcapi-router" {{(pid=98025) lock /opt/stack/data/venv/lib/python3.12/site-packages/oslo_concurrency/lockutils.py:393}}
May 12 21:35:00.881608 np0000000645 nova-conductor[98025]: DEBUG oslo_concurrency.lockutils [None req-20dd4acb-e9df-4dbb-af6e-fcbd789e4aa0 None None] Acquiring lock "00000000-0000-0000-0000-000000000000" by "nova.context.set_target_cell..get_or_set_cached_cell_and_set_connections" {{(pid=98025) inner /opt/stack/data/venv/lib/python3.12/site-packages/oslo_concurrency/lockutils.py:506}}
May 12 21:35:00.881792 np0000000645 nova-conductor[98025]: DEBUG oslo_concurrency.lockutils [None req-20dd4acb-e9df-4dbb-af6e-fcbd789e4aa0 None None] Lock "00000000-0000-0000-0000-000000000000" acquired by "nova.context.set_target_cell..get_or_set_cached_cell_and_set_connections" :: waited 0.000s {{(pid=98025) inner /opt/stack/data/venv/lib/python3.12/site-packages/oslo_concurrency/lockutils.py:519}}
May 12 21:35:00.881985 np0000000645 nova-conductor[98025]: DEBUG oslo_concurrency.lockutils [None req-20dd4acb-e9df-4dbb-af6e-fcbd789e4aa0 None None] Lock "00000000-0000-0000-0000-000000000000" "released" by "nova.context.set_target_cell..get_or_set_cached_cell_and_set_connections" :: held 0.000s {{(pid=98025) inner /opt/stack/data/venv/lib/python3.12/site-packages/oslo_concurrency/lockutils.py:538}}
May 12 21:35:00.882581 np0000000645 nova-conductor[98025]: DEBUG oslo_concurrency.lockutils [None req-20dd4acb-e9df-4dbb-af6e-fcbd789e4aa0 None None] Acquiring lock "c06f5db6-1960-4320-9168-7d701871f463" by "nova.context.set_target_cell..get_or_set_cached_cell_and_set_connections" {{(pid=98025) inner /opt/stack/data/venv/lib/python3.12/site-packages/oslo_concurrency/lockutils.py:506}}
May 12 21:35:00.882791 np0000000645 nova-conductor[98025]: DEBUG oslo_concurrency.lockutils [None req-20dd4acb-e9df-4dbb-af6e-fcbd789e4aa0 None None] Lock "c06f5db6-1960-4320-9168-7d701871f463" acquired by "nova.context.set_target_cell..get_or_set_cached_cell_and_set_connections" :: waited 0.000s {{(pid=98025) inner /opt/stack/data/venv/lib/python3.12/site-packages/oslo_concurrency/lockutils.py:519}}
May 12 21:35:00.882974 np0000000645 nova-conductor[98025]: DEBUG oslo_concurrency.lockutils [None req-20dd4acb-e9df-4dbb-af6e-fcbd789e4aa0 None None] Lock "c06f5db6-1960-4320-9168-7d701871f463" "released" by "nova.context.set_target_cell..get_or_set_cached_cell_and_set_connections" :: held 0.000s {{(pid=98025) inner /opt/stack/data/venv/lib/python3.12/site-packages/oslo_concurrency/lockutils.py:538}}
May 12 21:35:00.894897 np0000000645 nova-conductor[98025]: INFO nova.compute.rpcapi [None req-20dd4acb-e9df-4dbb-af6e-fcbd789e4aa0 None None] Automatically selected compute RPC version 6.5 from minimum service version 72
May 12 21:35:00.894897 np0000000645 nova-conductor[98025]: DEBUG oslo_concurrency.lockutils [None req-20dd4acb-e9df-4dbb-af6e-fcbd789e4aa0 None None] Releasing lock "compute-rpcapi-router" {{(pid=98025) lock /opt/stack/data/venv/lib/python3.12/site-packages/oslo_concurrency/lockutils.py:413}}
May 12 21:35:01.166806 np0000000645 nova-conductor[98035]: DEBUG nova.conductor.manager [None req-f9b2d986-1337-4558-a109-21bae8280f27 tempest-ServerActionsTestOtherB-1766049287 tempest-ServerActionsTestOtherB-1766049287-project-member] Took 0.52 seconds to select destinations for 1 instance(s). {{(pid=98035) _schedule_instances /opt/stack/nova/nova/conductor/manager.py:968}}
May 12 21:35:01.187525 np0000000645 nova-conductor[98035]: DEBUG oslo_concurrency.lockutils [None req-f9b2d986-1337-4558-a109-21bae8280f27 tempest-ServerActionsTestOtherB-1766049287 tempest-ServerActionsTestOtherB-1766049287-project-member] Acquiring lock "c06f5db6-1960-4320-9168-7d701871f463" by "nova.context.set_target_cell..get_or_set_cached_cell_and_set_connections" {{(pid=98035) inner /opt/stack/data/venv/lib/python3.12/site-packages/oslo_concurrency/lockutils.py:506}}
May 12 21:35:01.187797 np0000000645 nova-conductor[98035]: DEBUG oslo_concurrency.lockutils [None req-f9b2d986-1337-4558-a109-21bae8280f27 tempest-ServerActionsTestOtherB-1766049287 tempest-ServerActionsTestOtherB-1766049287-project-member] Lock "c06f5db6-1960-4320-9168-7d701871f463" acquired by "nova.context.set_target_cell..get_or_set_cached_cell_and_set_connections" :: waited 0.000s {{(pid=98035) inner /opt/stack/data/venv/lib/python3.12/site-packages/oslo_concurrency/lockutils.py:519}}
May 12 21:35:01.189297 np0000000645 nova-conductor[98035]: DEBUG oslo_concurrency.lockutils [None req-f9b2d986-1337-4558-a109-21bae8280f27 tempest-ServerActionsTestOtherB-1766049287 tempest-ServerActionsTestOtherB-1766049287-project-member] Lock "c06f5db6-1960-4320-9168-7d701871f463" "released" by "nova.context.set_target_cell..get_or_set_cached_cell_and_set_connections" :: held 0.001s {{(pid=98035) inner /opt/stack/data/venv/lib/python3.12/site-packages/oslo_concurrency/lockutils.py:538}}
May 12 21:35:01.191079 np0000000645 nova-conductor[98035]: INFO dbcounter [None req-f9b2d986-1337-4558-a109-21bae8280f27 tempest-ServerActionsTestOtherB-1766049287 tempest-ServerActionsTestOtherB-1766049287-project-member] Registered counter for database nova_cell1
May 12 21:35:01.198070 np0000000645 nova-conductor[98035]: DEBUG oslo_db.sqlalchemy.engines [None req-f9b2d986-1337-4558-a109-21bae8280f27 tempest-ServerActionsTestOtherB-1766049287 tempest-ServerActionsTestOtherB-1766049287-project-member] MySQL server mode set to STRICT_TRANS_TABLES,STRICT_ALL_TABLES,NO_ZERO_IN_DATE,NO_ZERO_DATE,ERROR_FOR_DIVISION_BY_ZERO,TRADITIONAL,NO_ENGINE_SUBSTITUTION {{(pid=98035) _check_effective_sql_mode /opt/stack/data/venv/lib/python3.12/site-packages/oslo_db/sqlalchemy/engines.py:325}}
May 12 21:35:01.204085 np0000000645 nova-conductor[98035]: DEBUG dbcounter [-] [98035] Writer thread running {{(pid=98035) stat_writer /opt/stack/data/venv/lib/python3.12/site-packages/dbcounter.py:102}}
May 12 21:35:01.269807 np0000000645 nova-conductor[98035]: INFO nova.utils [None req-f9b2d986-1337-4558-a109-21bae8280f27 tempest-ServerActionsTestOtherB-1766049287 tempest-ServerActionsTestOtherB-1766049287-project-member] The cell worker thread pool ForkProcess-3.cell_worker is initialized
May 12 21:35:01.270130 np0000000645 nova-conductor[98035]: DEBUG oslo_concurrency.lockutils [None req-f9b2d986-1337-4558-a109-21bae8280f27 tempest-ServerActionsTestOtherB-1766049287 tempest-ServerActionsTestOtherB-1766049287-project-member] Acquiring lock "00000000-0000-0000-0000-000000000000" by "nova.context.set_target_cell..get_or_set_cached_cell_and_set_connections" {{(pid=98035) inner /opt/stack/data/venv/lib/python3.12/site-packages/oslo_concurrency/lockutils.py:506}}
May 12 21:35:01.270260 np0000000645 nova-conductor[98035]: DEBUG oslo_concurrency.lockutils [None req-f9b2d986-1337-4558-a109-21bae8280f27 tempest-ServerActionsTestOtherB-1766049287 tempest-ServerActionsTestOtherB-1766049287-project-member] Lock "00000000-0000-0000-0000-000000000000" acquired by "nova.context.set_target_cell..get_or_set_cached_cell_and_set_connections" :: waited 0.000s {{(pid=98035) inner /opt/stack/data/venv/lib/python3.12/site-packages/oslo_concurrency/lockutils.py:519}}
May 12 21:35:01.270711 np0000000645 nova-conductor[98035]: DEBUG oslo_concurrency.lockutils [None req-f9b2d986-1337-4558-a109-21bae8280f27 tempest-ServerActionsTestOtherB-1766049287 tempest-ServerActionsTestOtherB-1766049287-project-member] Lock "00000000-0000-0000-0000-000000000000" "released" by "nova.context.set_target_cell..get_or_set_cached_cell_and_set_connections" :: held 0.000s {{(pid=98035) inner /opt/stack/data/venv/lib/python3.12/site-packages/oslo_concurrency/lockutils.py:538}}
May 12 21:35:01.271471 np0000000645 nova-conductor[98035]: DEBUG oslo_concurrency.lockutils [None req-f9b2d986-1337-4558-a109-21bae8280f27 tempest-ServerActionsTestOtherB-1766049287 tempest-ServerActionsTestOtherB-1766049287-project-member] Acquiring lock "c06f5db6-1960-4320-9168-7d701871f463" by "nova.context.set_target_cell..get_or_set_cached_cell_and_set_connections" {{(pid=98035) inner /opt/stack/data/venv/lib/python3.12/site-packages/oslo_concurrency/lockutils.py:506}}
May 12 21:35:01.272607 np0000000645 nova-conductor[98035]: DEBUG oslo_concurrency.lockutils [None req-f9b2d986-1337-4558-a109-21bae8280f27 tempest-ServerActionsTestOtherB-1766049287 tempest-ServerActionsTestOtherB-1766049287-project-member] Lock "c06f5db6-1960-4320-9168-7d701871f463" acquired by "nova.context.set_target_cell..get_or_set_cached_cell_and_set_connections" :: waited 0.001s {{(pid=98035) inner /opt/stack/data/venv/lib/python3.12/site-packages/oslo_concurrency/lockutils.py:519}}
May 12 21:35:01.272689 np0000000645 nova-conductor[98035]: DEBUG oslo_concurrency.lockutils [None req-f9b2d986-1337-4558-a109-21bae8280f27 tempest-ServerActionsTestOtherB-1766049287 tempest-ServerActionsTestOtherB-1766049287-project-member] Lock "c06f5db6-1960-4320-9168-7d701871f463" "released" by "nova.context.set_target_cell..get_or_set_cached_cell_and_set_connections" :: held 0.000s {{(pid=98035) inner /opt/stack/data/venv/lib/python3.12/site-packages/oslo_concurrency/lockutils.py:538}}
May 12 21:35:01.272978 np0000000645 nova-conductor[98035]: INFO dbcounter [None req-f9b2d986-1337-4558-a109-21bae8280f27 tempest-ServerActionsTestOtherB-1766049287 tempest-ServerActionsTestOtherB-1766049287-project-member] Registered counter for database nova_cell0
May 12 21:35:01.285131 np0000000645 nova-conductor[98035]: DEBUG oslo_db.sqlalchemy.engines [None req-f9b2d986-1337-4558-a109-21bae8280f27 tempest-ServerActionsTestOtherB-1766049287 tempest-ServerActionsTestOtherB-1766049287-project-member] MySQL server mode set to STRICT_TRANS_TABLES,STRICT_ALL_TABLES,NO_ZERO_IN_DATE,NO_ZERO_DATE,ERROR_FOR_DIVISION_BY_ZERO,TRADITIONAL,NO_ENGINE_SUBSTITUTION {{(pid=98035) _check_effective_sql_mode /opt/stack/data/venv/lib/python3.12/site-packages/oslo_db/sqlalchemy/engines.py:325}}
May 12 21:35:01.290157 np0000000645 nova-conductor[98035]: DEBUG dbcounter [-] [98035] Writer thread running {{(pid=98035) stat_writer /opt/stack/data/venv/lib/python3.12/site-packages/dbcounter.py:102}}
May 12 21:35:01.302365 np0000000645 nova-conductor[98035]: DEBUG nova.quota [None req-f9b2d986-1337-4558-a109-21bae8280f27 tempest-ServerActionsTestOtherB-1766049287 tempest-ServerActionsTestOtherB-1766049287-project-member] Getting quotas for project e31c627897df40faab3ca419fa7d4121. Resources: {'cores', 'instances', 'ram'} {{(pid=98035) _get_quotas /opt/stack/nova/nova/quota.py:392}}
May 12 21:35:01.306804 np0000000645 nova-conductor[98035]: DEBUG nova.quota [None req-f9b2d986-1337-4558-a109-21bae8280f27 tempest-ServerActionsTestOtherB-1766049287 tempest-ServerActionsTestOtherB-1766049287-project-member] Getting quotas for user 678974a32cb2480c8c4b1ca7f240bca8 and project e31c627897df40faab3ca419fa7d4121. Resources: {'cores', 'instances', 'ram'} {{(pid=98035) _get_quotas /opt/stack/nova/nova/quota.py:382}}
May 12 21:35:01.313558 np0000000645 nova-conductor[98035]: DEBUG nova.conductor.manager [None req-f9b2d986-1337-4558-a109-21bae8280f27 tempest-ServerActionsTestOtherB-1766049287 tempest-ServerActionsTestOtherB-1766049287-project-member] [instance: 8d41aff5-fe17-4623-8339-c4509142887a] Selected host: np0000000645; Selected node: np0000000645; Alternates: [] {{(pid=98035) schedule_and_build_instances /opt/stack/nova/nova/conductor/manager.py:1784}}
May 12 21:35:01.314162 np0000000645 nova-conductor[98035]: DEBUG oslo_concurrency.lockutils [None req-f9b2d986-1337-4558-a109-21bae8280f27 tempest-ServerActionsTestOtherB-1766049287 tempest-ServerActionsTestOtherB-1766049287-project-member] Acquiring lock "c06f5db6-1960-4320-9168-7d701871f463" by "nova.context.set_target_cell..get_or_set_cached_cell_and_set_connections" {{(pid=98035) inner /opt/stack/data/venv/lib/python3.12/site-packages/oslo_concurrency/lockutils.py:506}}
May 12 21:35:01.314763 np0000000645 nova-conductor[98035]: DEBUG oslo_concurrency.lockutils [None req-f9b2d986-1337-4558-a109-21bae8280f27 tempest-ServerActionsTestOtherB-1766049287 tempest-ServerActionsTestOtherB-1766049287-project-member] Lock "c06f5db6-1960-4320-9168-7d701871f463" acquired by "nova.context.set_target_cell..get_or_set_cached_cell_and_set_connections" :: waited 0.000s {{(pid=98035) inner /opt/stack/data/venv/lib/python3.12/site-packages/oslo_concurrency/lockutils.py:519}}
May 12 21:35:01.314763 np0000000645 nova-conductor[98035]: DEBUG oslo_concurrency.lockutils [None req-f9b2d986-1337-4558-a109-21bae8280f27 tempest-ServerActionsTestOtherB-1766049287 tempest-ServerActionsTestOtherB-1766049287-project-member] Lock "c06f5db6-1960-4320-9168-7d701871f463" "released" by "nova.context.set_target_cell..get_or_set_cached_cell_and_set_connections" :: held 0.000s {{(pid=98035) inner /opt/stack/data/venv/lib/python3.12/site-packages/oslo_concurrency/lockutils.py:538}}
