May 12 21:31:37.351178 np0000000645 neutron-periodic-workers[92031]: DEBUG cotyledon.oslo_config_glue [-] ovn.broadcast_arps_to_all_routers = True {{(pid=92031) log_opt_values /opt/stack/data/venv/lib/python3.12/site-packages/oslo_config/cfg.py:3006}}
May 12 21:31:37.351217 np0000000645 neutron-periodic-workers[92031]: DEBUG cotyledon.oslo_config_glue [-] ovn.dhcp_default_lease_time = 43200 {{(pid=92031) log_opt_values /opt/stack/data/venv/lib/python3.12/site-packages/oslo_config/cfg.py:3006}}
May 12 21:31:37.351258 np0000000645 neutron-periodic-workers[92031]: DEBUG cotyledon.oslo_config_glue [-] ovn.disable_ovn_dhcp_for_baremetal_ports = False {{(pid=92031) log_opt_values /opt/stack/data/venv/lib/python3.12/site-packages/oslo_config/cfg.py:3006}}
May 12 21:31:37.351295 np0000000645 neutron-periodic-workers[92031]: DEBUG cotyledon.oslo_config_glue [-] ovn.dns_records_ovn_owned = False {{(pid=92031) log_opt_values /opt/stack/data/venv/lib/python3.12/site-packages/oslo_config/cfg.py:3006}}
May 12 21:31:37.351325 np0000000645 neutron-periodic-workers[92031]: DEBUG cotyledon.oslo_config_glue [-] ovn.dns_servers = [] {{(pid=92031) log_opt_values /opt/stack/data/venv/lib/python3.12/site-packages/oslo_config/cfg.py:3006}}
May 12 21:31:37.351354 np0000000645 neutron-periodic-workers[92031]: DEBUG cotyledon.oslo_config_glue [-] ovn.enable_distributed_floating_ip = False {{(pid=92031) log_opt_values /opt/stack/data/venv/lib/python3.12/site-packages/oslo_config/cfg.py:3006}}
May 12 21:31:37.351379 np0000000645 neutron-periodic-workers[92031]: DEBUG cotyledon.oslo_config_glue [-] ovn.fdb_age_threshold = 300 {{(pid=92031) log_opt_values /opt/stack/data/venv/lib/python3.12/site-packages/oslo_config/cfg.py:3006}}
May 12 21:31:37.351408 np0000000645 neutron-periodic-workers[92031]: DEBUG cotyledon.oslo_config_glue [-] ovn.ha_failover_strategy = normal {{(pid=92031) log_opt_values /opt/stack/data/venv/lib/python3.12/site-packages/oslo_config/cfg.py:3006}}
May 12 21:31:37.351458 np0000000645 neutron-periodic-workers[92031]: DEBUG cotyledon.oslo_config_glue [-] ovn.live_migration_activation_strategy = rarp {{(pid=92031) log_opt_values /opt/stack/data/venv/lib/python3.12/site-packages/oslo_config/cfg.py:3006}}
May 12 21:31:37.351509 np0000000645 neutron-periodic-workers[92031]: DEBUG cotyledon.oslo_config_glue [-] ovn.localnet_learn_fdb = False {{(pid=92031) log_opt_values /opt/stack/data/venv/lib/python3.12/site-packages/oslo_config/cfg.py:3006}}
May 12 21:31:37.351509 np0000000645 neutron-periodic-workers[92031]: DEBUG cotyledon.oslo_config_glue [-] ovn.mac_binding_age_threshold = 300 {{(pid=92031) log_opt_values /opt/stack/data/venv/lib/python3.12/site-packages/oslo_config/cfg.py:3006}}
May 12 21:31:37.351570 np0000000645 neutron-periodic-workers[92031]: DEBUG cotyledon.oslo_config_glue [-] ovn.neutron_sync_mode = log {{(pid=92031) log_opt_values /opt/stack/data/venv/lib/python3.12/site-packages/oslo_config/cfg.py:3006}}
May 12 21:31:37.351597 np0000000645 neutron-periodic-workers[92031]: DEBUG cotyledon.oslo_config_glue [-] ovn.ovn_dhcp4_global_options = {} {{(pid=92031) log_opt_values /opt/stack/data/venv/lib/python3.12/site-packages/oslo_config/cfg.py:3006}}
May 12 21:31:37.351619 np0000000645 neutron-periodic-workers[92031]: DEBUG cotyledon.oslo_config_glue [-] ovn.ovn_dhcp6_global_options = {} {{(pid=92031) log_opt_values /opt/stack/data/venv/lib/python3.12/site-packages/oslo_config/cfg.py:3006}}
May 12 21:31:37.351656 np0000000645 neutron-periodic-workers[92031]: DEBUG cotyledon.oslo_config_glue [-] ovn.ovn_l3_scheduler = leastloaded {{(pid=92031) log_opt_values /opt/stack/data/venv/lib/python3.12/site-packages/oslo_config/cfg.py:3006}}
May 12 21:31:37.351696 np0000000645 neutron-periodic-workers[92031]: DEBUG cotyledon.oslo_config_glue [-] ovn.ovn_metadata_enabled = True {{(pid=92031) log_opt_values /opt/stack/data/venv/lib/python3.12/site-packages/oslo_config/cfg.py:3006}}
May 12 21:31:37.351764 np0000000645 neutron-periodic-workers[92031]: DEBUG cotyledon.oslo_config_glue [-] ovn.ovn_nb_ca_cert = /opt/stack/data/CA/int-ca/ca-chain.pem {{(pid=92031) log_opt_values /opt/stack/data/venv/lib/python3.12/site-packages/oslo_config/cfg.py:3006}}
May 12 21:31:37.351819 np0000000645 neutron-periodic-workers[92031]: DEBUG cotyledon.oslo_config_glue [-] ovn.ovn_nb_certificate = /opt/stack/data/CA/int-ca/devstack-cert.crt {{(pid=92031) log_opt_values /opt/stack/data/venv/lib/python3.12/site-packages/oslo_config/cfg.py:3006}}
May 12 21:31:37.351875 np0000000645 neutron-periodic-workers[92031]: DEBUG cotyledon.oslo_config_glue [-] ovn.ovn_nb_connection = ['ssl:10.4.3.109:6641'] {{(pid=92031) log_opt_values /opt/stack/data/venv/lib/python3.12/site-packages/oslo_config/cfg.py:3006}}
May 12 21:31:37.351905 np0000000645 neutron-periodic-workers[92031]: DEBUG cotyledon.oslo_config_glue [-] ovn.ovn_nb_private_key = /opt/stack/data/CA/int-ca/private/devstack-cert.key {{(pid=92031) log_opt_values /opt/stack/data/venv/lib/python3.12/site-packages/oslo_config/cfg.py:3006}}
May 12 21:31:37.351950 np0000000645 neutron-periodic-workers[92031]: DEBUG cotyledon.oslo_config_glue [-] ovn.ovn_router_indirect_snat = False {{(pid=92031) log_opt_values /opt/stack/data/venv/lib/python3.12/site-packages/oslo_config/cfg.py:3006}}
May 12 21:31:37.351990 np0000000645 neutron-periodic-workers[92031]: DEBUG cotyledon.oslo_config_glue [-] ovn.ovn_sb_ca_cert = /opt/stack/data/CA/int-ca/ca-chain.pem {{(pid=92031) log_opt_values /opt/stack/data/venv/lib/python3.12/site-packages/oslo_config/cfg.py:3006}}
May 12 21:31:37.352029 np0000000645 neutron-periodic-workers[92031]: DEBUG cotyledon.oslo_config_glue [-] ovn.ovn_sb_certificate = /opt/stack/data/CA/int-ca/devstack-cert.crt {{(pid=92031) log_opt_values /opt/stack/data/venv/lib/python3.12/site-packages/oslo_config/cfg.py:3006}}
May 12 21:31:37.352094 np0000000645 neutron-periodic-workers[92031]: DEBUG cotyledon.oslo_config_glue [-] ovn.ovn_sb_connection = ['ssl:10.4.3.109:6642'] {{(pid=92031) log_opt_values /opt/stack/data/venv/lib/python3.12/site-packages/oslo_config/cfg.py:3006}}
May 12 21:31:37.352094 np0000000645 neutron-periodic-workers[92031]: DEBUG cotyledon.oslo_config_glue [-] ovn.ovn_sb_private_key = /opt/stack/data/CA/int-ca/private/devstack-cert.key {{(pid=92031) log_opt_values /opt/stack/data/venv/lib/python3.12/site-packages/oslo_config/cfg.py:3006}}
May 12 21:31:37.352161 np0000000645 neutron-periodic-workers[92031]: DEBUG cotyledon.oslo_config_glue [-] ovn.ovs_create_tap = False {{(pid=92031) log_opt_values /opt/stack/data/venv/lib/python3.12/site-packages/oslo_config/cfg.py:3006}}
May 12 21:31:37.352161 np0000000645 neutron-periodic-workers[92031]: DEBUG cotyledon.oslo_config_glue [-] ovn.ovsdb_connection_timeout = 180 {{(pid=92031) log_opt_values /opt/stack/data/venv/lib/python3.12/site-packages/oslo_config/cfg.py:3006}}
May 12 21:31:37.352244 np0000000645 neutron-periodic-workers[92031]: DEBUG cotyledon.oslo_config_glue [-] ovn.ovsdb_log_level = INFO {{(pid=92031) log_opt_values /opt/stack/data/venv/lib/python3.12/site-packages/oslo_config/cfg.py:3006}}
May 12 21:31:37.352244 np0000000645 neutron-periodic-workers[92031]: DEBUG cotyledon.oslo_config_glue [-] ovn.ovsdb_probe_interval = 60000 {{(pid=92031) log_opt_values /opt/stack/data/venv/lib/python3.12/site-packages/oslo_config/cfg.py:3006}}
May 12 21:31:37.352244 np0000000645 neutron-periodic-workers[92031]: DEBUG cotyledon.oslo_config_glue [-] ovn.ovsdb_retry_max_interval = 180 {{(pid=92031) log_opt_values /opt/stack/data/venv/lib/python3.12/site-packages/oslo_config/cfg.py:3006}}
May 12 21:31:37.352317 np0000000645 neutron-periodic-workers[92031]: DEBUG cotyledon.oslo_config_glue [-] ovn.stateless_nat_enabled = False {{(pid=92031) log_opt_values /opt/stack/data/venv/lib/python3.12/site-packages/oslo_config/cfg.py:3006}}
May 12 21:31:37.352317 np0000000645 neutron-periodic-workers[92031]: DEBUG cotyledon.oslo_config_glue [-] ovn.vhost_sock_dir = /var/run/openvswitch {{(pid=92031) log_opt_values /opt/stack/data/venv/lib/python3.12/site-packages/oslo_config/cfg.py:3006}}
May 12 21:31:37.352361 np0000000645 neutron-periodic-workers[92031]: DEBUG cotyledon.oslo_config_glue [-] OVS.bridge_mac_table_size = 50000 {{(pid=92031) log_opt_values /opt/stack/data/venv/lib/python3.12/site-packages/oslo_config/cfg.py:3006}}
May 12 21:31:37.352404 np0000000645 neutron-periodic-workers[92031]: DEBUG cotyledon.oslo_config_glue [-] OVS.igmp_flood = False {{(pid=92031) log_opt_values /opt/stack/data/venv/lib/python3.12/site-packages/oslo_config/cfg.py:3006}}
May 12 21:31:37.352462 np0000000645 neutron-periodic-workers[92031]: DEBUG cotyledon.oslo_config_glue [-] OVS.igmp_flood_reports = True {{(pid=92031) log_opt_values /opt/stack/data/venv/lib/python3.12/site-packages/oslo_config/cfg.py:3006}}
May 12 21:31:37.352494 np0000000645 neutron-periodic-workers[92031]: DEBUG cotyledon.oslo_config_glue [-] OVS.igmp_flood_unregistered = False {{(pid=92031) log_opt_values /opt/stack/data/venv/lib/python3.12/site-packages/oslo_config/cfg.py:3006}}
May 12 21:31:37.352518 np0000000645 neutron-periodic-workers[92031]: DEBUG cotyledon.oslo_config_glue [-] OVS.igmp_snooping_enable = False {{(pid=92031) log_opt_values /opt/stack/data/venv/lib/python3.12/site-packages/oslo_config/cfg.py:3006}}
May 12 21:31:37.352547 np0000000645 neutron-periodic-workers[92031]: DEBUG cotyledon.oslo_config_glue [-] OVS.ovsdb_timeout = 10 {{(pid=92031) log_opt_values /opt/stack/data/venv/lib/python3.12/site-packages/oslo_config/cfg.py:3006}}
May 12 21:31:37.352585 np0000000645 neutron-periodic-workers[92031]: DEBUG cotyledon.oslo_config_glue [-] ovn_nb_global.fdb_removal_limit = 0 {{(pid=92031) log_opt_values /opt/stack/data/venv/lib/python3.12/site-packages/oslo_config/cfg.py:3006}}
May 12 21:31:37.352625 np0000000645 neutron-periodic-workers[92031]: DEBUG cotyledon.oslo_config_glue [-] ovn_nb_global.ignore_lsp_down = False {{(pid=92031) log_opt_values /opt/stack/data/venv/lib/python3.12/site-packages/oslo_config/cfg.py:3006}}
May 12 21:31:37.352666 np0000000645 neutron-periodic-workers[92031]: DEBUG cotyledon.oslo_config_glue [-] ovn_nb_global.mac_binding_removal_limit = 0 {{(pid=92031) log_opt_values /opt/stack/data/venv/lib/python3.12/site-packages/oslo_config/cfg.py:3006}}
May 12 21:31:37.352813 np0000000645 neutron-periodic-workers[92031]: DEBUG cotyledon.oslo_config_glue [-] ******************************************************************************** {{(pid=92031) log_opt_values /opt/stack/data/venv/lib/python3.12/site-packages/oslo_config/cfg.py:3013}}
May 12 21:31:37.353533 np0000000645 neutron-periodic-workers[92031]: DEBUG cotyledon._service_worker [-] Run service ServiceWrapper(0) [92031] {{(pid=92031) wait_forever /opt/stack/data/venv/lib/python3.12/site-packages/cotyledon/_service_worker.py:218}}
May 12 21:31:46.963915 np0000000645 neutron-periodic-workers[90936]: DEBUG dbcounter [-] [90936] Writing DB stats neutron:SELECT=4 {{(pid=90936) stat_writer /opt/stack/data/venv/lib/python3.12/site-packages/dbcounter.py:115}}
May 12 21:32:35.328359 np0000000645 neutron-periodic-workers[91999]: DEBUG oslo_db.sqlalchemy.engines [None req-773695dd-7d5c-4633-aa17-710cfaf7d639 None None] Parent process 90936 forked (91999) with an open database connection, which is being discarded and recreated. {{(pid=91999) checkout /opt/stack/data/venv/lib/python3.12/site-packages/oslo_db/sqlalchemy/engines.py:402}}
May 12 21:32:35.334265 np0000000645 neutron-periodic-workers[91999]: DEBUG dbcounter [-] [91999] Writer thread running {{(pid=91999) stat_writer /opt/stack/data/venv/lib/python3.12/site-packages/dbcounter.py:102}}
May 12 21:32:35.336991 np0000000645 neutron-periodic-workers[91999]: DEBUG neutron.db.agents_db [None req-773695dd-7d5c-4633-aa17-710cfaf7d639 None None] Agent healthcheck: found 0 active agents {{(pid=91999) agent_health_check /opt/stack/neutron/neutron/db/agents_db.py:322}}
May 12 21:32:35.337166 np0000000645 neutron-periodic-workers[91999]: DEBUG oslo.service.backend._threading.loopingcall [None req-773695dd-7d5c-4633-aa17-710cfaf7d639 None None] Fixed interval looping call 'neutron.plugins.ml2.plugin.AgentDbMixin.agent_health_check' sleeping for 36.99 seconds {{(pid=91999) _run_loop /opt/stack/data/venv/lib/python3.12/site-packages/oslo_service/backend/_threading/loopingcall.py:125}}
May 12 21:32:36.327325 np0000000645 neutron-periodic-workers[91994]: DEBUG dbcounter [-] [91994] Writer thread running {{(pid=91994) stat_writer /opt/stack/data/venv/lib/python3.12/site-packages/dbcounter.py:102}}
May 12 21:32:36.334929 np0000000645 neutron-periodic-workers[91994]: DEBUG oslo.service.backend._threading.loopingcall [None req-388f922e-230d-47a6-a82f-3a96d15358db None None] Fixed interval looping call 'neutron.plugins.ml2.plugin.DhcpAgentSchedulerDbMixin.remove_networks_from_down_agents' sleeping for 36.98 seconds {{(pid=91994) _run_loop /opt/stack/data/venv/lib/python3.12/site-packages/oslo_service/backend/_threading/loopingcall.py:125}}
May 12 21:32:45.334695 np0000000645 neutron-periodic-workers[91999]: DEBUG dbcounter [-] [91999] Writing DB stats neutron:SELECT=1 {{(pid=91999) stat_writer /opt/stack/data/venv/lib/python3.12/site-packages/dbcounter.py:115}}
May 12 21:32:46.333956 np0000000645 neutron-periodic-workers[91994]: DEBUG dbcounter [-] [91994] Writing DB stats neutron:SELECT=3 {{(pid=91994) stat_writer /opt/stack/data/venv/lib/python3.12/site-packages/dbcounter.py:115}}
May 12 21:33:12.330611 np0000000645 neutron-periodic-workers[91999]: DEBUG neutron.db.agents_db [None req-773695dd-7d5c-4633-aa17-710cfaf7d639 None None] Agent healthcheck: found 0 active agents {{(pid=91999) agent_health_check /opt/stack/neutron/neutron/db/agents_db.py:322}}
May 12 21:33:12.331129 np0000000645 neutron-periodic-workers[91999]: DEBUG oslo.service.backend._threading.loopingcall [None req-773695dd-7d5c-4633-aa17-710cfaf7d639 None None] Fixed interval looping call 'neutron.plugins.ml2.plugin.AgentDbMixin.agent_health_check' sleeping for 37.00 seconds {{(pid=91999) _run_loop /opt/stack/data/venv/lib/python3.12/site-packages/oslo_service/backend/_threading/loopingcall.py:125}}
May 12 21:33:13.320734 np0000000645 neutron-periodic-workers[91994]: DEBUG oslo.service.backend._threading.loopingcall [None req-388f922e-230d-47a6-a82f-3a96d15358db None None] Fixed interval looping call 'neutron.plugins.ml2.plugin.DhcpAgentSchedulerDbMixin.remove_networks_from_down_agents' sleeping for 36.99 seconds {{(pid=91994) _run_loop /opt/stack/data/venv/lib/python3.12/site-packages/oslo_service/backend/_threading/loopingcall.py:125}}
May 12 21:33:22.329625 np0000000645 neutron-periodic-workers[91999]: DEBUG dbcounter [-] [91999] Writing DB stats neutron:SELECT=1 {{(pid=91999) stat_writer /opt/stack/data/venv/lib/python3.12/site-packages/dbcounter.py:115}}
May 12 21:33:23.319790 np0000000645 neutron-periodic-workers[91994]: DEBUG dbcounter [-] [91994] Writing DB stats neutron:SELECT=3 {{(pid=91994) stat_writer /opt/stack/data/venv/lib/python3.12/site-packages/dbcounter.py:115}}
May 12 21:33:37.353057 np0000000645 neutron-periodic-workers[92015]: DEBUG dbcounter [-] [92015] Writer thread running {{(pid=92015) stat_writer /opt/stack/data/venv/lib/python3.12/site-packages/dbcounter.py:102}}
May 12 21:33:37.354640 np0000000645 neutron-periodic-workers[92015]: DEBUG oslo.service.backend._threading.loopingcall [None req-9defdb5e-fc62-4e88-89ea-d3e79103e6e0 None None] Fixed interval looping call 'neutron.db.quota.driver_nolock.DbQuotaNoLockDriver._remove_expired_reservations' sleeping for 119.99 seconds {{(pid=92015) _run_loop /opt/stack/data/venv/lib/python3.12/site-packages/oslo_service/backend/_threading/loopingcall.py:125}}
May 12 21:33:47.353523 np0000000645 neutron-periodic-workers[92015]: DEBUG dbcounter [-] [92015] Writing DB stats neutron:DELETE=1 {{(pid=92015) stat_writer /opt/stack/data/venv/lib/python3.12/site-packages/dbcounter.py:115}}
May 12 21:33:49.334557 np0000000645 neutron-periodic-workers[91999]: DEBUG neutron.db.agents_db [None req-773695dd-7d5c-4633-aa17-710cfaf7d639 None None] Agent healthcheck: found 0 active agents {{(pid=91999) agent_health_check /opt/stack/neutron/neutron/db/agents_db.py:322}}
May 12 21:33:49.334997 np0000000645 neutron-periodic-workers[91999]: DEBUG oslo.service.backend._threading.loopingcall [None req-773695dd-7d5c-4633-aa17-710cfaf7d639 None None] Fixed interval looping call 'neutron.plugins.ml2.plugin.AgentDbMixin.agent_health_check' sleeping for 37.00 seconds {{(pid=91999) _run_loop /opt/stack/data/venv/lib/python3.12/site-packages/oslo_service/backend/_threading/loopingcall.py:125}}
May 12 21:33:50.317159 np0000000645 neutron-periodic-workers[91994]: DEBUG oslo.service.backend._threading.loopingcall [None req-388f922e-230d-47a6-a82f-3a96d15358db None None] Fixed interval looping call 'neutron.plugins.ml2.plugin.DhcpAgentSchedulerDbMixin.remove_networks_from_down_agents' sleeping for 36.99 seconds {{(pid=91994) _run_loop /opt/stack/data/venv/lib/python3.12/site-packages/oslo_service/backend/_threading/loopingcall.py:125}}
May 12 21:33:59.333822 np0000000645 neutron-periodic-workers[91999]: DEBUG dbcounter [-] [91999] Writing DB stats neutron:SELECT=1 {{(pid=91999) stat_writer /opt/stack/data/venv/lib/python3.12/site-packages/dbcounter.py:115}}
May 12 21:34:00.316172 np0000000645 neutron-periodic-workers[91994]: DEBUG dbcounter [-] [91994] Writing DB stats neutron:SELECT=3 {{(pid=91994) stat_writer /opt/stack/data/venv/lib/python3.12/site-packages/dbcounter.py:115}}
May 12 21:34:26.337584 np0000000645 neutron-periodic-workers[91999]: DEBUG neutron.db.agents_db [None req-773695dd-7d5c-4633-aa17-710cfaf7d639 None None] Agent healthcheck: found 0 active agents {{(pid=91999) agent_health_check /opt/stack/neutron/neutron/db/agents_db.py:322}}
May 12 21:34:26.337996 np0000000645 neutron-periodic-workers[91999]: DEBUG oslo.service.backend._threading.loopingcall [None req-773695dd-7d5c-4633-aa17-710cfaf7d639 None None] Fixed interval looping call 'neutron.plugins.ml2.plugin.AgentDbMixin.agent_health_check' sleeping for 37.00 seconds {{(pid=91999) _run_loop /opt/stack/data/venv/lib/python3.12/site-packages/oslo_service/backend/_threading/loopingcall.py:125}}
May 12 21:34:27.312433 np0000000645 neutron-periodic-workers[91994]: DEBUG oslo.service.backend._threading.loopingcall [None req-388f922e-230d-47a6-a82f-3a96d15358db None None] Fixed interval looping call 'neutron.plugins.ml2.plugin.DhcpAgentSchedulerDbMixin.remove_networks_from_down_agents' sleeping for 37.00 seconds {{(pid=91994) _run_loop /opt/stack/data/venv/lib/python3.12/site-packages/oslo_service/backend/_threading/loopingcall.py:125}}
May 12 21:34:36.336880 np0000000645 neutron-periodic-workers[91999]: DEBUG dbcounter [-] [91999] Writing DB stats neutron:SELECT=1 {{(pid=91999) stat_writer /opt/stack/data/venv/lib/python3.12/site-packages/dbcounter.py:115}}
May 12 21:34:37.311694 np0000000645 neutron-periodic-workers[91994]: DEBUG dbcounter [-] [91994] Writing DB stats neutron:SELECT=3 {{(pid=91994) stat_writer /opt/stack/data/venv/lib/python3.12/site-packages/dbcounter.py:115}}
May 12 21:34:45.378218 np0000000645 neutron-periodic-workers[92031]: DEBUG dbcounter [-] [92031] Writer thread running {{(pid=92031) stat_writer /opt/stack/data/venv/lib/python3.12/site-packages/dbcounter.py:102}}
May 12 21:34:45.387546 np0000000645 neutron-periodic-workers[92031]: DEBUG oslo.service.backend._threading.loopingcall [None req-4aef872e-9fed-4380-a4f4-ea767ffc6c71 None None] Fixed interval looping call 'neutron.services.ovn_l3.plugin.L3_NAT_dbonly_mixin._clean_garbage' sleeping for 299.97 seconds {{(pid=92031) _run_loop /opt/stack/data/venv/lib/python3.12/site-packages/oslo_service/backend/_threading/loopingcall.py:125}}
May 12 21:35:03.340687 np0000000645 neutron-periodic-workers[91999]: DEBUG neutron.db.agents_db [None req-773695dd-7d5c-4633-aa17-710cfaf7d639 None None] Agent healthcheck: found 0 active agents {{(pid=91999) agent_health_check /opt/stack/neutron/neutron/db/agents_db.py:322}}
May 12 21:35:03.341692 np0000000645 neutron-periodic-workers[91999]: DEBUG oslo.service.backend._threading.loopingcall [None req-773695dd-7d5c-4633-aa17-710cfaf7d639 None None] Fixed interval looping call 'neutron.plugins.ml2.plugin.AgentDbMixin.agent_health_check' sleeping for 37.00 seconds {{(pid=91999) _run_loop /opt/stack/data/venv/lib/python3.12/site-packages/oslo_service/backend/_threading/loopingcall.py:125}}
May 12 21:35:04.321157 np0000000645 neutron-periodic-workers[91994]: DEBUG oslo.service.backend._threading.loopingcall [None req-388f922e-230d-47a6-a82f-3a96d15358db None None] Fixed interval looping call 'neutron.plugins.ml2.plugin.DhcpAgentSchedulerDbMixin.remove_networks_from_down_agents' sleeping for 36.99 seconds {{(pid=91994) _run_loop /opt/stack/data/venv/lib/python3.12/site-packages/oslo_service/backend/_threading/loopingcall.py:125}}
May 12 21:35:05.378808 np0000000645 neutron-periodic-workers[92031]: DEBUG dbcounter [-] [92031] Writing DB stats neutron:SELECT=1 {{(pid=92031) stat_writer /opt/stack/data/venv/lib/python3.12/site-packages/dbcounter.py:115}}
May 12 21:35:13.339762 np0000000645 neutron-periodic-workers[91999]: DEBUG dbcounter [-] [91999] Writing DB stats neutron:SELECT=1 {{(pid=91999) stat_writer /opt/stack/data/venv/lib/python3.12/site-packages/dbcounter.py:115}}
May 12 21:35:14.320489 np0000000645 neutron-periodic-workers[91994]: DEBUG dbcounter [-] [91994] Writing DB stats neutron:SELECT=3 {{(pid=91994) stat_writer /opt/stack/data/venv/lib/python3.12/site-packages/dbcounter.py:115}}
May 12 21:35:37.353742 np0000000645 neutron-periodic-workers[92015]: DEBUG oslo.service.backend._threading.loopingcall [None req-9defdb5e-fc62-4e88-89ea-d3e79103e6e0 None None] Fixed interval looping call 'neutron.db.quota.driver_nolock.DbQuotaNoLockDriver._remove_expired_reservations' sleeping for 119.99 seconds {{(pid=92015) _run_loop /opt/stack/data/venv/lib/python3.12/site-packages/oslo_service/backend/_threading/loopingcall.py:125}}
May 12 21:35:40.349160 np0000000645 neutron-periodic-workers[91999]: DEBUG neutron.db.agents_db [None req-773695dd-7d5c-4633-aa17-710cfaf7d639 None None] Agent healthcheck: found 0 active agents {{(pid=91999) agent_health_check /opt/stack/neutron/neutron/db/agents_db.py:322}}
May 12 21:35:40.349662 np0000000645 neutron-periodic-workers[91999]: DEBUG oslo.service.backend._threading.loopingcall [None req-773695dd-7d5c-4633-aa17-710cfaf7d639 None None] Fixed interval looping call 'neutron.plugins.ml2.plugin.AgentDbMixin.agent_health_check' sleeping for 36.99 seconds {{(pid=91999) _run_loop /opt/stack/data/venv/lib/python3.12/site-packages/oslo_service/backend/_threading/loopingcall.py:125}}
May 12 21:35:41.319123 np0000000645 neutron-periodic-workers[91994]: DEBUG oslo.service.backend._threading.loopingcall [None req-388f922e-230d-47a6-a82f-3a96d15358db None None] Fixed interval looping call 'neutron.plugins.ml2.plugin.DhcpAgentSchedulerDbMixin.remove_networks_from_down_agents' sleeping for 36.99 seconds {{(pid=91994) _run_loop /opt/stack/data/venv/lib/python3.12/site-packages/oslo_service/backend/_threading/loopingcall.py:125}}
May 12 21:35:47.353005 np0000000645 neutron-periodic-workers[92015]: DEBUG dbcounter [-] [92015] Writing DB stats neutron:DELETE=1 {{(pid=92015) stat_writer /opt/stack/data/venv/lib/python3.12/site-packages/dbcounter.py:115}}
May 12 21:35:50.348620 np0000000645 neutron-periodic-workers[91999]: DEBUG dbcounter [-] [91999] Writing DB stats neutron:SELECT=1 {{(pid=91999) stat_writer /opt/stack/data/venv/lib/python3.12/site-packages/dbcounter.py:115}}
May 12 21:35:51.317992 np0000000645 neutron-periodic-workers[91994]: DEBUG dbcounter [-] [91994] Writing DB stats neutron:SELECT=3 {{(pid=91994) stat_writer /opt/stack/data/venv/lib/python3.12/site-packages/dbcounter.py:115}}
May 12 21:36:17.346139 np0000000645 neutron-periodic-workers[91999]: DEBUG neutron.db.agents_db [None req-773695dd-7d5c-4633-aa17-710cfaf7d639 None None] Agent healthcheck: found 0 active agents {{(pid=91999) agent_health_check /opt/stack/neutron/neutron/db/agents_db.py:322}}
May 12 21:36:17.346139 np0000000645 neutron-periodic-workers[91999]: DEBUG oslo.service.backend._threading.loopingcall [None req-773695dd-7d5c-4633-aa17-710cfaf7d639 None None] Fixed interval looping call 'neutron.plugins.ml2.plugin.AgentDbMixin.agent_health_check' sleeping for 37.00 seconds {{(pid=91999) _run_loop /opt/stack/data/venv/lib/python3.12/site-packages/oslo_service/backend/_threading/loopingcall.py:125}}
May 12 21:36:18.315294 np0000000645 neutron-periodic-workers[91994]: DEBUG oslo.service.backend._threading.loopingcall [None req-388f922e-230d-47a6-a82f-3a96d15358db None None] Fixed interval looping call 'neutron.plugins.ml2.plugin.DhcpAgentSchedulerDbMixin.remove_networks_from_down_agents' sleeping for 36.99 seconds {{(pid=91994) _run_loop /opt/stack/data/venv/lib/python3.12/site-packages/oslo_service/backend/_threading/loopingcall.py:125}}
May 12 21:36:27.343512 np0000000645 neutron-periodic-workers[91999]: DEBUG dbcounter [-] [91999] Writing DB stats neutron:SELECT=1 {{(pid=91999) stat_writer /opt/stack/data/venv/lib/python3.12/site-packages/dbcounter.py:115}}
May 12 21:36:28.314401 np0000000645 neutron-periodic-workers[91994]: DEBUG dbcounter [-] [91994] Writing DB stats neutron:SELECT=3 {{(pid=91994) stat_writer /opt/stack/data/venv/lib/python3.12/site-packages/dbcounter.py:115}}
May 12 21:36:54.348385 np0000000645 neutron-periodic-workers[91999]: DEBUG neutron.db.agents_db [None req-773695dd-7d5c-4633-aa17-710cfaf7d639 None None] Agent healthcheck: found 0 active agents {{(pid=91999) agent_health_check /opt/stack/neutron/neutron/db/agents_db.py:322}}
May 12 21:36:54.348733 np0000000645 neutron-periodic-workers[91999]: DEBUG oslo.service.backend._threading.loopingcall [None req-773695dd-7d5c-4633-aa17-710cfaf7d639 None None] Fixed interval looping call 'neutron.plugins.ml2.plugin.AgentDbMixin.agent_health_check' sleeping for 37.00 seconds {{(pid=91999) _run_loop /opt/stack/data/venv/lib/python3.12/site-packages/oslo_service/backend/_threading/loopingcall.py:125}}
May 12 21:36:55.313301 np0000000645 neutron-periodic-workers[91994]: DEBUG oslo.service.backend._threading.loopingcall [None req-388f922e-230d-47a6-a82f-3a96d15358db None None] Fixed interval looping call 'neutron.plugins.ml2.plugin.DhcpAgentSchedulerDbMixin.remove_networks_from_down_agents' sleeping for 36.99 seconds {{(pid=91994) _run_loop /opt/stack/data/venv/lib/python3.12/site-packages/oslo_service/backend/_threading/loopingcall.py:125}}
May 12 21:37:04.347227 np0000000645 neutron-periodic-workers[91999]: DEBUG dbcounter [-] [91999] Writing DB stats neutron:SELECT=1 {{(pid=91999) stat_writer /opt/stack/data/venv/lib/python3.12/site-packages/dbcounter.py:115}}
May 12 21:37:05.312045 np0000000645 neutron-periodic-workers[91994]: DEBUG dbcounter [-] [91994] Writing DB stats neutron:SELECT=3 {{(pid=91994) stat_writer /opt/stack/data/venv/lib/python3.12/site-packages/dbcounter.py:115}}
May 12 21:37:31.353841 np0000000645 neutron-periodic-workers[91999]: DEBUG neutron.db.agents_db [None req-773695dd-7d5c-4633-aa17-710cfaf7d639 None None] Agent healthcheck: found 0 active agents {{(pid=91999) agent_health_check /opt/stack/neutron/neutron/db/agents_db.py:322}}
May 12 21:37:31.354282 np0000000645 neutron-periodic-workers[91999]: DEBUG oslo.service.backend._threading.loopingcall [None req-773695dd-7d5c-4633-aa17-710cfaf7d639 None None] Fixed interval looping call 'neutron.plugins.ml2.plugin.AgentDbMixin.agent_health_check' sleeping for 36.99 seconds {{(pid=91999) _run_loop /opt/stack/data/venv/lib/python3.12/site-packages/oslo_service/backend/_threading/loopingcall.py:125}}
May 12 21:37:32.309322 np0000000645 neutron-periodic-workers[91994]: DEBUG oslo.service.backend._threading.loopingcall [None req-388f922e-230d-47a6-a82f-3a96d15358db None None] Fixed interval looping call 'neutron.plugins.ml2.plugin.DhcpAgentSchedulerDbMixin.remove_networks_from_down_agents' sleeping for 36.99 seconds {{(pid=91994) _run_loop /opt/stack/data/venv/lib/python3.12/site-packages/oslo_service/backend/_threading/loopingcall.py:125}}
May 12 21:37:37.346413 np0000000645 neutron-periodic-workers[92015]: DEBUG oslo.service.backend._threading.loopingcall [None req-9defdb5e-fc62-4e88-89ea-d3e79103e6e0 None None] Fixed interval looping call 'neutron.db.quota.driver_nolock.DbQuotaNoLockDriver._remove_expired_reservations' sleeping for 120.00 seconds {{(pid=92015) _run_loop /opt/stack/data/venv/lib/python3.12/site-packages/oslo_service/backend/_threading/loopingcall.py:125}}
May 12 21:37:41.351870 np0000000645 neutron-periodic-workers[91999]: DEBUG dbcounter [-] [91999] Writing DB stats neutron:SELECT=1 {{(pid=91999) stat_writer /opt/stack/data/venv/lib/python3.12/site-packages/dbcounter.py:115}}
May 12 21:37:42.309114 np0000000645 neutron-periodic-workers[91994]: DEBUG dbcounter [-] [91994] Writing DB stats neutron:SELECT=3 {{(pid=91994) stat_writer /opt/stack/data/venv/lib/python3.12/site-packages/dbcounter.py:115}}
May 12 21:37:47.347319 np0000000645 neutron-periodic-workers[92015]: DEBUG dbcounter [-] [92015] Writing DB stats neutron:DELETE=1 {{(pid=92015) stat_writer /opt/stack/data/venv/lib/python3.12/site-packages/dbcounter.py:115}}
May 12 21:38:08.347423 np0000000645 neutron-periodic-workers[91999]: DEBUG neutron.db.agents_db [None req-773695dd-7d5c-4633-aa17-710cfaf7d639 None None] Agent healthcheck: found 0 active agents {{(pid=91999) agent_health_check /opt/stack/neutron/neutron/db/agents_db.py:322}}
May 12 21:38:08.347916 np0000000645 neutron-periodic-workers[91999]: DEBUG oslo.service.backend._threading.loopingcall [None req-773695dd-7d5c-4633-aa17-710cfaf7d639 None None] Fixed interval looping call 'neutron.plugins.ml2.plugin.AgentDbMixin.agent_health_check' sleeping for 37.00 seconds {{(pid=91999) _run_loop /opt/stack/data/venv/lib/python3.12/site-packages/oslo_service/backend/_threading/loopingcall.py:125}}
May 12 21:38:09.311672 np0000000645 neutron-periodic-workers[91994]: DEBUG oslo.service.backend._threading.loopingcall [None req-388f922e-230d-47a6-a82f-3a96d15358db None None] Fixed interval looping call 'neutron.plugins.ml2.plugin.DhcpAgentSchedulerDbMixin.remove_networks_from_down_agents' sleeping for 36.99 seconds {{(pid=91994) _run_loop /opt/stack/data/venv/lib/python3.12/site-packages/oslo_service/backend/_threading/loopingcall.py:125}}
May 12 21:38:18.346552 np0000000645 neutron-periodic-workers[91999]: DEBUG dbcounter [-] [91999] Writing DB stats neutron:SELECT=1 {{(pid=91999) stat_writer /opt/stack/data/venv/lib/python3.12/site-packages/dbcounter.py:115}}
May 12 21:38:19.306765 np0000000645 neutron-periodic-workers[91994]: DEBUG dbcounter [-] [91994] Writing DB stats neutron:SELECT=3 {{(pid=91994) stat_writer /opt/stack/data/venv/lib/python3.12/site-packages/dbcounter.py:115}}
May 12 21:38:45.351773 np0000000645 neutron-periodic-workers[91999]: DEBUG neutron.db.agents_db [None req-773695dd-7d5c-4633-aa17-710cfaf7d639 None None] Agent healthcheck: found 0 active agents {{(pid=91999) agent_health_check /opt/stack/neutron/neutron/db/agents_db.py:322}}
May 12 21:38:45.352164 np0000000645 neutron-periodic-workers[91999]: DEBUG oslo.service.backend._threading.loopingcall [None req-773695dd-7d5c-4633-aa17-710cfaf7d639 None None] Fixed interval looping call 'neutron.plugins.ml2.plugin.AgentDbMixin.agent_health_check' sleeping for 37.00 seconds {{(pid=91999) _run_loop /opt/stack/data/venv/lib/python3.12/site-packages/oslo_service/backend/_threading/loopingcall.py:125}}
May 12 21:38:46.312601 np0000000645 neutron-periodic-workers[91994]: DEBUG oslo.service.backend._threading.loopingcall [None req-388f922e-230d-47a6-a82f-3a96d15358db None None] Fixed interval looping call 'neutron.plugins.ml2.plugin.DhcpAgentSchedulerDbMixin.remove_networks_from_down_agents' sleeping for 36.99 seconds {{(pid=91994) _run_loop /opt/stack/data/venv/lib/python3.12/site-packages/oslo_service/backend/_threading/loopingcall.py:125}}
May 12 21:38:55.351246 np0000000645 neutron-periodic-workers[91999]: DEBUG dbcounter [-] [91999] Writing DB stats neutron:SELECT=1 {{(pid=91999) stat_writer /opt/stack/data/venv/lib/python3.12/site-packages/dbcounter.py:115}}
May 12 21:38:56.311559 np0000000645 neutron-periodic-workers[91994]: DEBUG dbcounter [-] [91994] Writing DB stats neutron:SELECT=3 {{(pid=91994) stat_writer /opt/stack/data/venv/lib/python3.12/site-packages/dbcounter.py:115}}
May 12 21:39:22.356574 np0000000645 neutron-periodic-workers[91999]: DEBUG neutron.db.agents_db [None req-773695dd-7d5c-4633-aa17-710cfaf7d639 None None] Agent healthcheck: found 0 active agents {{(pid=91999) agent_health_check /opt/stack/neutron/neutron/db/agents_db.py:322}}
May 12 21:39:22.356950 np0000000645 neutron-periodic-workers[91999]: DEBUG oslo.service.backend._threading.loopingcall [None req-773695dd-7d5c-4633-aa17-710cfaf7d639 None None] Fixed interval looping call 'neutron.plugins.ml2.plugin.AgentDbMixin.agent_health_check' sleeping for 37.00 seconds {{(pid=91999) _run_loop /opt/stack/data/venv/lib/python3.12/site-packages/oslo_service/backend/_threading/loopingcall.py:125}}
May 12 21:39:23.310331 np0000000645 neutron-periodic-workers[91994]: DEBUG oslo.service.backend._threading.loopingcall [None req-388f922e-230d-47a6-a82f-3a96d15358db None None] Fixed interval looping call 'neutron.plugins.ml2.plugin.DhcpAgentSchedulerDbMixin.remove_networks_from_down_agents' sleeping for 36.99 seconds {{(pid=91994) _run_loop /opt/stack/data/venv/lib/python3.12/site-packages/oslo_service/backend/_threading/loopingcall.py:125}}
May 12 21:39:32.355834 np0000000645 neutron-periodic-workers[91999]: DEBUG dbcounter [-] [91999] Writing DB stats neutron:SELECT=1 {{(pid=91999) stat_writer /opt/stack/data/venv/lib/python3.12/site-packages/dbcounter.py:115}}
May 12 21:39:33.308996 np0000000645 neutron-periodic-workers[91994]: DEBUG dbcounter [-] [91994] Writing DB stats neutron:SELECT=3 {{(pid=91994) stat_writer /opt/stack/data/venv/lib/python3.12/site-packages/dbcounter.py:115}}
May 12 21:39:37.351307 np0000000645 neutron-periodic-workers[92015]: DEBUG oslo.service.backend._threading.loopingcall [None req-9defdb5e-fc62-4e88-89ea-d3e79103e6e0 None None] Fixed interval looping call 'neutron.db.quota.driver_nolock.DbQuotaNoLockDriver._remove_expired_reservations' sleeping for 120.00 seconds {{(pid=92015) _run_loop /opt/stack/data/venv/lib/python3.12/site-packages/oslo_service/backend/_threading/loopingcall.py:125}}
May 12 21:39:45.366567 np0000000645 neutron-periodic-workers[92031]: DEBUG oslo.service.backend._threading.loopingcall [None req-4aef872e-9fed-4380-a4f4-ea767ffc6c71 None None] Fixed interval looping call 'neutron.services.ovn_l3.plugin.L3_NAT_dbonly_mixin._clean_garbage' sleeping for 299.99 seconds {{(pid=92031) _run_loop /opt/stack/data/venv/lib/python3.12/site-packages/oslo_service/backend/_threading/loopingcall.py:125}}
May 12 21:39:47.349608 np0000000645 neutron-periodic-workers[92015]: DEBUG dbcounter [-] [92015] Writing DB stats neutron:DELETE=1 {{(pid=92015) stat_writer /opt/stack/data/venv/lib/python3.12/site-packages/dbcounter.py:115}}
May 12 21:39:55.360035 np0000000645 neutron-periodic-workers[92031]: DEBUG dbcounter [-] [92031] Writing DB stats neutron:SELECT=1 {{(pid=92031) stat_writer /opt/stack/data/venv/lib/python3.12/site-packages/dbcounter.py:115}}
May 12 21:39:59.359572 np0000000645 neutron-periodic-workers[91999]: DEBUG neutron.db.agents_db [None req-773695dd-7d5c-4633-aa17-710cfaf7d639 None None] Agent healthcheck: found 0 active agents {{(pid=91999) agent_health_check /opt/stack/neutron/neutron/db/agents_db.py:322}}
May 12 21:39:59.360034 np0000000645 neutron-periodic-workers[91999]: DEBUG oslo.service.backend._threading.loopingcall [None req-773695dd-7d5c-4633-aa17-710cfaf7d639 None None] Fixed interval looping call 'neutron.plugins.ml2.plugin.AgentDbMixin.agent_health_check' sleeping for 37.00 seconds {{(pid=91999) _run_loop /opt/stack/data/venv/lib/python3.12/site-packages/oslo_service/backend/_threading/loopingcall.py:125}}
May 12 21:40:00.315233 np0000000645 neutron-periodic-workers[91994]: DEBUG oslo.service.backend._threading.loopingcall [None req-388f922e-230d-47a6-a82f-3a96d15358db None None] Fixed interval looping call 'neutron.plugins.ml2.plugin.DhcpAgentSchedulerDbMixin.remove_networks_from_down_agents' sleeping for 36.99 seconds {{(pid=91994) _run_loop /opt/stack/data/venv/lib/python3.12/site-packages/oslo_service/backend/_threading/loopingcall.py:125}}
May 12 21:40:09.360881 np0000000645 neutron-periodic-workers[91999]: DEBUG dbcounter [-] [91999] Writing DB stats neutron:SELECT=1 {{(pid=91999) stat_writer /opt/stack/data/venv/lib/python3.12/site-packages/dbcounter.py:115}}
May 12 21:40:10.315609 np0000000645 neutron-periodic-workers[91994]: DEBUG dbcounter [-] [91994] Writing DB stats neutron:SELECT=3 {{(pid=91994) stat_writer /opt/stack/data/venv/lib/python3.12/site-packages/dbcounter.py:115}}
May 12 21:40:36.366277 np0000000645 neutron-periodic-workers[91999]: DEBUG neutron.db.agents_db [None req-773695dd-7d5c-4633-aa17-710cfaf7d639 None None] Agent healthcheck: found 0 active agents {{(pid=91999) agent_health_check /opt/stack/neutron/neutron/db/agents_db.py:322}}
May 12 21:40:36.366718 np0000000645 neutron-periodic-workers[91999]: DEBUG oslo.service.backend._threading.loopingcall [None req-773695dd-7d5c-4633-aa17-710cfaf7d639 None None] Fixed interval looping call 'neutron.plugins.ml2.plugin.AgentDbMixin.agent_health_check' sleeping for 36.99 seconds {{(pid=91999) _run_loop /opt/stack/data/venv/lib/python3.12/site-packages/oslo_service/backend/_threading/loopingcall.py:125}}
May 12 21:40:37.312654 np0000000645 neutron-periodic-workers[91994]: DEBUG oslo.service.backend._threading.loopingcall [None req-388f922e-230d-47a6-a82f-3a96d15358db None None] Fixed interval looping call 'neutron.plugins.ml2.plugin.DhcpAgentSchedulerDbMixin.remove_networks_from_down_agents' sleeping for 36.99 seconds {{(pid=91994) _run_loop /opt/stack/data/venv/lib/python3.12/site-packages/oslo_service/backend/_threading/loopingcall.py:125}}
May 12 21:40:46.366867 np0000000645 neutron-periodic-workers[91999]: DEBUG dbcounter [-] [91999] Writing DB stats neutron:SELECT=1 {{(pid=91999) stat_writer /opt/stack/data/venv/lib/python3.12/site-packages/dbcounter.py:115}}
May 12 21:40:47.311556 np0000000645 neutron-periodic-workers[91994]: DEBUG dbcounter [-] [91994] Writing DB stats neutron:SELECT=3 {{(pid=91994) stat_writer /opt/stack/data/venv/lib/python3.12/site-packages/dbcounter.py:115}}
May 12 21:41:13.360986 np0000000645 neutron-periodic-workers[91999]: DEBUG neutron.db.agents_db [None req-773695dd-7d5c-4633-aa17-710cfaf7d639 None None] Agent healthcheck: found 0 active agents {{(pid=91999) agent_health_check /opt/stack/neutron/neutron/db/agents_db.py:322}}
May 12 21:41:13.361466 np0000000645 neutron-periodic-workers[91999]: DEBUG oslo.service.backend._threading.loopingcall [None req-773695dd-7d5c-4633-aa17-710cfaf7d639 None None] Fixed interval looping call 'neutron.plugins.ml2.plugin.AgentDbMixin.agent_health_check' sleeping for 37.00 seconds {{(pid=91999) _run_loop /opt/stack/data/venv/lib/python3.12/site-packages/oslo_service/backend/_threading/loopingcall.py:125}}
May 12 21:41:14.311629 np0000000645 neutron-periodic-workers[91994]: DEBUG oslo.service.backend._threading.loopingcall [None req-388f922e-230d-47a6-a82f-3a96d15358db None None] Fixed interval looping call 'neutron.plugins.ml2.plugin.DhcpAgentSchedulerDbMixin.remove_networks_from_down_agents' sleeping for 36.99 seconds {{(pid=91994) _run_loop /opt/stack/data/venv/lib/python3.12/site-packages/oslo_service/backend/_threading/loopingcall.py:125}}
May 12 21:41:23.359923 np0000000645 neutron-periodic-workers[91999]: DEBUG dbcounter [-] [91999] Writing DB stats neutron:SELECT=1 {{(pid=91999) stat_writer /opt/stack/data/venv/lib/python3.12/site-packages/dbcounter.py:115}}
May 12 21:41:24.314100 np0000000645 neutron-periodic-workers[91994]: DEBUG dbcounter [-] [91994] Writing DB stats neutron:SELECT=3 {{(pid=91994) stat_writer /opt/stack/data/venv/lib/python3.12/site-packages/dbcounter.py:115}}
May 12 21:41:37.357597 np0000000645 neutron-periodic-workers[92015]: DEBUG oslo.service.backend._threading.loopingcall [None req-9defdb5e-fc62-4e88-89ea-d3e79103e6e0 None None] Fixed interval looping call 'neutron.db.quota.driver_nolock.DbQuotaNoLockDriver._remove_expired_reservations' sleeping for 120.00 seconds {{(pid=92015) _run_loop /opt/stack/data/venv/lib/python3.12/site-packages/oslo_service/backend/_threading/loopingcall.py:125}}
May 12 21:41:47.357170 np0000000645 neutron-periodic-workers[92015]: DEBUG dbcounter [-] [92015] Writing DB stats neutron:DELETE=1 {{(pid=92015) stat_writer /opt/stack/data/venv/lib/python3.12/site-packages/dbcounter.py:115}}
May 12 21:41:50.367951 np0000000645 neutron-periodic-workers[91999]: DEBUG neutron.db.agents_db [None req-773695dd-7d5c-4633-aa17-710cfaf7d639 None None] Agent healthcheck: found 0 active agents {{(pid=91999) agent_health_check /opt/stack/neutron/neutron/db/agents_db.py:322}}
May 12 21:41:50.368261 np0000000645 neutron-periodic-workers[91999]: DEBUG oslo.service.backend._threading.loopingcall [None req-773695dd-7d5c-4633-aa17-710cfaf7d639 None None] Fixed interval looping call 'neutron.plugins.ml2.plugin.AgentDbMixin.agent_health_check' sleeping for 36.99 seconds {{(pid=91999) _run_loop /opt/stack/data/venv/lib/python3.12/site-packages/oslo_service/backend/_threading/loopingcall.py:125}}
May 12 21:41:51.306310 np0000000645 neutron-periodic-workers[91994]: DEBUG oslo.service.backend._threading.loopingcall [None req-388f922e-230d-47a6-a82f-3a96d15358db None None] Fixed interval looping call 'neutron.plugins.ml2.plugin.DhcpAgentSchedulerDbMixin.remove_networks_from_down_agents' sleeping for 37.00 seconds {{(pid=91994) _run_loop /opt/stack/data/venv/lib/python3.12/site-packages/oslo_service/backend/_threading/loopingcall.py:125}}
May 12 21:42:00.365437 np0000000645 neutron-periodic-workers[91999]: DEBUG dbcounter [-] [91999] Writing DB stats neutron:SELECT=1 {{(pid=91999) stat_writer /opt/stack/data/venv/lib/python3.12/site-packages/dbcounter.py:115}}
May 12 21:42:01.306062 np0000000645 neutron-periodic-workers[91994]: DEBUG dbcounter [-] [91994] Writing DB stats neutron:SELECT=3 {{(pid=91994) stat_writer /opt/stack/data/venv/lib/python3.12/site-packages/dbcounter.py:115}}
May 12 21:42:27.361078 np0000000645 neutron-periodic-workers[91999]: DEBUG neutron.db.agents_db [None req-773695dd-7d5c-4633-aa17-710cfaf7d639 None None] Agent healthcheck: found 0 active agents {{(pid=91999) agent_health_check /opt/stack/neutron/neutron/db/agents_db.py:322}}
May 12 21:42:27.361476 np0000000645 neutron-periodic-workers[91999]: DEBUG oslo.service.backend._threading.loopingcall [None req-773695dd-7d5c-4633-aa17-710cfaf7d639 None None] Fixed interval looping call 'neutron.plugins.ml2.plugin.AgentDbMixin.agent_health_check' sleeping for 37.00 seconds {{(pid=91999) _run_loop /opt/stack/data/venv/lib/python3.12/site-packages/oslo_service/backend/_threading/loopingcall.py:125}}
May 12 21:42:28.323239 np0000000645 neutron-periodic-workers[91994]: DEBUG oslo.service.backend._threading.loopingcall [None req-388f922e-230d-47a6-a82f-3a96d15358db None None] Fixed interval looping call 'neutron.plugins.ml2.plugin.DhcpAgentSchedulerDbMixin.remove_networks_from_down_agents' sleeping for 36.98 seconds {{(pid=91994) _run_loop /opt/stack/data/venv/lib/python3.12/site-packages/oslo_service/backend/_threading/loopingcall.py:125}}
May 12 21:42:37.360323 np0000000645 neutron-periodic-workers[91999]: DEBUG dbcounter [-] [91999] Writing DB stats neutron:SELECT=1 {{(pid=91999) stat_writer /opt/stack/data/venv/lib/python3.12/site-packages/dbcounter.py:115}}
May 12 21:42:38.323880 np0000000645 neutron-periodic-workers[91994]: DEBUG dbcounter [-] [91994] Writing DB stats neutron:SELECT=3 {{(pid=91994) stat_writer /opt/stack/data/venv/lib/python3.12/site-packages/dbcounter.py:115}}
May 12 21:43:04.367403 np0000000645 neutron-periodic-workers[91999]: DEBUG neutron.db.agents_db [None req-773695dd-7d5c-4633-aa17-710cfaf7d639 None None] Agent healthcheck: found 0 active agents {{(pid=91999) agent_health_check /opt/stack/neutron/neutron/db/agents_db.py:322}}
May 12 21:43:04.367702 np0000000645 neutron-periodic-workers[91999]: DEBUG oslo.service.backend._threading.loopingcall [None req-773695dd-7d5c-4633-aa17-710cfaf7d639 None None] Fixed interval looping call 'neutron.plugins.ml2.plugin.AgentDbMixin.agent_health_check' sleeping for 36.99 seconds {{(pid=91999) _run_loop /opt/stack/data/venv/lib/python3.12/site-packages/oslo_service/backend/_threading/loopingcall.py:125}}
May 12 21:43:05.308434 np0000000645 neutron-periodic-workers[91994]: DEBUG oslo.service.backend._threading.loopingcall [None req-388f922e-230d-47a6-a82f-3a96d15358db None None] Fixed interval looping call 'neutron.plugins.ml2.plugin.DhcpAgentSchedulerDbMixin.remove_networks_from_down_agents' sleeping for 37.00 seconds {{(pid=91994) _run_loop /opt/stack/data/venv/lib/python3.12/site-packages/oslo_service/backend/_threading/loopingcall.py:125}}
May 12 21:43:14.363814 np0000000645 neutron-periodic-workers[91999]: DEBUG dbcounter [-] [91999] Writing DB stats neutron:SELECT=1 {{(pid=91999) stat_writer /opt/stack/data/venv/lib/python3.12/site-packages/dbcounter.py:115}}
May 12 21:43:15.308074 np0000000645 neutron-periodic-workers[91994]: DEBUG dbcounter [-] [91994] Writing DB stats neutron:SELECT=3 {{(pid=91994) stat_writer /opt/stack/data/venv/lib/python3.12/site-packages/dbcounter.py:115}}
May 12 21:43:37.360121 np0000000645 neutron-periodic-workers[92015]: DEBUG oslo.service.backend._threading.loopingcall [None req-9defdb5e-fc62-4e88-89ea-d3e79103e6e0 None None] Fixed interval looping call 'neutron.db.quota.driver_nolock.DbQuotaNoLockDriver._remove_expired_reservations' sleeping for 120.00 seconds {{(pid=92015) _run_loop /opt/stack/data/venv/lib/python3.12/site-packages/oslo_service/backend/_threading/loopingcall.py:125}}
May 12 21:43:41.360661 np0000000645 neutron-periodic-workers[91999]: DEBUG neutron.db.agents_db [None req-773695dd-7d5c-4633-aa17-710cfaf7d639 None None] Agent healthcheck: found 0 active agents {{(pid=91999) agent_health_check /opt/stack/neutron/neutron/db/agents_db.py:322}}
May 12 21:43:41.361044 np0000000645 neutron-periodic-workers[91999]: DEBUG oslo.service.backend._threading.loopingcall [None req-773695dd-7d5c-4633-aa17-710cfaf7d639 None None] Fixed interval looping call 'neutron.plugins.ml2.plugin.AgentDbMixin.agent_health_check' sleeping for 37.00 seconds {{(pid=91999) _run_loop /opt/stack/data/venv/lib/python3.12/site-packages/oslo_service/backend/_threading/loopingcall.py:125}}
May 12 21:43:42.315536 np0000000645 neutron-periodic-workers[91994]: DEBUG oslo.service.backend._threading.loopingcall [None req-388f922e-230d-47a6-a82f-3a96d15358db None None] Fixed interval looping call 'neutron.plugins.ml2.plugin.DhcpAgentSchedulerDbMixin.remove_networks_from_down_agents' sleeping for 36.99 seconds {{(pid=91994) _run_loop /opt/stack/data/venv/lib/python3.12/site-packages/oslo_service/backend/_threading/loopingcall.py:125}}
May 12 21:43:47.359597 np0000000645 neutron-periodic-workers[92015]: DEBUG dbcounter [-] [92015] Writing DB stats neutron:DELETE=1 {{(pid=92015) stat_writer /opt/stack/data/venv/lib/python3.12/site-packages/dbcounter.py:115}}
May 12 21:43:51.360543 np0000000645 neutron-periodic-workers[91999]: DEBUG dbcounter [-] [91999] Writing DB stats neutron:SELECT=1 {{(pid=91999) stat_writer /opt/stack/data/venv/lib/python3.12/site-packages/dbcounter.py:115}}
May 12 21:43:52.314674 np0000000645 neutron-periodic-workers[91994]: DEBUG dbcounter [-] [91994] Writing DB stats neutron:SELECT=3 {{(pid=91994) stat_writer /opt/stack/data/venv/lib/python3.12/site-packages/dbcounter.py:115}}
May 12 21:44:18.363774 np0000000645 neutron-periodic-workers[91999]: DEBUG neutron.db.agents_db [None req-773695dd-7d5c-4633-aa17-710cfaf7d639 None None] Agent healthcheck: found 0 active agents {{(pid=91999) agent_health_check /opt/stack/neutron/neutron/db/agents_db.py:322}}
May 12 21:44:18.364130 np0000000645 neutron-periodic-workers[91999]: DEBUG oslo.service.backend._threading.loopingcall [None req-773695dd-7d5c-4633-aa17-710cfaf7d639 None None] Fixed interval looping call 'neutron.plugins.ml2.plugin.AgentDbMixin.agent_health_check' sleeping for 37.00 seconds {{(pid=91999) _run_loop /opt/stack/data/venv/lib/python3.12/site-packages/oslo_service/backend/_threading/loopingcall.py:125}}
May 12 21:44:19.326357 np0000000645 neutron-periodic-workers[91994]: DEBUG oslo.service.backend._threading.loopingcall [None req-388f922e-230d-47a6-a82f-3a96d15358db None None] Fixed interval looping call 'neutron.plugins.ml2.plugin.DhcpAgentSchedulerDbMixin.remove_networks_from_down_agents' sleeping for 36.99 seconds {{(pid=91994) _run_loop /opt/stack/data/venv/lib/python3.12/site-packages/oslo_service/backend/_threading/loopingcall.py:125}}
May 12 21:44:28.362979 np0000000645 neutron-periodic-workers[91999]: DEBUG dbcounter [-] [91999] Writing DB stats neutron:SELECT=1 {{(pid=91999) stat_writer /opt/stack/data/venv/lib/python3.12/site-packages/dbcounter.py:115}}
May 12 21:44:29.326185 np0000000645 neutron-periodic-workers[91994]: DEBUG dbcounter [-] [91994] Writing DB stats neutron:SELECT=3 {{(pid=91994) stat_writer /opt/stack/data/venv/lib/python3.12/site-packages/dbcounter.py:115}}
May 12 21:44:45.362796 np0000000645 neutron-periodic-workers[92031]: DEBUG oslo.service.backend._threading.loopingcall [None req-4aef872e-9fed-4380-a4f4-ea767ffc6c71 None None] Fixed interval looping call 'neutron.services.ovn_l3.plugin.L3_NAT_dbonly_mixin._clean_garbage' sleeping for 299.99 seconds {{(pid=92031) _run_loop /opt/stack/data/venv/lib/python3.12/site-packages/oslo_service/backend/_threading/loopingcall.py:125}}
