May 27 13:58:27.936920 np0000001508 devstack@c-api.service[96251]: INFO cinder.api.openstack.wsgi [None req-351fdd85-fcb1-40aa-849d-fae05de272b4 tempest-TaggedBootDevicesTest_v242-959253857 tempest-TaggedBootDevicesTest_v242-959253857-project-member] https://10.4.3.114/volume/v3/volumes/8fd17e93-3c28-426e-aa6b-05d90b565e99 returned with HTTP 200
May 27 13:58:27.936920 np0000001508 devstack@c-api.service[96251]: [pid: 96251|app: 0|req: 184/351] 10.4.3.114 () {66 vars in 1348 bytes} [Wed May 27 13:58:27 2026] GET /volume/v3/volumes/8fd17e93-3c28-426e-aa6b-05d90b565e99 => generated 824 bytes in 25 msecs (HTTP/1.1 200) 7 headers in 285 bytes (1 switches on core 0)
May 27 13:58:28.312752 np0000001508 devstack@c-api.service[96250]: INFO cinder.api.openstack.wsgi [req-adb89fcc-4b73-4445-bb3c-6229db1cd924 req-f4e23bc1-3333-4bec-8d17-ae210748cc5e tempest-ServerActionsV293TestJSON-309486663 tempest-ServerActionsV293TestJSON-309486663-project-member] https://10.4.3.114/volume/v3/attachments/ed9c6e41-d2da-4725-9064-f7c8a0b682a3 returned with HTTP 200
May 27 13:58:28.313324 np0000001508 devstack@c-api.service[96250]: [pid: 96250|app: 0|req: 168/352] 10.4.3.114 () {72 vars in 1673 bytes} [Wed May 27 13:58:27 2026] DELETE /volume/v3/attachments/ed9c6e41-d2da-4725-9064-f7c8a0b682a3 => generated 19 bytes in 556 msecs (HTTP/1.1 200) 7 headers in 285 bytes (1 switches on core 0)
May 27 13:58:28.327732 np0000001508 devstack@c-api.service[96251]: DEBUG cinder.api.middleware.request_id [req-adb89fcc-4b73-4445-bb3c-6229db1cd924 req-2580e4f3-9e23-4972-bee6-607fe609920b None None] RequestId filter calling following filter/app {{(pid=96251) _context_setter /opt/stack/cinder/cinder/api/middleware/request_id.py:62}}
May 27 13:58:28.329834 np0000001508 devstack@c-api.service[96251]: INFO cinder.api.openstack.wsgi [req-adb89fcc-4b73-4445-bb3c-6229db1cd924 req-2580e4f3-9e23-4972-bee6-607fe609920b tempest-ServerActionsV293TestJSON-309486663 tempest-ServerActionsV293TestJSON-309486663-project-member] DELETE https://10.4.3.114/volume/v3/volumes/29087538-86a1-4a27-a2e2-7e64315415d4
May 27 13:58:28.330136 np0000001508 devstack@c-api.service[96251]: DEBUG cinder.api.openstack.wsgi [req-adb89fcc-4b73-4445-bb3c-6229db1cd924 req-2580e4f3-9e23-4972-bee6-607fe609920b tempest-ServerActionsV293TestJSON-309486663 tempest-ServerActionsV293TestJSON-309486663-project-member] Empty body provided in request {{(pid=96251) get_body /opt/stack/cinder/cinder/api/openstack/wsgi.py:725}}
May 27 13:58:28.330416 np0000001508 devstack@c-api.service[96251]: DEBUG cinder.api.openstack.wsgi [req-adb89fcc-4b73-4445-bb3c-6229db1cd924 req-2580e4f3-9e23-4972-bee6-607fe609920b tempest-ServerActionsV293TestJSON-309486663 tempest-ServerActionsV293TestJSON-309486663-project-member] Calling method 'delete' {{(pid=96251) _process_stack /opt/stack/cinder/cinder/api/openstack/wsgi.py:878}}
May 27 13:58:28.330708 np0000001508 devstack@c-api.service[96251]: INFO cinder.api.v3.volumes [req-adb89fcc-4b73-4445-bb3c-6229db1cd924 req-2580e4f3-9e23-4972-bee6-607fe609920b tempest-ServerActionsV293TestJSON-309486663 tempest-ServerActionsV293TestJSON-309486663-project-member] Delete volume with id: 29087538-86a1-4a27-a2e2-7e64315415d4
May 27 13:58:28.340058 np0000001508 devstack@c-api.service[96251]: /opt/stack/data/venv/lib/python3.12/site-packages/oslo_context/context.py:102: DeprecationWarning: Policy enforcement is depending on the value of is_admin. This key is deprecated. Please update your policy file to use the standard policy values.
May 27 13:58:28.340058 np0000001508 devstack@c-api.service[96251]: warnings.warn(
May 27 13:58:28.340058 np0000001508 devstack@c-api.service[96251]: INFO cinder.volume.api [req-adb89fcc-4b73-4445-bb3c-6229db1cd924 req-2580e4f3-9e23-4972-bee6-607fe609920b tempest-ServerActionsV293TestJSON-309486663 tempest-ServerActionsV293TestJSON-309486663-project-member] Volume info retrieved successfully.
May 27 13:58:28.384650 np0000001508 devstack@c-api.service[96251]: INFO cinder.volume.api [req-adb89fcc-4b73-4445-bb3c-6229db1cd924 req-2580e4f3-9e23-4972-bee6-607fe609920b tempest-ServerActionsV293TestJSON-309486663 tempest-ServerActionsV293TestJSON-309486663-project-member] Delete volume request issued successfully.
May 27 13:58:28.384650 np0000001508 devstack@c-api.service[96251]: INFO cinder.api.openstack.wsgi [req-adb89fcc-4b73-4445-bb3c-6229db1cd924 req-2580e4f3-9e23-4972-bee6-607fe609920b tempest-ServerActionsV293TestJSON-309486663 tempest-ServerActionsV293TestJSON-309486663-project-member] https://10.4.3.114/volume/v3/volumes/29087538-86a1-4a27-a2e2-7e64315415d4 returned with HTTP 202
May 27 13:58:28.384650 np0000001508 devstack@c-api.service[96251]: [pid: 96251|app: 0|req: 185/353] 10.4.3.114 () {70 vars in 1620 bytes} [Wed May 27 13:58:28 2026] DELETE /volume/v3/volumes/29087538-86a1-4a27-a2e2-7e64315415d4 => generated 0 bytes in 58 msecs (HTTP/1.1 202) 6 headers in 233 bytes (1 switches on core 0)
May 27 13:58:28.496949 np0000001508 devstack@c-api.service[96250]: DEBUG cinder.api.middleware.request_id [None req-bd0026ba-a219-424a-86ca-e606fe092ac9 None None] RequestId filter calling following filter/app {{(pid=96250) _context_setter /opt/stack/cinder/cinder/api/middleware/request_id.py:62}}
May 27 13:58:28.499176 np0000001508 devstack@c-api.service[96250]: INFO cinder.api.openstack.wsgi [None req-bd0026ba-a219-424a-86ca-e606fe092ac9 tempest-ServerStableDeviceRescueTest-931953304 tempest-ServerStableDeviceRescueTest-931953304-project-member] GET https://10.4.3.114/volume/v3/volumes/747ede22-1651-47c0-ab4f-58566674d42c
May 27 13:58:28.499176 np0000001508 devstack@c-api.service[96250]: DEBUG cinder.api.openstack.wsgi [None req-bd0026ba-a219-424a-86ca-e606fe092ac9 tempest-ServerStableDeviceRescueTest-931953304 tempest-ServerStableDeviceRescueTest-931953304-project-member] Empty body provided in request {{(pid=96250) get_body /opt/stack/cinder/cinder/api/openstack/wsgi.py:725}}
May 27 13:58:28.499176 np0000001508 devstack@c-api.service[96250]: DEBUG cinder.api.openstack.wsgi [None req-bd0026ba-a219-424a-86ca-e606fe092ac9 tempest-ServerStableDeviceRescueTest-931953304 tempest-ServerStableDeviceRescueTest-931953304-project-member] Calling method 'show' {{(pid=96250) _process_stack /opt/stack/cinder/cinder/api/openstack/wsgi.py:878}}
May 27 13:58:28.505166 np0000001508 devstack@c-api.service[96250]: INFO cinder.api.openstack.wsgi [None req-bd0026ba-a219-424a-86ca-e606fe092ac9 tempest-ServerStableDeviceRescueTest-931953304 tempest-ServerStableDeviceRescueTest-931953304-project-member] https://10.4.3.114/volume/v3/volumes/747ede22-1651-47c0-ab4f-58566674d42c returned with HTTP 404
May 27 13:58:28.505381 np0000001508 devstack@c-api.service[96250]: [pid: 96250|app: 0|req: 169/354] 10.4.3.114 () {66 vars in 1348 bytes} [Wed May 27 13:58:28 2026] GET /volume/v3/volumes/747ede22-1651-47c0-ab4f-58566674d42c => generated 109 bytes in 9 msecs (HTTP/1.1 404) 7 headers in 292 bytes (1 switches on core 0)
May 27 13:58:28.950731 np0000001508 devstack@c-api.service[96251]: DEBUG cinder.api.middleware.request_id [None req-dd4123c1-1354-4e8c-a6a6-71dbb8a85da2 None None] RequestId filter calling following filter/app {{(pid=96251) _context_setter /opt/stack/cinder/cinder/api/middleware/request_id.py:62}}
May 27 13:58:28.952055 np0000001508 devstack@c-api.service[96251]: INFO cinder.api.openstack.wsgi [None req-dd4123c1-1354-4e8c-a6a6-71dbb8a85da2 tempest-TaggedBootDevicesTest_v242-959253857 tempest-TaggedBootDevicesTest_v242-959253857-project-member] GET https://10.4.3.114/volume/v3/volumes/8fd17e93-3c28-426e-aa6b-05d90b565e99
May 27 13:58:28.952318 np0000001508 devstack@c-api.service[96251]: DEBUG cinder.api.openstack.wsgi [None req-dd4123c1-1354-4e8c-a6a6-71dbb8a85da2 tempest-TaggedBootDevicesTest_v242-959253857 tempest-TaggedBootDevicesTest_v242-959253857-project-member] Empty body provided in request {{(pid=96251) get_body /opt/stack/cinder/cinder/api/openstack/wsgi.py:725}}
May 27 13:58:28.952630 np0000001508 devstack@c-api.service[96251]: DEBUG cinder.api.openstack.wsgi [None req-dd4123c1-1354-4e8c-a6a6-71dbb8a85da2 tempest-TaggedBootDevicesTest_v242-959253857 tempest-TaggedBootDevicesTest_v242-959253857-project-member] Calling method 'show' {{(pid=96251) _process_stack /opt/stack/cinder/cinder/api/openstack/wsgi.py:878}}
May 27 13:58:28.962705 np0000001508 devstack@c-api.service[96251]: /opt/stack/data/venv/lib/python3.12/site-packages/oslo_context/context.py:102: DeprecationWarning: Policy enforcement is depending on the value of is_admin. This key is deprecated. Please update your policy file to use the standard policy values.
May 27 13:58:28.962705 np0000001508 devstack@c-api.service[96251]: warnings.warn(
May 27 13:58:28.966835 np0000001508 devstack@c-api.service[96251]: INFO cinder.volume.api [None req-dd4123c1-1354-4e8c-a6a6-71dbb8a85da2 tempest-TaggedBootDevicesTest_v242-959253857 tempest-TaggedBootDevicesTest_v242-959253857-project-member] Volume info retrieved successfully.
May 27 13:58:28.976684 np0000001508 devstack@c-api.service[96251]: INFO cinder.api.openstack.wsgi [None req-dd4123c1-1354-4e8c-a6a6-71dbb8a85da2 tempest-TaggedBootDevicesTest_v242-959253857 tempest-TaggedBootDevicesTest_v242-959253857-project-member] https://10.4.3.114/volume/v3/volumes/8fd17e93-3c28-426e-aa6b-05d90b565e99 returned with HTTP 200
May 27 13:58:28.977804 np0000001508 devstack@c-api.service[96251]: [pid: 96251|app: 0|req: 186/355] 10.4.3.114 () {66 vars in 1348 bytes} [Wed May 27 13:58:28 2026] GET /volume/v3/volumes/8fd17e93-3c28-426e-aa6b-05d90b565e99 => generated 849 bytes in 28 msecs (HTTP/1.1 200) 7 headers in 285 bytes (1 switches on core 0)
May 27 13:58:30.417079 np0000001508 devstack@c-api.service[96250]: DEBUG cinder.api.middleware.request_id [req-a793700e-cc3a-437d-84f6-c4f6de9a18d6 req-90dc593c-30c4-421d-b35e-9cd8ef23f8a9 None None] RequestId filter calling following filter/app {{(pid=96250) _context_setter /opt/stack/cinder/cinder/api/middleware/request_id.py:62}}
May 27 13:58:30.419129 np0000001508 devstack@c-api.service[96250]: INFO cinder.api.openstack.wsgi [req-a793700e-cc3a-437d-84f6-c4f6de9a18d6 req-90dc593c-30c4-421d-b35e-9cd8ef23f8a9 tempest-AttachVolumeNegativeTest-1841947081 tempest-AttachVolumeNegativeTest-1841947081-project-member] GET https://10.4.3.114/volume/v3/volumes/ecbf2a6c-84ba-44c8-bf2c-f5dd8a810088
May 27 13:58:30.419307 np0000001508 devstack@c-api.service[96250]: DEBUG cinder.api.openstack.wsgi [req-a793700e-cc3a-437d-84f6-c4f6de9a18d6 req-90dc593c-30c4-421d-b35e-9cd8ef23f8a9 tempest-AttachVolumeNegativeTest-1841947081 tempest-AttachVolumeNegativeTest-1841947081-project-member] Empty body provided in request {{(pid=96250) get_body /opt/stack/cinder/cinder/api/openstack/wsgi.py:725}}
May 27 13:58:30.419569 np0000001508 devstack@c-api.service[96250]: DEBUG cinder.api.openstack.wsgi [req-a793700e-cc3a-437d-84f6-c4f6de9a18d6 req-90dc593c-30c4-421d-b35e-9cd8ef23f8a9 tempest-AttachVolumeNegativeTest-1841947081 tempest-AttachVolumeNegativeTest-1841947081-project-member] Calling method 'show' {{(pid=96250) _process_stack /opt/stack/cinder/cinder/api/openstack/wsgi.py:878}}
May 27 13:58:30.431630 np0000001508 devstack@c-api.service[96250]: /opt/stack/data/venv/lib/python3.12/site-packages/oslo_context/context.py:102: DeprecationWarning: Policy enforcement is depending on the value of is_admin. This key is deprecated. Please update your policy file to use the standard policy values.
May 27 13:58:30.431630 np0000001508 devstack@c-api.service[96250]: warnings.warn(
May 27 13:58:30.435069 np0000001508 devstack@c-api.service[96250]: INFO cinder.volume.api [req-a793700e-cc3a-437d-84f6-c4f6de9a18d6 req-90dc593c-30c4-421d-b35e-9cd8ef23f8a9 tempest-AttachVolumeNegativeTest-1841947081 tempest-AttachVolumeNegativeTest-1841947081-project-member] Volume info retrieved successfully.
May 27 13:58:30.438857 np0000001508 devstack@c-api.service[96250]: INFO cinder.api.openstack.wsgi [req-a793700e-cc3a-437d-84f6-c4f6de9a18d6 req-90dc593c-30c4-421d-b35e-9cd8ef23f8a9 tempest-AttachVolumeNegativeTest-1841947081 tempest-AttachVolumeNegativeTest-1841947081-project-member] https://10.4.3.114/volume/v3/volumes/ecbf2a6c-84ba-44c8-bf2c-f5dd8a810088 returned with HTTP 200
May 27 13:58:30.439246 np0000001508 devstack@c-api.service[96250]: [pid: 96250|app: 0|req: 170/356] 10.4.3.114 () {68 vars in 1598 bytes} [Wed May 27 13:58:30 2026] GET /volume/v3/volumes/ecbf2a6c-84ba-44c8-bf2c-f5dd8a810088 => generated 1140 bytes in 22 msecs (HTTP/1.1 200) 7 headers in 286 bytes (1 switches on core 0)
May 27 13:58:38.971350 np0000001508 devstack@c-api.service[96251]: DEBUG dbcounter [-] [96251] Writing DB stats cinder:SELECT=198,cinder:UPDATE=70,cinder:INSERT=41 {{(pid=96251) stat_writer /opt/stack/data/venv/lib/python3.12/site-packages/dbcounter.py:115}}
May 27 13:58:40.438078 np0000001508 devstack@c-api.service[96250]: DEBUG dbcounter [-] [96250] Writing DB stats cinder:SELECT=165,cinder:UPDATE=44,cinder:INSERT=26 {{(pid=96250) stat_writer /opt/stack/data/venv/lib/python3.12/site-packages/dbcounter.py:115}}
May 27 13:58:43.699411 np0000001508 devstack@c-api.service[96251]: DEBUG cinder.api.middleware.request_id [None req-e90da5df-6f68-4633-ba58-815eed99d52b None None] RequestId filter calling following filter/app {{(pid=96251) _context_setter /opt/stack/cinder/cinder/api/middleware/request_id.py:62}}
May 27 13:58:43.705073 np0000001508 devstack@c-api.service[96251]: INFO cinder.api.openstack.wsgi [None req-e90da5df-6f68-4633-ba58-815eed99d52b tempest-TestVolumeBackupRestore-649745985 tempest-TestVolumeBackupRestore-649745985-project-member] POST https://10.4.3.114/volume/v3/volumes
May 27 13:58:43.707853 np0000001508 devstack@c-api.service[96251]: DEBUG cinder.api.openstack.wsgi [None req-e90da5df-6f68-4633-ba58-815eed99d52b tempest-TestVolumeBackupRestore-649745985 tempest-TestVolumeBackupRestore-649745985-project-member] Action: 'create', calling method: create, body: {"volume": {"name": "tempest-TestVolumeBackupRestore-volume-947848059", "snapshot_id": null, "imageRef": "710b83ff-d162-49cd-bc04-214814d136b9", "volume_type": null, "size": 1}} {{(pid=96251) _process_stack /opt/stack/cinder/cinder/api/openstack/wsgi.py:876}}
May 27 13:58:43.711489 np0000001508 devstack@c-api.service[96251]: DEBUG cinder.api.v3.volumes [None req-e90da5df-6f68-4633-ba58-815eed99d52b tempest-TestVolumeBackupRestore-649745985 tempest-TestVolumeBackupRestore-649745985-project-member] Create volume request body: {'volume': {'name': 'tempest-TestVolumeBackupRestore-volume-947848059', 'snapshot_id': None, 'imageRef': '710b83ff-d162-49cd-bc04-214814d136b9', 'volume_type': None, 'size': 1}} {{(pid=96251) create /opt/stack/cinder/cinder/api/v3/volumes.py:368}}
May 27 13:58:43.832747 np0000001508 devstack@c-api.service[96251]: INFO cinder.api.v3.volumes [None req-e90da5df-6f68-4633-ba58-815eed99d52b tempest-TestVolumeBackupRestore-649745985 tempest-TestVolumeBackupRestore-649745985-project-member] Create volume of 1 GB
May 27 13:58:43.836971 np0000001508 devstack@c-api.service[96251]: INFO cinder.volume.api [None req-e90da5df-6f68-4633-ba58-815eed99d52b tempest-TestVolumeBackupRestore-649745985 tempest-TestVolumeBackupRestore-649745985-project-member] Availability Zones retrieved successfully.
May 27 13:58:43.842293 np0000001508 devstack@c-api.service[96251]: DEBUG cinder.volume.api [None req-e90da5df-6f68-4633-ba58-815eed99d52b tempest-TestVolumeBackupRestore-649745985 tempest-TestVolumeBackupRestore-649745985-project-member] Flow 'volume_create_api' (a758201c-d782-462c-bd3b-343dd1296b58) transitioned into state 'RUNNING' from state 'PENDING' {{(pid=96251) _flow_receiver /opt/stack/data/venv/lib/python3.12/site-packages/taskflow/listeners/logging.py:160}}
May 27 13:58:43.843491 np0000001508 devstack@c-api.service[96251]: DEBUG cinder.volume.api [None req-e90da5df-6f68-4633-ba58-815eed99d52b tempest-TestVolumeBackupRestore-649745985 tempest-TestVolumeBackupRestore-649745985-project-member] Task 'cinder.volume.flows.api.create_volume.ExtractVolumeRequestTask;volume:create' (37168642-6288-4a7c-8df2-770d272f6603) transitioned into state 'RUNNING' from state 'PENDING' {{(pid=96251) _task_receiver /opt/stack/data/venv/lib/python3.12/site-packages/taskflow/listeners/logging.py:242}}
May 27 13:58:43.844550 np0000001508 devstack@c-api.service[96251]: DEBUG cinder.volume.flows.api.create_volume [None req-e90da5df-6f68-4633-ba58-815eed99d52b tempest-TestVolumeBackupRestore-649745985 tempest-TestVolumeBackupRestore-649745985-project-member] Validating volume size '1' using validate_int {{(pid=96251) _extract_size /opt/stack/cinder/cinder/volume/flows/api/create_volume.py:226}}
May 27 13:58:43.879914 np0000001508 devstack@c-api.service[96250]: DEBUG cinder.api.middleware.request_id [None req-186293b4-bf71-4bce-a2b4-9ed6ca7f29ca None None] RequestId filter calling following filter/app {{(pid=96250) _context_setter /opt/stack/cinder/cinder/api/middleware/request_id.py:62}}
May 27 13:58:43.881811 np0000001508 devstack@c-api.service[96250]: INFO cinder.api.openstack.wsgi [None req-186293b4-bf71-4bce-a2b4-9ed6ca7f29ca tempest-VolumesAdminNegativeTest-712846921 tempest-VolumesAdminNegativeTest-712846921-project-member] POST https://10.4.3.114/volume/v3/volumes
May 27 13:58:43.882132 np0000001508 devstack@c-api.service[96250]: DEBUG cinder.api.openstack.wsgi [None req-186293b4-bf71-4bce-a2b4-9ed6ca7f29ca tempest-VolumesAdminNegativeTest-712846921 tempest-VolumesAdminNegativeTest-712846921-project-member] Action: 'create', calling method: create, body: {"volume": {"size": 1, "display_name": "tempest-VolumesAdminNegativeTest-volume-1863224024"}} {{(pid=96250) _process_stack /opt/stack/cinder/cinder/api/openstack/wsgi.py:876}}
May 27 13:58:43.885073 np0000001508 devstack@c-api.service[96250]: DEBUG cinder.api.v3.volumes [None req-186293b4-bf71-4bce-a2b4-9ed6ca7f29ca tempest-VolumesAdminNegativeTest-712846921 tempest-VolumesAdminNegativeTest-712846921-project-member] Create volume request body: {'volume': {'size': 1, 'display_name': 'tempest-VolumesAdminNegativeTest-volume-1863224024'}} {{(pid=96250) create /opt/stack/cinder/cinder/api/v3/volumes.py:368}}
May 27 13:58:43.885333 np0000001508 devstack@c-api.service[96250]: INFO cinder.api.v3.volumes [None req-186293b4-bf71-4bce-a2b4-9ed6ca7f29ca tempest-VolumesAdminNegativeTest-712846921 tempest-VolumesAdminNegativeTest-712846921-project-member] Create volume of 1 GB
May 27 13:58:43.893279 np0000001508 devstack@c-api.service[96250]: INFO cinder.volume.api [None req-186293b4-bf71-4bce-a2b4-9ed6ca7f29ca tempest-VolumesAdminNegativeTest-712846921 tempest-VolumesAdminNegativeTest-712846921-project-member] Availability Zones retrieved successfully.
May 27 13:58:43.912644 np0000001508 devstack@c-api.service[96250]: DEBUG cinder.volume.api [None req-186293b4-bf71-4bce-a2b4-9ed6ca7f29ca tempest-VolumesAdminNegativeTest-712846921 tempest-VolumesAdminNegativeTest-712846921-project-member] Flow 'volume_create_api' (ec78a617-4840-4e25-b70c-16f9aa57819f) transitioned into state 'RUNNING' from state 'PENDING' {{(pid=96250) _flow_receiver /opt/stack/data/venv/lib/python3.12/site-packages/taskflow/listeners/logging.py:160}}
May 27 13:58:43.913809 np0000001508 devstack@c-api.service[96250]: DEBUG cinder.volume.api [None req-186293b4-bf71-4bce-a2b4-9ed6ca7f29ca tempest-VolumesAdminNegativeTest-712846921 tempest-VolumesAdminNegativeTest-712846921-project-member] Task 'cinder.volume.flows.api.create_volume.ExtractVolumeRequestTask;volume:create' (b3040cbb-aaef-4c40-b06c-aa8615c75907) transitioned into state 'RUNNING' from state 'PENDING' {{(pid=96250) _task_receiver /opt/stack/data/venv/lib/python3.12/site-packages/taskflow/listeners/logging.py:242}}
May 27 13:58:43.915144 np0000001508 devstack@c-api.service[96250]: DEBUG cinder.volume.flows.api.create_volume [None req-186293b4-bf71-4bce-a2b4-9ed6ca7f29ca tempest-VolumesAdminNegativeTest-712846921 tempest-VolumesAdminNegativeTest-712846921-project-member] Validating volume size '1' using validate_int {{(pid=96250) _extract_size /opt/stack/cinder/cinder/volume/flows/api/create_volume.py:226}}
May 27 13:58:43.920361 np0000001508 devstack@c-api.service[96251]: DEBUG cinder.volume.api [None req-e90da5df-6f68-4633-ba58-815eed99d52b tempest-TestVolumeBackupRestore-649745985 tempest-TestVolumeBackupRestore-649745985-project-member] Task 'cinder.volume.flows.api.create_volume.ExtractVolumeRequestTask;volume:create' (37168642-6288-4a7c-8df2-770d272f6603) transitioned into state 'SUCCESS' from state 'RUNNING' with result '{'size': 1, 'snapshot_id': None, 'source_volid': None, 'volume_type': VolumeType(created_at=2026-05-27T13:53:29Z,deleted=False,deleted_at=None,description=None,extra_specs={volume_backend_name='storpool'},id=7bfffabe-02b4-4777-bfa3-e92fedf4cf18,is_public=True,name='storpool',projects=[],qos_specs=,qos_specs_id=None,updated_at=None), 'volume_type_id': '7bfffabe-02b4-4777-bfa3-e92fedf4cf18', 'encryption_key_id': None, 'qos_specs': None, 'consistencygroup_id': None, 'cgsnapshot_id': None, 'group_id': None, 'replication_status': 'disabled', 'refresh_az': False, 'backup_id': None, 'multiattach': False, 'availability_zones': ['nova']}' {{(pid=96251) _task_receiver /opt/stack/data/venv/lib/python3.12/site-packages/taskflow/listeners/logging.py:218}}
May 27 13:58:43.921643 np0000001508 devstack@c-api.service[96251]: DEBUG cinder.volume.api [None req-e90da5df-6f68-4633-ba58-815eed99d52b tempest-TestVolumeBackupRestore-649745985 tempest-TestVolumeBackupRestore-649745985-project-member] Task 'cinder.volume.flows.api.create_volume.QuotaReserveTask;volume:create' (a0268913-3d99-46cb-8b87-a605e5161d71) transitioned into state 'RUNNING' from state 'PENDING' {{(pid=96251) _task_receiver /opt/stack/data/venv/lib/python3.12/site-packages/taskflow/listeners/logging.py:242}}
May 27 13:58:43.942388 np0000001508 devstack@c-api.service[96250]: DEBUG cinder.volume.api [None req-186293b4-bf71-4bce-a2b4-9ed6ca7f29ca tempest-VolumesAdminNegativeTest-712846921 tempest-VolumesAdminNegativeTest-712846921-project-member] Task 'cinder.volume.flows.api.create_volume.ExtractVolumeRequestTask;volume:create' (b3040cbb-aaef-4c40-b06c-aa8615c75907) transitioned into state 'SUCCESS' from state 'RUNNING' with result '{'size': 1, 'snapshot_id': None, 'source_volid': None, 'volume_type': VolumeType(created_at=2026-05-27T13:53:29Z,deleted=False,deleted_at=None,description=None,extra_specs={volume_backend_name='storpool'},id=7bfffabe-02b4-4777-bfa3-e92fedf4cf18,is_public=True,name='storpool',projects=[],qos_specs=,qos_specs_id=None,updated_at=None), 'volume_type_id': '7bfffabe-02b4-4777-bfa3-e92fedf4cf18', 'encryption_key_id': None, 'qos_specs': None, 'consistencygroup_id': None, 'cgsnapshot_id': None, 'group_id': None, 'replication_status': 'disabled', 'refresh_az': False, 'backup_id': None, 'multiattach': False, 'availability_zones': ['nova']}' {{(pid=96250) _task_receiver /opt/stack/data/venv/lib/python3.12/site-packages/taskflow/listeners/logging.py:218}}
May 27 13:58:43.943237 np0000001508 devstack@c-api.service[96250]: DEBUG cinder.volume.api [None req-186293b4-bf71-4bce-a2b4-9ed6ca7f29ca tempest-VolumesAdminNegativeTest-712846921 tempest-VolumesAdminNegativeTest-712846921-project-member] Task 'cinder.volume.flows.api.create_volume.QuotaReserveTask;volume:create' (57444a1c-719c-4b70-8721-ad90eeef9f8d) transitioned into state 'RUNNING' from state 'PENDING' {{(pid=96250) _task_receiver /opt/stack/data/venv/lib/python3.12/site-packages/taskflow/listeners/logging.py:242}}
May 27 13:58:43.985484 np0000001508 devstack@c-api.service[96251]: DEBUG cinder.quota [None req-e90da5df-6f68-4633-ba58-815eed99d52b tempest-TestVolumeBackupRestore-649745985 tempest-TestVolumeBackupRestore-649745985-project-member] Created reservations ['00797e01-3793-4612-a5d1-d21b484e97ef', '8fed5ae5-d3c9-404e-a378-f2e9e75c3e9a', '1cccae56-41e8-4dae-957c-06691ccebd93', '33745bb7-ec81-42b9-933f-3140a48ffef6'] {{(pid=96251) reserve /opt/stack/cinder/cinder/quota.py:752}}
May 27 13:58:43.985484 np0000001508 devstack@c-api.service[96251]: DEBUG cinder.volume.api [None req-e90da5df-6f68-4633-ba58-815eed99d52b tempest-TestVolumeBackupRestore-649745985 tempest-TestVolumeBackupRestore-649745985-project-member] Task 'cinder.volume.flows.api.create_volume.QuotaReserveTask;volume:create' (a0268913-3d99-46cb-8b87-a605e5161d71) transitioned into state 'SUCCESS' from state 'RUNNING' with result '{'reservations': ['00797e01-3793-4612-a5d1-d21b484e97ef', '8fed5ae5-d3c9-404e-a378-f2e9e75c3e9a', '1cccae56-41e8-4dae-957c-06691ccebd93', '33745bb7-ec81-42b9-933f-3140a48ffef6']}' {{(pid=96251) _task_receiver /opt/stack/data/venv/lib/python3.12/site-packages/taskflow/listeners/logging.py:218}}
May 27 13:58:43.985992 np0000001508 devstack@c-api.service[96251]: DEBUG cinder.volume.api [None req-e90da5df-6f68-4633-ba58-815eed99d52b tempest-TestVolumeBackupRestore-649745985 tempest-TestVolumeBackupRestore-649745985-project-member] Task 'cinder.volume.flows.api.create_volume.EntryCreateTask;volume:create' (a460e3d3-5737-45f3-8598-b81933f14a2c) transitioned into state 'RUNNING' from state 'PENDING' {{(pid=96251) _task_receiver /opt/stack/data/venv/lib/python3.12/site-packages/taskflow/listeners/logging.py:242}}
May 27 13:58:44.007659 np0000001508 devstack@c-api.service[96251]: DEBUG cinder.volume.api [None req-e90da5df-6f68-4633-ba58-815eed99d52b tempest-TestVolumeBackupRestore-649745985 tempest-TestVolumeBackupRestore-649745985-project-member] Task 'cinder.volume.flows.api.create_volume.EntryCreateTask;volume:create' (a460e3d3-5737-45f3-8598-b81933f14a2c) transitioned into state 'SUCCESS' from state 'RUNNING' with result '{'volume_id': 'e95bd1e2-47c4-4803-bbd4-5d90263f60a4', 'volume_properties': VolumeProperties(attach_status='detached',availability_zone='nova',cgsnapshot_id=None,consistencygroup_id=None,display_description=None,display_name='tempest-TestVolumeBackupRestore-volume-947848059',encryption_key_id=None,group_id=None,group_type_id=,metadata={},multiattach=False,project_id='8f7b5782d67c42778c664adda8ce2104',qos_specs=None,replication_status=,reservations=['00797e01-3793-4612-a5d1-d21b484e97ef','8fed5ae5-d3c9-404e-a378-f2e9e75c3e9a','1cccae56-41e8-4dae-957c-06691ccebd93','33745bb7-ec81-42b9-933f-3140a48ffef6'],size=1,snapshot_id=None,source_replicaid=,source_volid=None,status='creating',user_id='73d93074c63843f8bbb43f24a4cd5fed',volume_type_id=7bfffabe-02b4-4777-bfa3-e92fedf4cf18), 'volume': Volume(_name_id=None,admin_metadata=,attach_status='detached',availability_zone='nova',bootable=False,cluster=,cluster_name=None,consistencygroup=,consistencygroup_id=None,created_at=2026-05-27T13:58:43Z,deleted=False,deleted_at=None,display_description=None,display_name='tempest-TestVolumeBackupRestore-volume-947848059',ec2_id=None,encryption_key_id=None,glance_metadata=,group=,group_id=None,host=None,id=e95bd1e2-47c4-4803-bbd4-5d90263f60a4,launched_at=None,metadata={},migration_status=None,multiattach=False,previous_status=None,project_id='8f7b5782d67c42778c664adda8ce2104',provider_auth=None,provider_geometry=None,provider_id=None,provider_location=None,replication_driver_data=None,replication_extended_status=None,replication_status=None,scheduled_at=None,service_uuid=None,shared_targets=True,size=1,snapshot_id=None,snapshots=,source_volid=None,status='creating',terminated_at=None,updated_at=None,use_quota=True,user_id='73d93074c63843f8bbb43f24a4cd5fed',volume_attachment=VolumeAttachmentList,volume_type=VolumeType(7bfffabe-02b4-4777-bfa3-e92fedf4cf18),volume_type_id=7bfffabe-02b4-4777-bfa3-e92fedf4cf18)}' {{(pid=96251) _task_receiver /opt/stack/data/venv/lib/python3.12/site-packages/taskflow/listeners/logging.py:218}}
May 27 13:58:44.008632 np0000001508 devstack@c-api.service[96251]: DEBUG cinder.volume.api [None req-e90da5df-6f68-4633-ba58-815eed99d52b tempest-TestVolumeBackupRestore-649745985 tempest-TestVolumeBackupRestore-649745985-project-member] Task 'cinder.volume.flows.api.create_volume.QuotaCommitTask;volume:create' (cbedf085-48c4-48d9-95fa-59006e7efab7) transitioned into state 'RUNNING' from state 'PENDING' {{(pid=96251) _task_receiver /opt/stack/data/venv/lib/python3.12/site-packages/taskflow/listeners/logging.py:242}}
May 27 13:58:44.014113 np0000001508 devstack@c-api.service[96250]: DEBUG cinder.quota [None req-186293b4-bf71-4bce-a2b4-9ed6ca7f29ca tempest-VolumesAdminNegativeTest-712846921 tempest-VolumesAdminNegativeTest-712846921-project-member] Created reservations ['431e29ef-0754-4c1c-8d09-b745159a3f1c', 'f051375c-8b34-48cc-aca5-a157d626ec29', 'f3671730-e06f-4a98-9a0d-759223e3618e', 'd631c579-9bfd-4fa0-bcc4-f60132a82d76'] {{(pid=96250) reserve /opt/stack/cinder/cinder/quota.py:752}}
May 27 13:58:44.015157 np0000001508 devstack@c-api.service[96250]: DEBUG cinder.volume.api [None req-186293b4-bf71-4bce-a2b4-9ed6ca7f29ca tempest-VolumesAdminNegativeTest-712846921 tempest-VolumesAdminNegativeTest-712846921-project-member] Task 'cinder.volume.flows.api.create_volume.QuotaReserveTask;volume:create' (57444a1c-719c-4b70-8721-ad90eeef9f8d) transitioned into state 'SUCCESS' from state 'RUNNING' with result '{'reservations': ['431e29ef-0754-4c1c-8d09-b745159a3f1c', 'f051375c-8b34-48cc-aca5-a157d626ec29', 'f3671730-e06f-4a98-9a0d-759223e3618e', 'd631c579-9bfd-4fa0-bcc4-f60132a82d76']}' {{(pid=96250) _task_receiver /opt/stack/data/venv/lib/python3.12/site-packages/taskflow/listeners/logging.py:218}}
May 27 13:58:44.016114 np0000001508 devstack@c-api.service[96250]: DEBUG cinder.volume.api [None req-186293b4-bf71-4bce-a2b4-9ed6ca7f29ca tempest-VolumesAdminNegativeTest-712846921 tempest-VolumesAdminNegativeTest-712846921-project-member] Task 'cinder.volume.flows.api.create_volume.EntryCreateTask;volume:create' (d3f64ad0-04bf-40aa-add0-3af40eba83fc) transitioned into state 'RUNNING' from state 'PENDING' {{(pid=96250) _task_receiver /opt/stack/data/venv/lib/python3.12/site-packages/taskflow/listeners/logging.py:242}}
May 27 13:58:44.032296 np0000001508 devstack@c-api.service[96251]: DEBUG cinder.volume.api [None req-e90da5df-6f68-4633-ba58-815eed99d52b tempest-TestVolumeBackupRestore-649745985 tempest-TestVolumeBackupRestore-649745985-project-member] Task 'cinder.volume.flows.api.create_volume.QuotaCommitTask;volume:create' (cbedf085-48c4-48d9-95fa-59006e7efab7) transitioned into state 'SUCCESS' from state 'RUNNING' with result '{'volume_properties': VolumeProperties(attach_status='detached',availability_zone='nova',cgsnapshot_id=None,consistencygroup_id=None,display_description=None,display_name='tempest-TestVolumeBackupRestore-volume-947848059',encryption_key_id=None,group_id=None,group_type_id=,metadata={},multiattach=False,project_id='8f7b5782d67c42778c664adda8ce2104',qos_specs=None,replication_status=,reservations=['00797e01-3793-4612-a5d1-d21b484e97ef','8fed5ae5-d3c9-404e-a378-f2e9e75c3e9a','1cccae56-41e8-4dae-957c-06691ccebd93','33745bb7-ec81-42b9-933f-3140a48ffef6'],size=1,snapshot_id=None,source_replicaid=,source_volid=None,status='creating',user_id='73d93074c63843f8bbb43f24a4cd5fed',volume_type_id=7bfffabe-02b4-4777-bfa3-e92fedf4cf18)}' {{(pid=96251) _task_receiver /opt/stack/data/venv/lib/python3.12/site-packages/taskflow/listeners/logging.py:218}}
May 27 13:58:44.033059 np0000001508 devstack@c-api.service[96251]: DEBUG cinder.volume.api [None req-e90da5df-6f68-4633-ba58-815eed99d52b tempest-TestVolumeBackupRestore-649745985 tempest-TestVolumeBackupRestore-649745985-project-member] Task 'cinder.volume.flows.api.create_volume.VolumeCastTask;volume:create' (1e706c9f-870d-4e3a-a032-bc268d37bc27) transitioned into state 'RUNNING' from state 'PENDING' {{(pid=96251) _task_receiver /opt/stack/data/venv/lib/python3.12/site-packages/taskflow/listeners/logging.py:242}}
May 27 13:58:44.038611 np0000001508 devstack@c-api.service[96250]: DEBUG cinder.volume.api [None req-186293b4-bf71-4bce-a2b4-9ed6ca7f29ca tempest-VolumesAdminNegativeTest-712846921 tempest-VolumesAdminNegativeTest-712846921-project-member] Task 'cinder.volume.flows.api.create_volume.EntryCreateTask;volume:create' (d3f64ad0-04bf-40aa-add0-3af40eba83fc) transitioned into state 'SUCCESS' from state 'RUNNING' with result '{'volume_id': 'f412ebda-7c89-4d0d-947e-c58ea5e011a0', 'volume_properties': VolumeProperties(attach_status='detached',availability_zone='nova',cgsnapshot_id=None,consistencygroup_id=None,display_description=None,display_name='tempest-VolumesAdminNegativeTest-volume-1863224024',encryption_key_id=None,group_id=None,group_type_id=,metadata={},multiattach=False,project_id='2f63192796ba4165918ee5732dff2afa',qos_specs=None,replication_status=,reservations=['431e29ef-0754-4c1c-8d09-b745159a3f1c','f051375c-8b34-48cc-aca5-a157d626ec29','f3671730-e06f-4a98-9a0d-759223e3618e','d631c579-9bfd-4fa0-bcc4-f60132a82d76'],size=1,snapshot_id=None,source_replicaid=,source_volid=None,status='creating',user_id='6b5bbd9f6dce46a495cf3e247849e7c5',volume_type_id=7bfffabe-02b4-4777-bfa3-e92fedf4cf18), 'volume': Volume(_name_id=None,admin_metadata=,attach_status='detached',availability_zone='nova',bootable=False,cluster=,cluster_name=None,consistencygroup=,consistencygroup_id=None,created_at=2026-05-27T13:58:44Z,deleted=False,deleted_at=None,display_description=None,display_name='tempest-VolumesAdminNegativeTest-volume-1863224024',ec2_id=None,encryption_key_id=None,glance_metadata=,group=,group_id=None,host=None,id=f412ebda-7c89-4d0d-947e-c58ea5e011a0,launched_at=None,metadata={},migration_status=None,multiattach=False,previous_status=None,project_id='2f63192796ba4165918ee5732dff2afa',provider_auth=None,provider_geometry=None,provider_id=None,provider_location=None,replication_driver_data=None,replication_extended_status=None,replication_status=None,scheduled_at=None,service_uuid=None,shared_targets=True,size=1,snapshot_id=None,snapshots=,source_volid=None,status='creating',terminated_at=None,updated_at=None,use_quota=True,user_id='6b5bbd9f6dce46a495cf3e247849e7c5',volume_attachment=VolumeAttachmentList,volume_type=VolumeType(7bfffabe-02b4-4777-bfa3-e92fedf4cf18),volume_type_id=7bfffabe-02b4-4777-bfa3-e92fedf4cf18)}' {{(pid=96250) _task_receiver /opt/stack/data/venv/lib/python3.12/site-packages/taskflow/listeners/logging.py:218}}
May 27 13:58:44.039347 np0000001508 devstack@c-api.service[96250]: DEBUG cinder.volume.api [None req-186293b4-bf71-4bce-a2b4-9ed6ca7f29ca tempest-VolumesAdminNegativeTest-712846921 tempest-VolumesAdminNegativeTest-712846921-project-member] Task 'cinder.volume.flows.api.create_volume.QuotaCommitTask;volume:create' (5c6935f6-b85d-44a6-8a68-c9ac7db787cc) transitioned into state 'RUNNING' from state 'PENDING' {{(pid=96250) _task_receiver /opt/stack/data/venv/lib/python3.12/site-packages/taskflow/listeners/logging.py:242}}
May 27 13:58:44.047845 np0000001508 devstack@c-api.service[96251]: DEBUG cinder.volume.api [None req-e90da5df-6f68-4633-ba58-815eed99d52b tempest-TestVolumeBackupRestore-649745985 tempest-TestVolumeBackupRestore-649745985-project-member] Task 'cinder.volume.flows.api.create_volume.VolumeCastTask;volume:create' (1e706c9f-870d-4e3a-a032-bc268d37bc27) transitioned into state 'SUCCESS' from state 'RUNNING' with result 'None' {{(pid=96251) _task_receiver /opt/stack/data/venv/lib/python3.12/site-packages/taskflow/listeners/logging.py:218}}
May 27 13:58:44.048942 np0000001508 devstack@c-api.service[96251]: DEBUG cinder.volume.api [None req-e90da5df-6f68-4633-ba58-815eed99d52b tempest-TestVolumeBackupRestore-649745985 tempest-TestVolumeBackupRestore-649745985-project-member] Flow 'volume_create_api' (a758201c-d782-462c-bd3b-343dd1296b58) transitioned into state 'SUCCESS' from state 'RUNNING' {{(pid=96251) _flow_receiver /opt/stack/data/venv/lib/python3.12/site-packages/taskflow/listeners/logging.py:160}}
May 27 13:58:44.049282 np0000001508 devstack@c-api.service[96251]: INFO cinder.volume.api [None req-e90da5df-6f68-4633-ba58-815eed99d52b tempest-TestVolumeBackupRestore-649745985 tempest-TestVolumeBackupRestore-649745985-project-member] Create volume request issued successfully.
May 27 13:58:44.049963 np0000001508 devstack@c-api.service[96251]: INFO cinder.api.openstack.wsgi [None req-e90da5df-6f68-4633-ba58-815eed99d52b tempest-TestVolumeBackupRestore-649745985 tempest-TestVolumeBackupRestore-649745985-project-member] https://10.4.3.114/volume/v3/volumes returned with HTTP 202
May 27 13:58:44.050516 np0000001508 devstack@c-api.service[96251]: [pid: 96251|app: 0|req: 187/357] 10.4.3.114 () {68 vars in 1259 bytes} [Wed May 27 13:58:43 2026] POST /volume/v3/volumes => generated 753 bytes in 351 msecs (HTTP/1.1 202) 7 headers in 291 bytes (1 switches on core 0)
May 27 13:58:44.068741 np0000001508 devstack@c-api.service[96251]: DEBUG cinder.api.middleware.request_id [None req-e313bd3f-080b-4bdf-a977-8a88900c61b9 None None] RequestId filter calling following filter/app {{(pid=96251) _context_setter /opt/stack/cinder/cinder/api/middleware/request_id.py:62}}
May 27 13:58:44.071114 np0000001508 devstack@c-api.service[96251]: INFO cinder.api.openstack.wsgi [None req-e313bd3f-080b-4bdf-a977-8a88900c61b9 tempest-TestVolumeBackupRestore-649745985 tempest-TestVolumeBackupRestore-649745985-project-member] GET https://10.4.3.114/volume/v3/volumes/e95bd1e2-47c4-4803-bbd4-5d90263f60a4
May 27 13:58:44.071337 np0000001508 devstack@c-api.service[96251]: DEBUG cinder.api.openstack.wsgi [None req-e313bd3f-080b-4bdf-a977-8a88900c61b9 tempest-TestVolumeBackupRestore-649745985 tempest-TestVolumeBackupRestore-649745985-project-member] Empty body provided in request {{(pid=96251) get_body /opt/stack/cinder/cinder/api/openstack/wsgi.py:725}}
May 27 13:58:44.071605 np0000001508 devstack@c-api.service[96251]: DEBUG cinder.api.openstack.wsgi [None req-e313bd3f-080b-4bdf-a977-8a88900c61b9 tempest-TestVolumeBackupRestore-649745985 tempest-TestVolumeBackupRestore-649745985-project-member] Calling method 'show' {{(pid=96251) _process_stack /opt/stack/cinder/cinder/api/openstack/wsgi.py:878}}
May 27 13:58:44.074712 np0000001508 devstack@c-api.service[96250]: DEBUG cinder.volume.api [None req-186293b4-bf71-4bce-a2b4-9ed6ca7f29ca tempest-VolumesAdminNegativeTest-712846921 tempest-VolumesAdminNegativeTest-712846921-project-member] Task 'cinder.volume.flows.api.create_volume.QuotaCommitTask;volume:create' (5c6935f6-b85d-44a6-8a68-c9ac7db787cc) transitioned into state 'SUCCESS' from state 'RUNNING' with result '{'volume_properties': VolumeProperties(attach_status='detached',availability_zone='nova',cgsnapshot_id=None,consistencygroup_id=None,display_description=None,display_name='tempest-VolumesAdminNegativeTest-volume-1863224024',encryption_key_id=None,group_id=None,group_type_id=,metadata={},multiattach=False,project_id='2f63192796ba4165918ee5732dff2afa',qos_specs=None,replication_status=,reservations=['431e29ef-0754-4c1c-8d09-b745159a3f1c','f051375c-8b34-48cc-aca5-a157d626ec29','f3671730-e06f-4a98-9a0d-759223e3618e','d631c579-9bfd-4fa0-bcc4-f60132a82d76'],size=1,snapshot_id=None,source_replicaid=,source_volid=None,status='creating',user_id='6b5bbd9f6dce46a495cf3e247849e7c5',volume_type_id=7bfffabe-02b4-4777-bfa3-e92fedf4cf18)}' {{(pid=96250) _task_receiver /opt/stack/data/venv/lib/python3.12/site-packages/taskflow/listeners/logging.py:218}}
May 27 13:58:44.076356 np0000001508 devstack@c-api.service[96250]: DEBUG cinder.volume.api [None req-186293b4-bf71-4bce-a2b4-9ed6ca7f29ca tempest-VolumesAdminNegativeTest-712846921 tempest-VolumesAdminNegativeTest-712846921-project-member] Task 'cinder.volume.flows.api.create_volume.VolumeCastTask;volume:create' (30555bc5-4a7d-4b55-a7de-9261df0dac85) transitioned into state 'RUNNING' from state 'PENDING' {{(pid=96250) _task_receiver /opt/stack/data/venv/lib/python3.12/site-packages/taskflow/listeners/logging.py:242}}
May 27 13:58:44.081708 np0000001508 devstack@c-api.service[96251]: /opt/stack/data/venv/lib/python3.12/site-packages/oslo_context/context.py:102: DeprecationWarning: Policy enforcement is depending on the value of is_admin. This key is deprecated. Please update your policy file to use the standard policy values.
May 27 13:58:44.081708 np0000001508 devstack@c-api.service[96251]: warnings.warn(
May 27 13:58:44.086691 np0000001508 devstack@c-api.service[96251]: INFO cinder.volume.api [None req-e313bd3f-080b-4bdf-a977-8a88900c61b9 tempest-TestVolumeBackupRestore-649745985 tempest-TestVolumeBackupRestore-649745985-project-member] Volume info retrieved successfully.
May 27 13:58:44.091265 np0000001508 devstack@c-api.service[96250]: DEBUG cinder.volume.api [None req-186293b4-bf71-4bce-a2b4-9ed6ca7f29ca tempest-VolumesAdminNegativeTest-712846921 tempest-VolumesAdminNegativeTest-712846921-project-member] Task 'cinder.volume.flows.api.create_volume.VolumeCastTask;volume:create' (30555bc5-4a7d-4b55-a7de-9261df0dac85) transitioned into state 'SUCCESS' from state 'RUNNING' with result 'None' {{(pid=96250) _task_receiver /opt/stack/data/venv/lib/python3.12/site-packages/taskflow/listeners/logging.py:218}}
May 27 13:58:44.092717 np0000001508 devstack@c-api.service[96251]: INFO cinder.api.openstack.wsgi [None req-e313bd3f-080b-4bdf-a977-8a88900c61b9 tempest-TestVolumeBackupRestore-649745985 tempest-TestVolumeBackupRestore-649745985-project-member] https://10.4.3.114/volume/v3/volumes/e95bd1e2-47c4-4803-bbd4-5d90263f60a4 returned with HTTP 200
May 27 13:58:44.093083 np0000001508 devstack@c-api.service[96250]: DEBUG cinder.volume.api [None req-186293b4-bf71-4bce-a2b4-9ed6ca7f29ca tempest-VolumesAdminNegativeTest-712846921 tempest-VolumesAdminNegativeTest-712846921-project-member] Flow 'volume_create_api' (ec78a617-4840-4e25-b70c-16f9aa57819f) transitioned into state 'SUCCESS' from state 'RUNNING' {{(pid=96250) _flow_receiver /opt/stack/data/venv/lib/python3.12/site-packages/taskflow/listeners/logging.py:160}}
May 27 13:58:44.093389 np0000001508 devstack@c-api.service[96251]: [pid: 96251|app: 0|req: 188/358] 10.4.3.114 () {66 vars in 1348 bytes} [Wed May 27 13:58:44 2026] GET /volume/v3/volumes/e95bd1e2-47c4-4803-bbd4-5d90263f60a4 => generated 821 bytes in 25 msecs (HTTP/1.1 200) 7 headers in 285 bytes (1 switches on core 0)
May 27 13:58:44.093652 np0000001508 devstack@c-api.service[96250]: INFO cinder.volume.api [None req-186293b4-bf71-4bce-a2b4-9ed6ca7f29ca tempest-VolumesAdminNegativeTest-712846921 tempest-VolumesAdminNegativeTest-712846921-project-member] Create volume request issued successfully.
May 27 13:58:44.094502 np0000001508 devstack@c-api.service[96250]: INFO cinder.api.openstack.wsgi [None req-186293b4-bf71-4bce-a2b4-9ed6ca7f29ca tempest-VolumesAdminNegativeTest-712846921 tempest-VolumesAdminNegativeTest-712846921-project-member] https://10.4.3.114/volume/v3/volumes returned with HTTP 202
May 27 13:58:44.095094 np0000001508 devstack@c-api.service[96250]: [pid: 96250|app: 0|req: 171/359] 10.4.3.114 () {68 vars in 1258 bytes} [Wed May 27 13:58:43 2026] POST /volume/v3/volumes => generated 755 bytes in 216 msecs (HTTP/1.1 202) 7 headers in 291 bytes (1 switches on core 0)
May 27 13:58:44.111818 np0000001508 devstack@c-api.service[96251]: DEBUG cinder.api.middleware.request_id [None req-ff44940b-ac7a-4d78-bb47-9b7c2bf21e9e None None] RequestId filter calling following filter/app {{(pid=96251) _context_setter /opt/stack/cinder/cinder/api/middleware/request_id.py:62}}
May 27 13:58:44.113793 np0000001508 devstack@c-api.service[96251]: INFO cinder.api.openstack.wsgi [None req-ff44940b-ac7a-4d78-bb47-9b7c2bf21e9e tempest-VolumesAdminNegativeTest-712846921 tempest-VolumesAdminNegativeTest-712846921-project-member] GET https://10.4.3.114/volume/v3/volumes/f412ebda-7c89-4d0d-947e-c58ea5e011a0
May 27 13:58:44.114001 np0000001508 devstack@c-api.service[96251]: DEBUG cinder.api.openstack.wsgi [None req-ff44940b-ac7a-4d78-bb47-9b7c2bf21e9e tempest-VolumesAdminNegativeTest-712846921 tempest-VolumesAdminNegativeTest-712846921-project-member] Empty body provided in request {{(pid=96251) get_body /opt/stack/cinder/cinder/api/openstack/wsgi.py:725}}
May 27 13:58:44.114172 np0000001508 devstack@c-api.service[96251]: DEBUG cinder.api.openstack.wsgi [None req-ff44940b-ac7a-4d78-bb47-9b7c2bf21e9e tempest-VolumesAdminNegativeTest-712846921 tempest-VolumesAdminNegativeTest-712846921-project-member] Calling method 'show' {{(pid=96251) _process_stack /opt/stack/cinder/cinder/api/openstack/wsgi.py:878}}
May 27 13:58:44.120251 np0000001508 devstack@c-api.service[96251]: /opt/stack/data/venv/lib/python3.12/site-packages/oslo_context/context.py:102: DeprecationWarning: Policy enforcement is depending on the value of is_admin. This key is deprecated. Please update your policy file to use the standard policy values.
May 27 13:58:44.120251 np0000001508 devstack@c-api.service[96251]: warnings.warn(
May 27 13:58:44.123740 np0000001508 devstack@c-api.service[96251]: INFO cinder.volume.api [None req-ff44940b-ac7a-4d78-bb47-9b7c2bf21e9e tempest-VolumesAdminNegativeTest-712846921 tempest-VolumesAdminNegativeTest-712846921-project-member] Volume info retrieved successfully.
May 27 13:58:44.129252 np0000001508 devstack@c-api.service[96251]: INFO cinder.api.openstack.wsgi [None req-ff44940b-ac7a-4d78-bb47-9b7c2bf21e9e tempest-VolumesAdminNegativeTest-712846921 tempest-VolumesAdminNegativeTest-712846921-project-member] https://10.4.3.114/volume/v3/volumes/f412ebda-7c89-4d0d-947e-c58ea5e011a0 returned with HTTP 200
May 27 13:58:44.131123 np0000001508 devstack@c-api.service[96251]: [pid: 96251|app: 0|req: 189/360] 10.4.3.114 () {66 vars in 1348 bytes} [Wed May 27 13:58:44 2026] GET /volume/v3/volumes/f412ebda-7c89-4d0d-947e-c58ea5e011a0 => generated 823 bytes in 18 msecs (HTTP/1.1 200) 7 headers in 285 bytes (1 switches on core 0)
May 27 13:58:44.263680 np0000001508 devstack@c-api.service[96250]: DEBUG cinder.api.middleware.request_id [None req-c47d907b-2ad5-4b20-bb60-8574bf52bc28 None None] RequestId filter calling following filter/app {{(pid=96250) _context_setter /opt/stack/cinder/cinder/api/middleware/request_id.py:62}}
May 27 13:58:44.267585 np0000001508 devstack@c-api.service[96250]: INFO cinder.api.openstack.wsgi [None req-c47d907b-2ad5-4b20-bb60-8574bf52bc28 tempest-AttachVolumeNegativeTest-1841947081 tempest-AttachVolumeNegativeTest-1841947081-project-member] GET https://10.4.3.114/volume/v3/volumes/ecbf2a6c-84ba-44c8-bf2c-f5dd8a810088
May 27 13:58:44.267772 np0000001508 devstack@c-api.service[96250]: DEBUG cinder.api.openstack.wsgi [None req-c47d907b-2ad5-4b20-bb60-8574bf52bc28 tempest-AttachVolumeNegativeTest-1841947081 tempest-AttachVolumeNegativeTest-1841947081-project-member] Empty body provided in request {{(pid=96250) get_body /opt/stack/cinder/cinder/api/openstack/wsgi.py:725}}
May 27 13:58:44.267945 np0000001508 devstack@c-api.service[96250]: DEBUG cinder.api.openstack.wsgi [None req-c47d907b-2ad5-4b20-bb60-8574bf52bc28 tempest-AttachVolumeNegativeTest-1841947081 tempest-AttachVolumeNegativeTest-1841947081-project-member] Calling method 'show' {{(pid=96250) _process_stack /opt/stack/cinder/cinder/api/openstack/wsgi.py:878}}
May 27 13:58:44.278627 np0000001508 devstack@c-api.service[96250]: /opt/stack/data/venv/lib/python3.12/site-packages/oslo_context/context.py:102: DeprecationWarning: Policy enforcement is depending on the value of is_admin. This key is deprecated. Please update your policy file to use the standard policy values.
May 27 13:58:44.278627 np0000001508 devstack@c-api.service[96250]: warnings.warn(
May 27 13:58:44.281880 np0000001508 devstack@c-api.service[96250]: INFO cinder.volume.api [None req-c47d907b-2ad5-4b20-bb60-8574bf52bc28 tempest-AttachVolumeNegativeTest-1841947081 tempest-AttachVolumeNegativeTest-1841947081-project-member] Volume info retrieved successfully.
May 27 13:58:44.285309 np0000001508 devstack@c-api.service[96250]: INFO cinder.api.openstack.wsgi [None req-c47d907b-2ad5-4b20-bb60-8574bf52bc28 tempest-AttachVolumeNegativeTest-1841947081 tempest-AttachVolumeNegativeTest-1841947081-project-member] https://10.4.3.114/volume/v3/volumes/ecbf2a6c-84ba-44c8-bf2c-f5dd8a810088 returned with HTTP 200
May 27 13:58:44.285711 np0000001508 devstack@c-api.service[96250]: [pid: 96250|app: 0|req: 172/361] 10.4.3.114 () {66 vars in 1348 bytes} [Wed May 27 13:58:44 2026] GET /volume/v3/volumes/ecbf2a6c-84ba-44c8-bf2c-f5dd8a810088 => generated 1140 bytes in 23 msecs (HTTP/1.1 200) 7 headers in 286 bytes (1 switches on core 0)
May 27 13:58:44.743981 np0000001508 devstack@c-api.service[96251]: DEBUG cinder.api.middleware.request_id [req-499996b0-2a55-4da8-b661-1074eb053b0d req-26980020-8ac7-48ec-8e59-a83c46e00a63 None None] RequestId filter calling following filter/app {{(pid=96251) _context_setter /opt/stack/cinder/cinder/api/middleware/request_id.py:62}}
May 27 13:58:44.746732 np0000001508 devstack@c-api.service[96251]: INFO cinder.api.openstack.wsgi [req-499996b0-2a55-4da8-b661-1074eb053b0d req-26980020-8ac7-48ec-8e59-a83c46e00a63 tempest-AttachVolumeNegativeTest-1841947081 tempest-AttachVolumeNegativeTest-1841947081-project-member] GET https://10.4.3.114/volume/v3/volumes/ecbf2a6c-84ba-44c8-bf2c-f5dd8a810088
May 27 13:58:44.747045 np0000001508 devstack@c-api.service[96251]: DEBUG cinder.api.openstack.wsgi [req-499996b0-2a55-4da8-b661-1074eb053b0d req-26980020-8ac7-48ec-8e59-a83c46e00a63 tempest-AttachVolumeNegativeTest-1841947081 tempest-AttachVolumeNegativeTest-1841947081-project-member] Empty body provided in request {{(pid=96251) get_body /opt/stack/cinder/cinder/api/openstack/wsgi.py:725}}
May 27 13:58:44.747292 np0000001508 devstack@c-api.service[96251]: DEBUG cinder.api.openstack.wsgi [req-499996b0-2a55-4da8-b661-1074eb053b0d req-26980020-8ac7-48ec-8e59-a83c46e00a63 tempest-AttachVolumeNegativeTest-1841947081 tempest-AttachVolumeNegativeTest-1841947081-project-member] Calling method 'show' {{(pid=96251) _process_stack /opt/stack/cinder/cinder/api/openstack/wsgi.py:878}}
