May 27 13:57:30.213330 np0000001508 devstack@g-api.service[98965]: DEBUG glance.api.middleware.version_negotiation [None req-679ef79b-87a9-4c9e-baaf-1953ba474037 tempest-ServerActionsV293TestJSON-309486663 tempest-ServerActionsV293TestJSON-309486663-project-member] new path /v2/images/8b4d58d2-f793-4d10-a54c-3818a72400e2/file {{(pid=98965) process_request /opt/stack/glance/glance/api/middleware/version_negotiation.py:70}}
May 27 13:57:30.222583 np0000001508 devstack@g-api.service[98965]: DEBUG glance_store.backend [None req-679ef79b-87a9-4c9e-baaf-1953ba474037 tempest-ServerActionsV293TestJSON-309486663 tempest-ServerActionsV293TestJSON-309486663-project-member] Attempting to import store swift {{(pid=98965) _load_store /opt/stack/data/venv/lib/python3.12/site-packages/glance_store/backend.py:215}}
May 27 13:57:30.223812 np0000001508 devstack@g-api.service[98965]: DEBUG glance_store.capabilities [None req-679ef79b-87a9-4c9e-baaf-1953ba474037 tempest-ServerActionsV293TestJSON-309486663 tempest-ServerActionsV293TestJSON-309486663-project-member] Store glance_store._drivers.swift.store.SingleTenantStore doesn't support updating dynamic storage capabilities. Please overwrite 'update_capabilities' method of the store to implement updating logics if needed. {{(pid=98965) update_capabilities /opt/stack/data/venv/lib/python3.12/site-packages/glance_store/capabilities.py:91}}
May 27 13:57:30.223895 np0000001508 devstack@g-api.service[98965]: DEBUG glance_store.driver [None req-679ef79b-87a9-4c9e-baaf-1953ba474037 tempest-ServerActionsV293TestJSON-309486663 tempest-ServerActionsV293TestJSON-309486663-project-member] Late loading location class glance_store._drivers.swift.store.StoreLocation {{(pid=98965) get_store_location_class /opt/stack/data/venv/lib/python3.12/site-packages/glance_store/driver.py:134}}
May 27 13:57:30.223993 np0000001508 devstack@g-api.service[98965]: DEBUG glance_store.location [None req-679ef79b-87a9-4c9e-baaf-1953ba474037 tempest-ServerActionsV293TestJSON-309486663 tempest-ServerActionsV293TestJSON-309486663-project-member] Registering scheme swift+https with {'store': , 'location_class': , 'store_entry': 'swift'} {{(pid=98965) register_scheme_map /opt/stack/data/venv/lib/python3.12/site-packages/glance_store/location.py:146}}
May 27 13:57:30.224095 np0000001508 devstack@g-api.service[98965]: DEBUG glance_store.location [None req-679ef79b-87a9-4c9e-baaf-1953ba474037 tempest-ServerActionsV293TestJSON-309486663 tempest-ServerActionsV293TestJSON-309486663-project-member] Registering scheme swift+https with {'store': , 'location_class': , 'store_entry': 'swift'} {{(pid=98965) register_scheme_map /opt/stack/data/venv/lib/python3.12/site-packages/glance_store/location.py:146}}
May 27 13:57:30.224187 np0000001508 devstack@g-api.service[98965]: DEBUG glance_store.location [None req-679ef79b-87a9-4c9e-baaf-1953ba474037 tempest-ServerActionsV293TestJSON-309486663 tempest-ServerActionsV293TestJSON-309486663-project-member] Registering scheme swift with {'store': , 'location_class': , 'store_entry': 'swift'} {{(pid=98965) register_scheme_map /opt/stack/data/venv/lib/python3.12/site-packages/glance_store/location.py:146}}
May 27 13:57:30.224257 np0000001508 devstack@g-api.service[98965]: DEBUG glance_store.location [None req-679ef79b-87a9-4c9e-baaf-1953ba474037 tempest-ServerActionsV293TestJSON-309486663 tempest-ServerActionsV293TestJSON-309486663-project-member] Registering scheme swift+https with {'store': , 'location_class': , 'store_entry': 'swift'} {{(pid=98965) register_scheme_map /opt/stack/data/venv/lib/python3.12/site-packages/glance_store/location.py:146}}
May 27 13:57:30.224342 np0000001508 devstack@g-api.service[98965]: DEBUG glance_store.location [None req-679ef79b-87a9-4c9e-baaf-1953ba474037 tempest-ServerActionsV293TestJSON-309486663 tempest-ServerActionsV293TestJSON-309486663-project-member] Registering scheme swift with {'store': , 'location_class': , 'store_entry': 'swift'} {{(pid=98965) register_scheme_map /opt/stack/data/venv/lib/python3.12/site-packages/glance_store/location.py:146}}
May 27 13:57:30.224452 np0000001508 devstack@g-api.service[98965]: DEBUG glance_store.location [None req-679ef79b-87a9-4c9e-baaf-1953ba474037 tempest-ServerActionsV293TestJSON-309486663 tempest-ServerActionsV293TestJSON-309486663-project-member] Registering scheme swift+http with {'store': , 'location_class': , 'store_entry': 'swift'} {{(pid=98965) register_scheme_map /opt/stack/data/venv/lib/python3.12/site-packages/glance_store/location.py:146}}
May 27 13:57:30.224701 np0000001508 devstack@g-api.service[98965]: DEBUG glance_store.location [None req-679ef79b-87a9-4c9e-baaf-1953ba474037 tempest-ServerActionsV293TestJSON-309486663 tempest-ServerActionsV293TestJSON-309486663-project-member] Registering scheme swift+https with {'store': , 'location_class': , 'store_entry': 'swift'} {{(pid=98965) register_scheme_map /opt/stack/data/venv/lib/python3.12/site-packages/glance_store/location.py:146}}
May 27 13:57:30.224789 np0000001508 devstack@g-api.service[98965]: DEBUG glance_store.location [None req-679ef79b-87a9-4c9e-baaf-1953ba474037 tempest-ServerActionsV293TestJSON-309486663 tempest-ServerActionsV293TestJSON-309486663-project-member] Registering scheme swift with {'store': , 'location_class': , 'store_entry': 'swift'} {{(pid=98965) register_scheme_map /opt/stack/data/venv/lib/python3.12/site-packages/glance_store/location.py:146}}
May 27 13:57:30.224863 np0000001508 devstack@g-api.service[98965]: DEBUG glance_store.location [None req-679ef79b-87a9-4c9e-baaf-1953ba474037 tempest-ServerActionsV293TestJSON-309486663 tempest-ServerActionsV293TestJSON-309486663-project-member] Registering scheme swift+http with {'store': , 'location_class': , 'store_entry': 'swift'} {{(pid=98965) register_scheme_map /opt/stack/data/venv/lib/python3.12/site-packages/glance_store/location.py:146}}
May 27 13:57:30.224961 np0000001508 devstack@g-api.service[98965]: DEBUG glance_store.location [None req-679ef79b-87a9-4c9e-baaf-1953ba474037 tempest-ServerActionsV293TestJSON-309486663 tempest-ServerActionsV293TestJSON-309486663-project-member] Registering scheme swift+config with {'store': , 'location_class': , 'store_entry': 'swift'} {{(pid=98965) register_scheme_map /opt/stack/data/venv/lib/python3.12/site-packages/glance_store/location.py:146}}
May 27 13:57:30.501823 np0000001508 devstack@g-api.service[98965]: DEBUG swiftclient [None req-679ef79b-87a9-4c9e-baaf-1953ba474037 tempest-ServerActionsV293TestJSON-309486663 tempest-ServerActionsV293TestJSON-309486663-project-member] REQ: curl -i https://10.4.3.114:8080/v1/AUTH_a27b349929964857ac5d1e781e719492/glance/8b4d58d2-f793-4d10-a54c-3818a72400e2 -X GET -H "X-Auth-Token: gAAAAABqFvhK57Re..." {{(pid=98965) http_log /opt/stack/data/venv/lib/python3.12/site-packages/swiftclient/client.py:160}}
May 27 13:57:30.501940 np0000001508 devstack@g-api.service[98965]: DEBUG swiftclient [None req-679ef79b-87a9-4c9e-baaf-1953ba474037 tempest-ServerActionsV293TestJSON-309486663 tempest-ServerActionsV293TestJSON-309486663-project-member] RESP STATUS: 200 OK {{(pid=98965) http_log /opt/stack/data/venv/lib/python3.12/site-packages/swiftclient/client.py:161}}
May 27 13:57:30.502153 np0000001508 devstack@g-api.service[98965]: DEBUG swiftclient [None req-679ef79b-87a9-4c9e-baaf-1953ba474037 tempest-ServerActionsV293TestJSON-309486663 tempest-ServerActionsV293TestJSON-309486663-project-member] RESP HEADERS: {'Date': 'Wed, 27 May 2026 13:57:30 GMT', 'Server': 'Apache/2.4.58 (Ubuntu)', 'Content-Type': 'application/octet-stream', 'Etag': '0c839612eb3f2469420f2ccae990827f', 'Last-Modified': 'Wed, 27 May 2026 13:53:43 GMT', 'X-Timestamp': '1779890022.53185', 'Accept-Ranges': 'bytes', 'Content-Length': '21233664', 'X-Trans-Id': 'tx63b458abca994c1fa7f5f-006a16f84a', 'X-Openstack-Request-Id': 'tx63b458abca994c1fa7f5f-006a16f84a', 'Connection': 'close'} {{(pid=98965) http_log /opt/stack/data/venv/lib/python3.12/site-packages/swiftclient/client.py:162}}
May 27 13:57:30.513350 np0000001508 devstack@g-api.service[98965]: DEBUG glance.image_cache [None req-679ef79b-87a9-4c9e-baaf-1953ba474037 tempest-ServerActionsV293TestJSON-309486663 tempest-ServerActionsV293TestJSON-309486663-project-member] Tee'ing image '8b4d58d2-f793-4d10-a54c-3818a72400e2' into cache {{(pid=98965) get_caching_iter /opt/stack/glance/glance/image_cache/__init__.py:356}}
May 27 13:57:30.691491 np0000001508 devstack@g-api.service[98965]: DEBUG glance.image_cache.drivers.centralized_db [None req-679ef79b-87a9-4c9e-baaf-1953ba474037 tempest-ServerActionsV293TestJSON-309486663 tempest-ServerActionsV293TestJSON-309486663-project-member] Fetch finished, moving '/opt/stack/data/glance/cache/incomplete/8b4d58d2-f793-4d10-a54c-3818a72400e2' to '/opt/stack/data/glance/cache/8b4d58d2-f793-4d10-a54c-3818a72400e2' {{(pid=98965) commit /opt/stack/glance/glance/image_cache/drivers/centralized_db.py:243}}
May 27 13:57:30.695730 np0000001508 devstack@g-api.service[98965]: DEBUG glance.image_cache.drivers.centralized_db [None req-679ef79b-87a9-4c9e-baaf-1953ba474037 tempest-ServerActionsV293TestJSON-309486663 tempest-ServerActionsV293TestJSON-309486663-project-member] Image cached successfully. {{(pid=98965) commit /opt/stack/glance/glance/image_cache/drivers/centralized_db.py:258}}
May 27 13:57:30.695858 np0000001508 devstack@g-api.service[98965]: [pid: 98965|app: 0|req: 87/157] 127.0.0.1 () {44 vars in 1125 bytes} [Wed May 27 13:57:30 2026] GET /v2/images/8b4d58d2-f793-4d10-a54c-3818a72400e2/file => generated 21233664 bytes in 483 msecs (HTTP/1.1 200) 4 headers in 191 bytes (325 switches on core 0)
May 27 13:57:33.519701 np0000001508 devstack@g-api.service[98966]: DEBUG glance.api.middleware.version_negotiation [None req-679ef79b-87a9-4c9e-baaf-1953ba474037 tempest-ServerActionsV293TestJSON-309486663 tempest-ServerActionsV293TestJSON-309486663-project-member] Determining version of request: GET /v2/images/710b83ff-d162-49cd-bc04-214814d136b9 Accept: */* {{(pid=98966) process_request /opt/stack/glance/glance/api/middleware/version_negotiation.py:44}}
May 27 13:57:33.520310 np0000001508 devstack@g-api.service[98966]: DEBUG glance.api.middleware.version_negotiation [None req-679ef79b-87a9-4c9e-baaf-1953ba474037 tempest-ServerActionsV293TestJSON-309486663 tempest-ServerActionsV293TestJSON-309486663-project-member] Using url versioning {{(pid=98966) process_request /opt/stack/glance/glance/api/middleware/version_negotiation.py:57}}
May 27 13:57:33.520310 np0000001508 devstack@g-api.service[98966]: DEBUG glance.api.middleware.version_negotiation [None req-679ef79b-87a9-4c9e-baaf-1953ba474037 tempest-ServerActionsV293TestJSON-309486663 tempest-ServerActionsV293TestJSON-309486663-project-member] Matched version: v2 {{(pid=98966) process_request /opt/stack/glance/glance/api/middleware/version_negotiation.py:69}}
May 27 13:57:33.520310 np0000001508 devstack@g-api.service[98966]: DEBUG glance.api.middleware.version_negotiation [None req-679ef79b-87a9-4c9e-baaf-1953ba474037 tempest-ServerActionsV293TestJSON-309486663 tempest-ServerActionsV293TestJSON-309486663-project-member] new path /v2/images/710b83ff-d162-49cd-bc04-214814d136b9 {{(pid=98966) process_request /opt/stack/glance/glance/api/middleware/version_negotiation.py:70}}
May 27 13:57:33.531816 np0000001508 devstack@g-api.service[98966]: [pid: 98966|app: 0|req: 71/158] 127.0.0.1 () {44 vars in 1115 bytes} [Wed May 27 13:57:33 2026] GET /v2/images/710b83ff-d162-49cd-bc04-214814d136b9 => generated 1044 bytes in 11 msecs (HTTP/1.1 200) 4 headers in 158 bytes (1 switches on core 0)
May 27 13:57:33.583177 np0000001508 devstack@g-api.service[98965]: DEBUG glance.api.middleware.version_negotiation [None req-679ef79b-87a9-4c9e-baaf-1953ba474037 tempest-ServerActionsV293TestJSON-309486663 tempest-ServerActionsV293TestJSON-309486663-project-member] Determining version of request: GET /v2/schemas/image Accept: */* {{(pid=98965) process_request /opt/stack/glance/glance/api/middleware/version_negotiation.py:44}}
May 27 13:57:33.583724 np0000001508 devstack@g-api.service[98965]: DEBUG glance.api.middleware.version_negotiation [None req-679ef79b-87a9-4c9e-baaf-1953ba474037 tempest-ServerActionsV293TestJSON-309486663 tempest-ServerActionsV293TestJSON-309486663-project-member] Using url versioning {{(pid=98965) process_request /opt/stack/glance/glance/api/middleware/version_negotiation.py:57}}
May 27 13:57:33.583724 np0000001508 devstack@g-api.service[98965]: DEBUG glance.api.middleware.version_negotiation [None req-679ef79b-87a9-4c9e-baaf-1953ba474037 tempest-ServerActionsV293TestJSON-309486663 tempest-ServerActionsV293TestJSON-309486663-project-member] Matched version: v2 {{(pid=98965) process_request /opt/stack/glance/glance/api/middleware/version_negotiation.py:69}}
May 27 13:57:33.583922 np0000001508 devstack@g-api.service[98965]: DEBUG glance.api.middleware.version_negotiation [None req-679ef79b-87a9-4c9e-baaf-1953ba474037 tempest-ServerActionsV293TestJSON-309486663 tempest-ServerActionsV293TestJSON-309486663-project-member] new path /v2/schemas/image {{(pid=98965) process_request /opt/stack/glance/glance/api/middleware/version_negotiation.py:70}}
May 27 13:57:33.587629 np0000001508 devstack@g-api.service[98965]: [pid: 98965|app: 0|req: 88/159] 127.0.0.1 () {44 vars in 1055 bytes} [Wed May 27 13:57:33 2026] GET /v2/schemas/image => generated 6083 bytes in 4 msecs (HTTP/1.1 200) 4 headers in 158 bytes (1 switches on core 0)
May 27 13:57:38.440058 np0000001508 devstack@g-api.service[98966]: DEBUG glance.api.middleware.version_negotiation [None req-b00cdaf0-717c-4f1b-83c6-ec0b20529bd8 tempest-AttachVolumeNegativeTest-1841947081 tempest-AttachVolumeNegativeTest-1841947081-project-member] Determining version of request: GET /v2/schemas/image Accept: */* {{(pid=98966) process_request /opt/stack/glance/glance/api/middleware/version_negotiation.py:44}}
May 27 13:57:38.440441 np0000001508 devstack@g-api.service[98966]: DEBUG glance.api.middleware.version_negotiation [None req-b00cdaf0-717c-4f1b-83c6-ec0b20529bd8 tempest-AttachVolumeNegativeTest-1841947081 tempest-AttachVolumeNegativeTest-1841947081-project-member] Using url versioning {{(pid=98966) process_request /opt/stack/glance/glance/api/middleware/version_negotiation.py:57}}
May 27 13:57:38.440441 np0000001508 devstack@g-api.service[98966]: DEBUG glance.api.middleware.version_negotiation [None req-b00cdaf0-717c-4f1b-83c6-ec0b20529bd8 tempest-AttachVolumeNegativeTest-1841947081 tempest-AttachVolumeNegativeTest-1841947081-project-member] Matched version: v2 {{(pid=98966) process_request /opt/stack/glance/glance/api/middleware/version_negotiation.py:69}}
May 27 13:57:38.440565 np0000001508 devstack@g-api.service[98966]: DEBUG glance.api.middleware.version_negotiation [None req-b00cdaf0-717c-4f1b-83c6-ec0b20529bd8 tempest-AttachVolumeNegativeTest-1841947081 tempest-AttachVolumeNegativeTest-1841947081-project-member] new path /v2/schemas/image {{(pid=98966) process_request /opt/stack/glance/glance/api/middleware/version_negotiation.py:70}}
May 27 13:57:38.442596 np0000001508 devstack@g-api.service[98966]: [pid: 98966|app: 0|req: 72/160] 127.0.0.1 () {44 vars in 1055 bytes} [Wed May 27 13:57:38 2026] GET /v2/schemas/image => generated 6083 bytes in 3 msecs (HTTP/1.1 200) 4 headers in 158 bytes (1 switches on core 0)
May 27 13:57:38.449392 np0000001508 devstack@g-api.service[98965]: DEBUG glance.api.middleware.version_negotiation [None req-b00cdaf0-717c-4f1b-83c6-ec0b20529bd8 tempest-AttachVolumeNegativeTest-1841947081 tempest-AttachVolumeNegativeTest-1841947081-project-member] Determining version of request: POST /v2/images Accept: */* {{(pid=98965) process_request /opt/stack/glance/glance/api/middleware/version_negotiation.py:44}}
May 27 13:57:38.449767 np0000001508 devstack@g-api.service[98965]: DEBUG glance.api.middleware.version_negotiation [None req-b00cdaf0-717c-4f1b-83c6-ec0b20529bd8 tempest-AttachVolumeNegativeTest-1841947081 tempest-AttachVolumeNegativeTest-1841947081-project-member] Using url versioning {{(pid=98965) process_request /opt/stack/glance/glance/api/middleware/version_negotiation.py:57}}
May 27 13:57:38.449767 np0000001508 devstack@g-api.service[98965]: DEBUG glance.api.middleware.version_negotiation [None req-b00cdaf0-717c-4f1b-83c6-ec0b20529bd8 tempest-AttachVolumeNegativeTest-1841947081 tempest-AttachVolumeNegativeTest-1841947081-project-member] Matched version: v2 {{(pid=98965) process_request /opt/stack/glance/glance/api/middleware/version_negotiation.py:69}}
May 27 13:57:38.449767 np0000001508 devstack@g-api.service[98965]: DEBUG glance.api.middleware.version_negotiation [None req-b00cdaf0-717c-4f1b-83c6-ec0b20529bd8 tempest-AttachVolumeNegativeTest-1841947081 tempest-AttachVolumeNegativeTest-1841947081-project-member] new path /v2/images {{(pid=98965) process_request /opt/stack/glance/glance/api/middleware/version_negotiation.py:70}}
May 27 13:57:39.153367 np0000001508 devstack@g-api.service[98965]: [pid: 98965|app: 0|req: 89/161] 127.0.0.1 () {46 vars in 1055 bytes} [Wed May 27 13:57:38 2026] POST /v2/images => generated 649 bytes in 704 msecs (HTTP/1.1 201) 6 headers in 315 bytes (1 switches on core 0)
May 27 13:57:39.167919 np0000001508 devstack@g-api.service[98966]: DEBUG glance.api.middleware.version_negotiation [None req-39749ee3-d896-4216-a617-5b28f63e7411 tempest-VolumesActionsTest-1033970228 tempest-VolumesActionsTest-1033970228-project-member] Determining version of request: GET /v2/images/989e32b5-3c43-4c04-a62e-b68d53cf9983 Accept: application/json {{(pid=98966) process_request /opt/stack/glance/glance/api/middleware/version_negotiation.py:44}}
May 27 13:57:39.168059 np0000001508 devstack@g-api.service[98966]: DEBUG glance.api.middleware.version_negotiation [None req-39749ee3-d896-4216-a617-5b28f63e7411 tempest-VolumesActionsTest-1033970228 tempest-VolumesActionsTest-1033970228-project-member] Using url versioning {{(pid=98966) process_request /opt/stack/glance/glance/api/middleware/version_negotiation.py:57}}
May 27 13:57:39.168166 np0000001508 devstack@g-api.service[98966]: DEBUG glance.api.middleware.version_negotiation [None req-39749ee3-d896-4216-a617-5b28f63e7411 tempest-VolumesActionsTest-1033970228 tempest-VolumesActionsTest-1033970228-project-member] Matched version: v2 {{(pid=98966) process_request /opt/stack/glance/glance/api/middleware/version_negotiation.py:69}}
May 27 13:57:39.168248 np0000001508 devstack@g-api.service[98966]: DEBUG glance.api.middleware.version_negotiation [None req-39749ee3-d896-4216-a617-5b28f63e7411 tempest-VolumesActionsTest-1033970228 tempest-VolumesActionsTest-1033970228-project-member] new path /v2/images/989e32b5-3c43-4c04-a62e-b68d53cf9983 {{(pid=98966) process_request /opt/stack/glance/glance/api/middleware/version_negotiation.py:70}}
May 27 13:57:39.180162 np0000001508 devstack@g-api.service[98966]: [pid: 98966|app: 0|req: 73/162] 127.0.0.1 () {40 vars in 838 bytes} [Wed May 27 13:57:39 2026] GET /v2/images/989e32b5-3c43-4c04-a62e-b68d53cf9983 => generated 649 bytes in 12 msecs (HTTP/1.1 200) 4 headers in 157 bytes (1 switches on core 0)
May 27 13:57:39.615497 np0000001508 devstack@g-api.service[98965]: DEBUG glance.api.middleware.version_negotiation [None req-39749ee3-d896-4216-a617-5b28f63e7411 tempest-VolumesActionsTest-1033970228 tempest-VolumesActionsTest-1033970228-project-member] Determining version of request: PUT /v2/images/989e32b5-3c43-4c04-a62e-b68d53cf9983/file Accept: */* {{(pid=98965) process_request /opt/stack/glance/glance/api/middleware/version_negotiation.py:44}}
May 27 13:57:39.615497 np0000001508 devstack@g-api.service[98965]: DEBUG glance.api.middleware.version_negotiation [None req-39749ee3-d896-4216-a617-5b28f63e7411 tempest-VolumesActionsTest-1033970228 tempest-VolumesActionsTest-1033970228-project-member] Using url versioning {{(pid=98965) process_request /opt/stack/glance/glance/api/middleware/version_negotiation.py:57}}
May 27 13:57:39.615497 np0000001508 devstack@g-api.service[98965]: DEBUG glance.api.middleware.version_negotiation [None req-39749ee3-d896-4216-a617-5b28f63e7411 tempest-VolumesActionsTest-1033970228 tempest-VolumesActionsTest-1033970228-project-member] Matched version: v2 {{(pid=98965) process_request /opt/stack/glance/glance/api/middleware/version_negotiation.py:69}}
May 27 13:57:39.615936 np0000001508 devstack@g-api.service[98965]: DEBUG glance.api.middleware.version_negotiation [None req-39749ee3-d896-4216-a617-5b28f63e7411 tempest-VolumesActionsTest-1033970228 tempest-VolumesActionsTest-1033970228-project-member] new path /v2/images/989e32b5-3c43-4c04-a62e-b68d53cf9983/file {{(pid=98965) process_request /opt/stack/glance/glance/api/middleware/version_negotiation.py:70}}
May 27 13:57:40.186418 np0000001508 devstack@g-api.service[98966]: DEBUG glance.api.middleware.version_negotiation [None req-210fd268-0de9-46c3-bcec-5abec8b72dd5 tempest-VolumesActionsTest-1033970228 tempest-VolumesActionsTest-1033970228-project-member] Determining version of request: GET /v2/images/989e32b5-3c43-4c04-a62e-b68d53cf9983 Accept: application/json {{(pid=98966) process_request /opt/stack/glance/glance/api/middleware/version_negotiation.py:44}}
May 27 13:57:40.186848 np0000001508 devstack@g-api.service[98966]: DEBUG glance.api.middleware.version_negotiation [None req-210fd268-0de9-46c3-bcec-5abec8b72dd5 tempest-VolumesActionsTest-1033970228 tempest-VolumesActionsTest-1033970228-project-member] Using url versioning {{(pid=98966) process_request /opt/stack/glance/glance/api/middleware/version_negotiation.py:57}}
May 27 13:57:40.186848 np0000001508 devstack@g-api.service[98966]: DEBUG glance.api.middleware.version_negotiation [None req-210fd268-0de9-46c3-bcec-5abec8b72dd5 tempest-VolumesActionsTest-1033970228 tempest-VolumesActionsTest-1033970228-project-member] Matched version: v2 {{(pid=98966) process_request /opt/stack/glance/glance/api/middleware/version_negotiation.py:69}}
May 27 13:57:40.186848 np0000001508 devstack@g-api.service[98966]: DEBUG glance.api.middleware.version_negotiation [None req-210fd268-0de9-46c3-bcec-5abec8b72dd5 tempest-VolumesActionsTest-1033970228 tempest-VolumesActionsTest-1033970228-project-member] new path /v2/images/989e32b5-3c43-4c04-a62e-b68d53cf9983 {{(pid=98966) process_request /opt/stack/glance/glance/api/middleware/version_negotiation.py:70}}
May 27 13:57:40.187683 np0000001508 devstack@g-api.service[98965]: INFO glance.api.v2.image_data [None req-39749ee3-d896-4216-a617-5b28f63e7411 tempest-VolumesActionsTest-1033970228 tempest-VolumesActionsTest-1033970228-project-member] Unable to create trust: no such option collect_timing in group [keystone_authtoken] Use the existing user token.
May 27 13:57:40.194154 np0000001508 devstack@g-api.service[98966]: [pid: 98966|app: 0|req: 74/163] 127.0.0.1 () {40 vars in 838 bytes} [Wed May 27 13:57:40 2026] GET /v2/images/989e32b5-3c43-4c04-a62e-b68d53cf9983 => generated 649 bytes in 7 msecs (HTTP/1.1 200) 4 headers in 157 bytes (1 switches on core 0)
May 27 13:57:40.741392 np0000001508 devstack@g-api.service[98965]: DEBUG glance.location [None req-39749ee3-d896-4216-a617-5b28f63e7411 tempest-VolumesActionsTest-1033970228 tempest-VolumesActionsTest-1033970228-project-member] Enabling in-flight format inspection for raw {{(pid=98965) set_data /opt/stack/glance/glance/location.py:616}}
May 27 13:57:40.741872 np0000001508 devstack@g-api.service[98965]: DEBUG glance_store.backend [None req-39749ee3-d896-4216-a617-5b28f63e7411 tempest-VolumesActionsTest-1033970228 tempest-VolumesActionsTest-1033970228-project-member] Attempting to import store swift {{(pid=98965) _load_store /opt/stack/data/venv/lib/python3.12/site-packages/glance_store/backend.py:215}}
May 27 13:57:40.743870 np0000001508 devstack@g-api.service[98965]: DEBUG glance_store.capabilities [None req-39749ee3-d896-4216-a617-5b28f63e7411 tempest-VolumesActionsTest-1033970228 tempest-VolumesActionsTest-1033970228-project-member] Store glance_store._drivers.swift.store.SingleTenantStore doesn't support updating dynamic storage capabilities. Please overwrite 'update_capabilities' method of the store to implement updating logics if needed. {{(pid=98965) update_capabilities /opt/stack/data/venv/lib/python3.12/site-packages/glance_store/capabilities.py:91}}
May 27 13:57:40.744044 np0000001508 devstack@g-api.service[98965]: DEBUG glance_store.driver [None req-39749ee3-d896-4216-a617-5b28f63e7411 tempest-VolumesActionsTest-1033970228 tempest-VolumesActionsTest-1033970228-project-member] Late loading location class glance_store._drivers.swift.store.StoreLocation {{(pid=98965) get_store_location_class /opt/stack/data/venv/lib/python3.12/site-packages/glance_store/driver.py:134}}
May 27 13:57:40.745799 np0000001508 devstack@g-api.service[98965]: DEBUG glance_store.location [None req-39749ee3-d896-4216-a617-5b28f63e7411 tempest-VolumesActionsTest-1033970228 tempest-VolumesActionsTest-1033970228-project-member] Registering scheme swift+https with {'store': , 'location_class': , 'store_entry': 'swift'} {{(pid=98965) register_scheme_map /opt/stack/data/venv/lib/python3.12/site-packages/glance_store/location.py:146}}
May 27 13:57:40.745799 np0000001508 devstack@g-api.service[98965]: DEBUG glance_store.location [None req-39749ee3-d896-4216-a617-5b28f63e7411 tempest-VolumesActionsTest-1033970228 tempest-VolumesActionsTest-1033970228-project-member] Registering scheme swift+https with {'store': , 'location_class': , 'store_entry': 'swift'} {{(pid=98965) register_scheme_map /opt/stack/data/venv/lib/python3.12/site-packages/glance_store/location.py:146}}
May 27 13:57:40.745799 np0000001508 devstack@g-api.service[98965]: DEBUG glance_store.location [None req-39749ee3-d896-4216-a617-5b28f63e7411 tempest-VolumesActionsTest-1033970228 tempest-VolumesActionsTest-1033970228-project-member] Registering scheme swift with {'store': , 'location_class': , 'store_entry': 'swift'} {{(pid=98965) register_scheme_map /opt/stack/data/venv/lib/python3.12/site-packages/glance_store/location.py:146}}
May 27 13:57:40.746327 np0000001508 devstack@g-api.service[98965]: DEBUG glance_store.location [None req-39749ee3-d896-4216-a617-5b28f63e7411 tempest-VolumesActionsTest-1033970228 tempest-VolumesActionsTest-1033970228-project-member] Registering scheme swift+https with {'store': , 'location_class': , 'store_entry': 'swift'} {{(pid=98965) register_scheme_map /opt/stack/data/venv/lib/python3.12/site-packages/glance_store/location.py:146}}
May 27 13:57:40.746327 np0000001508 devstack@g-api.service[98965]: DEBUG glance_store.location [None req-39749ee3-d896-4216-a617-5b28f63e7411 tempest-VolumesActionsTest-1033970228 tempest-VolumesActionsTest-1033970228-project-member] Registering scheme swift with {'store': , 'location_class': , 'store_entry': 'swift'} {{(pid=98965) register_scheme_map /opt/stack/data/venv/lib/python3.12/site-packages/glance_store/location.py:146}}
May 27 13:57:40.746327 np0000001508 devstack@g-api.service[98965]: DEBUG glance_store.location [None req-39749ee3-d896-4216-a617-5b28f63e7411 tempest-VolumesActionsTest-1033970228 tempest-VolumesActionsTest-1033970228-project-member] Registering scheme swift+http with {'store': , 'location_class': , 'store_entry': 'swift'} {{(pid=98965) register_scheme_map /opt/stack/data/venv/lib/python3.12/site-packages/glance_store/location.py:146}}
May 27 13:57:40.746512 np0000001508 devstack@g-api.service[98965]: DEBUG glance_store.location [None req-39749ee3-d896-4216-a617-5b28f63e7411 tempest-VolumesActionsTest-1033970228 tempest-VolumesActionsTest-1033970228-project-member] Registering scheme swift+https with {'store': , 'location_class': , 'store_entry': 'swift'} {{(pid=98965) register_scheme_map /opt/stack/data/venv/lib/python3.12/site-packages/glance_store/location.py:146}}
May 27 13:57:40.746512 np0000001508 devstack@g-api.service[98965]: DEBUG glance_store.location [None req-39749ee3-d896-4216-a617-5b28f63e7411 tempest-VolumesActionsTest-1033970228 tempest-VolumesActionsTest-1033970228-project-member] Registering scheme swift with {'store': , 'location_class': , 'store_entry': 'swift'} {{(pid=98965) register_scheme_map /opt/stack/data/venv/lib/python3.12/site-packages/glance_store/location.py:146}}
May 27 13:57:40.746512 np0000001508 devstack@g-api.service[98965]: DEBUG glance_store.location [None req-39749ee3-d896-4216-a617-5b28f63e7411 tempest-VolumesActionsTest-1033970228 tempest-VolumesActionsTest-1033970228-project-member] Registering scheme swift+http with {'store': , 'location_class': , 'store_entry': 'swift'} {{(pid=98965) register_scheme_map /opt/stack/data/venv/lib/python3.12/site-packages/glance_store/location.py:146}}
May 27 13:57:40.746749 np0000001508 devstack@g-api.service[98965]: DEBUG glance_store.location [None req-39749ee3-d896-4216-a617-5b28f63e7411 tempest-VolumesActionsTest-1033970228 tempest-VolumesActionsTest-1033970228-project-member] Registering scheme swift+config with {'store': , 'location_class': , 'store_entry': 'swift'} {{(pid=98965) register_scheme_map /opt/stack/data/venv/lib/python3.12/site-packages/glance_store/location.py:146}}
May 27 13:57:41.201059 np0000001508 devstack@g-api.service[98966]: DEBUG glance.api.middleware.version_negotiation [None req-efed9619-bcce-4456-a5e1-43c9730c56bc tempest-VolumesActionsTest-1033970228 tempest-VolumesActionsTest-1033970228-project-member] Determining version of request: GET /v2/images/989e32b5-3c43-4c04-a62e-b68d53cf9983 Accept: application/json {{(pid=98966) process_request /opt/stack/glance/glance/api/middleware/version_negotiation.py:44}}
May 27 13:57:41.201323 np0000001508 devstack@g-api.service[98966]: DEBUG glance.api.middleware.version_negotiation [None req-efed9619-bcce-4456-a5e1-43c9730c56bc tempest-VolumesActionsTest-1033970228 tempest-VolumesActionsTest-1033970228-project-member] Using url versioning {{(pid=98966) process_request /opt/stack/glance/glance/api/middleware/version_negotiation.py:57}}
May 27 13:57:41.202156 np0000001508 devstack@g-api.service[98966]: DEBUG glance.api.middleware.version_negotiation [None req-efed9619-bcce-4456-a5e1-43c9730c56bc tempest-VolumesActionsTest-1033970228 tempest-VolumesActionsTest-1033970228-project-member] Matched version: v2 {{(pid=98966) process_request /opt/stack/glance/glance/api/middleware/version_negotiation.py:69}}
May 27 13:57:41.202651 np0000001508 devstack@g-api.service[98966]: DEBUG glance.api.middleware.version_negotiation [None req-efed9619-bcce-4456-a5e1-43c9730c56bc tempest-VolumesActionsTest-1033970228 tempest-VolumesActionsTest-1033970228-project-member] new path /v2/images/989e32b5-3c43-4c04-a62e-b68d53cf9983 {{(pid=98966) process_request /opt/stack/glance/glance/api/middleware/version_negotiation.py:70}}
May 27 13:57:41.210644 np0000001508 devstack@g-api.service[98965]: DEBUG swiftclient [None req-39749ee3-d896-4216-a617-5b28f63e7411 tempest-VolumesActionsTest-1033970228 tempest-VolumesActionsTest-1033970228-project-member] REQ: curl -i https://10.4.3.114:8080/v1/AUTH_a27b349929964857ac5d1e781e719492/glance -I -H "X-Auth-Token: gAAAAABqFvhUPY8I..." {{(pid=98965) http_log /opt/stack/data/venv/lib/python3.12/site-packages/swiftclient/client.py:160}}
May 27 13:57:41.210733 np0000001508 devstack@g-api.service[98965]: DEBUG swiftclient [None req-39749ee3-d896-4216-a617-5b28f63e7411 tempest-VolumesActionsTest-1033970228 tempest-VolumesActionsTest-1033970228-project-member] RESP STATUS: 204 No Content {{(pid=98965) http_log /opt/stack/data/venv/lib/python3.12/site-packages/swiftclient/client.py:161}}
May 27 13:57:41.210903 np0000001508 devstack@g-api.service[98965]: DEBUG swiftclient [None req-39749ee3-d896-4216-a617-5b28f63e7411 tempest-VolumesActionsTest-1033970228 tempest-VolumesActionsTest-1033970228-project-member] RESP HEADERS: {'Date': 'Wed, 27 May 2026 13:57:41 GMT', 'Server': 'Apache/2.4.58 (Ubuntu)', 'Content-Type': 'text/plain; charset=utf-8', 'X-Container-Object-Count': '7', 'X-Container-Bytes-Used': '139591680', 'X-Timestamp': '1779890018.89968', 'Last-Modified': 'Wed, 27 May 2026 13:53:39 GMT', 'Accept-Ranges': 'bytes', 'X-Storage-Policy': 'Policy-0', 'X-Container-Sharding': 'False', 'Vary': 'Accept', 'X-Trans-Id': 'tx8546982930214881a20f5-006a16f854', 'X-Openstack-Request-Id': 'tx8546982930214881a20f5-006a16f854', 'Connection': 'close'} {{(pid=98965) http_log /opt/stack/data/venv/lib/python3.12/site-packages/swiftclient/client.py:162}}
May 27 13:57:41.211054 np0000001508 devstack@g-api.service[98965]: DEBUG glance_store._drivers.swift.store [None req-39749ee3-d896-4216-a617-5b28f63e7411 tempest-VolumesActionsTest-1033970228 tempest-VolumesActionsTest-1033970228-project-member] Adding image object '989e32b5-3c43-4c04-a62e-b68d53cf9983' to Swift {{(pid=98965) add /opt/stack/data/venv/lib/python3.12/site-packages/glance_store/_drivers/swift/store.py:970}}
May 27 13:57:41.211112 np0000001508 devstack@g-api.service[98965]: DEBUG glance_store._drivers.swift.store [None req-39749ee3-d896-4216-a617-5b28f63e7411 tempest-VolumesActionsTest-1033970228 tempest-VolumesActionsTest-1033970228-project-member] Cannot determine image size because it is either not provided in the request or chunked-transfer encoding is used. Adding image as a segmented object to Swift. {{(pid=98965) add /opt/stack/data/venv/lib/python3.12/site-packages/glance_store/_drivers/swift/store.py:994}}
May 27 13:57:41.218039 np0000001508 devstack@g-api.service[98965]: DEBUG oslo_utils.imageutils.format_inspector [None req-39749ee3-d896-4216-a617-5b28f63e7411 tempest-VolumesActionsTest-1033970228 tempest-VolumesActionsTest-1033970228-project-member] Format inspector for vmdk does not match, excluding from consideration (Signature KDMV not found: b'\x00\x00\x00\x00') {{(pid=98965) _process_chunk /opt/stack/data/venv/lib/python3.12/site-packages/oslo_utils/imageutils/format_inspector.py:1538}}
May 27 13:57:41.218354 np0000001508 devstack@g-api.service[98966]: [pid: 98966|app: 0|req: 75/164] 127.0.0.1 () {40 vars in 838 bytes} [Wed May 27 13:57:41 2026] GET /v2/images/989e32b5-3c43-4c04-a62e-b68d53cf9983 => generated 649 bytes in 17 msecs (HTTP/1.1 200) 4 headers in 157 bytes (1 switches on core 0)
May 27 13:57:41.220415 np0000001508 devstack@g-api.service[98965]: DEBUG oslo_utils.imageutils.format_inspector [None req-39749ee3-d896-4216-a617-5b28f63e7411 tempest-VolumesActionsTest-1033970228 tempest-VolumesActionsTest-1033970228-project-member] Format inspector for vhdx does not match, excluding from consideration (Region signature not found at 30000) {{(pid=98965) _process_chunk /opt/stack/data/venv/lib/python3.12/site-packages/oslo_utils/imageutils/format_inspector.py:1538}}
May 27 13:57:42.230308 np0000001508 devstack@g-api.service[98966]: DEBUG glance.api.middleware.version_negotiation [None req-fe6d336f-65f5-471f-be83-50698afffc89 tempest-VolumesActionsTest-1033970228 tempest-VolumesActionsTest-1033970228-project-member] Determining version of request: GET /v2/images/989e32b5-3c43-4c04-a62e-b68d53cf9983 Accept: application/json {{(pid=98966) process_request /opt/stack/glance/glance/api/middleware/version_negotiation.py:44}}
May 27 13:57:42.230308 np0000001508 devstack@g-api.service[98966]: DEBUG glance.api.middleware.version_negotiation [None req-fe6d336f-65f5-471f-be83-50698afffc89 tempest-VolumesActionsTest-1033970228 tempest-VolumesActionsTest-1033970228-project-member] Using url versioning {{(pid=98966) process_request /opt/stack/glance/glance/api/middleware/version_negotiation.py:57}}
May 27 13:57:42.230308 np0000001508 devstack@g-api.service[98966]: DEBUG glance.api.middleware.version_negotiation [None req-fe6d336f-65f5-471f-be83-50698afffc89 tempest-VolumesActionsTest-1033970228 tempest-VolumesActionsTest-1033970228-project-member] Matched version: v2 {{(pid=98966) process_request /opt/stack/glance/glance/api/middleware/version_negotiation.py:69}}
May 27 13:57:42.230308 np0000001508 devstack@g-api.service[98966]: DEBUG glance.api.middleware.version_negotiation [None req-fe6d336f-65f5-471f-be83-50698afffc89 tempest-VolumesActionsTest-1033970228 tempest-VolumesActionsTest-1033970228-project-member] new path /v2/images/989e32b5-3c43-4c04-a62e-b68d53cf9983 {{(pid=98966) process_request /opt/stack/glance/glance/api/middleware/version_negotiation.py:70}}
May 27 13:57:42.259951 np0000001508 devstack@g-api.service[98966]: [pid: 98966|app: 0|req: 76/165] 127.0.0.1 () {40 vars in 838 bytes} [Wed May 27 13:57:42 2026] GET /v2/images/989e32b5-3c43-4c04-a62e-b68d53cf9983 => generated 649 bytes in 31 msecs (HTTP/1.1 200) 4 headers in 157 bytes (1 switches on core 0)
May 27 13:57:43.275154 np0000001508 devstack@g-api.service[98966]: DEBUG glance.api.middleware.version_negotiation [None req-e6183cd0-bc74-4787-a3e2-e558fbf3771d tempest-VolumesActionsTest-1033970228 tempest-VolumesActionsTest-1033970228-project-member] Determining version of request: GET /v2/images/989e32b5-3c43-4c04-a62e-b68d53cf9983 Accept: application/json {{(pid=98966) process_request /opt/stack/glance/glance/api/middleware/version_negotiation.py:44}}
May 27 13:57:43.275707 np0000001508 devstack@g-api.service[98966]: DEBUG glance.api.middleware.version_negotiation [None req-e6183cd0-bc74-4787-a3e2-e558fbf3771d tempest-VolumesActionsTest-1033970228 tempest-VolumesActionsTest-1033970228-project-member] Using url versioning {{(pid=98966) process_request /opt/stack/glance/glance/api/middleware/version_negotiation.py:57}}
May 27 13:57:43.276392 np0000001508 devstack@g-api.service[98966]: DEBUG glance.api.middleware.version_negotiation [None req-e6183cd0-bc74-4787-a3e2-e558fbf3771d tempest-VolumesActionsTest-1033970228 tempest-VolumesActionsTest-1033970228-project-member] Matched version: v2 {{(pid=98966) process_request /opt/stack/glance/glance/api/middleware/version_negotiation.py:69}}
May 27 13:57:43.276559 np0000001508 devstack@g-api.service[98966]: DEBUG glance.api.middleware.version_negotiation [None req-e6183cd0-bc74-4787-a3e2-e558fbf3771d tempest-VolumesActionsTest-1033970228 tempest-VolumesActionsTest-1033970228-project-member] new path /v2/images/989e32b5-3c43-4c04-a62e-b68d53cf9983 {{(pid=98966) process_request /opt/stack/glance/glance/api/middleware/version_negotiation.py:70}}
May 27 13:57:43.289484 np0000001508 devstack@g-api.service[98966]: [pid: 98966|app: 0|req: 77/166] 127.0.0.1 () {40 vars in 838 bytes} [Wed May 27 13:57:43 2026] GET /v2/images/989e32b5-3c43-4c04-a62e-b68d53cf9983 => generated 649 bytes in 15 msecs (HTTP/1.1 200) 4 headers in 157 bytes (1 switches on core 0)
May 27 13:57:43.481658 np0000001508 devstack@g-api.service[98965]: DEBUG swiftclient [None req-39749ee3-d896-4216-a617-5b28f63e7411 tempest-VolumesActionsTest-1033970228 tempest-VolumesActionsTest-1033970228-project-member] REQ: curl -i https://10.4.3.114:8080/v1/AUTH_a27b349929964857ac5d1e781e719492/glance/989e32b5-3c43-4c04-a62e-b68d53cf9983-00001 -X PUT -H "X-Auth-Token: gAAAAABqFvhUPY8I..." {{(pid=98965) http_log /opt/stack/data/venv/lib/python3.12/site-packages/swiftclient/client.py:160}}
May 27 13:57:43.481930 np0000001508 devstack@g-api.service[98965]: DEBUG swiftclient [None req-39749ee3-d896-4216-a617-5b28f63e7411 tempest-VolumesActionsTest-1033970228 tempest-VolumesActionsTest-1033970228-project-member] RESP STATUS: 201 Created {{(pid=98965) http_log /opt/stack/data/venv/lib/python3.12/site-packages/swiftclient/client.py:161}}
May 27 13:57:43.481930 np0000001508 devstack@g-api.service[98965]: DEBUG swiftclient [None req-39749ee3-d896-4216-a617-5b28f63e7411 tempest-VolumesActionsTest-1033970228 tempest-VolumesActionsTest-1033970228-project-member] RESP HEADERS: {'Date': 'Wed, 27 May 2026 13:57:43 GMT', 'Server': 'Apache/2.4.58 (Ubuntu)', 'Content-Type': 'text/html; charset=UTF-8', 'Content-Length': '0', 'Etag': 'eda9a9889837ac4bc81d6387d92c1bec', 'Last-Modified': 'Wed, 27 May 2026 13:57:42 GMT', 'X-Trans-Id': 'txf7109ba5e24e4730ae7d3-006a16f855', 'X-Openstack-Request-Id': 'txf7109ba5e24e4730ae7d3-006a16f855', 'Connection': 'close'} {{(pid=98965) http_log /opt/stack/data/venv/lib/python3.12/site-packages/swiftclient/client.py:162}}
May 27 13:57:43.482019 np0000001508 devstack@g-api.service[98965]: DEBUG glance_store._drivers.swift.store [None req-39749ee3-d896-4216-a617-5b28f63e7411 tempest-VolumesActionsTest-1033970228 tempest-VolumesActionsTest-1033970228-project-member] Wrote chunk 989e32b5-3c43-4c04-a62e-b68d53cf9983-00001 (1/?) of length 204800000 to Swift returning MD5 of content: eda9a9889837ac4bc81d6387d92c1bec {{(pid=98965) add /opt/stack/data/venv/lib/python3.12/site-packages/glance_store/_drivers/swift/store.py:1059}}
May 27 13:57:44.299043 np0000001508 devstack@g-api.service[98966]: DEBUG glance.api.middleware.version_negotiation [None req-0347d45f-7599-4089-a620-4ca051f2a1e9 tempest-VolumesActionsTest-1033970228 tempest-VolumesActionsTest-1033970228-project-member] Determining version of request: GET /v2/images/989e32b5-3c43-4c04-a62e-b68d53cf9983 Accept: application/json {{(pid=98966) process_request /opt/stack/glance/glance/api/middleware/version_negotiation.py:44}}
May 27 13:57:44.299447 np0000001508 devstack@g-api.service[98966]: DEBUG glance.api.middleware.version_negotiation [None req-0347d45f-7599-4089-a620-4ca051f2a1e9 tempest-VolumesActionsTest-1033970228 tempest-VolumesActionsTest-1033970228-project-member] Using url versioning {{(pid=98966) process_request /opt/stack/glance/glance/api/middleware/version_negotiation.py:57}}
May 27 13:57:44.299447 np0000001508 devstack@g-api.service[98966]: DEBUG glance.api.middleware.version_negotiation [None req-0347d45f-7599-4089-a620-4ca051f2a1e9 tempest-VolumesActionsTest-1033970228 tempest-VolumesActionsTest-1033970228-project-member] Matched version: v2 {{(pid=98966) process_request /opt/stack/glance/glance/api/middleware/version_negotiation.py:69}}
May 27 13:57:44.299726 np0000001508 devstack@g-api.service[98966]: DEBUG glance.api.middleware.version_negotiation [None req-0347d45f-7599-4089-a620-4ca051f2a1e9 tempest-VolumesActionsTest-1033970228 tempest-VolumesActionsTest-1033970228-project-member] new path /v2/images/989e32b5-3c43-4c04-a62e-b68d53cf9983 {{(pid=98966) process_request /opt/stack/glance/glance/api/middleware/version_negotiation.py:70}}
May 27 13:57:44.308588 np0000001508 devstack@g-api.service[98966]: [pid: 98966|app: 0|req: 78/167] 127.0.0.1 () {40 vars in 838 bytes} [Wed May 27 13:57:44 2026] GET /v2/images/989e32b5-3c43-4c04-a62e-b68d53cf9983 => generated 649 bytes in 10 msecs (HTTP/1.1 200) 4 headers in 157 bytes (1 switches on core 0)
May 27 13:57:45.316774 np0000001508 devstack@g-api.service[98966]: DEBUG glance.api.middleware.version_negotiation [None req-7bb4281b-77ce-4d5b-b9e0-a7a4e35dc7a7 tempest-VolumesActionsTest-1033970228 tempest-VolumesActionsTest-1033970228-project-member] Determining version of request: GET /v2/images/989e32b5-3c43-4c04-a62e-b68d53cf9983 Accept: application/json {{(pid=98966) process_request /opt/stack/glance/glance/api/middleware/version_negotiation.py:44}}
May 27 13:57:45.317189 np0000001508 devstack@g-api.service[98966]: DEBUG glance.api.middleware.version_negotiation [None req-7bb4281b-77ce-4d5b-b9e0-a7a4e35dc7a7 tempest-VolumesActionsTest-1033970228 tempest-VolumesActionsTest-1033970228-project-member] Using url versioning {{(pid=98966) process_request /opt/stack/glance/glance/api/middleware/version_negotiation.py:57}}
May 27 13:57:45.317189 np0000001508 devstack@g-api.service[98966]: DEBUG glance.api.middleware.version_negotiation [None req-7bb4281b-77ce-4d5b-b9e0-a7a4e35dc7a7 tempest-VolumesActionsTest-1033970228 tempest-VolumesActionsTest-1033970228-project-member] Matched version: v2 {{(pid=98966) process_request /opt/stack/glance/glance/api/middleware/version_negotiation.py:69}}
May 27 13:57:45.317189 np0000001508 devstack@g-api.service[98966]: DEBUG glance.api.middleware.version_negotiation [None req-7bb4281b-77ce-4d5b-b9e0-a7a4e35dc7a7 tempest-VolumesActionsTest-1033970228 tempest-VolumesActionsTest-1033970228-project-member] new path /v2/images/989e32b5-3c43-4c04-a62e-b68d53cf9983 {{(pid=98966) process_request /opt/stack/glance/glance/api/middleware/version_negotiation.py:70}}
May 27 13:57:45.327520 np0000001508 devstack@g-api.service[98966]: [pid: 98966|app: 0|req: 79/168] 127.0.0.1 () {40 vars in 838 bytes} [Wed May 27 13:57:45 2026] GET /v2/images/989e32b5-3c43-4c04-a62e-b68d53cf9983 => generated 649 bytes in 11 msecs (HTTP/1.1 200) 4 headers in 157 bytes (1 switches on core 0)
May 27 13:57:45.847427 np0000001508 devstack@g-api.service[98965]: DEBUG swiftclient [None req-39749ee3-d896-4216-a617-5b28f63e7411 tempest-VolumesActionsTest-1033970228 tempest-VolumesActionsTest-1033970228-project-member] REQ: curl -i https://10.4.3.114:8080/v1/AUTH_a27b349929964857ac5d1e781e719492/glance/989e32b5-3c43-4c04-a62e-b68d53cf9983-00002 -X PUT -H "X-Auth-Token: gAAAAABqFvhUPY8I..." {{(pid=98965) http_log /opt/stack/data/venv/lib/python3.12/site-packages/swiftclient/client.py:160}}
May 27 13:57:45.847735 np0000001508 devstack@g-api.service[98965]: DEBUG swiftclient [None req-39749ee3-d896-4216-a617-5b28f63e7411 tempest-VolumesActionsTest-1033970228 tempest-VolumesActionsTest-1033970228-project-member] RESP STATUS: 201 Created {{(pid=98965) http_log /opt/stack/data/venv/lib/python3.12/site-packages/swiftclient/client.py:161}}
May 27 13:57:45.847735 np0000001508 devstack@g-api.service[98965]: DEBUG swiftclient [None req-39749ee3-d896-4216-a617-5b28f63e7411 tempest-VolumesActionsTest-1033970228 tempest-VolumesActionsTest-1033970228-project-member] RESP HEADERS: {'Date': 'Wed, 27 May 2026 13:57:45 GMT', 'Server': 'Apache/2.4.58 (Ubuntu)', 'Content-Type': 'text/html; charset=UTF-8', 'Content-Length': '0', 'Etag': 'eda9a9889837ac4bc81d6387d92c1bec', 'Last-Modified': 'Wed, 27 May 2026 13:57:44 GMT', 'X-Trans-Id': 'tx39ef9507df1b4d869da44-006a16f857', 'X-Openstack-Request-Id': 'tx39ef9507df1b4d869da44-006a16f857', 'Connection': 'close'} {{(pid=98965) http_log /opt/stack/data/venv/lib/python3.12/site-packages/swiftclient/client.py:162}}
May 27 13:57:45.847843 np0000001508 devstack@g-api.service[98965]: DEBUG glance_store._drivers.swift.store [None req-39749ee3-d896-4216-a617-5b28f63e7411 tempest-VolumesActionsTest-1033970228 tempest-VolumesActionsTest-1033970228-project-member] Wrote chunk 989e32b5-3c43-4c04-a62e-b68d53cf9983-00002 (2/?) of length 204800000 to Swift returning MD5 of content: eda9a9889837ac4bc81d6387d92c1bec {{(pid=98965) add /opt/stack/data/venv/lib/python3.12/site-packages/glance_store/_drivers/swift/store.py:1059}}
May 27 13:57:46.341661 np0000001508 devstack@g-api.service[98966]: DEBUG glance.api.middleware.version_negotiation [None req-cee9c7f4-560f-41ea-825a-29a1b81a009b tempest-VolumesActionsTest-1033970228 tempest-VolumesActionsTest-1033970228-project-member] Determining version of request: GET /v2/images/989e32b5-3c43-4c04-a62e-b68d53cf9983 Accept: application/json {{(pid=98966) process_request /opt/stack/glance/glance/api/middleware/version_negotiation.py:44}}
May 27 13:57:46.342065 np0000001508 devstack@g-api.service[98966]: DEBUG glance.api.middleware.version_negotiation [None req-cee9c7f4-560f-41ea-825a-29a1b81a009b tempest-VolumesActionsTest-1033970228 tempest-VolumesActionsTest-1033970228-project-member] Using url versioning {{(pid=98966) process_request /opt/stack/glance/glance/api/middleware/version_negotiation.py:57}}
May 27 13:57:46.342065 np0000001508 devstack@g-api.service[98966]: DEBUG glance.api.middleware.version_negotiation [None req-cee9c7f4-560f-41ea-825a-29a1b81a009b tempest-VolumesActionsTest-1033970228 tempest-VolumesActionsTest-1033970228-project-member] Matched version: v2 {{(pid=98966) process_request /opt/stack/glance/glance/api/middleware/version_negotiation.py:69}}
May 27 13:57:46.342065 np0000001508 devstack@g-api.service[98966]: DEBUG glance.api.middleware.version_negotiation [None req-cee9c7f4-560f-41ea-825a-29a1b81a009b tempest-VolumesActionsTest-1033970228 tempest-VolumesActionsTest-1033970228-project-member] new path /v2/images/989e32b5-3c43-4c04-a62e-b68d53cf9983 {{(pid=98966) process_request /opt/stack/glance/glance/api/middleware/version_negotiation.py:70}}
May 27 13:57:46.359145 np0000001508 devstack@g-api.service[98966]: [pid: 98966|app: 0|req: 80/169] 127.0.0.1 () {40 vars in 838 bytes} [Wed May 27 13:57:46 2026] GET /v2/images/989e32b5-3c43-4c04-a62e-b68d53cf9983 => generated 649 bytes in 17 msecs (HTTP/1.1 200) 4 headers in 157 bytes (1 switches on core 0)
May 27 13:57:47.369136 np0000001508 devstack@g-api.service[98966]: DEBUG glance.api.middleware.version_negotiation [None req-ba7023e1-049c-4025-9109-bd4b0f41f90c tempest-VolumesActionsTest-1033970228 tempest-VolumesActionsTest-1033970228-project-member] Determining version of request: GET /v2/images/989e32b5-3c43-4c04-a62e-b68d53cf9983 Accept: application/json {{(pid=98966) process_request /opt/stack/glance/glance/api/middleware/version_negotiation.py:44}}
May 27 13:57:47.369610 np0000001508 devstack@g-api.service[98966]: DEBUG glance.api.middleware.version_negotiation [None req-ba7023e1-049c-4025-9109-bd4b0f41f90c tempest-VolumesActionsTest-1033970228 tempest-VolumesActionsTest-1033970228-project-member] Using url versioning {{(pid=98966) process_request /opt/stack/glance/glance/api/middleware/version_negotiation.py:57}}
May 27 13:57:47.369610 np0000001508 devstack@g-api.service[98966]: DEBUG glance.api.middleware.version_negotiation [None req-ba7023e1-049c-4025-9109-bd4b0f41f90c tempest-VolumesActionsTest-1033970228 tempest-VolumesActionsTest-1033970228-project-member] Matched version: v2 {{(pid=98966) process_request /opt/stack/glance/glance/api/middleware/version_negotiation.py:69}}
