Jun 24 04:18:36.155233 np0000003512 systemd[1]: Starting devstack@n-api-meta.service - Devstack devstack@n-api-meta.service...
Jun 24 04:18:36.160767 np0000003512 devstack@n-api-meta.service[95743]: [uWSGI] getting INI configuration from /etc/nova/nova-metadata-uwsgi.ini
Jun 24 04:18:36.163119 np0000003512 devstack@n-api-meta.service[95743]: *** Starting uWSGI 2.0.24-debian (64bit) on [Wed Jun 24 04:18:36 2026] ***
Jun 24 04:18:36.163119 np0000003512 devstack@n-api-meta.service[95743]: compiled with version: 13.2.0 on 17 April 2024 16:23:48
Jun 24 04:18:36.163119 np0000003512 devstack@n-api-meta.service[95743]: os: Linux-6.8.0-100-generic #100-Ubuntu SMP PREEMPT_DYNAMIC Tue Jan 13 16:40:06 UTC 2026
Jun 24 04:18:36.163119 np0000003512 devstack@n-api-meta.service[95743]: nodename: np0000003512
Jun 24 04:18:36.163119 np0000003512 devstack@n-api-meta.service[95743]: machine: x86_64
Jun 24 04:18:36.163119 np0000003512 devstack@n-api-meta.service[95743]: clock source: unix
Jun 24 04:18:36.163119 np0000003512 devstack@n-api-meta.service[95743]: pcre jit disabled
Jun 24 04:18:36.163119 np0000003512 devstack@n-api-meta.service[95743]: detected number of CPU cores: 16
Jun 24 04:18:36.163119 np0000003512 devstack@n-api-meta.service[95743]: current working directory: /
Jun 24 04:18:36.163119 np0000003512 devstack@n-api-meta.service[95743]: detected binary path: /usr/bin/uwsgi-core
Jun 24 04:18:36.163119 np0000003512 devstack@n-api-meta.service[95743]: your processes number limit is 257052
Jun 24 04:18:36.163119 np0000003512 devstack@n-api-meta.service[95743]: your memory page size is 4096 bytes
Jun 24 04:18:36.163406 np0000003512 devstack@n-api-meta.service[95743]: detected max file descriptor number: 2048
Jun 24 04:18:36.163406 np0000003512 devstack@n-api-meta.service[95743]: lock engine: pthread robust mutexes
Jun 24 04:18:36.163406 np0000003512 devstack@n-api-meta.service[95743]: thunder lock: enabled
Jun 24 04:18:36.163551 np0000003512 devstack@n-api-meta.service[95743]: uWSGI http bound on 0.0.0.0:8775 fd 5
Jun 24 04:18:36.163590 np0000003512 devstack@n-api-meta.service[95743]: uwsgi socket 0 bound to TCP address 127.0.0.1:37529 (port auto-assigned) fd 4
Jun 24 04:18:36.163590 np0000003512 devstack@n-api-meta.service[95743]: Python version: 3.12.3 (main, Mar 23 2026, 19:04:32) [GCC 13.3.0]
Jun 24 04:18:36.163636 np0000003512 devstack@n-api-meta.service[95743]: PEP 405 virtualenv detected: /opt/stack/data/venv
Jun 24 04:18:36.163636 np0000003512 devstack@n-api-meta.service[95743]: Set PythonHome to /opt/stack/data/venv
Jun 24 04:18:36.201678 np0000003512 devstack@n-api-meta.service[95743]: Python main interpreter initialized at 0x78cddd0a3668
Jun 24 04:18:36.201678 np0000003512 devstack@n-api-meta.service[95743]: python threads support enabled
Jun 24 04:18:36.201678 np0000003512 devstack@n-api-meta.service[95743]: your server socket listen backlog is limited to 100 connections
Jun 24 04:18:36.201678 np0000003512 devstack@n-api-meta.service[95743]: your mercy for graceful operations on workers is 80 seconds
Jun 24 04:18:36.202273 np0000003512 devstack@n-api-meta.service[95743]: mapped 671795 bytes (656 KB) for 4 cores
Jun 24 04:18:36.202443 np0000003512 devstack@n-api-meta.service[95743]: *** Operational MODE: preforking ***
Jun 24 04:18:36.202660 np0000003512 devstack@n-api-meta.service[95743]: *** uWSGI is running in multiple interpreter mode ***
Jun 24 04:18:36.202660 np0000003512 devstack@n-api-meta.service[95743]: spawned uWSGI master process (pid: 95743)
Jun 24 04:18:36.202826 np0000003512 systemd[1]: Started devstack@n-api-meta.service - Devstack devstack@n-api-meta.service.
Jun 24 04:18:36.203249 np0000003512 devstack@n-api-meta.service[95743]: spawned uWSGI worker 1 (pid: 95744, cores: 1)
Jun 24 04:18:36.203958 np0000003512 devstack@n-api-meta.service[95743]: spawned uWSGI worker 2 (pid: 95745, cores: 1)
Jun 24 04:18:36.204456 np0000003512 devstack@n-api-meta.service[95743]: spawned uWSGI worker 3 (pid: 95746, cores: 1)
Jun 24 04:18:36.204923 np0000003512 devstack@n-api-meta.service[95743]: spawned uWSGI worker 4 (pid: 95747, cores: 1)
Jun 24 04:18:36.205397 np0000003512 devstack@n-api-meta.service[95743]: spawned uWSGI http 1 (pid: 95748)
Jun 24 04:18:36.205397 np0000003512 devstack@n-api-meta.service[95743]: running "unix_signal:15 gracefully_kill_them_all" (master-start)...
Jun 24 04:18:37.877580 np0000003512 devstack@n-api-meta.service[95745]: INFO dbcounter [None req-c750caeb-aabb-4ecd-b939-54188dac8a19 None None] Registered counter for database nova_api
Jun 24 04:18:37.921433 np0000003512 devstack@n-api-meta.service[95745]: DEBUG oslo_db.sqlalchemy.engines [None req-c750caeb-aabb-4ecd-b939-54188dac8a19 None None] MySQL server mode set to STRICT_TRANS_TABLES,STRICT_ALL_TABLES,NO_ZERO_IN_DATE,NO_ZERO_DATE,ERROR_FOR_DIVISION_BY_ZERO,TRADITIONAL,NO_ENGINE_SUBSTITUTION {{(pid=95745) _check_effective_sql_mode /opt/stack/data/venv/lib/python3.12/site-packages/oslo_db/sqlalchemy/engines.py:325}}
Jun 24 04:18:37.928062 np0000003512 devstack@n-api-meta.service[95744]: INFO dbcounter [None req-3d43533a-4e50-4cad-8a31-54023576ff46 None None] Registered counter for database nova_api
Jun 24 04:18:37.936963 np0000003512 devstack@n-api-meta.service[95746]: INFO dbcounter [None req-4eda7658-f5e0-412f-9eb7-c0df998482b9 None None] Registered counter for database nova_api
Jun 24 04:18:37.937413 np0000003512 devstack@n-api-meta.service[95747]: INFO dbcounter [None req-99eff9d4-6507-4b23-aaa1-ed3f5604fc50 None None] Registered counter for database nova_api
Jun 24 04:18:37.950693 np0000003512 devstack@n-api-meta.service[95745]: DEBUG dbcounter [-] [95745] Writer thread running {{(pid=95745) stat_writer /opt/stack/data/venv/lib/python3.12/site-packages/dbcounter.py:102}}
Jun 24 04:18:37.953551 np0000003512 devstack@n-api-meta.service[95745]: DEBUG nova.context [None req-c750caeb-aabb-4ecd-b939-54188dac8a19 None None] Found 2 cells: 00000000-0000-0000-0000-000000000000(cell0),20e10925-d39e-4f34-afa1-3e2a88125ef5(cell1) {{(pid=95745) load_cells /opt/stack/nova/nova/context.py:509}}
Jun 24 04:18:37.953551 np0000003512 devstack@n-api-meta.service[95745]: INFO nova.utils [None req-c750caeb-aabb-4ecd-b939-54188dac8a19 None None] The cell worker thread pool MainProcess.cell_worker is initialized
Jun 24 04:18:37.955215 np0000003512 devstack@n-api-meta.service[95745]: DEBUG oslo_concurrency.lockutils [None req-c750caeb-aabb-4ecd-b939-54188dac8a19 None None] Acquiring lock "00000000-0000-0000-0000-000000000000" by "nova.context.set_target_cell..get_or_set_cached_cell_and_set_connections" {{(pid=95745) inner /opt/stack/data/venv/lib/python3.12/site-packages/oslo_concurrency/lockutils.py:511}}
Jun 24 04:18:37.955388 np0000003512 devstack@n-api-meta.service[95745]: DEBUG oslo_concurrency.lockutils [None req-c750caeb-aabb-4ecd-b939-54188dac8a19 None None] Lock "00000000-0000-0000-0000-000000000000" acquired by "nova.context.set_target_cell..get_or_set_cached_cell_and_set_connections" :: waited 0.000s {{(pid=95745) inner /opt/stack/data/venv/lib/python3.12/site-packages/oslo_concurrency/lockutils.py:524}}
Jun 24 04:18:37.955755 np0000003512 devstack@n-api-meta.service[95745]: DEBUG oslo_concurrency.lockutils [None req-c750caeb-aabb-4ecd-b939-54188dac8a19 None None] Lock "00000000-0000-0000-0000-000000000000" "released" by "nova.context.set_target_cell..get_or_set_cached_cell_and_set_connections" :: held 0.000s {{(pid=95745) inner /opt/stack/data/venv/lib/python3.12/site-packages/oslo_concurrency/lockutils.py:543}}
Jun 24 04:18:37.956306 np0000003512 devstack@n-api-meta.service[95745]: DEBUG oslo_concurrency.lockutils [None req-c750caeb-aabb-4ecd-b939-54188dac8a19 None None] Acquiring lock "20e10925-d39e-4f34-afa1-3e2a88125ef5" by "nova.context.set_target_cell..get_or_set_cached_cell_and_set_connections" {{(pid=95745) inner /opt/stack/data/venv/lib/python3.12/site-packages/oslo_concurrency/lockutils.py:511}}
Jun 24 04:18:37.956465 np0000003512 devstack@n-api-meta.service[95745]: DEBUG oslo_concurrency.lockutils [None req-c750caeb-aabb-4ecd-b939-54188dac8a19 None None] Lock "20e10925-d39e-4f34-afa1-3e2a88125ef5" acquired by "nova.context.set_target_cell..get_or_set_cached_cell_and_set_connections" :: waited 0.000s {{(pid=95745) inner /opt/stack/data/venv/lib/python3.12/site-packages/oslo_concurrency/lockutils.py:524}}
Jun 24 04:18:37.958006 np0000003512 devstack@n-api-meta.service[95745]: DEBUG oslo_concurrency.lockutils [None req-c750caeb-aabb-4ecd-b939-54188dac8a19 None None] Lock "20e10925-d39e-4f34-afa1-3e2a88125ef5" "released" by "nova.context.set_target_cell..get_or_set_cached_cell_and_set_connections" :: held 0.001s {{(pid=95745) inner /opt/stack/data/venv/lib/python3.12/site-packages/oslo_concurrency/lockutils.py:543}}
Jun 24 04:18:37.958621 np0000003512 devstack@n-api-meta.service[95745]: INFO dbcounter [None req-c750caeb-aabb-4ecd-b939-54188dac8a19 None None] Registered counter for database nova_cell0
Jun 24 04:18:37.961236 np0000003512 devstack@n-api-meta.service[95745]: INFO dbcounter [None req-c750caeb-aabb-4ecd-b939-54188dac8a19 None None] Registered counter for database nova_cell1
Jun 24 04:18:37.975361 np0000003512 devstack@n-api-meta.service[95744]: DEBUG oslo_db.sqlalchemy.engines [None req-3d43533a-4e50-4cad-8a31-54023576ff46 None None] MySQL server mode set to STRICT_TRANS_TABLES,STRICT_ALL_TABLES,NO_ZERO_IN_DATE,NO_ZERO_DATE,ERROR_FOR_DIVISION_BY_ZERO,TRADITIONAL,NO_ENGINE_SUBSTITUTION {{(pid=95744) _check_effective_sql_mode /opt/stack/data/venv/lib/python3.12/site-packages/oslo_db/sqlalchemy/engines.py:325}}
Jun 24 04:18:37.978572 np0000003512 devstack@n-api-meta.service[95747]: DEBUG oslo_db.sqlalchemy.engines [None req-99eff9d4-6507-4b23-aaa1-ed3f5604fc50 None None] MySQL server mode set to STRICT_TRANS_TABLES,STRICT_ALL_TABLES,NO_ZERO_IN_DATE,NO_ZERO_DATE,ERROR_FOR_DIVISION_BY_ZERO,TRADITIONAL,NO_ENGINE_SUBSTITUTION {{(pid=95747) _check_effective_sql_mode /opt/stack/data/venv/lib/python3.12/site-packages/oslo_db/sqlalchemy/engines.py:325}}
Jun 24 04:18:37.982367 np0000003512 devstack@n-api-meta.service[95746]: DEBUG oslo_db.sqlalchemy.engines [None req-4eda7658-f5e0-412f-9eb7-c0df998482b9 None None] MySQL server mode set to STRICT_TRANS_TABLES,STRICT_ALL_TABLES,NO_ZERO_IN_DATE,NO_ZERO_DATE,ERROR_FOR_DIVISION_BY_ZERO,TRADITIONAL,NO_ENGINE_SUBSTITUTION {{(pid=95746) _check_effective_sql_mode /opt/stack/data/venv/lib/python3.12/site-packages/oslo_db/sqlalchemy/engines.py:325}}
Jun 24 04:18:38.003343 np0000003512 devstack@n-api-meta.service[95744]: DEBUG dbcounter [-] [95744] Writer thread running {{(pid=95744) stat_writer /opt/stack/data/venv/lib/python3.12/site-packages/dbcounter.py:102}}
Jun 24 04:18:38.005372 np0000003512 devstack@n-api-meta.service[95744]: DEBUG nova.context [None req-3d43533a-4e50-4cad-8a31-54023576ff46 None None] Found 2 cells: 00000000-0000-0000-0000-000000000000(cell0),20e10925-d39e-4f34-afa1-3e2a88125ef5(cell1) {{(pid=95744) load_cells /opt/stack/nova/nova/context.py:509}}
Jun 24 04:18:38.005611 np0000003512 devstack@n-api-meta.service[95744]: INFO nova.utils [None req-3d43533a-4e50-4cad-8a31-54023576ff46 None None] The cell worker thread pool MainProcess.cell_worker is initialized
Jun 24 04:18:38.007361 np0000003512 devstack@n-api-meta.service[95745]: DEBUG oslo_db.sqlalchemy.engines [None req-c750caeb-aabb-4ecd-b939-54188dac8a19 None None] MySQL server mode set to STRICT_TRANS_TABLES,STRICT_ALL_TABLES,NO_ZERO_IN_DATE,NO_ZERO_DATE,ERROR_FOR_DIVISION_BY_ZERO,TRADITIONAL,NO_ENGINE_SUBSTITUTION {{(pid=95745) _check_effective_sql_mode /opt/stack/data/venv/lib/python3.12/site-packages/oslo_db/sqlalchemy/engines.py:325}}
Jun 24 04:18:38.007654 np0000003512 devstack@n-api-meta.service[95744]: DEBUG oslo_concurrency.lockutils [None req-3d43533a-4e50-4cad-8a31-54023576ff46 None None] Acquiring lock "00000000-0000-0000-0000-000000000000" by "nova.context.set_target_cell..get_or_set_cached_cell_and_set_connections" {{(pid=95744) inner /opt/stack/data/venv/lib/python3.12/site-packages/oslo_concurrency/lockutils.py:511}}
Jun 24 04:18:38.008464 np0000003512 devstack@n-api-meta.service[95744]: DEBUG oslo_concurrency.lockutils [None req-3d43533a-4e50-4cad-8a31-54023576ff46 None None] Lock "00000000-0000-0000-0000-000000000000" acquired by "nova.context.set_target_cell..get_or_set_cached_cell_and_set_connections" :: waited 0.000s {{(pid=95744) inner /opt/stack/data/venv/lib/python3.12/site-packages/oslo_concurrency/lockutils.py:524}}
Jun 24 04:18:38.008539 np0000003512 devstack@n-api-meta.service[95747]: DEBUG dbcounter [-] [95747] Writer thread running {{(pid=95747) stat_writer /opt/stack/data/venv/lib/python3.12/site-packages/dbcounter.py:102}}
Jun 24 04:18:38.008577 np0000003512 devstack@n-api-meta.service[95744]: DEBUG oslo_concurrency.lockutils [None req-3d43533a-4e50-4cad-8a31-54023576ff46 None None] Lock "00000000-0000-0000-0000-000000000000" "released" by "nova.context.set_target_cell..get_or_set_cached_cell_and_set_connections" :: held 0.000s {{(pid=95744) inner /opt/stack/data/venv/lib/python3.12/site-packages/oslo_concurrency/lockutils.py:543}}
Jun 24 04:18:38.008802 np0000003512 devstack@n-api-meta.service[95744]: DEBUG oslo_concurrency.lockutils [None req-3d43533a-4e50-4cad-8a31-54023576ff46 None None] Acquiring lock "20e10925-d39e-4f34-afa1-3e2a88125ef5" by "nova.context.set_target_cell..get_or_set_cached_cell_and_set_connections" {{(pid=95744) inner /opt/stack/data/venv/lib/python3.12/site-packages/oslo_concurrency/lockutils.py:511}}
Jun 24 04:18:38.010081 np0000003512 devstack@n-api-meta.service[95744]: INFO dbcounter [None req-3d43533a-4e50-4cad-8a31-54023576ff46 None None] Registered counter for database nova_cell0
Jun 24 04:18:38.010517 np0000003512 devstack@n-api-meta.service[95747]: DEBUG nova.context [None req-99eff9d4-6507-4b23-aaa1-ed3f5604fc50 None None] Found 2 cells: 00000000-0000-0000-0000-000000000000(cell0),20e10925-d39e-4f34-afa1-3e2a88125ef5(cell1) {{(pid=95747) load_cells /opt/stack/nova/nova/context.py:509}}
Jun 24 04:18:38.010739 np0000003512 devstack@n-api-meta.service[95747]: INFO nova.utils [None req-99eff9d4-6507-4b23-aaa1-ed3f5604fc50 None None] The cell worker thread pool MainProcess.cell_worker is initialized
Jun 24 04:18:38.010840 np0000003512 devstack@n-api-meta.service[95746]: DEBUG dbcounter [-] [95746] Writer thread running {{(pid=95746) stat_writer /opt/stack/data/venv/lib/python3.12/site-packages/dbcounter.py:102}}
Jun 24 04:18:38.011268 np0000003512 devstack@n-api-meta.service[95744]: DEBUG oslo_concurrency.lockutils [None req-3d43533a-4e50-4cad-8a31-54023576ff46 None None] Lock "20e10925-d39e-4f34-afa1-3e2a88125ef5" acquired by "nova.context.set_target_cell..get_or_set_cached_cell_and_set_connections" :: waited 0.001s {{(pid=95744) inner /opt/stack/data/venv/lib/python3.12/site-packages/oslo_concurrency/lockutils.py:524}}
Jun 24 04:18:38.012354 np0000003512 devstack@n-api-meta.service[95747]: DEBUG oslo_concurrency.lockutils [None req-99eff9d4-6507-4b23-aaa1-ed3f5604fc50 None None] Acquiring lock "00000000-0000-0000-0000-000000000000" by "nova.context.set_target_cell..get_or_set_cached_cell_and_set_connections" {{(pid=95747) inner /opt/stack/data/venv/lib/python3.12/site-packages/oslo_concurrency/lockutils.py:511}}
Jun 24 04:18:38.012424 np0000003512 devstack@n-api-meta.service[95744]: DEBUG oslo_concurrency.lockutils [None req-3d43533a-4e50-4cad-8a31-54023576ff46 None None] Lock "20e10925-d39e-4f34-afa1-3e2a88125ef5" "released" by "nova.context.set_target_cell..get_or_set_cached_cell_and_set_connections" :: held 0.002s {{(pid=95744) inner /opt/stack/data/venv/lib/python3.12/site-packages/oslo_concurrency/lockutils.py:543}}
Jun 24 04:18:38.013886 np0000003512 devstack@n-api-meta.service[95747]: DEBUG oslo_concurrency.lockutils [None req-99eff9d4-6507-4b23-aaa1-ed3f5604fc50 None None] Lock "00000000-0000-0000-0000-000000000000" acquired by "nova.context.set_target_cell..get_or_set_cached_cell_and_set_connections" :: waited 0.000s {{(pid=95747) inner /opt/stack/data/venv/lib/python3.12/site-packages/oslo_concurrency/lockutils.py:524}}
Jun 24 04:18:38.013886 np0000003512 devstack@n-api-meta.service[95747]: DEBUG oslo_concurrency.lockutils [None req-99eff9d4-6507-4b23-aaa1-ed3f5604fc50 None None] Lock "00000000-0000-0000-0000-000000000000" "released" by "nova.context.set_target_cell..get_or_set_cached_cell_and_set_connections" :: held 0.000s {{(pid=95747) inner /opt/stack/data/venv/lib/python3.12/site-packages/oslo_concurrency/lockutils.py:543}}
Jun 24 04:18:38.013886 np0000003512 devstack@n-api-meta.service[95747]: DEBUG oslo_concurrency.lockutils [None req-99eff9d4-6507-4b23-aaa1-ed3f5604fc50 None None] Acquiring lock "20e10925-d39e-4f34-afa1-3e2a88125ef5" by "nova.context.set_target_cell..get_or_set_cached_cell_and_set_connections" {{(pid=95747) inner /opt/stack/data/venv/lib/python3.12/site-packages/oslo_concurrency/lockutils.py:511}}
Jun 24 04:18:38.013886 np0000003512 devstack@n-api-meta.service[95747]: DEBUG oslo_concurrency.lockutils [None req-99eff9d4-6507-4b23-aaa1-ed3f5604fc50 None None] Lock "20e10925-d39e-4f34-afa1-3e2a88125ef5" acquired by "nova.context.set_target_cell..get_or_set_cached_cell_and_set_connections" :: waited 0.000s {{(pid=95747) inner /opt/stack/data/venv/lib/python3.12/site-packages/oslo_concurrency/lockutils.py:524}}
Jun 24 04:18:38.014221 np0000003512 devstack@n-api-meta.service[95746]: DEBUG nova.context [None req-4eda7658-f5e0-412f-9eb7-c0df998482b9 None None] Found 2 cells: 00000000-0000-0000-0000-000000000000(cell0),20e10925-d39e-4f34-afa1-3e2a88125ef5(cell1) {{(pid=95746) load_cells /opt/stack/nova/nova/context.py:509}}
Jun 24 04:18:38.014359 np0000003512 devstack@n-api-meta.service[95747]: DEBUG oslo_concurrency.lockutils [None req-99eff9d4-6507-4b23-aaa1-ed3f5604fc50 None None] Lock "20e10925-d39e-4f34-afa1-3e2a88125ef5" "released" by "nova.context.set_target_cell..get_or_set_cached_cell_and_set_connections" :: held 0.001s {{(pid=95747) inner /opt/stack/data/venv/lib/python3.12/site-packages/oslo_concurrency/lockutils.py:543}}
Jun 24 04:18:38.014497 np0000003512 devstack@n-api-meta.service[95746]: INFO nova.utils [None req-4eda7658-f5e0-412f-9eb7-c0df998482b9 None None] The cell worker thread pool MainProcess.cell_worker is initialized
Jun 24 04:18:38.015002 np0000003512 devstack@n-api-meta.service[95744]: INFO dbcounter [None req-3d43533a-4e50-4cad-8a31-54023576ff46 None None] Registered counter for database nova_cell1
Jun 24 04:18:38.016395 np0000003512 devstack@n-api-meta.service[95747]: INFO dbcounter [None req-99eff9d4-6507-4b23-aaa1-ed3f5604fc50 None None] Registered counter for database nova_cell0
Jun 24 04:18:38.016476 np0000003512 devstack@n-api-meta.service[95746]: DEBUG oslo_concurrency.lockutils [None req-4eda7658-f5e0-412f-9eb7-c0df998482b9 None None] Acquiring lock "00000000-0000-0000-0000-000000000000" by "nova.context.set_target_cell..get_or_set_cached_cell_and_set_connections" {{(pid=95746) inner /opt/stack/data/venv/lib/python3.12/site-packages/oslo_concurrency/lockutils.py:511}}
Jun 24 04:18:38.016623 np0000003512 devstack@n-api-meta.service[95746]: DEBUG oslo_concurrency.lockutils [None req-4eda7658-f5e0-412f-9eb7-c0df998482b9 None None] Lock "00000000-0000-0000-0000-000000000000" acquired by "nova.context.set_target_cell..get_or_set_cached_cell_and_set_connections" :: waited 0.000s {{(pid=95746) inner /opt/stack/data/venv/lib/python3.12/site-packages/oslo_concurrency/lockutils.py:524}}
Jun 24 04:18:38.017058 np0000003512 devstack@n-api-meta.service[95746]: DEBUG oslo_concurrency.lockutils [None req-4eda7658-f5e0-412f-9eb7-c0df998482b9 None None] Lock "00000000-0000-0000-0000-000000000000" "released" by "nova.context.set_target_cell..get_or_set_cached_cell_and_set_connections" :: held 0.000s {{(pid=95746) inner /opt/stack/data/venv/lib/python3.12/site-packages/oslo_concurrency/lockutils.py:543}}
Jun 24 04:18:38.017788 np0000003512 devstack@n-api-meta.service[95746]: DEBUG oslo_concurrency.lockutils [None req-4eda7658-f5e0-412f-9eb7-c0df998482b9 None None] Acquiring lock "20e10925-d39e-4f34-afa1-3e2a88125ef5" by "nova.context.set_target_cell..get_or_set_cached_cell_and_set_connections" {{(pid=95746) inner /opt/stack/data/venv/lib/python3.12/site-packages/oslo_concurrency/lockutils.py:511}}
Jun 24 04:18:38.017982 np0000003512 devstack@n-api-meta.service[95746]: DEBUG oslo_concurrency.lockutils [None req-4eda7658-f5e0-412f-9eb7-c0df998482b9 None None] Lock "20e10925-d39e-4f34-afa1-3e2a88125ef5" acquired by "nova.context.set_target_cell..get_or_set_cached_cell_and_set_connections" :: waited 0.000s {{(pid=95746) inner /opt/stack/data/venv/lib/python3.12/site-packages/oslo_concurrency/lockutils.py:524}}
Jun 24 04:18:38.018828 np0000003512 devstack@n-api-meta.service[95746]: DEBUG oslo_concurrency.lockutils [None req-4eda7658-f5e0-412f-9eb7-c0df998482b9 None None] Lock "20e10925-d39e-4f34-afa1-3e2a88125ef5" "released" by "nova.context.set_target_cell..get_or_set_cached_cell_and_set_connections" :: held 0.001s {{(pid=95746) inner /opt/stack/data/venv/lib/python3.12/site-packages/oslo_concurrency/lockutils.py:543}}
Jun 24 04:18:38.018891 np0000003512 devstack@n-api-meta.service[95747]: INFO dbcounter [None req-99eff9d4-6507-4b23-aaa1-ed3f5604fc50 None None] Registered counter for database nova_cell1
Jun 24 04:18:38.020572 np0000003512 devstack@n-api-meta.service[95746]: INFO dbcounter [None req-4eda7658-f5e0-412f-9eb7-c0df998482b9 None None] Registered counter for database nova_cell0
Jun 24 04:18:38.023514 np0000003512 devstack@n-api-meta.service[95746]: INFO dbcounter [None req-4eda7658-f5e0-412f-9eb7-c0df998482b9 None None] Registered counter for database nova_cell1
Jun 24 04:18:38.066995 np0000003512 devstack@n-api-meta.service[95744]: DEBUG oslo_db.sqlalchemy.engines [None req-3d43533a-4e50-4cad-8a31-54023576ff46 None None] MySQL server mode set to STRICT_TRANS_TABLES,STRICT_ALL_TABLES,NO_ZERO_IN_DATE,NO_ZERO_DATE,ERROR_FOR_DIVISION_BY_ZERO,TRADITIONAL,NO_ENGINE_SUBSTITUTION {{(pid=95744) _check_effective_sql_mode /opt/stack/data/venv/lib/python3.12/site-packages/oslo_db/sqlalchemy/engines.py:325}}
Jun 24 04:18:38.076705 np0000003512 devstack@n-api-meta.service[95747]: DEBUG oslo_db.sqlalchemy.engines [None req-99eff9d4-6507-4b23-aaa1-ed3f5604fc50 None None] MySQL server mode set to STRICT_TRANS_TABLES,STRICT_ALL_TABLES,NO_ZERO_IN_DATE,NO_ZERO_DATE,ERROR_FOR_DIVISION_BY_ZERO,TRADITIONAL,NO_ENGINE_SUBSTITUTION {{(pid=95747) _check_effective_sql_mode /opt/stack/data/venv/lib/python3.12/site-packages/oslo_db/sqlalchemy/engines.py:325}}
Jun 24 04:18:38.077458 np0000003512 devstack@n-api-meta.service[95744]: DEBUG oslo_db.sqlalchemy.engines [None req-3d43533a-4e50-4cad-8a31-54023576ff46 None None] MySQL server mode set to STRICT_TRANS_TABLES,STRICT_ALL_TABLES,NO_ZERO_IN_DATE,NO_ZERO_DATE,ERROR_FOR_DIVISION_BY_ZERO,TRADITIONAL,NO_ENGINE_SUBSTITUTION {{(pid=95744) _check_effective_sql_mode /opt/stack/data/venv/lib/python3.12/site-packages/oslo_db/sqlalchemy/engines.py:325}}
Jun 24 04:18:38.081249 np0000003512 devstack@n-api-meta.service[95747]: DEBUG oslo_db.sqlalchemy.engines [None req-99eff9d4-6507-4b23-aaa1-ed3f5604fc50 None None] MySQL server mode set to STRICT_TRANS_TABLES,STRICT_ALL_TABLES,NO_ZERO_IN_DATE,NO_ZERO_DATE,ERROR_FOR_DIVISION_BY_ZERO,TRADITIONAL,NO_ENGINE_SUBSTITUTION {{(pid=95747) _check_effective_sql_mode /opt/stack/data/venv/lib/python3.12/site-packages/oslo_db/sqlalchemy/engines.py:325}}
Jun 24 04:18:38.086829 np0000003512 devstack@n-api-meta.service[95746]: DEBUG oslo_db.sqlalchemy.engines [None req-4eda7658-f5e0-412f-9eb7-c0df998482b9 None None] MySQL server mode set to STRICT_TRANS_TABLES,STRICT_ALL_TABLES,NO_ZERO_IN_DATE,NO_ZERO_DATE,ERROR_FOR_DIVISION_BY_ZERO,TRADITIONAL,NO_ENGINE_SUBSTITUTION {{(pid=95746) _check_effective_sql_mode /opt/stack/data/venv/lib/python3.12/site-packages/oslo_db/sqlalchemy/engines.py:325}}
Jun 24 04:18:38.091291 np0000003512 devstack@n-api-meta.service[95746]: DEBUG oslo_db.sqlalchemy.engines [None req-4eda7658-f5e0-412f-9eb7-c0df998482b9 None None] MySQL server mode set to STRICT_TRANS_TABLES,STRICT_ALL_TABLES,NO_ZERO_IN_DATE,NO_ZERO_DATE,ERROR_FOR_DIVISION_BY_ZERO,TRADITIONAL,NO_ENGINE_SUBSTITUTION {{(pid=95746) _check_effective_sql_mode /opt/stack/data/venv/lib/python3.12/site-packages/oslo_db/sqlalchemy/engines.py:325}}
Jun 24 04:18:38.093525 np0000003512 devstack@n-api-meta.service[95745]: DEBUG oslo_db.sqlalchemy.engines [None req-c750caeb-aabb-4ecd-b939-54188dac8a19 None None] MySQL server mode set to STRICT_TRANS_TABLES,STRICT_ALL_TABLES,NO_ZERO_IN_DATE,NO_ZERO_DATE,ERROR_FOR_DIVISION_BY_ZERO,TRADITIONAL,NO_ENGINE_SUBSTITUTION {{(pid=95745) _check_effective_sql_mode /opt/stack/data/venv/lib/python3.12/site-packages/oslo_db/sqlalchemy/engines.py:325}}
Jun 24 04:18:38.100746 np0000003512 devstack@n-api-meta.service[95745]: DEBUG dbcounter [-] [95745] Writer thread running {{(pid=95745) stat_writer /opt/stack/data/venv/lib/python3.12/site-packages/dbcounter.py:102}}
Jun 24 04:18:38.107646 np0000003512 devstack@n-api-meta.service[95745]: DEBUG dbcounter [-] [95745] Writer thread running {{(pid=95745) stat_writer /opt/stack/data/venv/lib/python3.12/site-packages/dbcounter.py:102}}
Jun 24 04:18:38.111282 np0000003512 devstack@n-api-meta.service[95745]: INFO dbcounter [None req-c750caeb-aabb-4ecd-b939-54188dac8a19 None None] Registered counter for database nova_cell0
Jun 24 04:18:38.147837 np0000003512 devstack@n-api-meta.service[95745]: DEBUG oslo_db.sqlalchemy.engines [None req-c750caeb-aabb-4ecd-b939-54188dac8a19 None None] MySQL server mode set to STRICT_TRANS_TABLES,STRICT_ALL_TABLES,NO_ZERO_IN_DATE,NO_ZERO_DATE,ERROR_FOR_DIVISION_BY_ZERO,TRADITIONAL,NO_ENGINE_SUBSTITUTION {{(pid=95745) _check_effective_sql_mode /opt/stack/data/venv/lib/python3.12/site-packages/oslo_db/sqlalchemy/engines.py:325}}
Jun 24 04:18:38.152872 np0000003512 devstack@n-api-meta.service[95744]: DEBUG dbcounter [-] [95744] Writer thread running {{(pid=95744) stat_writer /opt/stack/data/venv/lib/python3.12/site-packages/dbcounter.py:102}}
Jun 24 04:18:38.154081 np0000003512 devstack@n-api-meta.service[95745]: DEBUG dbcounter [-] [95745] Writer thread running {{(pid=95745) stat_writer /opt/stack/data/venv/lib/python3.12/site-packages/dbcounter.py:102}}
Jun 24 04:18:38.156623 np0000003512 devstack@n-api-meta.service[95744]: DEBUG dbcounter [-] [95744] Writer thread running {{(pid=95744) stat_writer /opt/stack/data/venv/lib/python3.12/site-packages/dbcounter.py:102}}
Jun 24 04:18:38.158802 np0000003512 devstack@n-api-meta.service[95744]: INFO dbcounter [None req-3d43533a-4e50-4cad-8a31-54023576ff46 None None] Registered counter for database nova_cell0
Jun 24 04:18:38.166737 np0000003512 devstack@n-api-meta.service[95747]: DEBUG dbcounter [-] [95747] Writer thread running {{(pid=95747) stat_writer /opt/stack/data/venv/lib/python3.12/site-packages/dbcounter.py:102}}
Jun 24 04:18:38.169639 np0000003512 devstack@n-api-meta.service[95747]: DEBUG dbcounter [-] [95747] Writer thread running {{(pid=95747) stat_writer /opt/stack/data/venv/lib/python3.12/site-packages/dbcounter.py:102}}
Jun 24 04:18:38.173259 np0000003512 devstack@n-api-meta.service[95747]: INFO dbcounter [None req-99eff9d4-6507-4b23-aaa1-ed3f5604fc50 None None] Registered counter for database nova_cell0
Jun 24 04:18:38.177272 np0000003512 devstack@n-api-meta.service[95746]: DEBUG dbcounter [-] [95746] Writer thread running {{(pid=95746) stat_writer /opt/stack/data/venv/lib/python3.12/site-packages/dbcounter.py:102}}
Jun 24 04:18:38.181131 np0000003512 devstack@n-api-meta.service[95746]: DEBUG dbcounter [-] [95746] Writer thread running {{(pid=95746) stat_writer /opt/stack/data/venv/lib/python3.12/site-packages/dbcounter.py:102}}
Jun 24 04:18:38.184117 np0000003512 devstack@n-api-meta.service[95746]: INFO dbcounter [None req-4eda7658-f5e0-412f-9eb7-c0df998482b9 None None] Registered counter for database nova_cell0
Jun 24 04:18:38.195022 np0000003512 devstack@n-api-meta.service[95745]: WARNING nova.api.metadata.handler [None req-c750caeb-aabb-4ecd-b939-54188dac8a19 None None] metadata_proxy_shared_secret is not configured, the metadata information returned by the proxy cannot be trusted
Jun 24 04:18:38.195747 np0000003512 devstack@n-api-meta.service[95744]: DEBUG oslo_db.sqlalchemy.engines [None req-3d43533a-4e50-4cad-8a31-54023576ff46 None None] MySQL server mode set to STRICT_TRANS_TABLES,STRICT_ALL_TABLES,NO_ZERO_IN_DATE,NO_ZERO_DATE,ERROR_FOR_DIVISION_BY_ZERO,TRADITIONAL,NO_ENGINE_SUBSTITUTION {{(pid=95744) _check_effective_sql_mode /opt/stack/data/venv/lib/python3.12/site-packages/oslo_db/sqlalchemy/engines.py:325}}
Jun 24 04:18:38.196991 np0000003512 devstack@n-api-meta.service[95745]: DEBUG nova.api.openstack.wsgi_app [None req-c750caeb-aabb-4ecd-b939-54188dac8a19 None None] ******************************************************************************** {{(pid=95745) log_opt_values /opt/stack/data/venv/lib/python3.12/site-packages/oslo_config/cfg.py:3226}}
Jun 24 04:18:38.197096 np0000003512 devstack@n-api-meta.service[95745]: DEBUG nova.api.openstack.wsgi_app [None req-c750caeb-aabb-4ecd-b939-54188dac8a19 None None] Configuration options gathered from: {{(pid=95745) log_opt_values /opt/stack/data/venv/lib/python3.12/site-packages/oslo_config/cfg.py:3227}}
Jun 24 04:18:38.197257 np0000003512 devstack@n-api-meta.service[95745]: DEBUG nova.api.openstack.wsgi_app [None req-c750caeb-aabb-4ecd-b939-54188dac8a19 None None] command line args: [] {{(pid=95745) log_opt_values /opt/stack/data/venv/lib/python3.12/site-packages/oslo_config/cfg.py:3228}}
Jun 24 04:18:38.197415 np0000003512 devstack@n-api-meta.service[95745]: DEBUG nova.api.openstack.wsgi_app [None req-c750caeb-aabb-4ecd-b939-54188dac8a19 None None] config files: ['/etc/nova/api-paste.ini', '/etc/nova/nova.conf'] {{(pid=95745) log_opt_values /opt/stack/data/venv/lib/python3.12/site-packages/oslo_config/cfg.py:3229}}
Jun 24 04:18:38.197510 np0000003512 devstack@n-api-meta.service[95745]: DEBUG nova.api.openstack.wsgi_app [None req-c750caeb-aabb-4ecd-b939-54188dac8a19 None None] ================================================================================ {{(pid=95745) log_opt_values /opt/stack/data/venv/lib/python3.12/site-packages/oslo_config/cfg.py:3234}}
Jun 24 04:18:38.197673 np0000003512 devstack@n-api-meta.service[95745]: DEBUG nova.api.openstack.wsgi_app [None req-c750caeb-aabb-4ecd-b939-54188dac8a19 None None] allow_resize_to_same_host = True {{(pid=95745) log_opt_values /opt/stack/data/venv/lib/python3.12/site-packages/oslo_config/cfg.py:3242}}
Jun 24 04:18:38.197840 np0000003512 devstack@n-api-meta.service[95745]: DEBUG nova.api.openstack.wsgi_app [None req-c750caeb-aabb-4ecd-b939-54188dac8a19 None None] arq_binding_timeout = 300 {{(pid=95745) log_opt_values /opt/stack/data/venv/lib/python3.12/site-packages/oslo_config/cfg.py:3242}}
Jun 24 04:18:38.197938 np0000003512 devstack@n-api-meta.service[95745]: DEBUG nova.api.openstack.wsgi_app [None req-c750caeb-aabb-4ecd-b939-54188dac8a19 None None] block_device_allocate_retries = 60 {{(pid=95745) log_opt_values /opt/stack/data/venv/lib/python3.12/site-packages/oslo_config/cfg.py:3242}}
Jun 24 04:18:38.198890 np0000003512 devstack@n-api-meta.service[95745]: DEBUG nova.api.openstack.wsgi_app [None req-c750caeb-aabb-4ecd-b939-54188dac8a19 None None] block_device_allocate_retries_interval = 3 {{(pid=95745) log_opt_values /opt/stack/data/venv/lib/python3.12/site-packages/oslo_config/cfg.py:3242}}
Jun 24 04:18:38.198890 np0000003512 devstack@n-api-meta.service[95745]: DEBUG nova.api.openstack.wsgi_app [None req-c750caeb-aabb-4ecd-b939-54188dac8a19 None None] cell_worker_thread_pool_size = 5 {{(pid=95745) log_opt_values /opt/stack/data/venv/lib/python3.12/site-packages/oslo_config/cfg.py:3242}}
Jun 24 04:18:38.198890 np0000003512 devstack@n-api-meta.service[95745]: DEBUG nova.api.openstack.wsgi_app [None req-c750caeb-aabb-4ecd-b939-54188dac8a19 None None] cert = self.pem {{(pid=95745) log_opt_values /opt/stack/data/venv/lib/python3.12/site-packages/oslo_config/cfg.py:3242}}
Jun 24 04:18:38.198890 np0000003512 devstack@n-api-meta.service[95745]: DEBUG nova.api.openstack.wsgi_app [None req-c750caeb-aabb-4ecd-b939-54188dac8a19 None None] compute_driver = libvirt.LibvirtDriver {{(pid=95745) log_opt_values /opt/stack/data/venv/lib/python3.12/site-packages/oslo_config/cfg.py:3242}}
Jun 24 04:18:38.198890 np0000003512 devstack@n-api-meta.service[95745]: DEBUG nova.api.openstack.wsgi_app [None req-c750caeb-aabb-4ecd-b939-54188dac8a19 None None] compute_monitors = [] {{(pid=95745) log_opt_values /opt/stack/data/venv/lib/python3.12/site-packages/oslo_config/cfg.py:3242}}
Jun 24 04:18:38.198890 np0000003512 devstack@n-api-meta.service[95745]: DEBUG nova.api.openstack.wsgi_app [None req-c750caeb-aabb-4ecd-b939-54188dac8a19 None None] config_dir = [] {{(pid=95745) log_opt_values /opt/stack/data/venv/lib/python3.12/site-packages/oslo_config/cfg.py:3242}}
Jun 24 04:18:38.198890 np0000003512 devstack@n-api-meta.service[95745]: DEBUG nova.api.openstack.wsgi_app [None req-c750caeb-aabb-4ecd-b939-54188dac8a19 None None] config_drive_format = iso9660 {{(pid=95745) log_opt_values /opt/stack/data/venv/lib/python3.12/site-packages/oslo_config/cfg.py:3242}}
Jun 24 04:18:38.199310 np0000003512 devstack@n-api-meta.service[95745]: DEBUG nova.api.openstack.wsgi_app [None req-c750caeb-aabb-4ecd-b939-54188dac8a19 None None] config_file = ['/etc/nova/api-paste.ini', '/etc/nova/nova.conf'] {{(pid=95745) log_opt_values /opt/stack/data/venv/lib/python3.12/site-packages/oslo_config/cfg.py:3242}}
Jun 24 04:18:38.199310 np0000003512 devstack@n-api-meta.service[95745]: DEBUG nova.api.openstack.wsgi_app [None req-c750caeb-aabb-4ecd-b939-54188dac8a19 None None] config_source = [] {{(pid=95745) log_opt_values /opt/stack/data/venv/lib/python3.12/site-packages/oslo_config/cfg.py:3242}}
Jun 24 04:18:38.199310 np0000003512 devstack@n-api-meta.service[95745]: DEBUG nova.api.openstack.wsgi_app [None req-c750caeb-aabb-4ecd-b939-54188dac8a19 None None] console_host = np0000003512 {{(pid=95745) log_opt_values /opt/stack/data/venv/lib/python3.12/site-packages/oslo_config/cfg.py:3242}}
Jun 24 04:18:38.199310 np0000003512 devstack@n-api-meta.service[95745]: DEBUG nova.api.openstack.wsgi_app [None req-c750caeb-aabb-4ecd-b939-54188dac8a19 None None] control_exchange = nova {{(pid=95745) log_opt_values /opt/stack/data/venv/lib/python3.12/site-packages/oslo_config/cfg.py:3242}}
Jun 24 04:18:38.199462 np0000003512 devstack@n-api-meta.service[95745]: DEBUG nova.api.openstack.wsgi_app [None req-c750caeb-aabb-4ecd-b939-54188dac8a19 None None] cpu_allocation_ratio = None {{(pid=95745) log_opt_values /opt/stack/data/venv/lib/python3.12/site-packages/oslo_config/cfg.py:3242}}
Jun 24 04:18:38.199573 np0000003512 devstack@n-api-meta.service[95745]: DEBUG nova.api.openstack.wsgi_app [None req-c750caeb-aabb-4ecd-b939-54188dac8a19 None None] daemon = False {{(pid=95745) log_opt_values /opt/stack/data/venv/lib/python3.12/site-packages/oslo_config/cfg.py:3242}}
Jun 24 04:18:38.199653 np0000003512 devstack@n-api-meta.service[95745]: DEBUG nova.api.openstack.wsgi_app [None req-c750caeb-aabb-4ecd-b939-54188dac8a19 None None] debug = True {{(pid=95745) log_opt_values /opt/stack/data/venv/lib/python3.12/site-packages/oslo_config/cfg.py:3242}}
Jun 24 04:18:38.199917 np0000003512 devstack@n-api-meta.service[95745]: DEBUG nova.api.openstack.wsgi_app [None req-c750caeb-aabb-4ecd-b939-54188dac8a19 None None] default_access_ip_network_name = None {{(pid=95745) log_opt_values /opt/stack/data/venv/lib/python3.12/site-packages/oslo_config/cfg.py:3242}}
Jun 24 04:18:38.199917 np0000003512 devstack@n-api-meta.service[95745]: DEBUG nova.api.openstack.wsgi_app [None req-c750caeb-aabb-4ecd-b939-54188dac8a19 None None] default_availability_zone = nova {{(pid=95745) log_opt_values /opt/stack/data/venv/lib/python3.12/site-packages/oslo_config/cfg.py:3242}}
Jun 24 04:18:38.200325 np0000003512 devstack@n-api-meta.service[95745]: DEBUG nova.api.openstack.wsgi_app [None req-c750caeb-aabb-4ecd-b939-54188dac8a19 None None] default_ephemeral_format = ext4 {{(pid=95745) log_opt_values /opt/stack/data/venv/lib/python3.12/site-packages/oslo_config/cfg.py:3242}}
Jun 24 04:18:38.200325 np0000003512 devstack@n-api-meta.service[95745]: DEBUG nova.api.openstack.wsgi_app [None req-c750caeb-aabb-4ecd-b939-54188dac8a19 None None] default_green_pool_size = 1000 {{(pid=95745) log_opt_values /opt/stack/data/venv/lib/python3.12/site-packages/oslo_config/cfg.py:3242}}
Jun 24 04:18:38.200325 np0000003512 devstack@n-api-meta.service[95745]: DEBUG nova.api.openstack.wsgi_app [None req-c750caeb-aabb-4ecd-b939-54188dac8a19 None None] default_log_levels = ['amqp=WARN', 'boto=WARN', 'sqlalchemy=WARN', 'suds=INFO', 'oslo.messaging=INFO', 'oslo_messaging=INFO', 'iso8601=WARN', 'requests.packages.urllib3.connectionpool=WARN', 'urllib3.connectionpool=WARN', 'websocket=WARN', 'requests.packages.urllib3.util.retry=WARN', 'urllib3.util.retry=WARN', 'keystonemiddleware=WARN', 'routes.middleware=WARN', 'stevedore=WARN', 'taskflow=WARN', 'keystoneauth=WARN', 'oslo.cache=INFO', 'oslo_policy=INFO', 'dogpile.core.dogpile=INFO', 'glanceclient=WARN', 'oslo.privsep.daemon=INFO'] {{(pid=95745) log_opt_values /opt/stack/data/venv/lib/python3.12/site-packages/oslo_config/cfg.py:3242}}
Jun 24 04:18:38.200570 np0000003512 devstack@n-api-meta.service[95745]: DEBUG nova.api.openstack.wsgi_app [None req-c750caeb-aabb-4ecd-b939-54188dac8a19 None None] default_schedule_zone = None {{(pid=95745) log_opt_values /opt/stack/data/venv/lib/python3.12/site-packages/oslo_config/cfg.py:3242}}
Jun 24 04:18:38.200620 np0000003512 devstack@n-api-meta.service[95745]: DEBUG nova.api.openstack.wsgi_app [None req-c750caeb-aabb-4ecd-b939-54188dac8a19 None None] default_thread_pool_size = 10 {{(pid=95745) log_opt_values /opt/stack/data/venv/lib/python3.12/site-packages/oslo_config/cfg.py:3242}}
Jun 24 04:18:38.200726 np0000003512 devstack@n-api-meta.service[95745]: DEBUG nova.api.openstack.wsgi_app [None req-c750caeb-aabb-4ecd-b939-54188dac8a19 None None] disk_allocation_ratio = None {{(pid=95745) log_opt_values /opt/stack/data/venv/lib/python3.12/site-packages/oslo_config/cfg.py:3242}}
Jun 24 04:18:38.200880 np0000003512 devstack@n-api-meta.service[95745]: DEBUG nova.api.openstack.wsgi_app [None req-c750caeb-aabb-4ecd-b939-54188dac8a19 None None] enable_new_services = True {{(pid=95745) log_opt_values /opt/stack/data/venv/lib/python3.12/site-packages/oslo_config/cfg.py:3242}}
Jun 24 04:18:38.201083 np0000003512 devstack@n-api-meta.service[95745]: DEBUG nova.api.openstack.wsgi_app [None req-c750caeb-aabb-4ecd-b939-54188dac8a19 None None] flat_injected = False {{(pid=95745) log_opt_values /opt/stack/data/venv/lib/python3.12/site-packages/oslo_config/cfg.py:3242}}
Jun 24 04:18:38.201171 np0000003512 devstack@n-api-meta.service[95745]: DEBUG nova.api.openstack.wsgi_app [None req-c750caeb-aabb-4ecd-b939-54188dac8a19 None None] force_config_drive = True {{(pid=95745) log_opt_values /opt/stack/data/venv/lib/python3.12/site-packages/oslo_config/cfg.py:3242}}
Jun 24 04:18:38.201285 np0000003512 devstack@n-api-meta.service[95745]: DEBUG nova.api.openstack.wsgi_app [None req-c750caeb-aabb-4ecd-b939-54188dac8a19 None None] force_raw_images = True {{(pid=95745) log_opt_values /opt/stack/data/venv/lib/python3.12/site-packages/oslo_config/cfg.py:3242}}
Jun 24 04:18:38.201408 np0000003512 devstack@n-api-meta.service[95745]: DEBUG nova.api.openstack.wsgi_app [None req-c750caeb-aabb-4ecd-b939-54188dac8a19 None None] graceful_shutdown_timeout = 5 {{(pid=95745) log_opt_values /opt/stack/data/venv/lib/python3.12/site-packages/oslo_config/cfg.py:3242}}
Jun 24 04:18:38.201528 np0000003512 devstack@n-api-meta.service[95745]: DEBUG nova.api.openstack.wsgi_app [None req-c750caeb-aabb-4ecd-b939-54188dac8a19 None None] heal_instance_info_cache_interval = -1 {{(pid=95745) log_opt_values /opt/stack/data/venv/lib/python3.12/site-packages/oslo_config/cfg.py:3242}}
Jun 24 04:18:38.201681 np0000003512 devstack@n-api-meta.service[95745]: DEBUG nova.api.openstack.wsgi_app [None req-c750caeb-aabb-4ecd-b939-54188dac8a19 None None] host = np0000003512 {{(pid=95745) log_opt_values /opt/stack/data/venv/lib/python3.12/site-packages/oslo_config/cfg.py:3242}}
Jun 24 04:18:38.201801 np0000003512 devstack@n-api-meta.service[95745]: DEBUG nova.api.openstack.wsgi_app [None req-c750caeb-aabb-4ecd-b939-54188dac8a19 None None] initial_cpu_allocation_ratio = 4.0 {{(pid=95745) log_opt_values /opt/stack/data/venv/lib/python3.12/site-packages/oslo_config/cfg.py:3242}}
Jun 24 04:18:38.201915 np0000003512 devstack@n-api-meta.service[95745]: DEBUG nova.api.openstack.wsgi_app [None req-c750caeb-aabb-4ecd-b939-54188dac8a19 None None] initial_disk_allocation_ratio = 1.0 {{(pid=95745) log_opt_values /opt/stack/data/venv/lib/python3.12/site-packages/oslo_config/cfg.py:3242}}
Jun 24 04:18:38.202050 np0000003512 devstack@n-api-meta.service[95745]: DEBUG nova.api.openstack.wsgi_app [None req-c750caeb-aabb-4ecd-b939-54188dac8a19 None None] initial_ram_allocation_ratio = 1.0 {{(pid=95745) log_opt_values /opt/stack/data/venv/lib/python3.12/site-packages/oslo_config/cfg.py:3242}}
Jun 24 04:18:38.202696 np0000003512 devstack@n-api-meta.service[95745]: DEBUG nova.api.openstack.wsgi_app [None req-c750caeb-aabb-4ecd-b939-54188dac8a19 None None] injected_network_template = /opt/stack/nova/nova/virt/interfaces.template {{(pid=95745) log_opt_values /opt/stack/data/venv/lib/python3.12/site-packages/oslo_config/cfg.py:3242}}
Jun 24 04:18:38.202696 np0000003512 devstack@n-api-meta.service[95745]: DEBUG nova.api.openstack.wsgi_app [None req-c750caeb-aabb-4ecd-b939-54188dac8a19 None None] instance_build_timeout = 0 {{(pid=95745) log_opt_values /opt/stack/data/venv/lib/python3.12/site-packages/oslo_config/cfg.py:3242}}
Jun 24 04:18:38.202696 np0000003512 devstack@n-api-meta.service[95745]: DEBUG nova.api.openstack.wsgi_app [None req-c750caeb-aabb-4ecd-b939-54188dac8a19 None None] instance_delete_interval = 300 {{(pid=95745) log_opt_values /opt/stack/data/venv/lib/python3.12/site-packages/oslo_config/cfg.py:3242}}
Jun 24 04:18:38.202804 np0000003512 devstack@n-api-meta.service[95744]: DEBUG dbcounter [-] [95744] Writer thread running {{(pid=95744) stat_writer /opt/stack/data/venv/lib/python3.12/site-packages/dbcounter.py:102}}
Jun 24 04:18:38.202839 np0000003512 devstack@n-api-meta.service[95745]: DEBUG nova.api.openstack.wsgi_app [None req-c750caeb-aabb-4ecd-b939-54188dac8a19 None None] instance_format = [instance: %(uuid)s] {{(pid=95745) log_opt_values /opt/stack/data/venv/lib/python3.12/site-packages/oslo_config/cfg.py:3242}}
Jun 24 04:18:38.202839 np0000003512 devstack@n-api-meta.service[95745]: DEBUG nova.api.openstack.wsgi_app [None req-c750caeb-aabb-4ecd-b939-54188dac8a19 None None] instance_name_template = instance-%08x {{(pid=95745) log_opt_values /opt/stack/data/venv/lib/python3.12/site-packages/oslo_config/cfg.py:3242}}
Jun 24 04:18:38.202839 np0000003512 devstack@n-api-meta.service[95745]: DEBUG nova.api.openstack.wsgi_app [None req-c750caeb-aabb-4ecd-b939-54188dac8a19 None None] instance_usage_audit = False {{(pid=95745) log_opt_values /opt/stack/data/venv/lib/python3.12/site-packages/oslo_config/cfg.py:3242}}
Jun 24 04:18:38.203029 np0000003512 devstack@n-api-meta.service[95745]: DEBUG nova.api.openstack.wsgi_app [None req-c750caeb-aabb-4ecd-b939-54188dac8a19 None None] instance_usage_audit_period = month {{(pid=95745) log_opt_values /opt/stack/data/venv/lib/python3.12/site-packages/oslo_config/cfg.py:3242}}
Jun 24 04:18:38.203126 np0000003512 devstack@n-api-meta.service[95745]: DEBUG nova.api.openstack.wsgi_app [None req-c750caeb-aabb-4ecd-b939-54188dac8a19 None None] instance_uuid_format = [instance: %(uuid)s] {{(pid=95745) log_opt_values /opt/stack/data/venv/lib/python3.12/site-packages/oslo_config/cfg.py:3242}}
Jun 24 04:18:38.203273 np0000003512 devstack@n-api-meta.service[95745]: DEBUG nova.api.openstack.wsgi_app [None req-c750caeb-aabb-4ecd-b939-54188dac8a19 None None] instances_path = /opt/stack/data/nova/instances {{(pid=95745) log_opt_values /opt/stack/data/venv/lib/python3.12/site-packages/oslo_config/cfg.py:3242}}
Jun 24 04:18:38.203391 np0000003512 devstack@n-api-meta.service[95745]: DEBUG nova.api.openstack.wsgi_app [None req-c750caeb-aabb-4ecd-b939-54188dac8a19 None None] internal_service_availability_zone = internal {{(pid=95745) log_opt_values /opt/stack/data/venv/lib/python3.12/site-packages/oslo_config/cfg.py:3242}}
Jun 24 04:18:38.203502 np0000003512 devstack@n-api-meta.service[95745]: DEBUG nova.api.openstack.wsgi_app [None req-c750caeb-aabb-4ecd-b939-54188dac8a19 None None] key = None {{(pid=95745) log_opt_values /opt/stack/data/venv/lib/python3.12/site-packages/oslo_config/cfg.py:3242}}
Jun 24 04:18:38.203614 np0000003512 devstack@n-api-meta.service[95745]: DEBUG nova.api.openstack.wsgi_app [None req-c750caeb-aabb-4ecd-b939-54188dac8a19 None None] live_migration_retry_count = 30 {{(pid=95745) log_opt_values /opt/stack/data/venv/lib/python3.12/site-packages/oslo_config/cfg.py:3242}}
Jun 24 04:18:38.203732 np0000003512 devstack@n-api-meta.service[95745]: DEBUG nova.api.openstack.wsgi_app [None req-c750caeb-aabb-4ecd-b939-54188dac8a19 None None] log_color = False {{(pid=95745) log_opt_values /opt/stack/data/venv/lib/python3.12/site-packages/oslo_config/cfg.py:3242}}
Jun 24 04:18:38.203845 np0000003512 devstack@n-api-meta.service[95745]: DEBUG nova.api.openstack.wsgi_app [None req-c750caeb-aabb-4ecd-b939-54188dac8a19 None None] log_config_append = None {{(pid=95745) log_opt_values /opt/stack/data/venv/lib/python3.12/site-packages/oslo_config/cfg.py:3242}}
Jun 24 04:18:38.203961 np0000003512 devstack@n-api-meta.service[95745]: DEBUG nova.api.openstack.wsgi_app [None req-c750caeb-aabb-4ecd-b939-54188dac8a19 None None] log_date_format = %Y-%m-%d %H:%M:%S {{(pid=95745) log_opt_values /opt/stack/data/venv/lib/python3.12/site-packages/oslo_config/cfg.py:3242}}
Jun 24 04:18:38.204092 np0000003512 devstack@n-api-meta.service[95745]: DEBUG nova.api.openstack.wsgi_app [None req-c750caeb-aabb-4ecd-b939-54188dac8a19 None None] log_dir = None {{(pid=95745) log_opt_values /opt/stack/data/venv/lib/python3.12/site-packages/oslo_config/cfg.py:3242}}
Jun 24 04:18:38.204203 np0000003512 devstack@n-api-meta.service[95745]: DEBUG nova.api.openstack.wsgi_app [None req-c750caeb-aabb-4ecd-b939-54188dac8a19 None None] log_file = None {{(pid=95745) log_opt_values /opt/stack/data/venv/lib/python3.12/site-packages/oslo_config/cfg.py:3242}}
Jun 24 04:18:38.204301 np0000003512 devstack@n-api-meta.service[95745]: DEBUG nova.api.openstack.wsgi_app [None req-c750caeb-aabb-4ecd-b939-54188dac8a19 None None] log_options = True {{(pid=95745) log_opt_values /opt/stack/data/venv/lib/python3.12/site-packages/oslo_config/cfg.py:3242}}
Jun 24 04:18:38.204413 np0000003512 devstack@n-api-meta.service[95745]: DEBUG nova.api.openstack.wsgi_app [None req-c750caeb-aabb-4ecd-b939-54188dac8a19 None None] log_rotate_interval = 1 {{(pid=95745) log_opt_values /opt/stack/data/venv/lib/python3.12/site-packages/oslo_config/cfg.py:3242}}
Jun 24 04:18:38.204529 np0000003512 devstack@n-api-meta.service[95745]: DEBUG nova.api.openstack.wsgi_app [None req-c750caeb-aabb-4ecd-b939-54188dac8a19 None None] log_rotate_interval_type = days {{(pid=95745) log_opt_values /opt/stack/data/venv/lib/python3.12/site-packages/oslo_config/cfg.py:3242}}
Jun 24 04:18:38.204646 np0000003512 devstack@n-api-meta.service[95745]: DEBUG nova.api.openstack.wsgi_app [None req-c750caeb-aabb-4ecd-b939-54188dac8a19 None None] log_rotation_type = none {{(pid=95745) log_opt_values /opt/stack/data/venv/lib/python3.12/site-packages/oslo_config/cfg.py:3242}}
Jun 24 04:18:38.204741 np0000003512 devstack@n-api-meta.service[95745]: DEBUG nova.api.openstack.wsgi_app [None req-c750caeb-aabb-4ecd-b939-54188dac8a19 None None] logging_context_format_string = %(color)s%(levelname)s %(name)s [%(global_request_id)s %(request_id)s %(project_name)s %(user_name)s%(color)s] %(instance)s%(color)s%(message)s {{(pid=95745) log_opt_values /opt/stack/data/venv/lib/python3.12/site-packages/oslo_config/cfg.py:3242}}
Jun 24 04:18:38.204921 np0000003512 devstack@n-api-meta.service[95745]: DEBUG nova.api.openstack.wsgi_app [None req-c750caeb-aabb-4ecd-b939-54188dac8a19 None None] logging_debug_format_suffix = {{(pid=%(process)d) %(funcName)s %(pathname)s:%(lineno)d}} {{(pid=95745) log_opt_values /opt/stack/data/venv/lib/python3.12/site-packages/oslo_config/cfg.py:3242}}
Jun 24 04:18:38.205067 np0000003512 devstack@n-api-meta.service[95745]: DEBUG nova.api.openstack.wsgi_app [None req-c750caeb-aabb-4ecd-b939-54188dac8a19 None None] logging_default_format_string = %(color)s%(levelname)s %(name)s [-%(color)s] %(instance)s%(color)s%(message)s {{(pid=95745) log_opt_values /opt/stack/data/venv/lib/python3.12/site-packages/oslo_config/cfg.py:3242}}
Jun 24 04:18:38.205171 np0000003512 devstack@n-api-meta.service[95745]: DEBUG nova.api.openstack.wsgi_app [None req-c750caeb-aabb-4ecd-b939-54188dac8a19 None None] logging_exception_prefix = ERROR %(name)s %(instance)s {{(pid=95745) log_opt_values /opt/stack/data/venv/lib/python3.12/site-packages/oslo_config/cfg.py:3242}}
Jun 24 04:18:38.205299 np0000003512 devstack@n-api-meta.service[95745]: DEBUG nova.api.openstack.wsgi_app [None req-c750caeb-aabb-4ecd-b939-54188dac8a19 None None] logging_user_identity_format = %(user)s %(project)s %(domain)s %(system_scope)s %(user_domain)s %(project_domain)s {{(pid=95745) log_opt_values /opt/stack/data/venv/lib/python3.12/site-packages/oslo_config/cfg.py:3242}}
Jun 24 04:18:38.205415 np0000003512 devstack@n-api-meta.service[95745]: DEBUG nova.api.openstack.wsgi_app [None req-c750caeb-aabb-4ecd-b939-54188dac8a19 None None] long_rpc_timeout = 1800 {{(pid=95745) log_opt_values /opt/stack/data/venv/lib/python3.12/site-packages/oslo_config/cfg.py:3242}}
