Jun 24 04:18:42.774078 np0000003512 nova-conductor[98748]: DEBUG cotyledon.oslo_config_glue [-] profiler.es_scroll_size = 10000 {{(pid=98748) log_opt_values /opt/stack/data/venv/lib/python3.12/site-packages/oslo_config/cfg.py:3253}}
Jun 24 04:18:42.774078 np0000003512 nova-conductor[98748]: DEBUG cotyledon.oslo_config_glue [-] profiler.es_scroll_time = 2m {{(pid=98748) log_opt_values /opt/stack/data/venv/lib/python3.12/site-packages/oslo_config/cfg.py:3253}}
Jun 24 04:18:42.774078 np0000003512 nova-conductor[98748]: DEBUG cotyledon.oslo_config_glue [-] profiler.filter_error_trace = False {{(pid=98748) log_opt_values /opt/stack/data/venv/lib/python3.12/site-packages/oslo_config/cfg.py:3253}}
Jun 24 04:18:42.774078 np0000003512 nova-conductor[98748]: DEBUG cotyledon.oslo_config_glue [-] profiler.hmac_keys = **** {{(pid=98748) log_opt_values /opt/stack/data/venv/lib/python3.12/site-packages/oslo_config/cfg.py:3253}}
Jun 24 04:18:42.774078 np0000003512 nova-conductor[98748]: DEBUG cotyledon.oslo_config_glue [-] profiler.sentinel_service_name = mymaster {{(pid=98748) log_opt_values /opt/stack/data/venv/lib/python3.12/site-packages/oslo_config/cfg.py:3253}}
Jun 24 04:18:42.774078 np0000003512 nova-conductor[98748]: DEBUG cotyledon.oslo_config_glue [-] profiler.socket_timeout = 0.1 {{(pid=98748) log_opt_values /opt/stack/data/venv/lib/python3.12/site-packages/oslo_config/cfg.py:3253}}
Jun 24 04:18:42.774078 np0000003512 nova-conductor[98748]: DEBUG cotyledon.oslo_config_glue [-] profiler.trace_requests = False {{(pid=98748) log_opt_values /opt/stack/data/venv/lib/python3.12/site-packages/oslo_config/cfg.py:3253}}
Jun 24 04:18:42.774283 np0000003512 nova-conductor[98748]: DEBUG cotyledon.oslo_config_glue [-] profiler.trace_sqlalchemy = False {{(pid=98748) log_opt_values /opt/stack/data/venv/lib/python3.12/site-packages/oslo_config/cfg.py:3253}}
Jun 24 04:18:42.774283 np0000003512 nova-conductor[98748]: DEBUG cotyledon.oslo_config_glue [-] profiler_jaeger.process_tags = {} {{(pid=98748) log_opt_values /opt/stack/data/venv/lib/python3.12/site-packages/oslo_config/cfg.py:3253}}
Jun 24 04:18:42.774283 np0000003512 nova-conductor[98748]: DEBUG cotyledon.oslo_config_glue [-] profiler_jaeger.service_name_prefix = None {{(pid=98748) log_opt_values /opt/stack/data/venv/lib/python3.12/site-packages/oslo_config/cfg.py:3253}}
Jun 24 04:18:42.774283 np0000003512 nova-conductor[98748]: DEBUG cotyledon.oslo_config_glue [-] profiler_otlp.service_name_prefix = None {{(pid=98748) log_opt_values /opt/stack/data/venv/lib/python3.12/site-packages/oslo_config/cfg.py:3253}}
Jun 24 04:18:42.774283 np0000003512 nova-conductor[98748]: DEBUG cotyledon.oslo_config_glue [-] oslo_messaging_rabbit.amqp_auto_delete = False {{(pid=98748) log_opt_values /opt/stack/data/venv/lib/python3.12/site-packages/oslo_config/cfg.py:3253}}
Jun 24 04:18:42.774283 np0000003512 nova-conductor[98748]: DEBUG cotyledon.oslo_config_glue [-] oslo_messaging_rabbit.amqp_durable_queues = False {{(pid=98748) log_opt_values /opt/stack/data/venv/lib/python3.12/site-packages/oslo_config/cfg.py:3253}}
Jun 24 04:18:42.774283 np0000003512 nova-conductor[98748]: DEBUG cotyledon.oslo_config_glue [-] oslo_messaging_rabbit.conn_pool_min_size = 2 {{(pid=98748) log_opt_values /opt/stack/data/venv/lib/python3.12/site-packages/oslo_config/cfg.py:3253}}
Jun 24 04:18:42.774283 np0000003512 nova-conductor[98748]: DEBUG cotyledon.oslo_config_glue [-] oslo_messaging_rabbit.conn_pool_ttl = 1200 {{(pid=98748) log_opt_values /opt/stack/data/venv/lib/python3.12/site-packages/oslo_config/cfg.py:3253}}
Jun 24 04:18:42.774283 np0000003512 nova-conductor[98748]: DEBUG cotyledon.oslo_config_glue [-] oslo_messaging_rabbit.direct_mandatory_flag = True {{(pid=98748) log_opt_values /opt/stack/data/venv/lib/python3.12/site-packages/oslo_config/cfg.py:3253}}
Jun 24 04:18:42.774526 np0000003512 nova-conductor[98748]: DEBUG cotyledon.oslo_config_glue [-] oslo_messaging_rabbit.enable_cancel_on_failover = False {{(pid=98748) log_opt_values /opt/stack/data/venv/lib/python3.12/site-packages/oslo_config/cfg.py:3253}}
Jun 24 04:18:42.774526 np0000003512 nova-conductor[98748]: DEBUG cotyledon.oslo_config_glue [-] oslo_messaging_rabbit.heartbeat_rate = 3 {{(pid=98748) log_opt_values /opt/stack/data/venv/lib/python3.12/site-packages/oslo_config/cfg.py:3253}}
Jun 24 04:18:42.774526 np0000003512 nova-conductor[98748]: DEBUG cotyledon.oslo_config_glue [-] oslo_messaging_rabbit.heartbeat_timeout_threshold = 60 {{(pid=98748) log_opt_values /opt/stack/data/venv/lib/python3.12/site-packages/oslo_config/cfg.py:3253}}
Jun 24 04:18:42.774526 np0000003512 nova-conductor[98748]: DEBUG cotyledon.oslo_config_glue [-] oslo_messaging_rabbit.hostname = np0000003512 {{(pid=98748) log_opt_values /opt/stack/data/venv/lib/python3.12/site-packages/oslo_config/cfg.py:3253}}
Jun 24 04:18:42.774526 np0000003512 nova-conductor[98748]: DEBUG cotyledon.oslo_config_glue [-] oslo_messaging_rabbit.kombu_compression = None {{(pid=98748) log_opt_values /opt/stack/data/venv/lib/python3.12/site-packages/oslo_config/cfg.py:3253}}
Jun 24 04:18:42.774526 np0000003512 nova-conductor[98748]: DEBUG cotyledon.oslo_config_glue [-] oslo_messaging_rabbit.kombu_failover_strategy = round-robin {{(pid=98748) log_opt_values /opt/stack/data/venv/lib/python3.12/site-packages/oslo_config/cfg.py:3253}}
Jun 24 04:18:42.774526 np0000003512 nova-conductor[98748]: DEBUG cotyledon.oslo_config_glue [-] oslo_messaging_rabbit.kombu_missing_consumer_retry_timeout = 60 {{(pid=98748) log_opt_values /opt/stack/data/venv/lib/python3.12/site-packages/oslo_config/cfg.py:3253}}
Jun 24 04:18:42.774526 np0000003512 nova-conductor[98748]: DEBUG cotyledon.oslo_config_glue [-] oslo_messaging_rabbit.kombu_reconnect_delay = 1.0 {{(pid=98748) log_opt_values /opt/stack/data/venv/lib/python3.12/site-packages/oslo_config/cfg.py:3253}}
Jun 24 04:18:42.774526 np0000003512 nova-conductor[98748]: DEBUG cotyledon.oslo_config_glue [-] oslo_messaging_rabbit.kombu_reconnect_splay = 0.0 {{(pid=98748) log_opt_values /opt/stack/data/venv/lib/python3.12/site-packages/oslo_config/cfg.py:3253}}
Jun 24 04:18:42.774837 np0000003512 nova-conductor[98748]: DEBUG cotyledon.oslo_config_glue [-] oslo_messaging_rabbit.processname = nova-conductor {{(pid=98748) log_opt_values /opt/stack/data/venv/lib/python3.12/site-packages/oslo_config/cfg.py:3253}}
Jun 24 04:18:42.774837 np0000003512 nova-conductor[98748]: DEBUG cotyledon.oslo_config_glue [-] oslo_messaging_rabbit.rabbit_ha_queues = False {{(pid=98748) log_opt_values /opt/stack/data/venv/lib/python3.12/site-packages/oslo_config/cfg.py:3253}}
Jun 24 04:18:42.774837 np0000003512 nova-conductor[98748]: DEBUG cotyledon.oslo_config_glue [-] oslo_messaging_rabbit.rabbit_interval_max = 30 {{(pid=98748) log_opt_values /opt/stack/data/venv/lib/python3.12/site-packages/oslo_config/cfg.py:3253}}
Jun 24 04:18:42.774837 np0000003512 nova-conductor[98748]: DEBUG cotyledon.oslo_config_glue [-] oslo_messaging_rabbit.rabbit_login_method = AMQPLAIN {{(pid=98748) log_opt_values /opt/stack/data/venv/lib/python3.12/site-packages/oslo_config/cfg.py:3253}}
Jun 24 04:18:42.774837 np0000003512 nova-conductor[98748]: DEBUG cotyledon.oslo_config_glue [-] oslo_messaging_rabbit.rabbit_qos_prefetch_count = 0 {{(pid=98748) log_opt_values /opt/stack/data/venv/lib/python3.12/site-packages/oslo_config/cfg.py:3253}}
Jun 24 04:18:42.774837 np0000003512 nova-conductor[98748]: DEBUG cotyledon.oslo_config_glue [-] oslo_messaging_rabbit.rabbit_quorum_delivery_limit = 0 {{(pid=98748) log_opt_values /opt/stack/data/venv/lib/python3.12/site-packages/oslo_config/cfg.py:3253}}
Jun 24 04:18:42.774837 np0000003512 nova-conductor[98748]: DEBUG cotyledon.oslo_config_glue [-] oslo_messaging_rabbit.rabbit_quorum_max_memory_bytes = 0 {{(pid=98748) log_opt_values /opt/stack/data/venv/lib/python3.12/site-packages/oslo_config/cfg.py:3253}}
Jun 24 04:18:42.774837 np0000003512 nova-conductor[98748]: DEBUG cotyledon.oslo_config_glue [-] oslo_messaging_rabbit.rabbit_quorum_max_memory_length = 0 {{(pid=98748) log_opt_values /opt/stack/data/venv/lib/python3.12/site-packages/oslo_config/cfg.py:3253}}
Jun 24 04:18:42.774837 np0000003512 nova-conductor[98748]: DEBUG cotyledon.oslo_config_glue [-] oslo_messaging_rabbit.rabbit_quorum_queue = False {{(pid=98748) log_opt_values /opt/stack/data/venv/lib/python3.12/site-packages/oslo_config/cfg.py:3253}}
Jun 24 04:18:42.775033 np0000003512 nova-conductor[98748]: DEBUG cotyledon.oslo_config_glue [-] oslo_messaging_rabbit.rabbit_retry_backoff = 2 {{(pid=98748) log_opt_values /opt/stack/data/venv/lib/python3.12/site-packages/oslo_config/cfg.py:3253}}
Jun 24 04:18:42.775033 np0000003512 nova-conductor[98748]: DEBUG cotyledon.oslo_config_glue [-] oslo_messaging_rabbit.rabbit_retry_interval = 1 {{(pid=98748) log_opt_values /opt/stack/data/venv/lib/python3.12/site-packages/oslo_config/cfg.py:3253}}
Jun 24 04:18:42.775033 np0000003512 nova-conductor[98748]: DEBUG cotyledon.oslo_config_glue [-] oslo_messaging_rabbit.rabbit_stream_fanout = False {{(pid=98748) log_opt_values /opt/stack/data/venv/lib/python3.12/site-packages/oslo_config/cfg.py:3253}}
Jun 24 04:18:42.775033 np0000003512 nova-conductor[98748]: DEBUG cotyledon.oslo_config_glue [-] oslo_messaging_rabbit.rabbit_transient_queues_ttl = 1800 {{(pid=98748) log_opt_values /opt/stack/data/venv/lib/python3.12/site-packages/oslo_config/cfg.py:3253}}
Jun 24 04:18:42.775033 np0000003512 nova-conductor[98748]: DEBUG cotyledon.oslo_config_glue [-] oslo_messaging_rabbit.rabbit_transient_quorum_queue = False {{(pid=98748) log_opt_values /opt/stack/data/venv/lib/python3.12/site-packages/oslo_config/cfg.py:3253}}
Jun 24 04:18:42.775033 np0000003512 nova-conductor[98748]: DEBUG cotyledon.oslo_config_glue [-] oslo_messaging_rabbit.rpc_conn_pool_size = 30 {{(pid=98748) log_opt_values /opt/stack/data/venv/lib/python3.12/site-packages/oslo_config/cfg.py:3253}}
Jun 24 04:18:42.775033 np0000003512 nova-conductor[98748]: DEBUG cotyledon.oslo_config_glue [-] oslo_messaging_rabbit.ssl = False {{(pid=98748) log_opt_values /opt/stack/data/venv/lib/python3.12/site-packages/oslo_config/cfg.py:3253}}
Jun 24 04:18:42.775033 np0000003512 nova-conductor[98748]: DEBUG cotyledon.oslo_config_glue [-] oslo_messaging_rabbit.ssl_ca_file = {{(pid=98748) log_opt_values /opt/stack/data/venv/lib/python3.12/site-packages/oslo_config/cfg.py:3253}}
Jun 24 04:18:42.775033 np0000003512 nova-conductor[98748]: DEBUG cotyledon.oslo_config_glue [-] oslo_messaging_rabbit.ssl_cert_file = {{(pid=98748) log_opt_values /opt/stack/data/venv/lib/python3.12/site-packages/oslo_config/cfg.py:3253}}
Jun 24 04:18:42.775234 np0000003512 nova-conductor[98748]: DEBUG cotyledon.oslo_config_glue [-] oslo_messaging_rabbit.ssl_enforce_fips_mode = False {{(pid=98748) log_opt_values /opt/stack/data/venv/lib/python3.12/site-packages/oslo_config/cfg.py:3253}}
Jun 24 04:18:42.775234 np0000003512 nova-conductor[98748]: DEBUG cotyledon.oslo_config_glue [-] oslo_messaging_rabbit.ssl_enforce_hostname_verification = True {{(pid=98748) log_opt_values /opt/stack/data/venv/lib/python3.12/site-packages/oslo_config/cfg.py:3253}}
Jun 24 04:18:42.775234 np0000003512 nova-conductor[98748]: DEBUG cotyledon.oslo_config_glue [-] oslo_messaging_rabbit.ssl_key_file = {{(pid=98748) log_opt_values /opt/stack/data/venv/lib/python3.12/site-packages/oslo_config/cfg.py:3253}}
Jun 24 04:18:42.775234 np0000003512 nova-conductor[98748]: DEBUG cotyledon.oslo_config_glue [-] oslo_messaging_rabbit.ssl_version = {{(pid=98748) log_opt_values /opt/stack/data/venv/lib/python3.12/site-packages/oslo_config/cfg.py:3253}}
Jun 24 04:18:42.775234 np0000003512 nova-conductor[98748]: DEBUG cotyledon.oslo_config_glue [-] oslo_messaging_rabbit.use_queue_manager = False {{(pid=98748) log_opt_values /opt/stack/data/venv/lib/python3.12/site-packages/oslo_config/cfg.py:3253}}
Jun 24 04:18:42.775234 np0000003512 nova-conductor[98748]: DEBUG cotyledon.oslo_config_glue [-] oslo_messaging_notifications.driver = ['messagingv2'] {{(pid=98748) log_opt_values /opt/stack/data/venv/lib/python3.12/site-packages/oslo_config/cfg.py:3253}}
Jun 24 04:18:42.775234 np0000003512 nova-conductor[98748]: DEBUG cotyledon.oslo_config_glue [-] oslo_messaging_notifications.retry = -1 {{(pid=98748) log_opt_values /opt/stack/data/venv/lib/python3.12/site-packages/oslo_config/cfg.py:3253}}
Jun 24 04:18:42.775234 np0000003512 nova-conductor[98748]: DEBUG cotyledon.oslo_config_glue [-] oslo_messaging_notifications.topics = ['notifications'] {{(pid=98748) log_opt_values /opt/stack/data/venv/lib/python3.12/site-packages/oslo_config/cfg.py:3253}}
Jun 24 04:18:42.775234 np0000003512 nova-conductor[98748]: DEBUG cotyledon.oslo_config_glue [-] oslo_messaging_notifications.transport_url = **** {{(pid=98748) log_opt_values /opt/stack/data/venv/lib/python3.12/site-packages/oslo_config/cfg.py:3253}}
Jun 24 04:18:42.775481 np0000003512 nova-conductor[98748]: DEBUG cotyledon.oslo_config_glue [-] oslo_limit.auth_section = None {{(pid=98748) log_opt_values /opt/stack/data/venv/lib/python3.12/site-packages/oslo_config/cfg.py:3253}}
Jun 24 04:18:42.775481 np0000003512 nova-conductor[98748]: DEBUG cotyledon.oslo_config_glue [-] oslo_limit.auth_type = None {{(pid=98748) log_opt_values /opt/stack/data/venv/lib/python3.12/site-packages/oslo_config/cfg.py:3253}}
Jun 24 04:18:42.775481 np0000003512 nova-conductor[98748]: DEBUG cotyledon.oslo_config_glue [-] oslo_limit.cafile = None {{(pid=98748) log_opt_values /opt/stack/data/venv/lib/python3.12/site-packages/oslo_config/cfg.py:3253}}
Jun 24 04:18:42.775481 np0000003512 nova-conductor[98748]: DEBUG cotyledon.oslo_config_glue [-] oslo_limit.certfile = None {{(pid=98748) log_opt_values /opt/stack/data/venv/lib/python3.12/site-packages/oslo_config/cfg.py:3253}}
Jun 24 04:18:42.775481 np0000003512 nova-conductor[98748]: DEBUG cotyledon.oslo_config_glue [-] oslo_limit.collect_timing = False {{(pid=98748) log_opt_values /opt/stack/data/venv/lib/python3.12/site-packages/oslo_config/cfg.py:3253}}
Jun 24 04:18:42.775481 np0000003512 nova-conductor[98748]: DEBUG cotyledon.oslo_config_glue [-] oslo_limit.connect_retries = None {{(pid=98748) log_opt_values /opt/stack/data/venv/lib/python3.12/site-packages/oslo_config/cfg.py:3253}}
Jun 24 04:18:42.775481 np0000003512 nova-conductor[98748]: DEBUG cotyledon.oslo_config_glue [-] oslo_limit.connect_retry_delay = None {{(pid=98748) log_opt_values /opt/stack/data/venv/lib/python3.12/site-packages/oslo_config/cfg.py:3253}}
Jun 24 04:18:42.775481 np0000003512 nova-conductor[98748]: DEBUG cotyledon.oslo_config_glue [-] oslo_limit.endpoint_id = None {{(pid=98748) log_opt_values /opt/stack/data/venv/lib/python3.12/site-packages/oslo_config/cfg.py:3253}}
Jun 24 04:18:42.775481 np0000003512 nova-conductor[98748]: DEBUG cotyledon.oslo_config_glue [-] oslo_limit.endpoint_interface = public {{(pid=98748) log_opt_values /opt/stack/data/venv/lib/python3.12/site-packages/oslo_config/cfg.py:3253}}
Jun 24 04:18:42.775909 np0000003512 nova-conductor[98748]: DEBUG cotyledon.oslo_config_glue [-] oslo_limit.endpoint_override = None {{(pid=98748) log_opt_values /opt/stack/data/venv/lib/python3.12/site-packages/oslo_config/cfg.py:3253}}
Jun 24 04:18:42.775909 np0000003512 nova-conductor[98748]: DEBUG cotyledon.oslo_config_glue [-] oslo_limit.endpoint_region_name = None {{(pid=98748) log_opt_values /opt/stack/data/venv/lib/python3.12/site-packages/oslo_config/cfg.py:3253}}
Jun 24 04:18:42.775909 np0000003512 nova-conductor[98748]: DEBUG cotyledon.oslo_config_glue [-] oslo_limit.endpoint_service_name = None {{(pid=98748) log_opt_values /opt/stack/data/venv/lib/python3.12/site-packages/oslo_config/cfg.py:3253}}
Jun 24 04:18:42.775909 np0000003512 nova-conductor[98748]: DEBUG cotyledon.oslo_config_glue [-] oslo_limit.endpoint_service_type = None {{(pid=98748) log_opt_values /opt/stack/data/venv/lib/python3.12/site-packages/oslo_config/cfg.py:3253}}
Jun 24 04:18:42.775909 np0000003512 nova-conductor[98748]: DEBUG cotyledon.oslo_config_glue [-] oslo_limit.insecure = False {{(pid=98748) log_opt_values /opt/stack/data/venv/lib/python3.12/site-packages/oslo_config/cfg.py:3253}}
Jun 24 04:18:42.775909 np0000003512 nova-conductor[98748]: DEBUG cotyledon.oslo_config_glue [-] oslo_limit.keyfile = None {{(pid=98748) log_opt_values /opt/stack/data/venv/lib/python3.12/site-packages/oslo_config/cfg.py:3253}}
Jun 24 04:18:42.775909 np0000003512 nova-conductor[98748]: DEBUG cotyledon.oslo_config_glue [-] oslo_limit.max_version = None {{(pid=98748) log_opt_values /opt/stack/data/venv/lib/python3.12/site-packages/oslo_config/cfg.py:3253}}
Jun 24 04:18:42.775909 np0000003512 nova-conductor[98748]: DEBUG cotyledon.oslo_config_glue [-] oslo_limit.min_version = None {{(pid=98748) log_opt_values /opt/stack/data/venv/lib/python3.12/site-packages/oslo_config/cfg.py:3253}}
Jun 24 04:18:42.775909 np0000003512 nova-conductor[98748]: DEBUG cotyledon.oslo_config_glue [-] oslo_limit.region_name = None {{(pid=98748) log_opt_values /opt/stack/data/venv/lib/python3.12/site-packages/oslo_config/cfg.py:3253}}
Jun 24 04:18:42.776252 np0000003512 nova-conductor[98748]: DEBUG cotyledon.oslo_config_glue [-] oslo_limit.retriable_status_codes = None {{(pid=98748) log_opt_values /opt/stack/data/venv/lib/python3.12/site-packages/oslo_config/cfg.py:3253}}
Jun 24 04:18:42.776252 np0000003512 nova-conductor[98748]: DEBUG cotyledon.oslo_config_glue [-] oslo_limit.service_name = None {{(pid=98748) log_opt_values /opt/stack/data/venv/lib/python3.12/site-packages/oslo_config/cfg.py:3253}}
Jun 24 04:18:42.776252 np0000003512 nova-conductor[98748]: DEBUG cotyledon.oslo_config_glue [-] oslo_limit.service_type = None {{(pid=98748) log_opt_values /opt/stack/data/venv/lib/python3.12/site-packages/oslo_config/cfg.py:3253}}
Jun 24 04:18:42.776252 np0000003512 nova-conductor[98748]: DEBUG cotyledon.oslo_config_glue [-] oslo_limit.split_loggers = False {{(pid=98748) log_opt_values /opt/stack/data/venv/lib/python3.12/site-packages/oslo_config/cfg.py:3253}}
Jun 24 04:18:42.776252 np0000003512 nova-conductor[98748]: DEBUG cotyledon.oslo_config_glue [-] oslo_limit.status_code_retries = None {{(pid=98748) log_opt_values /opt/stack/data/venv/lib/python3.12/site-packages/oslo_config/cfg.py:3253}}
Jun 24 04:18:42.776252 np0000003512 nova-conductor[98748]: DEBUG cotyledon.oslo_config_glue [-] oslo_limit.status_code_retry_delay = None {{(pid=98748) log_opt_values /opt/stack/data/venv/lib/python3.12/site-packages/oslo_config/cfg.py:3253}}
Jun 24 04:18:42.776252 np0000003512 nova-conductor[98748]: DEBUG cotyledon.oslo_config_glue [-] oslo_limit.timeout = None {{(pid=98748) log_opt_values /opt/stack/data/venv/lib/python3.12/site-packages/oslo_config/cfg.py:3253}}
Jun 24 04:18:42.776252 np0000003512 nova-conductor[98748]: DEBUG cotyledon.oslo_config_glue [-] oslo_limit.valid_interfaces = None {{(pid=98748) log_opt_values /opt/stack/data/venv/lib/python3.12/site-packages/oslo_config/cfg.py:3253}}
Jun 24 04:18:42.776252 np0000003512 nova-conductor[98748]: DEBUG cotyledon.oslo_config_glue [-] oslo_limit.version = None {{(pid=98748) log_opt_values /opt/stack/data/venv/lib/python3.12/site-packages/oslo_config/cfg.py:3253}}
Jun 24 04:18:42.776552 np0000003512 nova-conductor[98748]: DEBUG cotyledon.oslo_config_glue [-] oslo_reports.file_event_handler = None {{(pid=98748) log_opt_values /opt/stack/data/venv/lib/python3.12/site-packages/oslo_config/cfg.py:3253}}
Jun 24 04:18:42.776552 np0000003512 nova-conductor[98748]: DEBUG cotyledon.oslo_config_glue [-] oslo_reports.file_event_handler_interval = 1 {{(pid=98748) log_opt_values /opt/stack/data/venv/lib/python3.12/site-packages/oslo_config/cfg.py:3253}}
Jun 24 04:18:42.776552 np0000003512 nova-conductor[98748]: DEBUG cotyledon.oslo_config_glue [-] oslo_reports.log_dir = None {{(pid=98748) log_opt_values /opt/stack/data/venv/lib/python3.12/site-packages/oslo_config/cfg.py:3253}}
Jun 24 04:18:42.776552 np0000003512 nova-conductor[98748]: DEBUG cotyledon.oslo_config_glue [-] ******************************************************************************** {{(pid=98748) log_opt_values /opt/stack/data/venv/lib/python3.12/site-packages/oslo_config/cfg.py:3260}}
Jun 24 04:18:42.776552 np0000003512 nova-conductor[98748]: DEBUG cotyledon._service_worker [-] Run service ServiceWrapper(3) [98748] {{(pid=98748) wait_forever /opt/stack/data/venv/lib/python3.12/site-packages/cotyledon/_service_worker.py:218}}
Jun 24 04:18:42.776552 np0000003512 nova-conductor[98748]: INFO nova.service [-] Starting conductor node (version 33.1.0)
Jun 24 04:18:42.776552 np0000003512 nova-conductor[98748]: INFO dbcounter [None req-a5a3f987-5176-4631-9c33-5b02fa079eb1 None None] Registered counter for database nova_cell0
Jun 24 04:18:42.776802 np0000003512 nova-conductor[98742]: DEBUG oslo_db.sqlalchemy.engines [None req-324930fe-2ae3-4952-adeb-19f9542ca640 None None] MySQL server mode set to STRICT_TRANS_TABLES,STRICT_ALL_TABLES,NO_ZERO_IN_DATE,NO_ZERO_DATE,ERROR_FOR_DIVISION_BY_ZERO,TRADITIONAL,NO_ENGINE_SUBSTITUTION {{(pid=98742) _check_effective_sql_mode /opt/stack/data/venv/lib/python3.12/site-packages/oslo_db/sqlalchemy/engines.py:325}}
Jun 24 04:18:42.776849 np0000003512 nova-conductor[98731]: DEBUG oslo_db.sqlalchemy.engines [None req-e5556232-0082-43f1-9c56-5ac37b12eb68 None None] MySQL server mode set to STRICT_TRANS_TABLES,STRICT_ALL_TABLES,NO_ZERO_IN_DATE,NO_ZERO_DATE,ERROR_FOR_DIVISION_BY_ZERO,TRADITIONAL,NO_ENGINE_SUBSTITUTION {{(pid=98731) _check_effective_sql_mode /opt/stack/data/venv/lib/python3.12/site-packages/oslo_db/sqlalchemy/engines.py:325}}
Jun 24 04:18:42.776896 np0000003512 nova-conductor[98742]: DEBUG dbcounter [-] [98742] Writer thread running {{(pid=98742) stat_writer /opt/stack/data/venv/lib/python3.12/site-packages/dbcounter.py:102}}
Jun 24 04:18:42.776936 np0000003512 nova-conductor[98738]: DEBUG oslo_db.sqlalchemy.engines [None req-c05a2224-d464-4f69-bae4-088fbad0ca57 None None] MySQL server mode set to STRICT_TRANS_TABLES,STRICT_ALL_TABLES,NO_ZERO_IN_DATE,NO_ZERO_DATE,ERROR_FOR_DIVISION_BY_ZERO,TRADITIONAL,NO_ENGINE_SUBSTITUTION {{(pid=98738) _check_effective_sql_mode /opt/stack/data/venv/lib/python3.12/site-packages/oslo_db/sqlalchemy/engines.py:325}}
Jun 24 04:18:42.776997 np0000003512 nova-conductor[98731]: DEBUG dbcounter [-] [98731] Writer thread running {{(pid=98731) stat_writer /opt/stack/data/venv/lib/python3.12/site-packages/dbcounter.py:102}}
Jun 24 04:18:42.777042 np0000003512 nova-conductor[98738]: DEBUG dbcounter [-] [98738] Writer thread running {{(pid=98738) stat_writer /opt/stack/data/venv/lib/python3.12/site-packages/dbcounter.py:102}}
Jun 24 04:18:42.777098 np0000003512 nova-conductor[98742]: DEBUG nova.service [None req-324930fe-2ae3-4952-adeb-19f9542ca640 None None] Creating RPC server for service: nova-conductor on topic: conductor {{(pid=98742) start /opt/stack/nova/nova/service.py:196}}
Jun 24 04:18:42.777150 np0000003512 nova-conductor[98731]: DEBUG nova.service [None req-e5556232-0082-43f1-9c56-5ac37b12eb68 None None] Creating RPC server for service: nova-conductor on topic: conductor {{(pid=98731) start /opt/stack/nova/nova/service.py:196}}
Jun 24 04:18:42.777190 np0000003512 nova-conductor[98738]: DEBUG nova.service [None req-c05a2224-d464-4f69-bae4-088fbad0ca57 None None] Creating RPC server for service: nova-conductor on topic: conductor {{(pid=98738) start /opt/stack/nova/nova/service.py:196}}
Jun 24 04:18:42.783990 np0000003512 nova-conductor[98742]: DEBUG nova.service [None req-324930fe-2ae3-4952-adeb-19f9542ca640 None None] Join ServiceGroup membership for this service conductor {{(pid=98742) start /opt/stack/nova/nova/service.py:222}}
Jun 24 04:18:42.784194 np0000003512 nova-conductor[98742]: DEBUG nova.servicegroup.drivers.db [None req-324930fe-2ae3-4952-adeb-19f9542ca640 None None] DB_Driver: join new ServiceGroup member np0000003512 to the conductor group, service = {{(pid=98742) join /opt/stack/nova/nova/servicegroup/drivers/db.py:44}}
Jun 24 04:18:42.789165 np0000003512 nova-conductor[98731]: DEBUG nova.service [None req-e5556232-0082-43f1-9c56-5ac37b12eb68 None None] Join ServiceGroup membership for this service conductor {{(pid=98731) start /opt/stack/nova/nova/service.py:222}}
Jun 24 04:18:42.789437 np0000003512 nova-conductor[98731]: DEBUG nova.servicegroup.drivers.db [None req-e5556232-0082-43f1-9c56-5ac37b12eb68 None None] DB_Driver: join new ServiceGroup member np0000003512 to the conductor group, service = {{(pid=98731) join /opt/stack/nova/nova/servicegroup/drivers/db.py:44}}
Jun 24 04:18:42.795809 np0000003512 nova-conductor[98738]: DEBUG nova.service [None req-c05a2224-d464-4f69-bae4-088fbad0ca57 None None] Join ServiceGroup membership for this service conductor {{(pid=98738) start /opt/stack/nova/nova/service.py:222}}
Jun 24 04:18:42.796029 np0000003512 nova-conductor[98738]: DEBUG nova.servicegroup.drivers.db [None req-c05a2224-d464-4f69-bae4-088fbad0ca57 None None] DB_Driver: join new ServiceGroup member np0000003512 to the conductor group, service = {{(pid=98738) join /opt/stack/nova/nova/servicegroup/drivers/db.py:44}}
Jun 24 04:18:42.806556 np0000003512 nova-conductor[98748]: DEBUG oslo_db.sqlalchemy.engines [None req-a5a3f987-5176-4631-9c33-5b02fa079eb1 None None] MySQL server mode set to STRICT_TRANS_TABLES,STRICT_ALL_TABLES,NO_ZERO_IN_DATE,NO_ZERO_DATE,ERROR_FOR_DIVISION_BY_ZERO,TRADITIONAL,NO_ENGINE_SUBSTITUTION {{(pid=98748) _check_effective_sql_mode /opt/stack/data/venv/lib/python3.12/site-packages/oslo_db/sqlalchemy/engines.py:325}}
Jun 24 04:18:42.816633 np0000003512 nova-conductor[98748]: DEBUG dbcounter [-] [98748] Writer thread running {{(pid=98748) stat_writer /opt/stack/data/venv/lib/python3.12/site-packages/dbcounter.py:102}}
Jun 24 04:18:42.819477 np0000003512 nova-conductor[98748]: DEBUG nova.service [None req-a5a3f987-5176-4631-9c33-5b02fa079eb1 None None] Creating RPC server for service: nova-conductor on topic: conductor {{(pid=98748) start /opt/stack/nova/nova/service.py:196}}
Jun 24 04:18:42.839027 np0000003512 nova-conductor[98748]: DEBUG nova.service [None req-a5a3f987-5176-4631-9c33-5b02fa079eb1 None None] Join ServiceGroup membership for this service conductor {{(pid=98748) start /opt/stack/nova/nova/service.py:222}}
Jun 24 04:18:42.839232 np0000003512 nova-conductor[98748]: DEBUG nova.servicegroup.drivers.db [None req-a5a3f987-5176-4631-9c33-5b02fa079eb1 None None] DB_Driver: join new ServiceGroup member np0000003512 to the conductor group, service = {{(pid=98748) join /opt/stack/nova/nova/servicegroup/drivers/db.py:44}}
Jun 24 04:18:46.798157 np0000003512 nova-conductor[98738]: DEBUG oslo.service.backend._threading.loopingcall [None req-793576b6-b579-40ae-8c64-25aba31feb90 None None] Dynamic interval looping call 'nova.service.Service.periodic_tasks' sleeping for 60.00 seconds {{(pid=98738) _run_loop /opt/stack/data/venv/lib/python3.12/site-packages/oslo_service/backend/_threading/loopingcall.py:125}}
Jun 24 04:18:47.804955 np0000003512 nova-conductor[98742]: DEBUG oslo.service.backend._threading.loopingcall [-] Fixed interval looping call 'nova.servicegroup.drivers.db.DbDriver._report_state' sleeping for 119.98 seconds {{(pid=98742) _run_loop /opt/stack/data/venv/lib/python3.12/site-packages/oslo_service/backend/_threading/loopingcall.py:125}}
Jun 24 04:18:47.806015 np0000003512 nova-conductor[98731]: DEBUG oslo.service.backend._threading.loopingcall [-] Fixed interval looping call 'nova.servicegroup.drivers.db.DbDriver._report_state' sleeping for 119.98 seconds {{(pid=98731) _run_loop /opt/stack/data/venv/lib/python3.12/site-packages/oslo_service/backend/_threading/loopingcall.py:125}}
Jun 24 04:18:47.807185 np0000003512 nova-conductor[98738]: DEBUG oslo.service.backend._threading.loopingcall [-] Fixed interval looping call 'nova.servicegroup.drivers.db.DbDriver._report_state' sleeping for 119.99 seconds {{(pid=98738) _run_loop /opt/stack/data/venv/lib/python3.12/site-packages/oslo_service/backend/_threading/loopingcall.py:125}}
Jun 24 04:18:47.850427 np0000003512 nova-conductor[98748]: DEBUG oslo.service.backend._threading.loopingcall [-] Fixed interval looping call 'nova.servicegroup.drivers.db.DbDriver._report_state' sleeping for 119.99 seconds {{(pid=98748) _run_loop /opt/stack/data/venv/lib/python3.12/site-packages/oslo_service/backend/_threading/loopingcall.py:125}}
Jun 24 04:18:51.373050 np0000003512 nova-conductor[97263]: DEBUG dbcounter [-] [97263] Writing DB stats nova_api:SELECT=1 {{(pid=97263) stat_writer /opt/stack/data/venv/lib/python3.12/site-packages/dbcounter.py:115}}
Jun 24 04:18:51.492987 np0000003512 nova-conductor[97263]: DEBUG dbcounter [-] [97263] Writing DB stats nova_cell1:SELECT=1 {{(pid=97263) stat_writer /opt/stack/data/venv/lib/python3.12/site-packages/dbcounter.py:115}}
Jun 24 04:18:51.496392 np0000003512 nova-conductor[97263]: DEBUG dbcounter [-] [97263] Writing DB stats nova_cell0:SELECT=1 {{(pid=97263) stat_writer /opt/stack/data/venv/lib/python3.12/site-packages/dbcounter.py:115}}
Jun 24 04:18:57.801993 np0000003512 nova-conductor[98742]: DEBUG dbcounter [-] [98742] Writing DB stats nova_cell0:SELECT=4,nova_cell0:INSERT=1,nova_cell0:UPDATE=1 {{(pid=98742) stat_writer /opt/stack/data/venv/lib/python3.12/site-packages/dbcounter.py:115}}
Jun 24 04:18:57.802325 np0000003512 nova-conductor[98731]: DEBUG dbcounter [-] [98731] Writing DB stats nova_cell0:SELECT=5,nova_cell0:INSERT=1,nova_cell0:UPDATE=1 {{(pid=98731) stat_writer /opt/stack/data/venv/lib/python3.12/site-packages/dbcounter.py:115}}
Jun 24 04:18:57.804352 np0000003512 nova-conductor[98738]: DEBUG dbcounter [-] [98738] Writing DB stats nova_cell0:SELECT=4,nova_cell0:INSERT=1,nova_cell0:UPDATE=1 {{(pid=98738) stat_writer /opt/stack/data/venv/lib/python3.12/site-packages/dbcounter.py:115}}
Jun 24 04:18:57.847848 np0000003512 nova-conductor[98748]: DEBUG dbcounter [-] [98748] Writing DB stats nova_cell0:SELECT=3 {{(pid=98748) stat_writer /opt/stack/data/venv/lib/python3.12/site-packages/dbcounter.py:115}}
Jun 24 04:19:02.840895 np0000003512 nova-conductor[98748]: DEBUG oslo.service.backend._threading.loopingcall [None req-55786831-f3af-4771-92da-75adc3e9db46 None None] Dynamic interval looping call 'nova.service.Service.periodic_tasks' sleeping for 60.00 seconds {{(pid=98748) _run_loop /opt/stack/data/venv/lib/python3.12/site-packages/oslo_service/backend/_threading/loopingcall.py:125}}
Jun 24 04:19:31.791132 np0000003512 nova-conductor[98731]: DEBUG oslo.service.backend._threading.loopingcall [None req-46c0c2a2-e1db-4f47-8096-0e5b762851ad None None] Dynamic interval looping call 'nova.service.Service.periodic_tasks' sleeping for 60.00 seconds {{(pid=98731) _run_loop /opt/stack/data/venv/lib/python3.12/site-packages/oslo_service/backend/_threading/loopingcall.py:125}}
Jun 24 04:19:34.786952 np0000003512 nova-conductor[98742]: DEBUG oslo.service.backend._threading.loopingcall [None req-bd625237-9861-4e27-8d26-be41da39b32e None None] Dynamic interval looping call 'nova.service.Service.periodic_tasks' sleeping for 60.00 seconds {{(pid=98742) _run_loop /opt/stack/data/venv/lib/python3.12/site-packages/oslo_service/backend/_threading/loopingcall.py:125}}
Jun 24 04:19:46.798716 np0000003512 nova-conductor[98738]: DEBUG oslo.service.backend._threading.loopingcall [None req-793576b6-b579-40ae-8c64-25aba31feb90 None None] Dynamic interval looping call 'nova.service.Service.periodic_tasks' sleeping for 60.00 seconds {{(pid=98738) _run_loop /opt/stack/data/venv/lib/python3.12/site-packages/oslo_service/backend/_threading/loopingcall.py:125}}
Jun 24 04:20:02.841457 np0000003512 nova-conductor[98748]: DEBUG oslo.service.backend._threading.loopingcall [None req-55786831-f3af-4771-92da-75adc3e9db46 None None] Dynamic interval looping call 'nova.service.Service.periodic_tasks' sleeping for 60.00 seconds {{(pid=98748) _run_loop /opt/stack/data/venv/lib/python3.12/site-packages/oslo_service/backend/_threading/loopingcall.py:125}}
Jun 24 04:20:31.791603 np0000003512 nova-conductor[98731]: DEBUG oslo.service.backend._threading.loopingcall [None req-46c0c2a2-e1db-4f47-8096-0e5b762851ad None None] Dynamic interval looping call 'nova.service.Service.periodic_tasks' sleeping for 60.00 seconds {{(pid=98731) _run_loop /opt/stack/data/venv/lib/python3.12/site-packages/oslo_service/backend/_threading/loopingcall.py:125}}
Jun 24 04:20:34.787382 np0000003512 nova-conductor[98742]: DEBUG oslo.service.backend._threading.loopingcall [None req-bd625237-9861-4e27-8d26-be41da39b32e None None] Dynamic interval looping call 'nova.service.Service.periodic_tasks' sleeping for 60.00 seconds {{(pid=98742) _run_loop /opt/stack/data/venv/lib/python3.12/site-packages/oslo_service/backend/_threading/loopingcall.py:125}}
Jun 24 04:20:46.799182 np0000003512 nova-conductor[98738]: DEBUG oslo.service.backend._threading.loopingcall [None req-793576b6-b579-40ae-8c64-25aba31feb90 None None] Dynamic interval looping call 'nova.service.Service.periodic_tasks' sleeping for 60.00 seconds {{(pid=98738) _run_loop /opt/stack/data/venv/lib/python3.12/site-packages/oslo_service/backend/_threading/loopingcall.py:125}}
Jun 24 04:20:47.793807 np0000003512 nova-conductor[98742]: DEBUG oslo.service.backend._threading.loopingcall [-] Fixed interval looping call 'nova.servicegroup.drivers.db.DbDriver._report_state' sleeping for 119.99 seconds {{(pid=98742) _run_loop /opt/stack/data/venv/lib/python3.12/site-packages/oslo_service/backend/_threading/loopingcall.py:125}}
Jun 24 04:20:47.794309 np0000003512 nova-conductor[98731]: DEBUG oslo.service.backend._threading.loopingcall [-] Fixed interval looping call 'nova.servicegroup.drivers.db.DbDriver._report_state' sleeping for 119.99 seconds {{(pid=98731) _run_loop /opt/stack/data/venv/lib/python3.12/site-packages/oslo_service/backend/_threading/loopingcall.py:125}}
Jun 24 04:20:47.801360 np0000003512 nova-conductor[98738]: DEBUG oslo.service.backend._threading.loopingcall [-] Fixed interval looping call 'nova.servicegroup.drivers.db.DbDriver._report_state' sleeping for 120.00 seconds {{(pid=98738) _run_loop /opt/stack/data/venv/lib/python3.12/site-packages/oslo_service/backend/_threading/loopingcall.py:125}}
Jun 24 04:20:47.844139 np0000003512 nova-conductor[98748]: DEBUG oslo.service.backend._threading.loopingcall [-] Fixed interval looping call 'nova.servicegroup.drivers.db.DbDriver._report_state' sleeping for 120.00 seconds {{(pid=98748) _run_loop /opt/stack/data/venv/lib/python3.12/site-packages/oslo_service/backend/_threading/loopingcall.py:125}}
Jun 24 04:20:57.788493 np0000003512 nova-conductor[98742]: DEBUG dbcounter [-] [98742] Writing DB stats nova_cell0:SELECT=1,nova_cell0:UPDATE=1 {{(pid=98742) stat_writer /opt/stack/data/venv/lib/python3.12/site-packages/dbcounter.py:115}}
Jun 24 04:20:57.789241 np0000003512 nova-conductor[98731]: DEBUG dbcounter [-] [98731] Writing DB stats nova_cell0:SELECT=1,nova_cell0:UPDATE=1 {{(pid=98731) stat_writer /opt/stack/data/venv/lib/python3.12/site-packages/dbcounter.py:115}}
Jun 24 04:20:57.799518 np0000003512 nova-conductor[98738]: DEBUG dbcounter [-] [98738] Writing DB stats nova_cell0:SELECT=1 {{(pid=98738) stat_writer /opt/stack/data/venv/lib/python3.12/site-packages/dbcounter.py:115}}
Jun 24 04:20:57.842905 np0000003512 nova-conductor[98748]: DEBUG dbcounter [-] [98748] Writing DB stats nova_cell0:SELECT=1 {{(pid=98748) stat_writer /opt/stack/data/venv/lib/python3.12/site-packages/dbcounter.py:115}}
Jun 24 04:21:02.841961 np0000003512 nova-conductor[98748]: DEBUG oslo.service.backend._threading.loopingcall [None req-55786831-f3af-4771-92da-75adc3e9db46 None None] Dynamic interval looping call 'nova.service.Service.periodic_tasks' sleeping for 60.00 seconds {{(pid=98748) _run_loop /opt/stack/data/venv/lib/python3.12/site-packages/oslo_service/backend/_threading/loopingcall.py:125}}
Jun 24 04:21:21.479381 np0000003512 nova-conductor[98742]: DEBUG oslo_db.sqlalchemy.engines [None req-0bd6a03f-d95d-43d9-be98-4d99291b9257 tempest-AttachSCSIVolumeTestJSON-42152759 tempest-AttachSCSIVolumeTestJSON-42152759-project-member] Parent process 97263 forked (98742) with an open database connection, which is being discarded and recreated. {{(pid=98742) checkout /opt/stack/data/venv/lib/python3.12/site-packages/oslo_db/sqlalchemy/engines.py:402}}
Jun 24 04:21:21.519720 np0000003512 nova-conductor[98742]: DEBUG dbcounter [-] [98742] Writer thread running {{(pid=98742) stat_writer /opt/stack/data/venv/lib/python3.12/site-packages/dbcounter.py:102}}
Jun 24 04:21:22.547546 np0000003512 nova-conductor[98742]: DEBUG nova.conductor.manager [None req-0bd6a03f-d95d-43d9-be98-4d99291b9257 tempest-AttachSCSIVolumeTestJSON-42152759 tempest-AttachSCSIVolumeTestJSON-42152759-project-member] Took 1.03 seconds to select destinations for 1 instance(s). {{(pid=98742) _schedule_instances /opt/stack/nova/nova/conductor/manager.py:968}}
Jun 24 04:21:22.574738 np0000003512 nova-conductor[98742]: DEBUG oslo_concurrency.lockutils [None req-0bd6a03f-d95d-43d9-be98-4d99291b9257 tempest-AttachSCSIVolumeTestJSON-42152759 tempest-AttachSCSIVolumeTestJSON-42152759-project-member] Acquiring lock "20e10925-d39e-4f34-afa1-3e2a88125ef5" by "nova.context.set_target_cell..get_or_set_cached_cell_and_set_connections" {{(pid=98742) inner /opt/stack/data/venv/lib/python3.12/site-packages/oslo_concurrency/lockutils.py:511}}
Jun 24 04:21:22.574956 np0000003512 nova-conductor[98742]: DEBUG oslo_concurrency.lockutils [None req-0bd6a03f-d95d-43d9-be98-4d99291b9257 tempest-AttachSCSIVolumeTestJSON-42152759 tempest-AttachSCSIVolumeTestJSON-42152759-project-member] Lock "20e10925-d39e-4f34-afa1-3e2a88125ef5" acquired by "nova.context.set_target_cell..get_or_set_cached_cell_and_set_connections" :: waited 0.000s {{(pid=98742) inner /opt/stack/data/venv/lib/python3.12/site-packages/oslo_concurrency/lockutils.py:524}}
Jun 24 04:21:22.576250 np0000003512 nova-conductor[98742]: DEBUG oslo_concurrency.lockutils [None req-0bd6a03f-d95d-43d9-be98-4d99291b9257 tempest-AttachSCSIVolumeTestJSON-42152759 tempest-AttachSCSIVolumeTestJSON-42152759-project-member] Lock "20e10925-d39e-4f34-afa1-3e2a88125ef5" "released" by "nova.context.set_target_cell..get_or_set_cached_cell_and_set_connections" :: held 0.001s {{(pid=98742) inner /opt/stack/data/venv/lib/python3.12/site-packages/oslo_concurrency/lockutils.py:543}}
Jun 24 04:21:22.577978 np0000003512 nova-conductor[98742]: INFO dbcounter [None req-0bd6a03f-d95d-43d9-be98-4d99291b9257 tempest-AttachSCSIVolumeTestJSON-42152759 tempest-AttachSCSIVolumeTestJSON-42152759-project-member] Registered counter for database nova_cell1
Jun 24 04:21:22.616503 np0000003512 nova-conductor[98742]: DEBUG oslo_db.sqlalchemy.engines [None req-0bd6a03f-d95d-43d9-be98-4d99291b9257 tempest-AttachSCSIVolumeTestJSON-42152759 tempest-AttachSCSIVolumeTestJSON-42152759-project-member] MySQL server mode set to STRICT_TRANS_TABLES,STRICT_ALL_TABLES,NO_ZERO_IN_DATE,NO_ZERO_DATE,ERROR_FOR_DIVISION_BY_ZERO,TRADITIONAL,NO_ENGINE_SUBSTITUTION {{(pid=98742) _check_effective_sql_mode /opt/stack/data/venv/lib/python3.12/site-packages/oslo_db/sqlalchemy/engines.py:325}}
Jun 24 04:21:22.622188 np0000003512 nova-conductor[98742]: DEBUG dbcounter [-] [98742] Writer thread running {{(pid=98742) stat_writer /opt/stack/data/venv/lib/python3.12/site-packages/dbcounter.py:102}}
Jun 24 04:21:22.694477 np0000003512 nova-conductor[98742]: INFO nova.utils [None req-0bd6a03f-d95d-43d9-be98-4d99291b9257 tempest-AttachSCSIVolumeTestJSON-42152759 tempest-AttachSCSIVolumeTestJSON-42152759-project-member] The cell worker thread pool ForkProcess-3.cell_worker is initialized
Jun 24 04:21:22.694477 np0000003512 nova-conductor[98742]: DEBUG oslo_concurrency.lockutils [None req-0bd6a03f-d95d-43d9-be98-4d99291b9257 tempest-AttachSCSIVolumeTestJSON-42152759 tempest-AttachSCSIVolumeTestJSON-42152759-project-member] Acquiring lock "00000000-0000-0000-0000-000000000000" by "nova.context.set_target_cell..get_or_set_cached_cell_and_set_connections" {{(pid=98742) inner /opt/stack/data/venv/lib/python3.12/site-packages/oslo_concurrency/lockutils.py:511}}
Jun 24 04:21:22.694731 np0000003512 nova-conductor[98742]: DEBUG oslo_concurrency.lockutils [None req-0bd6a03f-d95d-43d9-be98-4d99291b9257 tempest-AttachSCSIVolumeTestJSON-42152759 tempest-AttachSCSIVolumeTestJSON-42152759-project-member] Lock "00000000-0000-0000-0000-000000000000" acquired by "nova.context.set_target_cell..get_or_set_cached_cell_and_set_connections" :: waited 0.000s {{(pid=98742) inner /opt/stack/data/venv/lib/python3.12/site-packages/oslo_concurrency/lockutils.py:524}}
Jun 24 04:21:22.695131 np0000003512 nova-conductor[98742]: DEBUG oslo_concurrency.lockutils [None req-0bd6a03f-d95d-43d9-be98-4d99291b9257 tempest-AttachSCSIVolumeTestJSON-42152759 tempest-AttachSCSIVolumeTestJSON-42152759-project-member] Lock "00000000-0000-0000-0000-000000000000" "released" by "nova.context.set_target_cell..get_or_set_cached_cell_and_set_connections" :: held 0.000s {{(pid=98742) inner /opt/stack/data/venv/lib/python3.12/site-packages/oslo_concurrency/lockutils.py:543}}
Jun 24 04:21:22.695789 np0000003512 nova-conductor[98742]: DEBUG oslo_concurrency.lockutils [None req-0bd6a03f-d95d-43d9-be98-4d99291b9257 tempest-AttachSCSIVolumeTestJSON-42152759 tempest-AttachSCSIVolumeTestJSON-42152759-project-member] Acquiring lock "20e10925-d39e-4f34-afa1-3e2a88125ef5" by "nova.context.set_target_cell..get_or_set_cached_cell_and_set_connections" {{(pid=98742) inner /opt/stack/data/venv/lib/python3.12/site-packages/oslo_concurrency/lockutils.py:511}}
Jun 24 04:21:22.696356 np0000003512 nova-conductor[98742]: DEBUG oslo_concurrency.lockutils [None req-0bd6a03f-d95d-43d9-be98-4d99291b9257 tempest-AttachSCSIVolumeTestJSON-42152759 tempest-AttachSCSIVolumeTestJSON-42152759-project-member] Lock "20e10925-d39e-4f34-afa1-3e2a88125ef5" acquired by "nova.context.set_target_cell..get_or_set_cached_cell_and_set_connections" :: waited 0.000s {{(pid=98742) inner /opt/stack/data/venv/lib/python3.12/site-packages/oslo_concurrency/lockutils.py:524}}
Jun 24 04:21:22.696356 np0000003512 nova-conductor[98742]: DEBUG oslo_concurrency.lockutils [None req-0bd6a03f-d95d-43d9-be98-4d99291b9257 tempest-AttachSCSIVolumeTestJSON-42152759 tempest-AttachSCSIVolumeTestJSON-42152759-project-member] Lock "20e10925-d39e-4f34-afa1-3e2a88125ef5" "released" by "nova.context.set_target_cell..get_or_set_cached_cell_and_set_connections" :: held 0.000s {{(pid=98742) inner /opt/stack/data/venv/lib/python3.12/site-packages/oslo_concurrency/lockutils.py:543}}
Jun 24 04:21:22.697662 np0000003512 nova-conductor[98742]: INFO dbcounter [None req-0bd6a03f-d95d-43d9-be98-4d99291b9257 tempest-AttachSCSIVolumeTestJSON-42152759 tempest-AttachSCSIVolumeTestJSON-42152759-project-member] Registered counter for database nova_cell0
Jun 24 04:21:22.735581 np0000003512 nova-conductor[98742]: DEBUG oslo_db.sqlalchemy.engines [None req-0bd6a03f-d95d-43d9-be98-4d99291b9257 tempest-AttachSCSIVolumeTestJSON-42152759 tempest-AttachSCSIVolumeTestJSON-42152759-project-member] MySQL server mode set to STRICT_TRANS_TABLES,STRICT_ALL_TABLES,NO_ZERO_IN_DATE,NO_ZERO_DATE,ERROR_FOR_DIVISION_BY_ZERO,TRADITIONAL,NO_ENGINE_SUBSTITUTION {{(pid=98742) _check_effective_sql_mode /opt/stack/data/venv/lib/python3.12/site-packages/oslo_db/sqlalchemy/engines.py:325}}
Jun 24 04:21:22.740948 np0000003512 nova-conductor[98742]: DEBUG dbcounter [-] [98742] Writer thread running {{(pid=98742) stat_writer /opt/stack/data/venv/lib/python3.12/site-packages/dbcounter.py:102}}
Jun 24 04:21:22.749423 np0000003512 nova-conductor[98742]: DEBUG nova.quota [None req-0bd6a03f-d95d-43d9-be98-4d99291b9257 tempest-AttachSCSIVolumeTestJSON-42152759 tempest-AttachSCSIVolumeTestJSON-42152759-project-member] Getting quotas for project 21234d22212b44fcbd2d6768b2d6f18f. Resources: {'cores', 'instances', 'ram'} {{(pid=98742) _get_quotas /opt/stack/nova/nova/quota.py:392}}
Jun 24 04:21:22.752566 np0000003512 nova-conductor[98742]: DEBUG nova.quota [None req-0bd6a03f-d95d-43d9-be98-4d99291b9257 tempest-AttachSCSIVolumeTestJSON-42152759 tempest-AttachSCSIVolumeTestJSON-42152759-project-member] Getting quotas for user 6ff29f2222de411db1ad9ae7b19e78e4 and project 21234d22212b44fcbd2d6768b2d6f18f. Resources: {'cores', 'instances', 'ram'} {{(pid=98742) _get_quotas /opt/stack/nova/nova/quota.py:382}}
Jun 24 04:21:22.757276 np0000003512 nova-conductor[98742]: DEBUG nova.conductor.manager [None req-0bd6a03f-d95d-43d9-be98-4d99291b9257 tempest-AttachSCSIVolumeTestJSON-42152759 tempest-AttachSCSIVolumeTestJSON-42152759-project-member] [instance: d0edd010-1c9a-4cff-9b94-3acb31fe8b4b] Selected host: np0000003512; Selected node: np0000003512; Alternates: [] {{(pid=98742) schedule_and_build_instances /opt/stack/nova/nova/conductor/manager.py:1784}}
Jun 24 04:21:22.757723 np0000003512 nova-conductor[98742]: DEBUG oslo_concurrency.lockutils [None req-0bd6a03f-d95d-43d9-be98-4d99291b9257 tempest-AttachSCSIVolumeTestJSON-42152759 tempest-AttachSCSIVolumeTestJSON-42152759-project-member] Acquiring lock "20e10925-d39e-4f34-afa1-3e2a88125ef5" by "nova.context.set_target_cell..get_or_set_cached_cell_and_set_connections" {{(pid=98742) inner /opt/stack/data/venv/lib/python3.12/site-packages/oslo_concurrency/lockutils.py:511}}
Jun 24 04:21:22.757889 np0000003512 nova-conductor[98742]: DEBUG oslo_concurrency.lockutils [None req-0bd6a03f-d95d-43d9-be98-4d99291b9257 tempest-AttachSCSIVolumeTestJSON-42152759 tempest-AttachSCSIVolumeTestJSON-42152759-project-member] Lock "20e10925-d39e-4f34-afa1-3e2a88125ef5" acquired by "nova.context.set_target_cell..get_or_set_cached_cell_and_set_connections" :: waited 0.000s {{(pid=98742) inner /opt/stack/data/venv/lib/python3.12/site-packages/oslo_concurrency/lockutils.py:524}}
Jun 24 04:21:22.758047 np0000003512 nova-conductor[98742]: DEBUG oslo_concurrency.lockutils [None req-0bd6a03f-d95d-43d9-be98-4d99291b9257 tempest-AttachSCSIVolumeTestJSON-42152759 tempest-AttachSCSIVolumeTestJSON-42152759-project-member] Lock "20e10925-d39e-4f34-afa1-3e2a88125ef5" "released" by "nova.context.set_target_cell..get_or_set_cached_cell_and_set_connections" :: held 0.000s {{(pid=98742) inner /opt/stack/data/venv/lib/python3.12/site-packages/oslo_concurrency/lockutils.py:543}}
Jun 24 04:21:22.769098 np0000003512 nova-conductor[98742]: DEBUG nova.conductor.manager [None req-0bd6a03f-d95d-43d9-be98-4d99291b9257 tempest-AttachSCSIVolumeTestJSON-42152759 tempest-AttachSCSIVolumeTestJSON-42152759-project-member] [instance: d0edd010-1c9a-4cff-9b94-3acb31fe8b4b] block_device_mapping [BlockDeviceMapping(attachment_id=,boot_index=0,connection_info=None,created_at=,delete_on_termination=True,deleted=,deleted_at=,destination_type='local',device_name=None,device_type='disk',disk_bus=None,encrypted=False,encryption_format=None,encryption_options=None,encryption_secret_uuid=None,guest_format=None,id=,image_id='93d2b15c-d88a-4310-812f-d79c571f1bcd',instance=,instance_uuid=,no_device=False,snapshot_id=None,source_type='image',tag=None,updated_at=,uuid=,volume_id=None,volume_size=None,volume_type=None)] {{(pid=98742) _create_block_device_mapping /opt/stack/nova/nova/conductor/manager.py:1529}}
Jun 24 04:21:22.770397 np0000003512 nova-conductor[98742]: DEBUG oslo_concurrency.lockutils [None req-0bd6a03f-d95d-43d9-be98-4d99291b9257 tempest-AttachSCSIVolumeTestJSON-42152759 tempest-AttachSCSIVolumeTestJSON-42152759-project-member] Acquiring lock "20e10925-d39e-4f34-afa1-3e2a88125ef5" by "nova.context.set_target_cell..get_or_set_cached_cell_and_set_connections" {{(pid=98742) inner /opt/stack/data/venv/lib/python3.12/site-packages/oslo_concurrency/lockutils.py:511}}
Jun 24 04:21:22.770487 np0000003512 nova-conductor[98742]: DEBUG oslo_concurrency.lockutils [None req-0bd6a03f-d95d-43d9-be98-4d99291b9257 tempest-AttachSCSIVolumeTestJSON-42152759 tempest-AttachSCSIVolumeTestJSON-42152759-project-member] Lock "20e10925-d39e-4f34-afa1-3e2a88125ef5" acquired by "nova.context.set_target_cell..get_or_set_cached_cell_and_set_connections" :: waited 0.000s {{(pid=98742) inner /opt/stack/data/venv/lib/python3.12/site-packages/oslo_concurrency/lockutils.py:524}}
Jun 24 04:21:22.770639 np0000003512 nova-conductor[98742]: DEBUG oslo_concurrency.lockutils [None req-0bd6a03f-d95d-43d9-be98-4d99291b9257 tempest-AttachSCSIVolumeTestJSON-42152759 tempest-AttachSCSIVolumeTestJSON-42152759-project-member] Lock "20e10925-d39e-4f34-afa1-3e2a88125ef5" "released" by "nova.context.set_target_cell..get_or_set_cached_cell_and_set_connections" :: held 0.000s {{(pid=98742) inner /opt/stack/data/venv/lib/python3.12/site-packages/oslo_concurrency/lockutils.py:543}}
Jun 24 04:21:22.824336 np0000003512 nova-conductor[98742]: DEBUG oslo_concurrency.lockutils [None req-0bd6a03f-d95d-43d9-be98-4d99291b9257 tempest-AttachSCSIVolumeTestJSON-42152759 tempest-AttachSCSIVolumeTestJSON-42152759-project-member] Acquiring lock "20e10925-d39e-4f34-afa1-3e2a88125ef5" by "nova.context.set_target_cell..get_or_set_cached_cell_and_set_connections" {{(pid=98742) inner /opt/stack/data/venv/lib/python3.12/site-packages/oslo_concurrency/lockutils.py:511}}
Jun 24 04:21:22.824815 np0000003512 nova-conductor[98742]: DEBUG oslo_concurrency.lockutils [None req-0bd6a03f-d95d-43d9-be98-4d99291b9257 tempest-AttachSCSIVolumeTestJSON-42152759 tempest-AttachSCSIVolumeTestJSON-42152759-project-member] Lock "20e10925-d39e-4f34-afa1-3e2a88125ef5" acquired by "nova.context.set_target_cell..get_or_set_cached_cell_and_set_connections" :: waited 0.000s {{(pid=98742) inner /opt/stack/data/venv/lib/python3.12/site-packages/oslo_concurrency/lockutils.py:524}}
