Jul 21 17:00:56.771713 np0000005585 devstack@g-api.service[100105]: DEBUG glance_store.location [-] Registering scheme swift+config with {'store': , 'location_class': , 'store_entry': 'swift'} {{(pid=100105) register_scheme_map /opt/stack/data/venv/lib/python3.12/site-packages/glance_store/location.py:146}}
Jul 21 17:00:56.771789 np0000005585 devstack@g-api.service[100105]: DEBUG glance_store.backend [-] Attempting to import store http {{(pid=100105) _load_store /opt/stack/data/venv/lib/python3.12/site-packages/glance_store/backend.py:215}}
Jul 21 17:00:56.772027 np0000005585 devstack@g-api.service[100105]: DEBUG glance_store.capabilities [-] Store glance_store._drivers.http.Store doesn't support updating dynamic storage capabilities. Please overwrite 'update_capabilities' method of the store to implement updating logics if needed. {{(pid=100105) update_capabilities /opt/stack/data/venv/lib/python3.12/site-packages/glance_store/capabilities.py:91}}
Jul 21 17:00:56.772096 np0000005585 devstack@g-api.service[100105]: DEBUG glance_store.backend [-] Registering store http with schemes ('http', 'https') {{(pid=100105) create_stores /opt/stack/data/venv/lib/python3.12/site-packages/glance_store/backend.py:261}}
Jul 21 17:00:56.772182 np0000005585 devstack@g-api.service[100105]: DEBUG glance_store.driver [-] Late loading location class glance_store._drivers.http.StoreLocation {{(pid=100105) get_store_location_class /opt/stack/data/venv/lib/python3.12/site-packages/glance_store/driver.py:134}}
Jul 21 17:00:56.772271 np0000005585 devstack@g-api.service[100105]: DEBUG glance_store.location [-] Registering scheme http with {'store': , 'location_class': , 'store_entry': 'http'} {{(pid=100105) register_scheme_map /opt/stack/data/venv/lib/python3.12/site-packages/glance_store/location.py:146}}
Jul 21 17:00:56.772330 np0000005585 devstack@g-api.service[100105]: DEBUG glance_store.location [-] Registering scheme https with {'store': , 'location_class': , 'store_entry': 'http'} {{(pid=100105) register_scheme_map /opt/stack/data/venv/lib/python3.12/site-packages/glance_store/location.py:146}}
Jul 21 17:00:56.772382 np0000005585 devstack@g-api.service[100105]: DEBUG glance_store.backend [-] Attempting to import store file {{(pid=100105) _load_store /opt/stack/data/venv/lib/python3.12/site-packages/glance_store/backend.py:215}}
Jul 21 17:00:56.772816 np0000005585 devstack@g-api.service[100105]: DEBUG glance_store.capabilities [-] Store glance_store._drivers.filesystem.Store doesn't support updating dynamic storage capabilities. Please overwrite 'update_capabilities' method of the store to implement updating logics if needed. {{(pid=100105) update_capabilities /opt/stack/data/venv/lib/python3.12/site-packages/glance_store/capabilities.py:91}}
Jul 21 17:00:56.772862 np0000005585 devstack@g-api.service[100105]: DEBUG glance_store.backend [-] Registering store file with schemes ('file', 'filesystem') {{(pid=100105) create_stores /opt/stack/data/venv/lib/python3.12/site-packages/glance_store/backend.py:261}}
Jul 21 17:00:56.772920 np0000005585 devstack@g-api.service[100105]: DEBUG glance_store.driver [-] Late loading location class glance_store._drivers.filesystem.StoreLocation {{(pid=100105) get_store_location_class /opt/stack/data/venv/lib/python3.12/site-packages/glance_store/driver.py:134}}
Jul 21 17:00:56.772995 np0000005585 devstack@g-api.service[100105]: DEBUG glance_store.location [-] Registering scheme file with {'store': , 'location_class': , 'store_entry': 'file'} {{(pid=100105) register_scheme_map /opt/stack/data/venv/lib/python3.12/site-packages/glance_store/location.py:146}}
Jul 21 17:00:56.773041 np0000005585 devstack@g-api.service[100105]: DEBUG glance_store.location [-] Registering scheme filesystem with {'store': , 'location_class': , 'store_entry': 'file'} {{(pid=100105) register_scheme_map /opt/stack/data/venv/lib/python3.12/site-packages/glance_store/location.py:146}}
Jul 21 17:00:56.773135 np0000005585 devstack@g-api.service[100105]: DEBUG glance_store.backend [-] Attempting to import store swift {{(pid=100105) _load_store /opt/stack/data/venv/lib/python3.12/site-packages/glance_store/backend.py:215}}
Jul 21 17:00:56.774149 np0000005585 devstack@g-api.service[100105]: DEBUG glance_store.capabilities [-] Store glance_store._drivers.swift.store.SingleTenantStore doesn't support updating dynamic storage capabilities. Please overwrite 'update_capabilities' method of the store to implement updating logics if needed. {{(pid=100105) update_capabilities /opt/stack/data/venv/lib/python3.12/site-packages/glance_store/capabilities.py:91}}
Jul 21 17:00:56.774214 np0000005585 devstack@g-api.service[100105]: DEBUG glance_store.driver [-] Late loading location class glance_store._drivers.swift.store.StoreLocation {{(pid=100105) get_store_location_class /opt/stack/data/venv/lib/python3.12/site-packages/glance_store/driver.py:134}}
Jul 21 17:00:56.774307 np0000005585 devstack@g-api.service[100105]: DEBUG glance_store.location [-] Registering scheme swift+https with {'store': , 'location_class': , 'store_entry': 'swift'} {{(pid=100105) register_scheme_map /opt/stack/data/venv/lib/python3.12/site-packages/glance_store/location.py:146}}
Jul 21 17:00:56.774359 np0000005585 devstack@g-api.service[100105]: DEBUG glance_store.location [-] Registering scheme swift+https with {'store': , 'location_class': , 'store_entry': 'swift'} {{(pid=100105) register_scheme_map /opt/stack/data/venv/lib/python3.12/site-packages/glance_store/location.py:146}}
Jul 21 17:00:56.774403 np0000005585 devstack@g-api.service[100105]: DEBUG glance_store.location [-] Registering scheme swift with {'store': , 'location_class': , 'store_entry': 'swift'} {{(pid=100105) register_scheme_map /opt/stack/data/venv/lib/python3.12/site-packages/glance_store/location.py:146}}
Jul 21 17:00:56.774453 np0000005585 devstack@g-api.service[100105]: DEBUG glance_store.location [-] Registering scheme swift+https with {'store': , 'location_class': , 'store_entry': 'swift'} {{(pid=100105) register_scheme_map /opt/stack/data/venv/lib/python3.12/site-packages/glance_store/location.py:146}}
Jul 21 17:00:56.774502 np0000005585 devstack@g-api.service[100105]: DEBUG glance_store.location [-] Registering scheme swift with {'store': , 'location_class': , 'store_entry': 'swift'} {{(pid=100105) register_scheme_map /opt/stack/data/venv/lib/python3.12/site-packages/glance_store/location.py:146}}
Jul 21 17:00:56.774550 np0000005585 devstack@g-api.service[100105]: DEBUG glance_store.location [-] Registering scheme swift+http with {'store': , 'location_class': , 'store_entry': 'swift'} {{(pid=100105) register_scheme_map /opt/stack/data/venv/lib/python3.12/site-packages/glance_store/location.py:146}}
Jul 21 17:00:56.774618 np0000005585 devstack@g-api.service[100105]: DEBUG glance_store.location [-] Registering scheme swift+https with {'store': , 'location_class': , 'store_entry': 'swift'} {{(pid=100105) register_scheme_map /opt/stack/data/venv/lib/python3.12/site-packages/glance_store/location.py:146}}
Jul 21 17:00:56.774670 np0000005585 devstack@g-api.service[100105]: DEBUG glance_store.location [-] Registering scheme swift with {'store': , 'location_class': , 'store_entry': 'swift'} {{(pid=100105) register_scheme_map /opt/stack/data/venv/lib/python3.12/site-packages/glance_store/location.py:146}}
Jul 21 17:00:56.774723 np0000005585 devstack@g-api.service[100105]: DEBUG glance_store.location [-] Registering scheme swift+http with {'store': , 'location_class': , 'store_entry': 'swift'} {{(pid=100105) register_scheme_map /opt/stack/data/venv/lib/python3.12/site-packages/glance_store/location.py:146}}
Jul 21 17:00:56.774772 np0000005585 devstack@g-api.service[100105]: DEBUG glance_store.location [-] Registering scheme swift+config with {'store': , 'location_class': , 'store_entry': 'swift'} {{(pid=100105) register_scheme_map /opt/stack/data/venv/lib/python3.12/site-packages/glance_store/location.py:146}}
Jul 21 17:00:56.775025 np0000005585 devstack@g-api.service[100105]: DEBUG glance.sqlite_migration [-] SQLite caching database not located, skipping migration {{(pid=100105) get_db_path /opt/stack/glance/glance/sqlite_migration.py:68}}
Jul 21 17:00:56.775200 np0000005585 devstack@g-api.service[100105]: WARNING glance.common.wsgi_app [-] Import methods are enabled but staging directory /tmp/staging/ does not exist; Imports will fail!
Jul 21 17:00:56.896546 np0000005585 devstack@g-api.service[100103]: DEBUG glance.common.config [None req-33c387be-ea9e-4ae0-8fa9-a3c723d04303 None None] Loading glance-api-keystone+cachemanagement from /etc/glance/glance-api-paste.ini {{(pid=100103) load_paste_app /opt/stack/glance/glance/common/config.py:765}}
Jul 21 17:00:56.897253 np0000005585 devstack@g-api.service[100102]: DEBUG glance.common.config [None req-1d437dfd-6801-4bc3-b7f0-2d45252b1b8f None None] Loading glance-api-keystone+cachemanagement from /etc/glance/glance-api-paste.ini {{(pid=100102) load_paste_app /opt/stack/glance/glance/common/config.py:765}}
Jul 21 17:00:56.904977 np0000005585 devstack@g-api.service[100105]: DEBUG glance.common.config [None req-e4f434ef-5b95-4cc5-8744-7a2fccea15bc None None] Loading glance-api-keystone+cachemanagement from /etc/glance/glance-api-paste.ini {{(pid=100105) load_paste_app /opt/stack/glance/glance/common/config.py:765}}
Jul 21 17:00:57.501351 np0000005585 devstack@g-api.service[100103]: INFO glance.image_cache [None req-33c387be-ea9e-4ae0-8fa9-a3c723d04303 None None] Image cache loaded driver 'centralized_db'.
Jul 21 17:00:57.518171 np0000005585 devstack@g-api.service[100105]: INFO glance.image_cache [None req-e4f434ef-5b95-4cc5-8744-7a2fccea15bc None None] Image cache loaded driver 'centralized_db'.
Jul 21 17:00:57.519259 np0000005585 devstack@g-api.service[100102]: INFO glance.image_cache [None req-1d437dfd-6801-4bc3-b7f0-2d45252b1b8f None None] Image cache loaded driver 'centralized_db'.
Jul 21 17:00:57.545886 np0000005585 devstack@g-api.service[100103]: INFO dbcounter [None req-33c387be-ea9e-4ae0-8fa9-a3c723d04303 None None] Registered counter for database glance
Jul 21 17:00:57.565853 np0000005585 devstack@g-api.service[100105]: INFO dbcounter [None req-e4f434ef-5b95-4cc5-8744-7a2fccea15bc None None] Registered counter for database glance
Jul 21 17:00:57.566224 np0000005585 devstack@g-api.service[100102]: INFO dbcounter [None req-1d437dfd-6801-4bc3-b7f0-2d45252b1b8f None None] Registered counter for database glance
Jul 21 17:00:57.585757 np0000005585 devstack@g-api.service[100103]: DEBUG oslo_db.sqlalchemy.engines [None req-33c387be-ea9e-4ae0-8fa9-a3c723d04303 None None] MySQL server mode set to STRICT_TRANS_TABLES,STRICT_ALL_TABLES,NO_ZERO_IN_DATE,NO_ZERO_DATE,ERROR_FOR_DIVISION_BY_ZERO,TRADITIONAL,NO_ENGINE_SUBSTITUTION {{(pid=100103) _check_effective_sql_mode /opt/stack/data/venv/lib/python3.12/site-packages/oslo_db/sqlalchemy/engines.py:325}}
Jul 21 17:00:57.605835 np0000005585 devstack@g-api.service[100105]: DEBUG oslo_db.sqlalchemy.engines [None req-e4f434ef-5b95-4cc5-8744-7a2fccea15bc None None] MySQL server mode set to STRICT_TRANS_TABLES,STRICT_ALL_TABLES,NO_ZERO_IN_DATE,NO_ZERO_DATE,ERROR_FOR_DIVISION_BY_ZERO,TRADITIONAL,NO_ENGINE_SUBSTITUTION {{(pid=100105) _check_effective_sql_mode /opt/stack/data/venv/lib/python3.12/site-packages/oslo_db/sqlalchemy/engines.py:325}}
Jul 21 17:00:57.606869 np0000005585 devstack@g-api.service[100102]: DEBUG oslo_db.sqlalchemy.engines [None req-1d437dfd-6801-4bc3-b7f0-2d45252b1b8f None None] MySQL server mode set to STRICT_TRANS_TABLES,STRICT_ALL_TABLES,NO_ZERO_IN_DATE,NO_ZERO_DATE,ERROR_FOR_DIVISION_BY_ZERO,TRADITIONAL,NO_ENGINE_SUBSTITUTION {{(pid=100102) _check_effective_sql_mode /opt/stack/data/venv/lib/python3.12/site-packages/oslo_db/sqlalchemy/engines.py:325}}
Jul 21 17:00:57.608776 np0000005585 devstack@g-api.service[100103]: DEBUG dbcounter [-] [100103] Writer thread running {{(pid=100103) stat_writer /opt/stack/data/venv/lib/python3.12/site-packages/dbcounter.py:102}}
Jul 21 17:00:57.627626 np0000005585 devstack@g-api.service[100105]: DEBUG dbcounter [-] [100105] Writer thread running {{(pid=100105) stat_writer /opt/stack/data/venv/lib/python3.12/site-packages/dbcounter.py:102}}
Jul 21 17:00:57.630196 np0000005585 devstack@g-api.service[100105]: DEBUG glance.image_cache.drivers.centralized_db [None req-e4f434ef-5b95-4cc5-8744-7a2fccea15bc None None] Node reference is already recorded, ignoring it {{(pid=100105) configure /opt/stack/glance/glance/image_cache/drivers/centralized_db.py:71}}
Jul 21 17:00:57.630545 np0000005585 devstack@g-api.service[100102]: DEBUG dbcounter [-] [100102] Writer thread running {{(pid=100102) stat_writer /opt/stack/data/venv/lib/python3.12/site-packages/dbcounter.py:102}}
Jul 21 17:00:57.633129 np0000005585 devstack@g-api.service[100102]: DEBUG glance.image_cache.drivers.centralized_db [None req-1d437dfd-6801-4bc3-b7f0-2d45252b1b8f None None] Node reference is already recorded, ignoring it {{(pid=100102) configure /opt/stack/glance/glance/image_cache/drivers/centralized_db.py:71}}
Jul 21 17:00:57.637042 np0000005585 devstack@g-api.service[100105]: INFO glance.image_cache [None req-e4f434ef-5b95-4cc5-8744-7a2fccea15bc None None] Image cache loaded driver 'centralized_db'.
Jul 21 17:00:57.708052 np0000005585 devstack@g-api.service[100103]: INFO glance.image_cache [None req-33c387be-ea9e-4ae0-8fa9-a3c723d04303 None None] Image cache loaded driver 'centralized_db'.
Jul 21 17:00:57.715094 np0000005585 devstack@g-api.service[100103]: DEBUG glance.image_cache.drivers.centralized_db [None req-33c387be-ea9e-4ae0-8fa9-a3c723d04303 None None] Node reference is already recorded, ignoring it {{(pid=100103) configure /opt/stack/glance/glance/image_cache/drivers/centralized_db.py:71}}
Jul 21 17:00:57.719557 np0000005585 devstack@g-api.service[100103]: DEBUG glance.api.v2.cached_images [None req-33c387be-ea9e-4ae0-8fa9-a3c723d04303 None None] Started cache worker thread {{(pid=100103) __init__ /opt/stack/glance/glance/api/v2/cached_images.py:71}}
Jul 21 17:00:57.720294 np0000005585 devstack@g-api.service[100103]: INFO glance.image_cache [None req-33c387be-ea9e-4ae0-8fa9-a3c723d04303 None None] Image cache loaded driver 'centralized_db'.
Jul 21 17:00:57.726609 np0000005585 devstack@g-api.service[100103]: DEBUG glance.image_cache.drivers.centralized_db [None req-33c387be-ea9e-4ae0-8fa9-a3c723d04303 None None] Node reference is already recorded, ignoring it {{(pid=100103) configure /opt/stack/glance/glance/image_cache/drivers/centralized_db.py:71}}
Jul 21 17:00:57.731005 np0000005585 devstack@g-api.service[100103]: INFO glance.api.middleware.cache_manage [None req-33c387be-ea9e-4ae0-8fa9-a3c723d04303 None None] Initialized image cache management middleware
Jul 21 17:00:57.731152 np0000005585 devstack@g-api.service[100102]: INFO glance.image_cache [None req-1d437dfd-6801-4bc3-b7f0-2d45252b1b8f None None] Image cache loaded driver 'centralized_db'.
Jul 21 17:00:57.731213 np0000005585 devstack@g-api.service[100103]: INFO glance.image_cache [None req-33c387be-ea9e-4ae0-8fa9-a3c723d04303 None None] Image cache loaded driver 'centralized_db'.
Jul 21 17:00:57.734266 np0000005585 devstack@g-api.service[100105]: DEBUG glance.image_cache.drivers.centralized_db [None req-e4f434ef-5b95-4cc5-8744-7a2fccea15bc None None] Node reference is already recorded, ignoring it {{(pid=100105) configure /opt/stack/glance/glance/image_cache/drivers/centralized_db.py:71}}
Jul 21 17:00:57.737413 np0000005585 devstack@g-api.service[100103]: DEBUG glance.image_cache.drivers.centralized_db [None req-33c387be-ea9e-4ae0-8fa9-a3c723d04303 None None] Node reference is already recorded, ignoring it {{(pid=100103) configure /opt/stack/glance/glance/image_cache/drivers/centralized_db.py:71}}
Jul 21 17:00:57.737678 np0000005585 devstack@g-api.service[100102]: DEBUG glance.image_cache.drivers.centralized_db [None req-1d437dfd-6801-4bc3-b7f0-2d45252b1b8f None None] Node reference is already recorded, ignoring it {{(pid=100102) configure /opt/stack/glance/glance/image_cache/drivers/centralized_db.py:71}}
Jul 21 17:00:57.739171 np0000005585 devstack@g-api.service[100105]: DEBUG glance.api.v2.cached_images [None req-e4f434ef-5b95-4cc5-8744-7a2fccea15bc None None] Started cache worker thread {{(pid=100105) __init__ /opt/stack/glance/glance/api/v2/cached_images.py:71}}
Jul 21 17:00:57.739810 np0000005585 devstack@g-api.service[100105]: INFO glance.image_cache [None req-e4f434ef-5b95-4cc5-8744-7a2fccea15bc None None] Image cache loaded driver 'centralized_db'.
Jul 21 17:00:57.742226 np0000005585 devstack@g-api.service[100102]: DEBUG glance.api.v2.cached_images [None req-1d437dfd-6801-4bc3-b7f0-2d45252b1b8f None None] Started cache worker thread {{(pid=100102) __init__ /opt/stack/glance/glance/api/v2/cached_images.py:71}}
Jul 21 17:00:57.742440 np0000005585 devstack@g-api.service[100103]: INFO glance.api.middleware.cache [None req-33c387be-ea9e-4ae0-8fa9-a3c723d04303 None None] Initialized image cache middleware
Jul 21 17:00:57.742931 np0000005585 devstack@g-api.service[100102]: INFO glance.image_cache [None req-1d437dfd-6801-4bc3-b7f0-2d45252b1b8f None None] Image cache loaded driver 'centralized_db'.
Jul 21 17:00:57.746393 np0000005585 devstack@g-api.service[100105]: DEBUG glance.image_cache.drivers.centralized_db [None req-e4f434ef-5b95-4cc5-8744-7a2fccea15bc None None] Node reference is already recorded, ignoring it {{(pid=100105) configure /opt/stack/glance/glance/image_cache/drivers/centralized_db.py:71}}
Jul 21 17:00:57.749326 np0000005585 devstack@g-api.service[100102]: DEBUG glance.image_cache.drivers.centralized_db [None req-1d437dfd-6801-4bc3-b7f0-2d45252b1b8f None None] Node reference is already recorded, ignoring it {{(pid=100102) configure /opt/stack/glance/glance/image_cache/drivers/centralized_db.py:71}}
Jul 21 17:00:57.750895 np0000005585 devstack@g-api.service[100105]: INFO glance.api.middleware.cache_manage [None req-e4f434ef-5b95-4cc5-8744-7a2fccea15bc None None] Initialized image cache management middleware
Jul 21 17:00:57.751053 np0000005585 devstack@g-api.service[100105]: INFO glance.image_cache [None req-e4f434ef-5b95-4cc5-8744-7a2fccea15bc None None] Image cache loaded driver 'centralized_db'.
Jul 21 17:00:57.752792 np0000005585 devstack@g-api.service[100103]: DEBUG glance.common.config [None req-33c387be-ea9e-4ae0-8fa9-a3c723d04303 None None] ******************************************************************************** {{(pid=100103) log_opt_values /opt/stack/data/venv/lib/python3.12/site-packages/oslo_config/cfg.py:3226}}
Jul 21 17:00:57.752906 np0000005585 devstack@g-api.service[100103]: DEBUG glance.common.config [None req-33c387be-ea9e-4ae0-8fa9-a3c723d04303 None None] Configuration options gathered from: {{(pid=100103) log_opt_values /opt/stack/data/venv/lib/python3.12/site-packages/oslo_config/cfg.py:3227}}
Jul 21 17:00:57.753239 np0000005585 devstack@g-api.service[100103]: DEBUG glance.common.config [None req-33c387be-ea9e-4ae0-8fa9-a3c723d04303 None None] command line args: [] {{(pid=100103) log_opt_values /opt/stack/data/venv/lib/python3.12/site-packages/oslo_config/cfg.py:3228}}
Jul 21 17:00:57.753396 np0000005585 devstack@g-api.service[100103]: DEBUG glance.common.config [None req-33c387be-ea9e-4ae0-8fa9-a3c723d04303 None None] config files: ['/etc/glance/glance-image-import.conf', '/etc/glance/glance-api.conf'] {{(pid=100103) log_opt_values /opt/stack/data/venv/lib/python3.12/site-packages/oslo_config/cfg.py:3229}}
Jul 21 17:00:57.753508 np0000005585 devstack@g-api.service[100103]: DEBUG glance.common.config [None req-33c387be-ea9e-4ae0-8fa9-a3c723d04303 None None] ================================================================================ {{(pid=100103) log_opt_values /opt/stack/data/venv/lib/python3.12/site-packages/oslo_config/cfg.py:3234}}
Jul 21 17:00:57.753565 np0000005585 devstack@g-api.service[100102]: INFO glance.api.middleware.cache_manage [None req-1d437dfd-6801-4bc3-b7f0-2d45252b1b8f None None] Initialized image cache management middleware
Jul 21 17:00:57.753706 np0000005585 devstack@g-api.service[100103]: DEBUG glance.common.config [None req-33c387be-ea9e-4ae0-8fa9-a3c723d04303 None None] allow_anonymous_access = False {{(pid=100103) log_opt_values /opt/stack/data/venv/lib/python3.12/site-packages/oslo_config/cfg.py:3242}}
Jul 21 17:00:57.753770 np0000005585 devstack@g-api.service[100102]: INFO glance.image_cache [None req-1d437dfd-6801-4bc3-b7f0-2d45252b1b8f None None] Image cache loaded driver 'centralized_db'.
Jul 21 17:00:57.753858 np0000005585 devstack@g-api.service[100103]: DEBUG glance.common.config [None req-33c387be-ea9e-4ae0-8fa9-a3c723d04303 None None] api_limit_max = 1000 {{(pid=100103) log_opt_values /opt/stack/data/venv/lib/python3.12/site-packages/oslo_config/cfg.py:3242}}
Jul 21 17:00:57.754018 np0000005585 devstack@g-api.service[100103]: DEBUG glance.common.config [None req-33c387be-ea9e-4ae0-8fa9-a3c723d04303 None None] config_dir = [] {{(pid=100103) log_opt_values /opt/stack/data/venv/lib/python3.12/site-packages/oslo_config/cfg.py:3242}}
Jul 21 17:00:57.754127 np0000005585 devstack@g-api.service[100103]: DEBUG glance.common.config [None req-33c387be-ea9e-4ae0-8fa9-a3c723d04303 None None] config_file = ['/etc/glance/glance-image-import.conf', '/etc/glance/glance-api.conf'] {{(pid=100103) log_opt_values /opt/stack/data/venv/lib/python3.12/site-packages/oslo_config/cfg.py:3242}}
Jul 21 17:00:57.754268 np0000005585 devstack@g-api.service[100103]: DEBUG glance.common.config [None req-33c387be-ea9e-4ae0-8fa9-a3c723d04303 None None] config_source = [] {{(pid=100103) log_opt_values /opt/stack/data/venv/lib/python3.12/site-packages/oslo_config/cfg.py:3242}}
Jul 21 17:00:57.754413 np0000005585 devstack@g-api.service[100103]: DEBUG glance.common.config [None req-33c387be-ea9e-4ae0-8fa9-a3c723d04303 None None] control_exchange = glance {{(pid=100103) log_opt_values /opt/stack/data/venv/lib/python3.12/site-packages/oslo_config/cfg.py:3242}}
Jul 21 17:00:57.754519 np0000005585 devstack@g-api.service[100103]: DEBUG glance.common.config [None req-33c387be-ea9e-4ae0-8fa9-a3c723d04303 None None] debug = True {{(pid=100103) log_opt_values /opt/stack/data/venv/lib/python3.12/site-packages/oslo_config/cfg.py:3242}}
Jul 21 17:00:57.754767 np0000005585 devstack@g-api.service[100103]: DEBUG glance.common.config [None req-33c387be-ea9e-4ae0-8fa9-a3c723d04303 None None] default_log_levels = ['amqp=WARN', 'boto=WARN', 'sqlalchemy=WARN', 'suds=INFO', 'oslo.messaging=INFO', 'oslo_messaging=INFO', 'iso8601=WARN', 'requests.packages.urllib3.connectionpool=WARN', 'urllib3.connectionpool=WARN', 'websocket=WARN', 'requests.packages.urllib3.util.retry=WARN', 'urllib3.util.retry=WARN', 'keystonemiddleware=WARN', 'routes.middleware=WARN', 'stevedore=WARN', 'taskflow=WARN', 'keystoneauth=WARN', 'oslo.cache=INFO', 'oslo_policy=INFO', 'dogpile.core.dogpile=INFO'] {{(pid=100103) log_opt_values /opt/stack/data/venv/lib/python3.12/site-packages/oslo_config/cfg.py:3242}}
Jul 21 17:00:57.754907 np0000005585 devstack@g-api.service[100103]: DEBUG glance.common.config [None req-33c387be-ea9e-4ae0-8fa9-a3c723d04303 None None] default_publisher_id = image.localhost {{(pid=100103) log_opt_values /opt/stack/data/venv/lib/python3.12/site-packages/oslo_config/cfg.py:3242}}
Jul 21 17:00:57.755057 np0000005585 devstack@g-api.service[100103]: DEBUG glance.common.config [None req-33c387be-ea9e-4ae0-8fa9-a3c723d04303 None None] delayed_delete = False {{(pid=100103) log_opt_values /opt/stack/data/venv/lib/python3.12/site-packages/oslo_config/cfg.py:3242}}
Jul 21 17:00:57.755200 np0000005585 devstack@g-api.service[100103]: DEBUG glance.common.config [None req-33c387be-ea9e-4ae0-8fa9-a3c723d04303 None None] digest_algorithm = sha256 {{(pid=100103) log_opt_values /opt/stack/data/venv/lib/python3.12/site-packages/oslo_config/cfg.py:3242}}
Jul 21 17:00:57.755339 np0000005585 devstack@g-api.service[100103]: DEBUG glance.common.config [None req-33c387be-ea9e-4ae0-8fa9-a3c723d04303 None None] disabled_notifications = [] {{(pid=100103) log_opt_values /opt/stack/data/venv/lib/python3.12/site-packages/oslo_config/cfg.py:3242}}
Jul 21 17:00:57.755473 np0000005585 devstack@g-api.service[100103]: DEBUG glance.common.config [None req-33c387be-ea9e-4ae0-8fa9-a3c723d04303 None None] do_secure_hash = True {{(pid=100103) log_opt_values /opt/stack/data/venv/lib/python3.12/site-packages/oslo_config/cfg.py:3242}}
Jul 21 17:00:57.755627 np0000005585 devstack@g-api.service[100103]: DEBUG glance.common.config [None req-33c387be-ea9e-4ae0-8fa9-a3c723d04303 None None] enabled_backends = None {{(pid=100103) log_opt_values /opt/stack/data/venv/lib/python3.12/site-packages/oslo_config/cfg.py:3242}}
Jul 21 17:00:57.755810 np0000005585 devstack@g-api.service[100103]: DEBUG glance.common.config [None req-33c387be-ea9e-4ae0-8fa9-a3c723d04303 None None] enabled_import_methods = ['glance-direct', 'web-download', 'copy-image'] {{(pid=100103) log_opt_values /opt/stack/data/venv/lib/python3.12/site-packages/oslo_config/cfg.py:3242}}
Jul 21 17:00:57.755921 np0000005585 devstack@g-api.service[100103]: DEBUG glance.common.config [None req-33c387be-ea9e-4ae0-8fa9-a3c723d04303 None None] fatal_deprecations = False {{(pid=100103) log_opt_values /opt/stack/data/venv/lib/python3.12/site-packages/oslo_config/cfg.py:3242}}
Jul 21 17:00:57.756082 np0000005585 devstack@g-api.service[100103]: DEBUG glance.common.config [None req-33c387be-ea9e-4ae0-8fa9-a3c723d04303 None None] hashing_algorithm = sha512 {{(pid=100103) log_opt_values /opt/stack/data/venv/lib/python3.12/site-packages/oslo_config/cfg.py:3242}}
Jul 21 17:00:57.756218 np0000005585 devstack@g-api.service[100103]: DEBUG glance.common.config [None req-33c387be-ea9e-4ae0-8fa9-a3c723d04303 None None] http_retries = 3 {{(pid=100103) log_opt_values /opt/stack/data/venv/lib/python3.12/site-packages/oslo_config/cfg.py:3242}}
Jul 21 17:00:57.756359 np0000005585 devstack@g-api.service[100103]: DEBUG glance.common.config [None req-33c387be-ea9e-4ae0-8fa9-a3c723d04303 None None] image_cache_dir = /opt/stack/data/glance/cache/ {{(pid=100103) log_opt_values /opt/stack/data/venv/lib/python3.12/site-packages/oslo_config/cfg.py:3242}}
Jul 21 17:00:57.756501 np0000005585 devstack@g-api.service[100103]: DEBUG glance.common.config [None req-33c387be-ea9e-4ae0-8fa9-a3c723d04303 None None] image_cache_driver = centralized_db {{(pid=100103) log_opt_values /opt/stack/data/venv/lib/python3.12/site-packages/oslo_config/cfg.py:3242}}
Jul 21 17:00:57.756658 np0000005585 devstack@g-api.service[100103]: DEBUG glance.common.config [None req-33c387be-ea9e-4ae0-8fa9-a3c723d04303 None None] image_cache_max_size = 10737418240 {{(pid=100103) log_opt_values /opt/stack/data/venv/lib/python3.12/site-packages/oslo_config/cfg.py:3242}}
Jul 21 17:00:57.756799 np0000005585 devstack@g-api.service[100103]: DEBUG glance.common.config [None req-33c387be-ea9e-4ae0-8fa9-a3c723d04303 None None] image_cache_sqlite_db = cache.db {{(pid=100103) log_opt_values /opt/stack/data/venv/lib/python3.12/site-packages/oslo_config/cfg.py:3242}}
Jul 21 17:00:57.756932 np0000005585 devstack@g-api.service[100103]: DEBUG glance.common.config [None req-33c387be-ea9e-4ae0-8fa9-a3c723d04303 None None] image_cache_stall_time = 86400 {{(pid=100103) log_opt_values /opt/stack/data/venv/lib/python3.12/site-packages/oslo_config/cfg.py:3242}}
Jul 21 17:00:57.757075 np0000005585 devstack@g-api.service[100103]: DEBUG glance.common.config [None req-33c387be-ea9e-4ae0-8fa9-a3c723d04303 None None] image_location_quota = 10 {{(pid=100103) log_opt_values /opt/stack/data/venv/lib/python3.12/site-packages/oslo_config/cfg.py:3242}}
Jul 21 17:00:57.757208 np0000005585 devstack@g-api.service[100103]: DEBUG glance.common.config [None req-33c387be-ea9e-4ae0-8fa9-a3c723d04303 None None] image_member_quota = 128 {{(pid=100103) log_opt_values /opt/stack/data/venv/lib/python3.12/site-packages/oslo_config/cfg.py:3242}}
Jul 21 17:00:57.757278 np0000005585 devstack@g-api.service[100105]: DEBUG glance.image_cache.drivers.centralized_db [None req-e4f434ef-5b95-4cc5-8744-7a2fccea15bc None None] Node reference is already recorded, ignoring it {{(pid=100105) configure /opt/stack/glance/glance/image_cache/drivers/centralized_db.py:71}}
Jul 21 17:00:57.757350 np0000005585 devstack@g-api.service[100103]: DEBUG glance.common.config [None req-33c387be-ea9e-4ae0-8fa9-a3c723d04303 None None] image_property_quota = 128 {{(pid=100103) log_opt_values /opt/stack/data/venv/lib/python3.12/site-packages/oslo_config/cfg.py:3242}}
Jul 21 17:00:57.757491 np0000005585 devstack@g-api.service[100103]: DEBUG glance.common.config [None req-33c387be-ea9e-4ae0-8fa9-a3c723d04303 None None] image_size_cap = 1099511627776 {{(pid=100103) log_opt_values /opt/stack/data/venv/lib/python3.12/site-packages/oslo_config/cfg.py:3242}}
Jul 21 17:00:57.757643 np0000005585 devstack@g-api.service[100103]: DEBUG glance.common.config [None req-33c387be-ea9e-4ae0-8fa9-a3c723d04303 None None] image_tag_quota = 128 {{(pid=100103) log_opt_values /opt/stack/data/venv/lib/python3.12/site-packages/oslo_config/cfg.py:3242}}
Jul 21 17:00:57.757787 np0000005585 devstack@g-api.service[100103]: DEBUG glance.common.config [None req-33c387be-ea9e-4ae0-8fa9-a3c723d04303 None None] instance_format = [instance: %(uuid)s] {{(pid=100103) log_opt_values /opt/stack/data/venv/lib/python3.12/site-packages/oslo_config/cfg.py:3242}}
Jul 21 17:00:57.757929 np0000005585 devstack@g-api.service[100103]: DEBUG glance.common.config [None req-33c387be-ea9e-4ae0-8fa9-a3c723d04303 None None] instance_uuid_format = [instance: %(uuid)s] {{(pid=100103) log_opt_values /opt/stack/data/venv/lib/python3.12/site-packages/oslo_config/cfg.py:3242}}
Jul 21 17:00:57.758075 np0000005585 devstack@g-api.service[100103]: DEBUG glance.common.config [None req-33c387be-ea9e-4ae0-8fa9-a3c723d04303 None None] limit_param_default = 25 {{(pid=100103) log_opt_values /opt/stack/data/venv/lib/python3.12/site-packages/oslo_config/cfg.py:3242}}
Jul 21 17:00:57.758221 np0000005585 devstack@g-api.service[100103]: DEBUG glance.common.config [None req-33c387be-ea9e-4ae0-8fa9-a3c723d04303 None None] log_color = False {{(pid=100103) log_opt_values /opt/stack/data/venv/lib/python3.12/site-packages/oslo_config/cfg.py:3242}}
Jul 21 17:00:57.758359 np0000005585 devstack@g-api.service[100103]: DEBUG glance.common.config [None req-33c387be-ea9e-4ae0-8fa9-a3c723d04303 None None] log_config_append = None {{(pid=100103) log_opt_values /opt/stack/data/venv/lib/python3.12/site-packages/oslo_config/cfg.py:3242}}
Jul 21 17:00:57.758501 np0000005585 devstack@g-api.service[100103]: DEBUG glance.common.config [None req-33c387be-ea9e-4ae0-8fa9-a3c723d04303 None None] log_date_format = %Y-%m-%d %H:%M:%S {{(pid=100103) log_opt_values /opt/stack/data/venv/lib/python3.12/site-packages/oslo_config/cfg.py:3242}}
Jul 21 17:00:57.758661 np0000005585 devstack@g-api.service[100103]: DEBUG glance.common.config [None req-33c387be-ea9e-4ae0-8fa9-a3c723d04303 None None] log_dir = None {{(pid=100103) log_opt_values /opt/stack/data/venv/lib/python3.12/site-packages/oslo_config/cfg.py:3242}}
Jul 21 17:00:57.758852 np0000005585 devstack@g-api.service[100103]: DEBUG glance.common.config [None req-33c387be-ea9e-4ae0-8fa9-a3c723d04303 None None] log_file = None {{(pid=100103) log_opt_values /opt/stack/data/venv/lib/python3.12/site-packages/oslo_config/cfg.py:3242}}
Jul 21 17:00:57.758914 np0000005585 devstack@g-api.service[100103]: DEBUG glance.common.config [None req-33c387be-ea9e-4ae0-8fa9-a3c723d04303 None None] log_rotate_interval = 1 {{(pid=100103) log_opt_values /opt/stack/data/venv/lib/python3.12/site-packages/oslo_config/cfg.py:3242}}
Jul 21 17:00:57.759070 np0000005585 devstack@g-api.service[100103]: DEBUG glance.common.config [None req-33c387be-ea9e-4ae0-8fa9-a3c723d04303 None None] log_rotate_interval_type = days {{(pid=100103) log_opt_values /opt/stack/data/venv/lib/python3.12/site-packages/oslo_config/cfg.py:3242}}
Jul 21 17:00:57.759210 np0000005585 devstack@g-api.service[100103]: DEBUG glance.common.config [None req-33c387be-ea9e-4ae0-8fa9-a3c723d04303 None None] log_rotation_type = none {{(pid=100103) log_opt_values /opt/stack/data/venv/lib/python3.12/site-packages/oslo_config/cfg.py:3242}}
Jul 21 17:00:57.759325 np0000005585 devstack@g-api.service[100103]: DEBUG glance.common.config [None req-33c387be-ea9e-4ae0-8fa9-a3c723d04303 None None] logging_context_format_string = %(color)s%(levelname)s %(name)s [%(global_request_id)s %(request_id)s %(project_name)s %(user_name)s%(color)s] %(instance)s%(color)s%(message)s {{(pid=100103) log_opt_values /opt/stack/data/venv/lib/python3.12/site-packages/oslo_config/cfg.py:3242}}
Jul 21 17:00:57.759435 np0000005585 devstack@g-api.service[100103]: DEBUG glance.common.config [None req-33c387be-ea9e-4ae0-8fa9-a3c723d04303 None None] logging_debug_format_suffix = {{(pid=%(process)d) %(funcName)s %(pathname)s:%(lineno)d}} {{(pid=100103) log_opt_values /opt/stack/data/venv/lib/python3.12/site-packages/oslo_config/cfg.py:3242}}
Jul 21 17:00:57.759581 np0000005585 devstack@g-api.service[100103]: DEBUG glance.common.config [None req-33c387be-ea9e-4ae0-8fa9-a3c723d04303 None None] logging_default_format_string = %(color)s%(levelname)s %(name)s [-%(color)s] %(instance)s%(color)s%(message)s {{(pid=100103) log_opt_values /opt/stack/data/venv/lib/python3.12/site-packages/oslo_config/cfg.py:3242}}
Jul 21 17:00:57.759696 np0000005585 devstack@g-api.service[100102]: DEBUG glance.image_cache.drivers.centralized_db [None req-1d437dfd-6801-4bc3-b7f0-2d45252b1b8f None None] Node reference is already recorded, ignoring it {{(pid=100102) configure /opt/stack/glance/glance/image_cache/drivers/centralized_db.py:71}}
Jul 21 17:00:57.759754 np0000005585 devstack@g-api.service[100103]: DEBUG glance.common.config [None req-33c387be-ea9e-4ae0-8fa9-a3c723d04303 None None] logging_exception_prefix = ERROR %(name)s %(instance)s {{(pid=100103) log_opt_values /opt/stack/data/venv/lib/python3.12/site-packages/oslo_config/cfg.py:3242}}
Jul 21 17:00:57.759851 np0000005585 devstack@g-api.service[100103]: DEBUG glance.common.config [None req-33c387be-ea9e-4ae0-8fa9-a3c723d04303 None None] logging_user_identity_format = %(user)s %(project)s %(domain)s %(system_scope)s %(user_domain)s %(project_domain)s {{(pid=100103) log_opt_values /opt/stack/data/venv/lib/python3.12/site-packages/oslo_config/cfg.py:3242}}
Jul 21 17:00:57.760002 np0000005585 devstack@g-api.service[100103]: DEBUG glance.common.config [None req-33c387be-ea9e-4ae0-8fa9-a3c723d04303 None None] max_logfile_count = 30 {{(pid=100103) log_opt_values /opt/stack/data/venv/lib/python3.12/site-packages/oslo_config/cfg.py:3242}}
Jul 21 17:00:57.760140 np0000005585 devstack@g-api.service[100103]: DEBUG glance.common.config [None req-33c387be-ea9e-4ae0-8fa9-a3c723d04303 None None] max_logfile_size_mb = 200 {{(pid=100103) log_opt_values /opt/stack/data/venv/lib/python3.12/site-packages/oslo_config/cfg.py:3242}}
Jul 21 17:00:57.760276 np0000005585 devstack@g-api.service[100103]: DEBUG glance.common.config [None req-33c387be-ea9e-4ae0-8fa9-a3c723d04303 None None] max_request_id_length = 64 {{(pid=100103) log_opt_values /opt/stack/data/venv/lib/python3.12/site-packages/oslo_config/cfg.py:3242}}
Jul 21 17:00:57.760413 np0000005585 devstack@g-api.service[100103]: DEBUG glance.common.config [None req-33c387be-ea9e-4ae0-8fa9-a3c723d04303 None None] metadata_encryption_key = **** {{(pid=100103) log_opt_values /opt/stack/data/venv/lib/python3.12/site-packages/oslo_config/cfg.py:3242}}
Jul 21 17:00:57.760552 np0000005585 devstack@g-api.service[100103]: DEBUG glance.common.config [None req-33c387be-ea9e-4ae0-8fa9-a3c723d04303 None None] node_staging_uri = file:///tmp/staging/ {{(pid=100103) log_opt_values /opt/stack/data/venv/lib/python3.12/site-packages/oslo_config/cfg.py:3242}}
Jul 21 17:00:57.760700 np0000005585 devstack@g-api.service[100103]: DEBUG glance.common.config [None req-33c387be-ea9e-4ae0-8fa9-a3c723d04303 None None] property_protection_file = None {{(pid=100103) log_opt_values /opt/stack/data/venv/lib/python3.12/site-packages/oslo_config/cfg.py:3242}}
Jul 21 17:00:57.760838 np0000005585 devstack@g-api.service[100105]: INFO glance.api.middleware.cache [None req-e4f434ef-5b95-4cc5-8744-7a2fccea15bc None None] Initialized image cache middleware
Jul 21 17:00:57.760900 np0000005585 devstack@g-api.service[100103]: DEBUG glance.common.config [None req-33c387be-ea9e-4ae0-8fa9-a3c723d04303 None None] property_protection_rule_format = roles {{(pid=100103) log_opt_values /opt/stack/data/venv/lib/python3.12/site-packages/oslo_config/cfg.py:3242}}
Jul 21 17:00:57.761000 np0000005585 devstack@g-api.service[100103]: DEBUG glance.common.config [None req-33c387be-ea9e-4ae0-8fa9-a3c723d04303 None None] public_endpoint = https://10.4.3.86/image {{(pid=100103) log_opt_values /opt/stack/data/venv/lib/python3.12/site-packages/oslo_config/cfg.py:3242}}
Jul 21 17:00:57.761137 np0000005585 devstack@g-api.service[100103]: DEBUG glance.common.config [None req-33c387be-ea9e-4ae0-8fa9-a3c723d04303 None None] publish_errors = False {{(pid=100103) log_opt_values /opt/stack/data/venv/lib/python3.12/site-packages/oslo_config/cfg.py:3242}}
Jul 21 17:00:57.761274 np0000005585 devstack@g-api.service[100103]: DEBUG glance.common.config [None req-33c387be-ea9e-4ae0-8fa9-a3c723d04303 None None] pydev_worker_debug_host = None {{(pid=100103) log_opt_values /opt/stack/data/venv/lib/python3.12/site-packages/oslo_config/cfg.py:3242}}
Jul 21 17:00:57.761415 np0000005585 devstack@g-api.service[100103]: DEBUG glance.common.config [None req-33c387be-ea9e-4ae0-8fa9-a3c723d04303 None None] pydev_worker_debug_port = 5678 {{(pid=100103) log_opt_values /opt/stack/data/venv/lib/python3.12/site-packages/oslo_config/cfg.py:3242}}
Jul 21 17:00:57.761550 np0000005585 devstack@g-api.service[100103]: DEBUG glance.common.config [None req-33c387be-ea9e-4ae0-8fa9-a3c723d04303 None None] rate_limit_burst = 0 {{(pid=100103) log_opt_values /opt/stack/data/venv/lib/python3.12/site-packages/oslo_config/cfg.py:3242}}
Jul 21 17:00:57.761768 np0000005585 devstack@g-api.service[100103]: DEBUG glance.common.config [None req-33c387be-ea9e-4ae0-8fa9-a3c723d04303 None None] rate_limit_except_level = CRITICAL {{(pid=100103) log_opt_values /opt/stack/data/venv/lib/python3.12/site-packages/oslo_config/cfg.py:3242}}
Jul 21 17:00:57.761843 np0000005585 devstack@g-api.service[100103]: DEBUG glance.common.config [None req-33c387be-ea9e-4ae0-8fa9-a3c723d04303 None None] rate_limit_interval = 0 {{(pid=100103) log_opt_values /opt/stack/data/venv/lib/python3.12/site-packages/oslo_config/cfg.py:3242}}
Jul 21 17:00:57.761996 np0000005585 devstack@g-api.service[100103]: DEBUG glance.common.config [None req-33c387be-ea9e-4ae0-8fa9-a3c723d04303 None None] scrub_pool_size = 1 {{(pid=100103) log_opt_values /opt/stack/data/venv/lib/python3.12/site-packages/oslo_config/cfg.py:3242}}
Jul 21 17:00:57.762130 np0000005585 devstack@g-api.service[100103]: DEBUG glance.common.config [None req-33c387be-ea9e-4ae0-8fa9-a3c723d04303 None None] scrub_time = 0 {{(pid=100103) log_opt_values /opt/stack/data/venv/lib/python3.12/site-packages/oslo_config/cfg.py:3242}}
Jul 21 17:00:57.762261 np0000005585 devstack@g-api.service[100103]: DEBUG glance.common.config [None req-33c387be-ea9e-4ae0-8fa9-a3c723d04303 None None] shell_completion = None {{(pid=100103) log_opt_values /opt/stack/data/venv/lib/python3.12/site-packages/oslo_config/cfg.py:3242}}
Jul 21 17:00:57.762404 np0000005585 devstack@g-api.service[100103]: DEBUG glance.common.config [None req-33c387be-ea9e-4ae0-8fa9-a3c723d04303 None None] show_image_direct_url = False {{(pid=100103) log_opt_values /opt/stack/data/venv/lib/python3.12/site-packages/oslo_config/cfg.py:3242}}
Jul 21 17:00:57.762690 np0000005585 devstack@g-api.service[100103]: WARNING oslo_config.cfg [None req-33c387be-ea9e-4ae0-8fa9-a3c723d04303 None None] Deprecated: Option "show_multiple_locations" from group "DEFAULT" is deprecated for removal (Use of this option, deprecated since Newton, is a security risk and will be removed once we figure out a way to satisfy those use cases that currently require it. An earlier announcement that the same functionality can be achieved with greater granularity by using policies is incorrect. You cannot work around this option via policy configuration at the present time, though that is the direction we believe the fix will take. Please keep an eye on the Glance release notes to stay up to date on progress in addressing this issue.). Its value may be silently ignored in the future.
Jul 21 17:00:57.762844 np0000005585 devstack@g-api.service[100103]: DEBUG glance.common.config [None req-33c387be-ea9e-4ae0-8fa9-a3c723d04303 None None] show_multiple_locations = False {{(pid=100103) log_opt_values /opt/stack/data/venv/lib/python3.12/site-packages/oslo_config/cfg.py:3242}}
Jul 21 17:00:57.762998 np0000005585 devstack@g-api.service[100103]: DEBUG glance.common.config [None req-33c387be-ea9e-4ae0-8fa9-a3c723d04303 None None] syslog_log_facility = LOG_USER {{(pid=100103) log_opt_values /opt/stack/data/venv/lib/python3.12/site-packages/oslo_config/cfg.py:3242}}
Jul 21 17:00:57.763141 np0000005585 devstack@g-api.service[100103]: DEBUG glance.common.config [None req-33c387be-ea9e-4ae0-8fa9-a3c723d04303 None None] transport_url = **** {{(pid=100103) log_opt_values /opt/stack/data/venv/lib/python3.12/site-packages/oslo_config/cfg.py:3242}}
Jul 21 17:00:57.763278 np0000005585 devstack@g-api.service[100103]: DEBUG glance.common.config [None req-33c387be-ea9e-4ae0-8fa9-a3c723d04303 None None] use_journal = False {{(pid=100103) log_opt_values /opt/stack/data/venv/lib/python3.12/site-packages/oslo_config/cfg.py:3242}}
Jul 21 17:00:57.763411 np0000005585 devstack@g-api.service[100103]: DEBUG glance.common.config [None req-33c387be-ea9e-4ae0-8fa9-a3c723d04303 None None] use_json = False {{(pid=100103) log_opt_values /opt/stack/data/venv/lib/python3.12/site-packages/oslo_config/cfg.py:3242}}
Jul 21 17:00:57.763552 np0000005585 devstack@g-api.service[100103]: DEBUG glance.common.config [None req-33c387be-ea9e-4ae0-8fa9-a3c723d04303 None None] use_keystone_limits = True {{(pid=100103) log_opt_values /opt/stack/data/venv/lib/python3.12/site-packages/oslo_config/cfg.py:3242}}
Jul 21 17:00:57.763702 np0000005585 devstack@g-api.service[100103]: DEBUG glance.common.config [None req-33c387be-ea9e-4ae0-8fa9-a3c723d04303 None None] use_stderr = False {{(pid=100103) log_opt_values /opt/stack/data/venv/lib/python3.12/site-packages/oslo_config/cfg.py:3242}}
Jul 21 17:00:57.763843 np0000005585 devstack@g-api.service[100103]: DEBUG glance.common.config [None req-33c387be-ea9e-4ae0-8fa9-a3c723d04303 None None] use_syslog = False {{(pid=100103) log_opt_values /opt/stack/data/venv/lib/python3.12/site-packages/oslo_config/cfg.py:3242}}
Jul 21 17:00:57.763998 np0000005585 devstack@g-api.service[100103]: DEBUG glance.common.config [None req-33c387be-ea9e-4ae0-8fa9-a3c723d04303 None None] user_storage_quota = 0 {{(pid=100103) log_opt_values /opt/stack/data/venv/lib/python3.12/site-packages/oslo_config/cfg.py:3242}}
Jul 21 17:00:57.764144 np0000005585 devstack@g-api.service[100103]: DEBUG glance.common.config [None req-33c387be-ea9e-4ae0-8fa9-a3c723d04303 None None] worker_self_reference_url = http://127.0.0.1:60999 {{(pid=100103) log_opt_values /opt/stack/data/venv/lib/python3.12/site-packages/oslo_config/cfg.py:3242}}
Jul 21 17:00:57.764217 np0000005585 devstack@g-api.service[100102]: INFO glance.api.middleware.cache [None req-1d437dfd-6801-4bc3-b7f0-2d45252b1b8f None None] Initialized image cache middleware
Jul 21 17:00:57.764307 np0000005585 devstack@g-api.service[100103]: DEBUG glance.common.config [None req-33c387be-ea9e-4ae0-8fa9-a3c723d04303 None None] oslo_concurrency.disable_process_locking = False {{(pid=100103) log_opt_values /opt/stack/data/venv/lib/python3.12/site-packages/oslo_config/cfg.py:3253}}
Jul 21 17:00:57.764457 np0000005585 devstack@g-api.service[100103]: DEBUG glance.common.config [None req-33c387be-ea9e-4ae0-8fa9-a3c723d04303 None None] oslo_concurrency.lock_path = /opt/stack/data/glance/locks {{(pid=100103) log_opt_values /opt/stack/data/venv/lib/python3.12/site-packages/oslo_config/cfg.py:3253}}
Jul 21 17:00:57.764615 np0000005585 devstack@g-api.service[100103]: DEBUG glance.common.config [None req-33c387be-ea9e-4ae0-8fa9-a3c723d04303 None None] oslo_middleware.enable_proxy_headers_parsing = False {{(pid=100103) log_opt_values /opt/stack/data/venv/lib/python3.12/site-packages/oslo_config/cfg.py:3253}}
Jul 21 17:00:57.764759 np0000005585 devstack@g-api.service[100103]: DEBUG glance.common.config [None req-33c387be-ea9e-4ae0-8fa9-a3c723d04303 None None] oslo_middleware.http_basic_auth_user_file = /etc/htpasswd {{(pid=100103) log_opt_values /opt/stack/data/venv/lib/python3.12/site-packages/oslo_config/cfg.py:3253}}
Jul 21 17:00:57.764901 np0000005585 devstack@g-api.service[100103]: DEBUG glance.common.config [None req-33c387be-ea9e-4ae0-8fa9-a3c723d04303 None None] paste_deploy.config_file = None {{(pid=100103) log_opt_values /opt/stack/data/venv/lib/python3.12/site-packages/oslo_config/cfg.py:3253}}
Jul 21 17:00:57.765072 np0000005585 devstack@g-api.service[100103]: DEBUG glance.common.config [None req-33c387be-ea9e-4ae0-8fa9-a3c723d04303 None None] paste_deploy.flavor = keystone+cachemanagement {{(pid=100103) log_opt_values /opt/stack/data/venv/lib/python3.12/site-packages/oslo_config/cfg.py:3253}}
Jul 21 17:00:57.765260 np0000005585 devstack@g-api.service[100103]: DEBUG glance.common.config [None req-33c387be-ea9e-4ae0-8fa9-a3c723d04303 None None] image_format.container_formats = ['ami', 'ari', 'aki', 'bare', 'ovf', 'ova', 'docker', 'compressed'] {{(pid=100103) log_opt_values /opt/stack/data/venv/lib/python3.12/site-packages/oslo_config/cfg.py:3253}}
Jul 21 17:00:57.765457 np0000005585 devstack@g-api.service[100103]: DEBUG glance.common.config [None req-33c387be-ea9e-4ae0-8fa9-a3c723d04303 None None] image_format.disk_formats = ['ami', 'ari', 'aki', 'vhd', 'vhdx', 'vmdk', 'raw', 'qcow2', 'vdi', 'iso', 'ploop'] {{(pid=100103) log_opt_values /opt/stack/data/venv/lib/python3.12/site-packages/oslo_config/cfg.py:3253}}
Jul 21 17:00:57.765610 np0000005585 devstack@g-api.service[100103]: DEBUG glance.common.config [None req-33c387be-ea9e-4ae0-8fa9-a3c723d04303 None None] image_format.gpt_safety_checks_nonfatal = [] {{(pid=100103) log_opt_values /opt/stack/data/venv/lib/python3.12/site-packages/oslo_config/cfg.py:3253}}
Jul 21 17:00:57.765760 np0000005585 devstack@g-api.service[100103]: DEBUG glance.common.config [None req-33c387be-ea9e-4ae0-8fa9-a3c723d04303 None None] image_format.require_image_format_match = True {{(pid=100103) log_opt_values /opt/stack/data/venv/lib/python3.12/site-packages/oslo_config/cfg.py:3253}}
Jul 21 17:00:57.765914 np0000005585 devstack@g-api.service[100103]: DEBUG glance.common.config [None req-33c387be-ea9e-4ae0-8fa9-a3c723d04303 None None] image_format.vmdk_allowed_types = ['streamOptimized', 'monolithicSparse'] {{(pid=100103) log_opt_values /opt/stack/data/venv/lib/python3.12/site-packages/oslo_config/cfg.py:3253}}
Jul 21 17:00:57.766078 np0000005585 devstack@g-api.service[100103]: DEBUG glance.common.config [None req-33c387be-ea9e-4ae0-8fa9-a3c723d04303 None None] task.task_executor = taskflow {{(pid=100103) log_opt_values /opt/stack/data/venv/lib/python3.12/site-packages/oslo_config/cfg.py:3253}}
Jul 21 17:00:57.766217 np0000005585 devstack@g-api.service[100103]: DEBUG glance.common.config [None req-33c387be-ea9e-4ae0-8fa9-a3c723d04303 None None] task.task_time_to_live = 48 {{(pid=100103) log_opt_values /opt/stack/data/venv/lib/python3.12/site-packages/oslo_config/cfg.py:3253}}
Jul 21 17:00:57.766359 np0000005585 devstack@g-api.service[100103]: DEBUG glance.common.config [None req-33c387be-ea9e-4ae0-8fa9-a3c723d04303 None None] task.work_dir = None {{(pid=100103) log_opt_values /opt/stack/data/venv/lib/python3.12/site-packages/oslo_config/cfg.py:3253}}
Jul 21 17:00:57.766510 np0000005585 devstack@g-api.service[100103]: DEBUG glance.common.config [None req-33c387be-ea9e-4ae0-8fa9-a3c723d04303 None None] wsgi.python_interpreter = /opt/stack/data/venv/bin/python3 {{(pid=100103) log_opt_values /opt/stack/data/venv/lib/python3.12/site-packages/oslo_config/cfg.py:3253}}
Jul 21 17:00:57.766664 np0000005585 devstack@g-api.service[100103]: DEBUG glance.common.config [None req-33c387be-ea9e-4ae0-8fa9-a3c723d04303 None None] wsgi.task_pool_threads = 16 {{(pid=100103) log_opt_values /opt/stack/data/venv/lib/python3.12/site-packages/oslo_config/cfg.py:3253}}
Jul 21 17:00:57.766809 np0000005585 devstack@g-api.service[100103]: DEBUG glance.common.config [None req-33c387be-ea9e-4ae0-8fa9-a3c723d04303 None None] import_filtering_opts.allowed_hosts = [] {{(pid=100103) log_opt_values /opt/stack/data/venv/lib/python3.12/site-packages/oslo_config/cfg.py:3253}}
Jul 21 17:00:57.766965 np0000005585 devstack@g-api.service[100103]: DEBUG glance.common.config [None req-33c387be-ea9e-4ae0-8fa9-a3c723d04303 None None] import_filtering_opts.allowed_ports = [80, 443] {{(pid=100103) log_opt_values /opt/stack/data/venv/lib/python3.12/site-packages/oslo_config/cfg.py:3253}}
Jul 21 17:00:57.767124 np0000005585 devstack@g-api.service[100103]: DEBUG glance.common.config [None req-33c387be-ea9e-4ae0-8fa9-a3c723d04303 None None] import_filtering_opts.allowed_schemes = ['http', 'https'] {{(pid=100103) log_opt_values /opt/stack/data/venv/lib/python3.12/site-packages/oslo_config/cfg.py:3253}}
Jul 21 17:00:57.767259 np0000005585 devstack@g-api.service[100103]: DEBUG glance.common.config [None req-33c387be-ea9e-4ae0-8fa9-a3c723d04303 None None] import_filtering_opts.disallowed_hosts = [] {{(pid=100103) log_opt_values /opt/stack/data/venv/lib/python3.12/site-packages/oslo_config/cfg.py:3253}}
