Jul 21 17:00:40.543442 np0000005585 nova-conductor[96179]: DEBUG cotyledon.oslo_config_glue [-] oslo_messaging_rabbit.rabbit_qos_prefetch_count = 0 {{(pid=96179) log_opt_values /opt/stack/data/venv/lib/python3.12/site-packages/oslo_config/cfg.py:3253}}
Jul 21 17:00:40.543442 np0000005585 nova-conductor[96179]: DEBUG cotyledon.oslo_config_glue [-] oslo_messaging_rabbit.rabbit_quorum_delivery_limit = 0 {{(pid=96179) log_opt_values /opt/stack/data/venv/lib/python3.12/site-packages/oslo_config/cfg.py:3253}}
Jul 21 17:00:40.543442 np0000005585 nova-conductor[96179]: DEBUG cotyledon.oslo_config_glue [-] oslo_messaging_rabbit.rabbit_quorum_max_memory_bytes = 0 {{(pid=96179) log_opt_values /opt/stack/data/venv/lib/python3.12/site-packages/oslo_config/cfg.py:3253}}
Jul 21 17:00:40.543442 np0000005585 nova-conductor[96179]: DEBUG cotyledon.oslo_config_glue [-] oslo_messaging_rabbit.rabbit_quorum_max_memory_length = 0 {{(pid=96179) log_opt_values /opt/stack/data/venv/lib/python3.12/site-packages/oslo_config/cfg.py:3253}}
Jul 21 17:00:40.543442 np0000005585 nova-conductor[96179]: DEBUG cotyledon.oslo_config_glue [-] oslo_messaging_rabbit.rabbit_quorum_queue = False {{(pid=96179) log_opt_values /opt/stack/data/venv/lib/python3.12/site-packages/oslo_config/cfg.py:3253}}
Jul 21 17:00:40.543442 np0000005585 nova-conductor[96179]: DEBUG cotyledon.oslo_config_glue [-] oslo_messaging_rabbit.rabbit_retry_backoff = 2 {{(pid=96179) log_opt_values /opt/stack/data/venv/lib/python3.12/site-packages/oslo_config/cfg.py:3253}}
Jul 21 17:00:40.543442 np0000005585 nova-conductor[96179]: DEBUG cotyledon.oslo_config_glue [-] oslo_messaging_rabbit.rabbit_retry_interval = 1 {{(pid=96179) log_opt_values /opt/stack/data/venv/lib/python3.12/site-packages/oslo_config/cfg.py:3253}}
Jul 21 17:00:40.543442 np0000005585 nova-conductor[96179]: DEBUG cotyledon.oslo_config_glue [-] oslo_messaging_rabbit.rabbit_stream_fanout = False {{(pid=96179) log_opt_values /opt/stack/data/venv/lib/python3.12/site-packages/oslo_config/cfg.py:3253}}
Jul 21 17:00:40.543612 np0000005585 nova-conductor[96179]: DEBUG cotyledon.oslo_config_glue [-] oslo_messaging_rabbit.rabbit_transient_queues_ttl = 1800 {{(pid=96179) log_opt_values /opt/stack/data/venv/lib/python3.12/site-packages/oslo_config/cfg.py:3253}}
Jul 21 17:00:40.543612 np0000005585 nova-conductor[96179]: DEBUG cotyledon.oslo_config_glue [-] oslo_messaging_rabbit.rabbit_transient_quorum_queue = False {{(pid=96179) log_opt_values /opt/stack/data/venv/lib/python3.12/site-packages/oslo_config/cfg.py:3253}}
Jul 21 17:00:40.543612 np0000005585 nova-conductor[96179]: DEBUG cotyledon.oslo_config_glue [-] oslo_messaging_rabbit.rpc_conn_pool_size = 30 {{(pid=96179) log_opt_values /opt/stack/data/venv/lib/python3.12/site-packages/oslo_config/cfg.py:3253}}
Jul 21 17:00:40.543612 np0000005585 nova-conductor[96179]: DEBUG cotyledon.oslo_config_glue [-] oslo_messaging_rabbit.ssl = False {{(pid=96179) log_opt_values /opt/stack/data/venv/lib/python3.12/site-packages/oslo_config/cfg.py:3253}}
Jul 21 17:00:40.543612 np0000005585 nova-conductor[96179]: DEBUG cotyledon.oslo_config_glue [-] oslo_messaging_rabbit.ssl_ca_file = {{(pid=96179) log_opt_values /opt/stack/data/venv/lib/python3.12/site-packages/oslo_config/cfg.py:3253}}
Jul 21 17:00:40.543612 np0000005585 nova-conductor[96179]: DEBUG cotyledon.oslo_config_glue [-] oslo_messaging_rabbit.ssl_cert_file = {{(pid=96179) log_opt_values /opt/stack/data/venv/lib/python3.12/site-packages/oslo_config/cfg.py:3253}}
Jul 21 17:00:40.543612 np0000005585 nova-conductor[96179]: DEBUG cotyledon.oslo_config_glue [-] oslo_messaging_rabbit.ssl_enforce_fips_mode = False {{(pid=96179) log_opt_values /opt/stack/data/venv/lib/python3.12/site-packages/oslo_config/cfg.py:3253}}
Jul 21 17:00:40.543612 np0000005585 nova-conductor[96179]: DEBUG cotyledon.oslo_config_glue [-] oslo_messaging_rabbit.ssl_enforce_hostname_verification = True {{(pid=96179) log_opt_values /opt/stack/data/venv/lib/python3.12/site-packages/oslo_config/cfg.py:3253}}
Jul 21 17:00:40.543612 np0000005585 nova-conductor[96179]: DEBUG cotyledon.oslo_config_glue [-] oslo_messaging_rabbit.ssl_key_file = {{(pid=96179) log_opt_values /opt/stack/data/venv/lib/python3.12/site-packages/oslo_config/cfg.py:3253}}
Jul 21 17:00:40.543772 np0000005585 nova-conductor[96179]: DEBUG cotyledon.oslo_config_glue [-] oslo_messaging_rabbit.ssl_version = {{(pid=96179) log_opt_values /opt/stack/data/venv/lib/python3.12/site-packages/oslo_config/cfg.py:3253}}
Jul 21 17:00:40.543772 np0000005585 nova-conductor[96179]: DEBUG cotyledon.oslo_config_glue [-] oslo_messaging_rabbit.use_queue_manager = False {{(pid=96179) log_opt_values /opt/stack/data/venv/lib/python3.12/site-packages/oslo_config/cfg.py:3253}}
Jul 21 17:00:40.543772 np0000005585 nova-conductor[96179]: DEBUG cotyledon.oslo_config_glue [-] oslo_messaging_notifications.driver = ['messagingv2'] {{(pid=96179) log_opt_values /opt/stack/data/venv/lib/python3.12/site-packages/oslo_config/cfg.py:3253}}
Jul 21 17:00:40.543772 np0000005585 nova-conductor[96179]: DEBUG cotyledon.oslo_config_glue [-] oslo_messaging_notifications.retry = -1 {{(pid=96179) log_opt_values /opt/stack/data/venv/lib/python3.12/site-packages/oslo_config/cfg.py:3253}}
Jul 21 17:00:40.543772 np0000005585 nova-conductor[96179]: DEBUG cotyledon.oslo_config_glue [-] oslo_messaging_notifications.topics = ['notifications'] {{(pid=96179) log_opt_values /opt/stack/data/venv/lib/python3.12/site-packages/oslo_config/cfg.py:3253}}
Jul 21 17:00:40.543772 np0000005585 nova-conductor[96179]: DEBUG cotyledon.oslo_config_glue [-] oslo_messaging_notifications.transport_url = **** {{(pid=96179) log_opt_values /opt/stack/data/venv/lib/python3.12/site-packages/oslo_config/cfg.py:3253}}
Jul 21 17:00:40.543772 np0000005585 nova-conductor[96179]: DEBUG cotyledon.oslo_config_glue [-] oslo_limit.auth_section = None {{(pid=96179) log_opt_values /opt/stack/data/venv/lib/python3.12/site-packages/oslo_config/cfg.py:3253}}
Jul 21 17:00:40.543772 np0000005585 nova-conductor[96179]: DEBUG cotyledon.oslo_config_glue [-] oslo_limit.auth_type = None {{(pid=96179) log_opt_values /opt/stack/data/venv/lib/python3.12/site-packages/oslo_config/cfg.py:3253}}
Jul 21 17:00:40.543772 np0000005585 nova-conductor[96179]: DEBUG cotyledon.oslo_config_glue [-] oslo_limit.cafile = None {{(pid=96179) log_opt_values /opt/stack/data/venv/lib/python3.12/site-packages/oslo_config/cfg.py:3253}}
Jul 21 17:00:40.543932 np0000005585 nova-conductor[96179]: DEBUG cotyledon.oslo_config_glue [-] oslo_limit.certfile = None {{(pid=96179) log_opt_values /opt/stack/data/venv/lib/python3.12/site-packages/oslo_config/cfg.py:3253}}
Jul 21 17:00:40.543932 np0000005585 nova-conductor[96179]: DEBUG cotyledon.oslo_config_glue [-] oslo_limit.collect_timing = False {{(pid=96179) log_opt_values /opt/stack/data/venv/lib/python3.12/site-packages/oslo_config/cfg.py:3253}}
Jul 21 17:00:40.543932 np0000005585 nova-conductor[96179]: DEBUG cotyledon.oslo_config_glue [-] oslo_limit.connect_retries = None {{(pid=96179) log_opt_values /opt/stack/data/venv/lib/python3.12/site-packages/oslo_config/cfg.py:3253}}
Jul 21 17:00:40.543932 np0000005585 nova-conductor[96179]: DEBUG cotyledon.oslo_config_glue [-] oslo_limit.connect_retry_delay = None {{(pid=96179) log_opt_values /opt/stack/data/venv/lib/python3.12/site-packages/oslo_config/cfg.py:3253}}
Jul 21 17:00:40.543932 np0000005585 nova-conductor[96179]: DEBUG cotyledon.oslo_config_glue [-] oslo_limit.endpoint_id = None {{(pid=96179) log_opt_values /opt/stack/data/venv/lib/python3.12/site-packages/oslo_config/cfg.py:3253}}
Jul 21 17:00:40.543932 np0000005585 nova-conductor[96179]: DEBUG cotyledon.oslo_config_glue [-] oslo_limit.endpoint_interface = public {{(pid=96179) log_opt_values /opt/stack/data/venv/lib/python3.12/site-packages/oslo_config/cfg.py:3253}}
Jul 21 17:00:40.543932 np0000005585 nova-conductor[96179]: DEBUG cotyledon.oslo_config_glue [-] oslo_limit.endpoint_override = None {{(pid=96179) log_opt_values /opt/stack/data/venv/lib/python3.12/site-packages/oslo_config/cfg.py:3253}}
Jul 21 17:00:40.543932 np0000005585 nova-conductor[96179]: DEBUG cotyledon.oslo_config_glue [-] oslo_limit.endpoint_region_name = None {{(pid=96179) log_opt_values /opt/stack/data/venv/lib/python3.12/site-packages/oslo_config/cfg.py:3253}}
Jul 21 17:00:40.543932 np0000005585 nova-conductor[96179]: DEBUG cotyledon.oslo_config_glue [-] oslo_limit.endpoint_service_name = None {{(pid=96179) log_opt_values /opt/stack/data/venv/lib/python3.12/site-packages/oslo_config/cfg.py:3253}}
Jul 21 17:00:40.544115 np0000005585 nova-conductor[96179]: DEBUG cotyledon.oslo_config_glue [-] oslo_limit.endpoint_service_type = None {{(pid=96179) log_opt_values /opt/stack/data/venv/lib/python3.12/site-packages/oslo_config/cfg.py:3253}}
Jul 21 17:00:40.544115 np0000005585 nova-conductor[96179]: DEBUG cotyledon.oslo_config_glue [-] oslo_limit.insecure = False {{(pid=96179) log_opt_values /opt/stack/data/venv/lib/python3.12/site-packages/oslo_config/cfg.py:3253}}
Jul 21 17:00:40.544115 np0000005585 nova-conductor[96179]: DEBUG cotyledon.oslo_config_glue [-] oslo_limit.keyfile = None {{(pid=96179) log_opt_values /opt/stack/data/venv/lib/python3.12/site-packages/oslo_config/cfg.py:3253}}
Jul 21 17:00:40.544115 np0000005585 nova-conductor[96179]: DEBUG cotyledon.oslo_config_glue [-] oslo_limit.max_version = None {{(pid=96179) log_opt_values /opt/stack/data/venv/lib/python3.12/site-packages/oslo_config/cfg.py:3253}}
Jul 21 17:00:40.544115 np0000005585 nova-conductor[96179]: DEBUG cotyledon.oslo_config_glue [-] oslo_limit.min_version = None {{(pid=96179) log_opt_values /opt/stack/data/venv/lib/python3.12/site-packages/oslo_config/cfg.py:3253}}
Jul 21 17:00:40.544115 np0000005585 nova-conductor[96179]: DEBUG cotyledon.oslo_config_glue [-] oslo_limit.region_name = None {{(pid=96179) log_opt_values /opt/stack/data/venv/lib/python3.12/site-packages/oslo_config/cfg.py:3253}}
Jul 21 17:00:40.544115 np0000005585 nova-conductor[96179]: DEBUG cotyledon.oslo_config_glue [-] oslo_limit.retriable_status_codes = None {{(pid=96179) log_opt_values /opt/stack/data/venv/lib/python3.12/site-packages/oslo_config/cfg.py:3253}}
Jul 21 17:00:40.544115 np0000005585 nova-conductor[96179]: DEBUG cotyledon.oslo_config_glue [-] oslo_limit.service_name = None {{(pid=96179) log_opt_values /opt/stack/data/venv/lib/python3.12/site-packages/oslo_config/cfg.py:3253}}
Jul 21 17:00:40.544115 np0000005585 nova-conductor[96179]: DEBUG cotyledon.oslo_config_glue [-] oslo_limit.service_type = None {{(pid=96179) log_opt_values /opt/stack/data/venv/lib/python3.12/site-packages/oslo_config/cfg.py:3253}}
Jul 21 17:00:40.544281 np0000005585 nova-conductor[96179]: DEBUG cotyledon.oslo_config_glue [-] oslo_limit.split_loggers = False {{(pid=96179) log_opt_values /opt/stack/data/venv/lib/python3.12/site-packages/oslo_config/cfg.py:3253}}
Jul 21 17:00:40.544281 np0000005585 nova-conductor[96179]: DEBUG cotyledon.oslo_config_glue [-] oslo_limit.status_code_retries = None {{(pid=96179) log_opt_values /opt/stack/data/venv/lib/python3.12/site-packages/oslo_config/cfg.py:3253}}
Jul 21 17:00:40.544281 np0000005585 nova-conductor[96179]: DEBUG cotyledon.oslo_config_glue [-] oslo_limit.status_code_retry_delay = None {{(pid=96179) log_opt_values /opt/stack/data/venv/lib/python3.12/site-packages/oslo_config/cfg.py:3253}}
Jul 21 17:00:40.544281 np0000005585 nova-conductor[96179]: DEBUG cotyledon.oslo_config_glue [-] oslo_limit.timeout = None {{(pid=96179) log_opt_values /opt/stack/data/venv/lib/python3.12/site-packages/oslo_config/cfg.py:3253}}
Jul 21 17:00:40.544281 np0000005585 nova-conductor[96179]: DEBUG cotyledon.oslo_config_glue [-] oslo_limit.valid_interfaces = None {{(pid=96179) log_opt_values /opt/stack/data/venv/lib/python3.12/site-packages/oslo_config/cfg.py:3253}}
Jul 21 17:00:40.544281 np0000005585 nova-conductor[96179]: DEBUG cotyledon.oslo_config_glue [-] oslo_limit.version = None {{(pid=96179) log_opt_values /opt/stack/data/venv/lib/python3.12/site-packages/oslo_config/cfg.py:3253}}
Jul 21 17:00:40.544281 np0000005585 nova-conductor[96179]: DEBUG cotyledon.oslo_config_glue [-] oslo_reports.file_event_handler = None {{(pid=96179) log_opt_values /opt/stack/data/venv/lib/python3.12/site-packages/oslo_config/cfg.py:3253}}
Jul 21 17:00:40.544281 np0000005585 nova-conductor[96179]: DEBUG cotyledon.oslo_config_glue [-] oslo_reports.file_event_handler_interval = 1 {{(pid=96179) log_opt_values /opt/stack/data/venv/lib/python3.12/site-packages/oslo_config/cfg.py:3253}}
Jul 21 17:00:40.544281 np0000005585 nova-conductor[96179]: DEBUG cotyledon.oslo_config_glue [-] oslo_reports.log_dir = None {{(pid=96179) log_opt_values /opt/stack/data/venv/lib/python3.12/site-packages/oslo_config/cfg.py:3253}}
Jul 21 17:00:40.544456 np0000005585 nova-conductor[96179]: DEBUG cotyledon.oslo_config_glue [-] ******************************************************************************** {{(pid=96179) log_opt_values /opt/stack/data/venv/lib/python3.12/site-packages/oslo_config/cfg.py:3260}}
Jul 21 17:00:40.544456 np0000005585 nova-conductor[96179]: DEBUG cotyledon._service_worker [-] Run service ServiceWrapper(2) [96179] {{(pid=96179) wait_forever /opt/stack/data/venv/lib/python3.12/site-packages/cotyledon/_service_worker.py:218}}
Jul 21 17:00:40.544456 np0000005585 nova-conductor[96179]: INFO nova.service [-] Starting conductor node (version 33.1.0)
Jul 21 17:00:40.544456 np0000005585 nova-conductor[96179]: INFO dbcounter [None req-2ade5dc7-0fc1-4578-a135-e533776c55c4 None None] Registered counter for database nova_cell0
Jul 21 17:00:40.561799 np0000005585 nova-conductor[96163]: DEBUG oslo_db.sqlalchemy.engines [None req-d6c7460c-8c01-4009-9c97-0ee9172152be None None] MySQL server mode set to STRICT_TRANS_TABLES,STRICT_ALL_TABLES,NO_ZERO_IN_DATE,NO_ZERO_DATE,ERROR_FOR_DIVISION_BY_ZERO,TRADITIONAL,NO_ENGINE_SUBSTITUTION {{(pid=96163) _check_effective_sql_mode /opt/stack/data/venv/lib/python3.12/site-packages/oslo_db/sqlalchemy/engines.py:325}}
Jul 21 17:00:40.564566 np0000005585 nova-conductor[96158]: DEBUG oslo_db.sqlalchemy.engines [None req-6f101184-04e4-4ab4-a27d-4bb5f73d850c None None] MySQL server mode set to STRICT_TRANS_TABLES,STRICT_ALL_TABLES,NO_ZERO_IN_DATE,NO_ZERO_DATE,ERROR_FOR_DIVISION_BY_ZERO,TRADITIONAL,NO_ENGINE_SUBSTITUTION {{(pid=96158) _check_effective_sql_mode /opt/stack/data/venv/lib/python3.12/site-packages/oslo_db/sqlalchemy/engines.py:325}}
Jul 21 17:00:40.571323 np0000005585 nova-conductor[96163]: DEBUG dbcounter [-] [96163] Writer thread running {{(pid=96163) stat_writer /opt/stack/data/venv/lib/python3.12/site-packages/dbcounter.py:102}}
Jul 21 17:00:40.573105 np0000005585 nova-conductor[96158]: DEBUG dbcounter [-] [96158] Writer thread running {{(pid=96158) stat_writer /opt/stack/data/venv/lib/python3.12/site-packages/dbcounter.py:102}}
Jul 21 17:00:40.577223 np0000005585 nova-conductor[96179]: DEBUG oslo_db.sqlalchemy.engines [None req-2ade5dc7-0fc1-4578-a135-e533776c55c4 None None] MySQL server mode set to STRICT_TRANS_TABLES,STRICT_ALL_TABLES,NO_ZERO_IN_DATE,NO_ZERO_DATE,ERROR_FOR_DIVISION_BY_ZERO,TRADITIONAL,NO_ENGINE_SUBSTITUTION {{(pid=96179) _check_effective_sql_mode /opt/stack/data/venv/lib/python3.12/site-packages/oslo_db/sqlalchemy/engines.py:325}}
Jul 21 17:00:40.587785 np0000005585 nova-conductor[96179]: DEBUG dbcounter [-] [96179] Writer thread running {{(pid=96179) stat_writer /opt/stack/data/venv/lib/python3.12/site-packages/dbcounter.py:102}}
Jul 21 17:00:40.587857 np0000005585 nova-conductor[96163]: DEBUG nova.service [None req-d6c7460c-8c01-4009-9c97-0ee9172152be None None] Creating RPC server for service: nova-conductor on topic: conductor {{(pid=96163) start /opt/stack/nova/nova/service.py:196}}
Jul 21 17:00:40.589404 np0000005585 nova-conductor[96179]: DEBUG nova.service [None req-2ade5dc7-0fc1-4578-a135-e533776c55c4 None None] Creating RPC server for service: nova-conductor on topic: conductor {{(pid=96179) start /opt/stack/nova/nova/service.py:196}}
Jul 21 17:00:40.593966 np0000005585 nova-conductor[96158]: DEBUG nova.service [None req-6f101184-04e4-4ab4-a27d-4bb5f73d850c None None] Creating RPC server for service: nova-conductor on topic: conductor {{(pid=96158) start /opt/stack/nova/nova/service.py:196}}
Jul 21 17:00:40.610526 np0000005585 nova-conductor[96179]: DEBUG nova.service [None req-2ade5dc7-0fc1-4578-a135-e533776c55c4 None None] Join ServiceGroup membership for this service conductor {{(pid=96179) start /opt/stack/nova/nova/service.py:222}}
Jul 21 17:00:40.610730 np0000005585 nova-conductor[96179]: DEBUG nova.servicegroup.drivers.db [None req-2ade5dc7-0fc1-4578-a135-e533776c55c4 None None] DB_Driver: join new ServiceGroup member np0000005585 to the conductor group, service = {{(pid=96179) join /opt/stack/nova/nova/servicegroup/drivers/db.py:44}}
Jul 21 17:00:40.613261 np0000005585 nova-conductor[96163]: DEBUG nova.service [None req-d6c7460c-8c01-4009-9c97-0ee9172152be None None] Join ServiceGroup membership for this service conductor {{(pid=96163) start /opt/stack/nova/nova/service.py:222}}
Jul 21 17:00:40.613694 np0000005585 nova-conductor[96163]: DEBUG nova.servicegroup.drivers.db [None req-d6c7460c-8c01-4009-9c97-0ee9172152be None None] DB_Driver: join new ServiceGroup member np0000005585 to the conductor group, service = {{(pid=96163) join /opt/stack/nova/nova/servicegroup/drivers/db.py:44}}
Jul 21 17:00:40.615432 np0000005585 nova-conductor[96158]: DEBUG nova.service [None req-6f101184-04e4-4ab4-a27d-4bb5f73d850c None None] Join ServiceGroup membership for this service conductor {{(pid=96158) start /opt/stack/nova/nova/service.py:222}}
Jul 21 17:00:40.615632 np0000005585 nova-conductor[96158]: DEBUG nova.servicegroup.drivers.db [None req-6f101184-04e4-4ab4-a27d-4bb5f73d850c None None] DB_Driver: join new ServiceGroup member np0000005585 to the conductor group, service = {{(pid=96158) join /opt/stack/nova/nova/servicegroup/drivers/db.py:44}}
Jul 21 17:00:45.618424 np0000005585 nova-conductor[96158]: DEBUG oslo.service.backend._threading.loopingcall [None req-5db60897-1aae-48c8-b1c3-a3ce775dbb67 None None] Dynamic interval looping call 'nova.service.Service.periodic_tasks' sleeping for 60.00 seconds {{(pid=96158) _run_loop /opt/stack/data/venv/lib/python3.12/site-packages/oslo_service/backend/_threading/loopingcall.py:125}}
Jul 21 17:00:45.626302 np0000005585 nova-conductor[96163]: DEBUG oslo.service.backend._threading.loopingcall [-] Fixed interval looping call 'nova.servicegroup.drivers.db.DbDriver._report_state' sleeping for 119.99 seconds {{(pid=96163) _run_loop /opt/stack/data/venv/lib/python3.12/site-packages/oslo_service/backend/_threading/loopingcall.py:125}}
Jul 21 17:00:45.627820 np0000005585 nova-conductor[96179]: DEBUG oslo.service.backend._threading.loopingcall [-] Fixed interval looping call 'nova.servicegroup.drivers.db.DbDriver._report_state' sleeping for 119.98 seconds {{(pid=96179) _run_loop /opt/stack/data/venv/lib/python3.12/site-packages/oslo_service/backend/_threading/loopingcall.py:125}}
Jul 21 17:00:45.628433 np0000005585 nova-conductor[96158]: DEBUG oslo.service.backend._threading.loopingcall [-] Fixed interval looping call 'nova.servicegroup.drivers.db.DbDriver._report_state' sleeping for 119.99 seconds {{(pid=96158) _run_loop /opt/stack/data/venv/lib/python3.12/site-packages/oslo_service/backend/_threading/loopingcall.py:125}}
Jul 21 17:00:49.207315 np0000005585 nova-conductor[94710]: DEBUG dbcounter [-] [94710] Writing DB stats nova_api:SELECT=1 {{(pid=94710) stat_writer /opt/stack/data/venv/lib/python3.12/site-packages/dbcounter.py:115}}
Jul 21 17:00:49.337694 np0000005585 nova-conductor[94710]: DEBUG dbcounter [-] [94710] Writing DB stats nova_cell1:SELECT=1 {{(pid=94710) stat_writer /opt/stack/data/venv/lib/python3.12/site-packages/dbcounter.py:115}}
Jul 21 17:00:49.338498 np0000005585 nova-conductor[94710]: DEBUG dbcounter [-] [94710] Writing DB stats nova_cell0:SELECT=1 {{(pid=94710) stat_writer /opt/stack/data/venv/lib/python3.12/site-packages/dbcounter.py:115}}
Jul 21 17:00:55.623634 np0000005585 nova-conductor[96163]: DEBUG dbcounter [-] [96163] Writing DB stats nova_cell0:SELECT=4,nova_cell0:INSERT=1,nova_cell0:UPDATE=1 {{(pid=96163) stat_writer /opt/stack/data/venv/lib/python3.12/site-packages/dbcounter.py:115}}
Jul 21 17:00:55.626346 np0000005585 nova-conductor[96179]: DEBUG dbcounter [-] [96179] Writing DB stats nova_cell0:SELECT=3,nova_cell0:UPDATE=1 {{(pid=96179) stat_writer /opt/stack/data/venv/lib/python3.12/site-packages/dbcounter.py:115}}
Jul 21 17:00:55.627394 np0000005585 nova-conductor[96158]: DEBUG dbcounter [-] [96158] Writing DB stats nova_cell0:SELECT=5,nova_cell0:INSERT=1 {{(pid=96158) stat_writer /opt/stack/data/venv/lib/python3.12/site-packages/dbcounter.py:115}}
Jul 21 17:01:09.615618 np0000005585 nova-conductor[96163]: DEBUG oslo.service.backend._threading.loopingcall [None req-676b934a-5895-4615-a34e-e445400c9cda None None] Dynamic interval looping call 'nova.service.Service.periodic_tasks' sleeping for 60.00 seconds {{(pid=96163) _run_loop /opt/stack/data/venv/lib/python3.12/site-packages/oslo_service/backend/_threading/loopingcall.py:125}}
Jul 21 17:01:29.612944 np0000005585 nova-conductor[96179]: DEBUG oslo.service.backend._threading.loopingcall [None req-4ba31d6d-8f57-4ea6-a4d3-e20a6e699323 None None] Dynamic interval looping call 'nova.service.Service.periodic_tasks' sleeping for 60.00 seconds {{(pid=96179) _run_loop /opt/stack/data/venv/lib/python3.12/site-packages/oslo_service/backend/_threading/loopingcall.py:125}}
Jul 21 17:01:45.619036 np0000005585 nova-conductor[96158]: DEBUG oslo.service.backend._threading.loopingcall [None req-5db60897-1aae-48c8-b1c3-a3ce775dbb67 None None] Dynamic interval looping call 'nova.service.Service.periodic_tasks' sleeping for 60.00 seconds {{(pid=96158) _run_loop /opt/stack/data/venv/lib/python3.12/site-packages/oslo_service/backend/_threading/loopingcall.py:125}}
Jul 21 17:02:09.616194 np0000005585 nova-conductor[96163]: DEBUG oslo.service.backend._threading.loopingcall [None req-676b934a-5895-4615-a34e-e445400c9cda None None] Dynamic interval looping call 'nova.service.Service.periodic_tasks' sleeping for 60.00 seconds {{(pid=96163) _run_loop /opt/stack/data/venv/lib/python3.12/site-packages/oslo_service/backend/_threading/loopingcall.py:125}}
Jul 21 17:02:29.613520 np0000005585 nova-conductor[96179]: DEBUG oslo.service.backend._threading.loopingcall [None req-4ba31d6d-8f57-4ea6-a4d3-e20a6e699323 None None] Dynamic interval looping call 'nova.service.Service.periodic_tasks' sleeping for 60.00 seconds {{(pid=96179) _run_loop /opt/stack/data/venv/lib/python3.12/site-packages/oslo_service/backend/_threading/loopingcall.py:125}}
Jul 21 17:02:45.617157 np0000005585 nova-conductor[96179]: DEBUG oslo.service.backend._threading.loopingcall [-] Fixed interval looping call 'nova.servicegroup.drivers.db.DbDriver._report_state' sleeping for 119.99 seconds {{(pid=96179) _run_loop /opt/stack/data/venv/lib/python3.12/site-packages/oslo_service/backend/_threading/loopingcall.py:125}}
Jul 21 17:02:45.620065 np0000005585 nova-conductor[96158]: DEBUG oslo.service.backend._threading.loopingcall [None req-5db60897-1aae-48c8-b1c3-a3ce775dbb67 None None] Dynamic interval looping call 'nova.service.Service.periodic_tasks' sleeping for 60.00 seconds {{(pid=96158) _run_loop /opt/stack/data/venv/lib/python3.12/site-packages/oslo_service/backend/_threading/loopingcall.py:125}}
Jul 21 17:02:45.622253 np0000005585 nova-conductor[96163]: DEBUG oslo.service.backend._threading.loopingcall [-] Fixed interval looping call 'nova.servicegroup.drivers.db.DbDriver._report_state' sleeping for 119.99 seconds {{(pid=96163) _run_loop /opt/stack/data/venv/lib/python3.12/site-packages/oslo_service/backend/_threading/loopingcall.py:125}}
Jul 21 17:02:45.623189 np0000005585 nova-conductor[96158]: DEBUG oslo.service.backend._threading.loopingcall [-] Fixed interval looping call 'nova.servicegroup.drivers.db.DbDriver._report_state' sleeping for 120.00 seconds {{(pid=96158) _run_loop /opt/stack/data/venv/lib/python3.12/site-packages/oslo_service/backend/_threading/loopingcall.py:125}}
Jul 21 17:02:54.314868 np0000005585 nova-conductor[96179]: DEBUG oslo_db.sqlalchemy.engines [None req-06398f2c-8523-4461-86b8-abc08f249d0d tempest-ServerBootFromVolumeStableRescueTest-686241835 tempest-ServerBootFromVolumeStableRescueTest-686241835-project-member] Parent process 94710 forked (96179) with an open database connection, which is being discarded and recreated. {{(pid=96179) checkout /opt/stack/data/venv/lib/python3.12/site-packages/oslo_db/sqlalchemy/engines.py:402}}
Jul 21 17:02:54.367902 np0000005585 nova-conductor[96179]: DEBUG dbcounter [-] [96179] Writer thread running {{(pid=96179) stat_writer /opt/stack/data/venv/lib/python3.12/site-packages/dbcounter.py:102}}
Jul 21 17:02:55.364439 np0000005585 nova-conductor[96179]: DEBUG nova.conductor.manager [None req-06398f2c-8523-4461-86b8-abc08f249d0d tempest-ServerBootFromVolumeStableRescueTest-686241835 tempest-ServerBootFromVolumeStableRescueTest-686241835-project-member] Took 0.99 seconds to select destinations for 1 instance(s). {{(pid=96179) _schedule_instances /opt/stack/nova/nova/conductor/manager.py:968}}
Jul 21 17:02:55.397750 np0000005585 nova-conductor[96179]: DEBUG oslo_concurrency.lockutils [None req-06398f2c-8523-4461-86b8-abc08f249d0d tempest-ServerBootFromVolumeStableRescueTest-686241835 tempest-ServerBootFromVolumeStableRescueTest-686241835-project-member] Acquiring lock "c53c0caa-e263-4ef8-9af8-3623605ccf30" by "nova.context.set_target_cell..get_or_set_cached_cell_and_set_connections" {{(pid=96179) inner /opt/stack/data/venv/lib/python3.12/site-packages/oslo_concurrency/lockutils.py:512}}
Jul 21 17:02:55.398002 np0000005585 nova-conductor[96179]: DEBUG oslo_concurrency.lockutils [None req-06398f2c-8523-4461-86b8-abc08f249d0d tempest-ServerBootFromVolumeStableRescueTest-686241835 tempest-ServerBootFromVolumeStableRescueTest-686241835-project-member] Lock "c53c0caa-e263-4ef8-9af8-3623605ccf30" acquired by "nova.context.set_target_cell..get_or_set_cached_cell_and_set_connections" :: waited 0.000s {{(pid=96179) inner /opt/stack/data/venv/lib/python3.12/site-packages/oslo_concurrency/lockutils.py:525}}
Jul 21 17:02:55.400004 np0000005585 nova-conductor[96179]: DEBUG oslo_concurrency.lockutils [None req-06398f2c-8523-4461-86b8-abc08f249d0d tempest-ServerBootFromVolumeStableRescueTest-686241835 tempest-ServerBootFromVolumeStableRescueTest-686241835-project-member] Lock "c53c0caa-e263-4ef8-9af8-3623605ccf30" "released" by "nova.context.set_target_cell..get_or_set_cached_cell_and_set_connections" :: held 0.002s {{(pid=96179) inner /opt/stack/data/venv/lib/python3.12/site-packages/oslo_concurrency/lockutils.py:544}}
Jul 21 17:02:55.403751 np0000005585 nova-conductor[96179]: INFO dbcounter [None req-06398f2c-8523-4461-86b8-abc08f249d0d tempest-ServerBootFromVolumeStableRescueTest-686241835 tempest-ServerBootFromVolumeStableRescueTest-686241835-project-member] Registered counter for database nova_cell1
Jul 21 17:02:55.456302 np0000005585 nova-conductor[96179]: DEBUG oslo_db.sqlalchemy.engines [None req-06398f2c-8523-4461-86b8-abc08f249d0d tempest-ServerBootFromVolumeStableRescueTest-686241835 tempest-ServerBootFromVolumeStableRescueTest-686241835-project-member] MySQL server mode set to STRICT_TRANS_TABLES,STRICT_ALL_TABLES,NO_ZERO_IN_DATE,NO_ZERO_DATE,ERROR_FOR_DIVISION_BY_ZERO,TRADITIONAL,NO_ENGINE_SUBSTITUTION {{(pid=96179) _check_effective_sql_mode /opt/stack/data/venv/lib/python3.12/site-packages/oslo_db/sqlalchemy/engines.py:325}}
Jul 21 17:02:55.468266 np0000005585 nova-conductor[96179]: DEBUG dbcounter [-] [96179] Writer thread running {{(pid=96179) stat_writer /opt/stack/data/venv/lib/python3.12/site-packages/dbcounter.py:102}}
Jul 21 17:02:55.538370 np0000005585 nova-conductor[96179]: INFO nova.utils [None req-06398f2c-8523-4461-86b8-abc08f249d0d tempest-ServerBootFromVolumeStableRescueTest-686241835 tempest-ServerBootFromVolumeStableRescueTest-686241835-project-member] The cell worker thread pool ForkProcess-3.cell_worker is initialized
Jul 21 17:02:55.538370 np0000005585 nova-conductor[96179]: DEBUG oslo_concurrency.lockutils [None req-06398f2c-8523-4461-86b8-abc08f249d0d tempest-ServerBootFromVolumeStableRescueTest-686241835 tempest-ServerBootFromVolumeStableRescueTest-686241835-project-member] Acquiring lock "00000000-0000-0000-0000-000000000000" by "nova.context.set_target_cell..get_or_set_cached_cell_and_set_connections" {{(pid=96179) inner /opt/stack/data/venv/lib/python3.12/site-packages/oslo_concurrency/lockutils.py:512}}
Jul 21 17:02:55.538370 np0000005585 nova-conductor[96179]: DEBUG oslo_concurrency.lockutils [None req-06398f2c-8523-4461-86b8-abc08f249d0d tempest-ServerBootFromVolumeStableRescueTest-686241835 tempest-ServerBootFromVolumeStableRescueTest-686241835-project-member] Lock "00000000-0000-0000-0000-000000000000" acquired by "nova.context.set_target_cell..get_or_set_cached_cell_and_set_connections" :: waited 0.000s {{(pid=96179) inner /opt/stack/data/venv/lib/python3.12/site-packages/oslo_concurrency/lockutils.py:525}}
Jul 21 17:02:55.538370 np0000005585 nova-conductor[96179]: DEBUG oslo_concurrency.lockutils [None req-06398f2c-8523-4461-86b8-abc08f249d0d tempest-ServerBootFromVolumeStableRescueTest-686241835 tempest-ServerBootFromVolumeStableRescueTest-686241835-project-member] Lock "00000000-0000-0000-0000-000000000000" "released" by "nova.context.set_target_cell..get_or_set_cached_cell_and_set_connections" :: held 0.000s {{(pid=96179) inner /opt/stack/data/venv/lib/python3.12/site-packages/oslo_concurrency/lockutils.py:544}}
Jul 21 17:02:55.538848 np0000005585 nova-conductor[96179]: DEBUG oslo_concurrency.lockutils [None req-06398f2c-8523-4461-86b8-abc08f249d0d tempest-ServerBootFromVolumeStableRescueTest-686241835 tempest-ServerBootFromVolumeStableRescueTest-686241835-project-member] Acquiring lock "c53c0caa-e263-4ef8-9af8-3623605ccf30" by "nova.context.set_target_cell..get_or_set_cached_cell_and_set_connections" {{(pid=96179) inner /opt/stack/data/venv/lib/python3.12/site-packages/oslo_concurrency/lockutils.py:512}}
Jul 21 17:02:55.539024 np0000005585 nova-conductor[96179]: DEBUG oslo_concurrency.lockutils [None req-06398f2c-8523-4461-86b8-abc08f249d0d tempest-ServerBootFromVolumeStableRescueTest-686241835 tempest-ServerBootFromVolumeStableRescueTest-686241835-project-member] Lock "c53c0caa-e263-4ef8-9af8-3623605ccf30" acquired by "nova.context.set_target_cell..get_or_set_cached_cell_and_set_connections" :: waited 0.000s {{(pid=96179) inner /opt/stack/data/venv/lib/python3.12/site-packages/oslo_concurrency/lockutils.py:525}}
Jul 21 17:02:55.539207 np0000005585 nova-conductor[96179]: DEBUG oslo_concurrency.lockutils [None req-06398f2c-8523-4461-86b8-abc08f249d0d tempest-ServerBootFromVolumeStableRescueTest-686241835 tempest-ServerBootFromVolumeStableRescueTest-686241835-project-member] Lock "c53c0caa-e263-4ef8-9af8-3623605ccf30" "released" by "nova.context.set_target_cell..get_or_set_cached_cell_and_set_connections" :: held 0.000s {{(pid=96179) inner /opt/stack/data/venv/lib/python3.12/site-packages/oslo_concurrency/lockutils.py:544}}
Jul 21 17:02:55.542342 np0000005585 nova-conductor[96179]: INFO dbcounter [None req-06398f2c-8523-4461-86b8-abc08f249d0d tempest-ServerBootFromVolumeStableRescueTest-686241835 tempest-ServerBootFromVolumeStableRescueTest-686241835-project-member] Registered counter for database nova_cell0
Jul 21 17:02:55.587439 np0000005585 nova-conductor[96179]: DEBUG oslo_db.sqlalchemy.engines [None req-06398f2c-8523-4461-86b8-abc08f249d0d tempest-ServerBootFromVolumeStableRescueTest-686241835 tempest-ServerBootFromVolumeStableRescueTest-686241835-project-member] MySQL server mode set to STRICT_TRANS_TABLES,STRICT_ALL_TABLES,NO_ZERO_IN_DATE,NO_ZERO_DATE,ERROR_FOR_DIVISION_BY_ZERO,TRADITIONAL,NO_ENGINE_SUBSTITUTION {{(pid=96179) _check_effective_sql_mode /opt/stack/data/venv/lib/python3.12/site-packages/oslo_db/sqlalchemy/engines.py:325}}
Jul 21 17:02:55.593826 np0000005585 nova-conductor[96179]: DEBUG dbcounter [-] [96179] Writer thread running {{(pid=96179) stat_writer /opt/stack/data/venv/lib/python3.12/site-packages/dbcounter.py:102}}
Jul 21 17:02:55.608387 np0000005585 nova-conductor[96179]: DEBUG nova.quota [None req-06398f2c-8523-4461-86b8-abc08f249d0d tempest-ServerBootFromVolumeStableRescueTest-686241835 tempest-ServerBootFromVolumeStableRescueTest-686241835-project-member] Getting quotas for project c181a33f0e884a89aab804b6c8126819. Resources: {'instances', 'cores', 'ram'} {{(pid=96179) _get_quotas /opt/stack/nova/nova/quota.py:389}}
Jul 21 17:02:55.613068 np0000005585 nova-conductor[96179]: DEBUG nova.quota [None req-06398f2c-8523-4461-86b8-abc08f249d0d tempest-ServerBootFromVolumeStableRescueTest-686241835 tempest-ServerBootFromVolumeStableRescueTest-686241835-project-member] Getting quotas for user 2d0d086887214edaaea149936cf0fc5e and project c181a33f0e884a89aab804b6c8126819. Resources: {'instances', 'cores', 'ram'} {{(pid=96179) _get_quotas /opt/stack/nova/nova/quota.py:379}}
Jul 21 17:02:55.620179 np0000005585 nova-conductor[96163]: DEBUG dbcounter [-] [96163] Writing DB stats nova_cell0:SELECT=1 {{(pid=96163) stat_writer /opt/stack/data/venv/lib/python3.12/site-packages/dbcounter.py:115}}
Jul 21 17:02:55.620565 np0000005585 nova-conductor[96179]: DEBUG nova.conductor.manager [None req-06398f2c-8523-4461-86b8-abc08f249d0d tempest-ServerBootFromVolumeStableRescueTest-686241835 tempest-ServerBootFromVolumeStableRescueTest-686241835-project-member] [instance: ca7ab03c-ecb9-4935-9d12-64784fa19787] Selected host: np0000005585; Selected node: np0000005585; Alternates: [] {{(pid=96179) schedule_and_build_instances /opt/stack/nova/nova/conductor/manager.py:1784}}
Jul 21 17:02:55.620770 np0000005585 nova-conductor[96179]: DEBUG oslo_concurrency.lockutils [None req-06398f2c-8523-4461-86b8-abc08f249d0d tempest-ServerBootFromVolumeStableRescueTest-686241835 tempest-ServerBootFromVolumeStableRescueTest-686241835-project-member] Acquiring lock "c53c0caa-e263-4ef8-9af8-3623605ccf30" by "nova.context.set_target_cell..get_or_set_cached_cell_and_set_connections" {{(pid=96179) inner /opt/stack/data/venv/lib/python3.12/site-packages/oslo_concurrency/lockutils.py:512}}
Jul 21 17:02:55.621183 np0000005585 nova-conductor[96158]: DEBUG dbcounter [-] [96158] Writing DB stats nova_cell0:SELECT=1 {{(pid=96158) stat_writer /opt/stack/data/venv/lib/python3.12/site-packages/dbcounter.py:115}}
Jul 21 17:02:55.621437 np0000005585 nova-conductor[96179]: DEBUG oslo_concurrency.lockutils [None req-06398f2c-8523-4461-86b8-abc08f249d0d tempest-ServerBootFromVolumeStableRescueTest-686241835 tempest-ServerBootFromVolumeStableRescueTest-686241835-project-member] Lock "c53c0caa-e263-4ef8-9af8-3623605ccf30" acquired by "nova.context.set_target_cell..get_or_set_cached_cell_and_set_connections" :: waited 0.000s {{(pid=96179) inner /opt/stack/data/venv/lib/python3.12/site-packages/oslo_concurrency/lockutils.py:525}}
Jul 21 17:02:55.621437 np0000005585 nova-conductor[96179]: DEBUG oslo_concurrency.lockutils [None req-06398f2c-8523-4461-86b8-abc08f249d0d tempest-ServerBootFromVolumeStableRescueTest-686241835 tempest-ServerBootFromVolumeStableRescueTest-686241835-project-member] Lock "c53c0caa-e263-4ef8-9af8-3623605ccf30" "released" by "nova.context.set_target_cell..get_or_set_cached_cell_and_set_connections" :: held 0.000s {{(pid=96179) inner /opt/stack/data/venv/lib/python3.12/site-packages/oslo_concurrency/lockutils.py:544}}
Jul 21 17:02:55.637767 np0000005585 nova-conductor[96179]: DEBUG nova.conductor.manager [None req-06398f2c-8523-4461-86b8-abc08f249d0d tempest-ServerBootFromVolumeStableRescueTest-686241835 tempest-ServerBootFromVolumeStableRescueTest-686241835-project-member] [instance: ca7ab03c-ecb9-4935-9d12-64784fa19787] block_device_mapping [BlockDeviceMapping(attachment_id=,boot_index=0,connection_info=None,created_at=,delete_on_termination=True,deleted=,deleted_at=,destination_type='local',device_name=None,device_type='disk',disk_bus=None,encrypted=False,encryption_format=None,encryption_options=None,encryption_secret_uuid=None,guest_format=None,id=,image_id='cf80cf08-8134-45ff-983b-b52fd3e642a1',instance=,instance_uuid=,no_device=False,snapshot_id=None,source_type='image',tag=None,updated_at=,uuid=,volume_id=None,volume_size=None,volume_type=None)] {{(pid=96179) _create_block_device_mapping /opt/stack/nova/nova/conductor/manager.py:1529}}
Jul 21 17:02:55.639712 np0000005585 nova-conductor[96179]: DEBUG oslo_concurrency.lockutils [None req-06398f2c-8523-4461-86b8-abc08f249d0d tempest-ServerBootFromVolumeStableRescueTest-686241835 tempest-ServerBootFromVolumeStableRescueTest-686241835-project-member] Acquiring lock "c53c0caa-e263-4ef8-9af8-3623605ccf30" by "nova.context.set_target_cell..get_or_set_cached_cell_and_set_connections" {{(pid=96179) inner /opt/stack/data/venv/lib/python3.12/site-packages/oslo_concurrency/lockutils.py:512}}
Jul 21 17:02:55.639946 np0000005585 nova-conductor[96179]: DEBUG oslo_concurrency.lockutils [None req-06398f2c-8523-4461-86b8-abc08f249d0d tempest-ServerBootFromVolumeStableRescueTest-686241835 tempest-ServerBootFromVolumeStableRescueTest-686241835-project-member] Lock "c53c0caa-e263-4ef8-9af8-3623605ccf30" acquired by "nova.context.set_target_cell..get_or_set_cached_cell_and_set_connections" :: waited 0.000s {{(pid=96179) inner /opt/stack/data/venv/lib/python3.12/site-packages/oslo_concurrency/lockutils.py:525}}
Jul 21 17:02:55.640086 np0000005585 nova-conductor[96179]: DEBUG oslo_concurrency.lockutils [None req-06398f2c-8523-4461-86b8-abc08f249d0d tempest-ServerBootFromVolumeStableRescueTest-686241835 tempest-ServerBootFromVolumeStableRescueTest-686241835-project-member] Lock "c53c0caa-e263-4ef8-9af8-3623605ccf30" "released" by "nova.context.set_target_cell..get_or_set_cached_cell_and_set_connections" :: held 0.000s {{(pid=96179) inner /opt/stack/data/venv/lib/python3.12/site-packages/oslo_concurrency/lockutils.py:544}}
Jul 21 17:02:55.680078 np0000005585 nova-conductor[96179]: DEBUG oslo_concurrency.lockutils [None req-06398f2c-8523-4461-86b8-abc08f249d0d tempest-ServerBootFromVolumeStableRescueTest-686241835 tempest-ServerBootFromVolumeStableRescueTest-686241835-project-member] Acquiring lock "c53c0caa-e263-4ef8-9af8-3623605ccf30" by "nova.context.set_target_cell..get_or_set_cached_cell_and_set_connections" {{(pid=96179) inner /opt/stack/data/venv/lib/python3.12/site-packages/oslo_concurrency/lockutils.py:512}}
Jul 21 17:02:55.680218 np0000005585 nova-conductor[96179]: DEBUG oslo_concurrency.lockutils [None req-06398f2c-8523-4461-86b8-abc08f249d0d tempest-ServerBootFromVolumeStableRescueTest-686241835 tempest-ServerBootFromVolumeStableRescueTest-686241835-project-member] Lock "c53c0caa-e263-4ef8-9af8-3623605ccf30" acquired by "nova.context.set_target_cell..get_or_set_cached_cell_and_set_connections" :: waited 0.000s {{(pid=96179) inner /opt/stack/data/venv/lib/python3.12/site-packages/oslo_concurrency/lockutils.py:525}}
Jul 21 17:02:55.680298 np0000005585 nova-conductor[96179]: DEBUG oslo_concurrency.lockutils [None req-06398f2c-8523-4461-86b8-abc08f249d0d tempest-ServerBootFromVolumeStableRescueTest-686241835 tempest-ServerBootFromVolumeStableRescueTest-686241835-project-member] Lock "c53c0caa-e263-4ef8-9af8-3623605ccf30" "released" by "nova.context.set_target_cell..get_or_set_cached_cell_and_set_connections" :: held 0.000s {{(pid=96179) inner /opt/stack/data/venv/lib/python3.12/site-packages/oslo_concurrency/lockutils.py:544}}
Jul 21 17:02:55.680505 np0000005585 nova-conductor[96179]: DEBUG oslo_concurrency.lockutils [None req-06398f2c-8523-4461-86b8-abc08f249d0d tempest-ServerBootFromVolumeStableRescueTest-686241835 tempest-ServerBootFromVolumeStableRescueTest-686241835-project-member] Acquiring lock "compute-rpcapi-router" {{(pid=96179) lock /opt/stack/data/venv/lib/python3.12/site-packages/oslo_concurrency/lockutils.py:396}}
Jul 21 17:02:55.680800 np0000005585 nova-conductor[96179]: DEBUG oslo_concurrency.lockutils [None req-06398f2c-8523-4461-86b8-abc08f249d0d tempest-ServerBootFromVolumeStableRescueTest-686241835 tempest-ServerBootFromVolumeStableRescueTest-686241835-project-member] Acquired lock "compute-rpcapi-router" {{(pid=96179) lock /opt/stack/data/venv/lib/python3.12/site-packages/oslo_concurrency/lockutils.py:399}}
Jul 21 17:02:55.681220 np0000005585 nova-conductor[96179]: DEBUG oslo_concurrency.lockutils [None req-a7c87bdc-610c-4137-986c-bf27a5fbafab None None] Acquiring lock "00000000-0000-0000-0000-000000000000" by "nova.context.set_target_cell..get_or_set_cached_cell_and_set_connections" {{(pid=96179) inner /opt/stack/data/venv/lib/python3.12/site-packages/oslo_concurrency/lockutils.py:512}}
Jul 21 17:02:55.681355 np0000005585 nova-conductor[96179]: DEBUG oslo_concurrency.lockutils [None req-a7c87bdc-610c-4137-986c-bf27a5fbafab None None] Lock "00000000-0000-0000-0000-000000000000" acquired by "nova.context.set_target_cell..get_or_set_cached_cell_and_set_connections" :: waited 0.000s {{(pid=96179) inner /opt/stack/data/venv/lib/python3.12/site-packages/oslo_concurrency/lockutils.py:525}}
Jul 21 17:02:55.681455 np0000005585 nova-conductor[96179]: DEBUG oslo_concurrency.lockutils [None req-a7c87bdc-610c-4137-986c-bf27a5fbafab None None] Lock "00000000-0000-0000-0000-000000000000" "released" by "nova.context.set_target_cell..get_or_set_cached_cell_and_set_connections" :: held 0.000s {{(pid=96179) inner /opt/stack/data/venv/lib/python3.12/site-packages/oslo_concurrency/lockutils.py:544}}
Jul 21 17:02:55.682195 np0000005585 nova-conductor[96179]: DEBUG oslo_concurrency.lockutils [None req-a7c87bdc-610c-4137-986c-bf27a5fbafab None None] Acquiring lock "c53c0caa-e263-4ef8-9af8-3623605ccf30" by "nova.context.set_target_cell..get_or_set_cached_cell_and_set_connections" {{(pid=96179) inner /opt/stack/data/venv/lib/python3.12/site-packages/oslo_concurrency/lockutils.py:512}}
Jul 21 17:02:55.682350 np0000005585 nova-conductor[96179]: DEBUG oslo_concurrency.lockutils [None req-a7c87bdc-610c-4137-986c-bf27a5fbafab None None] Lock "c53c0caa-e263-4ef8-9af8-3623605ccf30" acquired by "nova.context.set_target_cell..get_or_set_cached_cell_and_set_connections" :: waited 0.000s {{(pid=96179) inner /opt/stack/data/venv/lib/python3.12/site-packages/oslo_concurrency/lockutils.py:525}}
Jul 21 17:02:55.682460 np0000005585 nova-conductor[96179]: DEBUG oslo_concurrency.lockutils [None req-a7c87bdc-610c-4137-986c-bf27a5fbafab None None] Lock "c53c0caa-e263-4ef8-9af8-3623605ccf30" "released" by "nova.context.set_target_cell..get_or_set_cached_cell_and_set_connections" :: held 0.000s {{(pid=96179) inner /opt/stack/data/venv/lib/python3.12/site-packages/oslo_concurrency/lockutils.py:544}}
Jul 21 17:02:55.690127 np0000005585 nova-conductor[96179]: INFO nova.compute.rpcapi [None req-a7c87bdc-610c-4137-986c-bf27a5fbafab None None] Automatically selected compute RPC version 6.5 from minimum service version 72
Jul 21 17:02:55.690679 np0000005585 nova-conductor[96179]: DEBUG oslo_concurrency.lockutils [None req-a7c87bdc-610c-4137-986c-bf27a5fbafab None None] Releasing lock "compute-rpcapi-router" {{(pid=96179) lock /opt/stack/data/venv/lib/python3.12/site-packages/oslo_concurrency/lockutils.py:419}}
Jul 21 17:03:01.882671 np0000005585 nova-conductor[96163]: DEBUG dbcounter [-] [96163] Writer thread running {{(pid=96163) stat_writer /opt/stack/data/venv/lib/python3.12/site-packages/dbcounter.py:102}}
Jul 21 17:03:02.194762 np0000005585 nova-conductor[96158]: DEBUG dbcounter [-] [96158] Writer thread running {{(pid=96158) stat_writer /opt/stack/data/venv/lib/python3.12/site-packages/dbcounter.py:102}}
Jul 21 17:03:02.382385 np0000005585 nova-conductor[96163]: DEBUG nova.conductor.manager [None req-823676b3-91d9-42cb-83ab-5557e8756263 tempest-ServerActionsTestOtherA-1644474693 tempest-ServerActionsTestOtherA-1644474693-project-member] Took 0.50 seconds to select destinations for 1 instance(s). {{(pid=96163) _schedule_instances /opt/stack/nova/nova/conductor/manager.py:968}}
Jul 21 17:03:02.422658 np0000005585 nova-conductor[96163]: DEBUG oslo_concurrency.lockutils [None req-823676b3-91d9-42cb-83ab-5557e8756263 tempest-ServerActionsTestOtherA-1644474693 tempest-ServerActionsTestOtherA-1644474693-project-member] Acquiring lock "c53c0caa-e263-4ef8-9af8-3623605ccf30" by "nova.context.set_target_cell..get_or_set_cached_cell_and_set_connections" {{(pid=96163) inner /opt/stack/data/venv/lib/python3.12/site-packages/oslo_concurrency/lockutils.py:512}}
Jul 21 17:03:02.422658 np0000005585 nova-conductor[96163]: DEBUG oslo_concurrency.lockutils [None req-823676b3-91d9-42cb-83ab-5557e8756263 tempest-ServerActionsTestOtherA-1644474693 tempest-ServerActionsTestOtherA-1644474693-project-member] Lock "c53c0caa-e263-4ef8-9af8-3623605ccf30" acquired by "nova.context.set_target_cell..get_or_set_cached_cell_and_set_connections" :: waited 0.000s {{(pid=96163) inner /opt/stack/data/venv/lib/python3.12/site-packages/oslo_concurrency/lockutils.py:525}}
Jul 21 17:03:02.423587 np0000005585 nova-conductor[96163]: DEBUG oslo_concurrency.lockutils [None req-823676b3-91d9-42cb-83ab-5557e8756263 tempest-ServerActionsTestOtherA-1644474693 tempest-ServerActionsTestOtherA-1644474693-project-member] Lock "c53c0caa-e263-4ef8-9af8-3623605ccf30" "released" by "nova.context.set_target_cell..get_or_set_cached_cell_and_set_connections" :: held 0.002s {{(pid=96163) inner /opt/stack/data/venv/lib/python3.12/site-packages/oslo_concurrency/lockutils.py:544}}
Jul 21 17:03:02.426312 np0000005585 nova-conductor[96163]: INFO dbcounter [None req-823676b3-91d9-42cb-83ab-5557e8756263 tempest-ServerActionsTestOtherA-1644474693 tempest-ServerActionsTestOtherA-1644474693-project-member] Registered counter for database nova_cell1
Jul 21 17:03:02.468986 np0000005585 nova-conductor[96163]: DEBUG oslo_db.sqlalchemy.engines [None req-823676b3-91d9-42cb-83ab-5557e8756263 tempest-ServerActionsTestOtherA-1644474693 tempest-ServerActionsTestOtherA-1644474693-project-member] MySQL server mode set to STRICT_TRANS_TABLES,STRICT_ALL_TABLES,NO_ZERO_IN_DATE,NO_ZERO_DATE,ERROR_FOR_DIVISION_BY_ZERO,TRADITIONAL,NO_ENGINE_SUBSTITUTION {{(pid=96163) _check_effective_sql_mode /opt/stack/data/venv/lib/python3.12/site-packages/oslo_db/sqlalchemy/engines.py:325}}
Jul 21 17:03:02.476082 np0000005585 nova-conductor[96163]: DEBUG dbcounter [-] [96163] Writer thread running {{(pid=96163) stat_writer /opt/stack/data/venv/lib/python3.12/site-packages/dbcounter.py:102}}
Jul 21 17:03:02.543073 np0000005585 nova-conductor[96163]: INFO nova.utils [None req-823676b3-91d9-42cb-83ab-5557e8756263 tempest-ServerActionsTestOtherA-1644474693 tempest-ServerActionsTestOtherA-1644474693-project-member] The cell worker thread pool ForkProcess-2.cell_worker is initialized
Jul 21 17:03:02.543466 np0000005585 nova-conductor[96163]: DEBUG oslo_concurrency.lockutils [None req-823676b3-91d9-42cb-83ab-5557e8756263 tempest-ServerActionsTestOtherA-1644474693 tempest-ServerActionsTestOtherA-1644474693-project-member] Acquiring lock "00000000-0000-0000-0000-000000000000" by "nova.context.set_target_cell..get_or_set_cached_cell_and_set_connections" {{(pid=96163) inner /opt/stack/data/venv/lib/python3.12/site-packages/oslo_concurrency/lockutils.py:512}}
Jul 21 17:03:02.543707 np0000005585 nova-conductor[96163]: DEBUG oslo_concurrency.lockutils [None req-823676b3-91d9-42cb-83ab-5557e8756263 tempest-ServerActionsTestOtherA-1644474693 tempest-ServerActionsTestOtherA-1644474693-project-member] Lock "00000000-0000-0000-0000-000000000000" acquired by "nova.context.set_target_cell..get_or_set_cached_cell_and_set_connections" :: waited 0.000s {{(pid=96163) inner /opt/stack/data/venv/lib/python3.12/site-packages/oslo_concurrency/lockutils.py:525}}
Jul 21 17:03:02.544404 np0000005585 nova-conductor[96163]: DEBUG oslo_concurrency.lockutils [None req-823676b3-91d9-42cb-83ab-5557e8756263 tempest-ServerActionsTestOtherA-1644474693 tempest-ServerActionsTestOtherA-1644474693-project-member] Lock "00000000-0000-0000-0000-000000000000" "released" by "nova.context.set_target_cell..get_or_set_cached_cell_and_set_connections" :: held 0.001s {{(pid=96163) inner /opt/stack/data/venv/lib/python3.12/site-packages/oslo_concurrency/lockutils.py:544}}
Jul 21 17:03:02.545472 np0000005585 nova-conductor[96163]: DEBUG oslo_concurrency.lockutils [None req-823676b3-91d9-42cb-83ab-5557e8756263 tempest-ServerActionsTestOtherA-1644474693 tempest-ServerActionsTestOtherA-1644474693-project-member] Acquiring lock "c53c0caa-e263-4ef8-9af8-3623605ccf30" by "nova.context.set_target_cell..get_or_set_cached_cell_and_set_connections" {{(pid=96163) inner /opt/stack/data/venv/lib/python3.12/site-packages/oslo_concurrency/lockutils.py:512}}
Jul 21 17:03:02.545667 np0000005585 nova-conductor[96163]: DEBUG oslo_concurrency.lockutils [None req-823676b3-91d9-42cb-83ab-5557e8756263 tempest-ServerActionsTestOtherA-1644474693 tempest-ServerActionsTestOtherA-1644474693-project-member] Lock "c53c0caa-e263-4ef8-9af8-3623605ccf30" acquired by "nova.context.set_target_cell..get_or_set_cached_cell_and_set_connections" :: waited 0.000s {{(pid=96163) inner /opt/stack/data/venv/lib/python3.12/site-packages/oslo_concurrency/lockutils.py:525}}
Jul 21 17:03:02.545808 np0000005585 nova-conductor[96163]: DEBUG oslo_concurrency.lockutils [None req-823676b3-91d9-42cb-83ab-5557e8756263 tempest-ServerActionsTestOtherA-1644474693 tempest-ServerActionsTestOtherA-1644474693-project-member] Lock "c53c0caa-e263-4ef8-9af8-3623605ccf30" "released" by "nova.context.set_target_cell..get_or_set_cached_cell_and_set_connections" :: held 0.000s {{(pid=96163) inner /opt/stack/data/venv/lib/python3.12/site-packages/oslo_concurrency/lockutils.py:544}}
