Aug 20 14:51:01.592713 np0000007865 devstack@g-api.service[99758]: DEBUG glance.api.middleware.version_negotiation [None req-d814895d-183c-43d6-9639-e2ed0ef2ed7c tempest-ServerActionsV293TestJSON-380125460 tempest-ServerActionsV293TestJSON-380125460-project-member] Determining version of request: GET /v2/schemas/image Accept: */* {{(pid=99758) process_request /opt/stack/glance/glance/api/middleware/version_negotiation.py:44}}
Aug 20 14:51:01.592878 np0000007865 devstack@g-api.service[99758]: DEBUG glance.api.middleware.version_negotiation [None req-d814895d-183c-43d6-9639-e2ed0ef2ed7c tempest-ServerActionsV293TestJSON-380125460 tempest-ServerActionsV293TestJSON-380125460-project-member] Using url versioning {{(pid=99758) process_request /opt/stack/glance/glance/api/middleware/version_negotiation.py:57}}
Aug 20 14:51:01.592998 np0000007865 devstack@g-api.service[99758]: DEBUG glance.api.middleware.version_negotiation [None req-d814895d-183c-43d6-9639-e2ed0ef2ed7c tempest-ServerActionsV293TestJSON-380125460 tempest-ServerActionsV293TestJSON-380125460-project-member] Matched version: v2 {{(pid=99758) process_request /opt/stack/glance/glance/api/middleware/version_negotiation.py:69}}
Aug 20 14:51:01.593133 np0000007865 devstack@g-api.service[99758]: DEBUG glance.api.middleware.version_negotiation [None req-d814895d-183c-43d6-9639-e2ed0ef2ed7c tempest-ServerActionsV293TestJSON-380125460 tempest-ServerActionsV293TestJSON-380125460-project-member] new path /v2/schemas/image {{(pid=99758) process_request /opt/stack/glance/glance/api/middleware/version_negotiation.py:70}}
Aug 20 14:51:01.595679 np0000007865 devstack@g-api.service[99758]: [pid: 99758|app: 0|req: 12/32] 127.0.0.1 () {44 vars in 1051 bytes} [Thu Aug 20 14:51:01 2026] GET /v2/schemas/image => generated 6083 bytes in 3 msecs (HTTP/1.1 200) 4 headers in 158 bytes (1 switches on core 0)
Aug 20 14:51:01.606839 np0000007865 devstack@g-api.service[99759]: DEBUG glance.api.middleware.version_negotiation [None req-d814895d-183c-43d6-9639-e2ed0ef2ed7c tempest-ServerActionsV293TestJSON-380125460 tempest-ServerActionsV293TestJSON-380125460-project-member] Determining version of request: GET /v2/schemas/image Accept: */* {{(pid=99759) process_request /opt/stack/glance/glance/api/middleware/version_negotiation.py:44}}
Aug 20 14:51:01.607031 np0000007865 devstack@g-api.service[99759]: DEBUG glance.api.middleware.version_negotiation [None req-d814895d-183c-43d6-9639-e2ed0ef2ed7c tempest-ServerActionsV293TestJSON-380125460 tempest-ServerActionsV293TestJSON-380125460-project-member] Using url versioning {{(pid=99759) process_request /opt/stack/glance/glance/api/middleware/version_negotiation.py:57}}
Aug 20 14:51:01.607158 np0000007865 devstack@g-api.service[99759]: DEBUG glance.api.middleware.version_negotiation [None req-d814895d-183c-43d6-9639-e2ed0ef2ed7c tempest-ServerActionsV293TestJSON-380125460 tempest-ServerActionsV293TestJSON-380125460-project-member] Matched version: v2 {{(pid=99759) process_request /opt/stack/glance/glance/api/middleware/version_negotiation.py:69}}
Aug 20 14:51:01.607264 np0000007865 devstack@g-api.service[99759]: DEBUG glance.api.middleware.version_negotiation [None req-d814895d-183c-43d6-9639-e2ed0ef2ed7c tempest-ServerActionsV293TestJSON-380125460 tempest-ServerActionsV293TestJSON-380125460-project-member] new path /v2/schemas/image {{(pid=99759) process_request /opt/stack/glance/glance/api/middleware/version_negotiation.py:70}}
Aug 20 14:51:01.609391 np0000007865 devstack@g-api.service[99759]: [pid: 99759|app: 0|req: 11/33] 127.0.0.1 () {44 vars in 1051 bytes} [Thu Aug 20 14:51:01 2026] GET /v2/schemas/image => generated 6083 bytes in 3 msecs (HTTP/1.1 200) 4 headers in 158 bytes (1 switches on core 0)
Aug 20 14:51:02.400676 np0000007865 devstack@g-api.service[99760]: DEBUG glance.api.middleware.version_negotiation [None req-d814895d-183c-43d6-9639-e2ed0ef2ed7c tempest-ServerActionsV293TestJSON-380125460 tempest-ServerActionsV293TestJSON-380125460-project-member] Determining version of request: GET /versions Accept: */* {{(pid=99760) process_request /opt/stack/glance/glance/api/middleware/version_negotiation.py:44}}
Aug 20 14:51:02.401348 np0000007865 devstack@g-api.service[99760]: [pid: 99760|app: 0|req: 11/34] 127.0.0.1 () {44 vars in 1035 bytes} [Thu Aug 20 14:51:02 2026] GET /versions => generated 1501 bytes in 1 msecs (HTTP/1.1 200) 3 headers in 92 bytes (1 switches on core 0)
Aug 20 14:51:02.407335 np0000007865 devstack@g-api.service[99758]: DEBUG glance.api.middleware.version_negotiation [None req-d814895d-183c-43d6-9639-e2ed0ef2ed7c tempest-ServerActionsV293TestJSON-380125460 tempest-ServerActionsV293TestJSON-380125460-project-member] Determining version of request: GET /v2/images/718874bf-b19b-4484-9221-b98d77d5815a/locations Accept: */* {{(pid=99758) process_request /opt/stack/glance/glance/api/middleware/version_negotiation.py:44}}
Aug 20 14:51:02.407696 np0000007865 devstack@g-api.service[99758]: DEBUG glance.api.middleware.version_negotiation [None req-d814895d-183c-43d6-9639-e2ed0ef2ed7c tempest-ServerActionsV293TestJSON-380125460 tempest-ServerActionsV293TestJSON-380125460-project-member] Using url versioning {{(pid=99758) process_request /opt/stack/glance/glance/api/middleware/version_negotiation.py:57}}
Aug 20 14:51:02.407696 np0000007865 devstack@g-api.service[99758]: DEBUG glance.api.middleware.version_negotiation [None req-d814895d-183c-43d6-9639-e2ed0ef2ed7c tempest-ServerActionsV293TestJSON-380125460 tempest-ServerActionsV293TestJSON-380125460-project-member] Matched version: v2 {{(pid=99758) process_request /opt/stack/glance/glance/api/middleware/version_negotiation.py:69}}
Aug 20 14:51:02.407696 np0000007865 devstack@g-api.service[99758]: DEBUG glance.api.middleware.version_negotiation [None req-d814895d-183c-43d6-9639-e2ed0ef2ed7c tempest-ServerActionsV293TestJSON-380125460 tempest-ServerActionsV293TestJSON-380125460-project-member] new path /v2/images/718874bf-b19b-4484-9221-b98d77d5815a/locations {{(pid=99758) process_request /opt/stack/glance/glance/api/middleware/version_negotiation.py:70}}
Aug 20 14:51:02.801040 np0000007865 devstack@g-api.service[99758]: [pid: 99758|app: 0|req: 13/35] 127.0.0.1 () {44 vars in 1131 bytes} [Thu Aug 20 14:51:02 2026] GET /v2/images/718874bf-b19b-4484-9221-b98d77d5815a/locations => generated 92 bytes in 394 msecs (HTTP/1.1 200) 4 headers in 156 bytes (1 switches on core 0)
Aug 20 14:51:02.808536 np0000007865 devstack@g-api.service[99759]: DEBUG glance.api.middleware.version_negotiation [None req-d814895d-183c-43d6-9639-e2ed0ef2ed7c tempest-ServerActionsV293TestJSON-380125460 tempest-ServerActionsV293TestJSON-380125460-project-member] Determining version of request: GET /v2/images/718874bf-b19b-4484-9221-b98d77d5815a Accept: */* {{(pid=99759) process_request /opt/stack/glance/glance/api/middleware/version_negotiation.py:44}}
Aug 20 14:51:02.808979 np0000007865 devstack@g-api.service[99759]: DEBUG glance.api.middleware.version_negotiation [None req-d814895d-183c-43d6-9639-e2ed0ef2ed7c tempest-ServerActionsV293TestJSON-380125460 tempest-ServerActionsV293TestJSON-380125460-project-member] Using url versioning {{(pid=99759) process_request /opt/stack/glance/glance/api/middleware/version_negotiation.py:57}}
Aug 20 14:51:02.808979 np0000007865 devstack@g-api.service[99759]: DEBUG glance.api.middleware.version_negotiation [None req-d814895d-183c-43d6-9639-e2ed0ef2ed7c tempest-ServerActionsV293TestJSON-380125460 tempest-ServerActionsV293TestJSON-380125460-project-member] Matched version: v2 {{(pid=99759) process_request /opt/stack/glance/glance/api/middleware/version_negotiation.py:69}}
Aug 20 14:51:02.808979 np0000007865 devstack@g-api.service[99759]: DEBUG glance.api.middleware.version_negotiation [None req-d814895d-183c-43d6-9639-e2ed0ef2ed7c tempest-ServerActionsV293TestJSON-380125460 tempest-ServerActionsV293TestJSON-380125460-project-member] new path /v2/images/718874bf-b19b-4484-9221-b98d77d5815a {{(pid=99759) process_request /opt/stack/glance/glance/api/middleware/version_negotiation.py:70}}
Aug 20 14:51:02.825448 np0000007865 devstack@g-api.service[99759]: [pid: 99759|app: 0|req: 12/36] 127.0.0.1 () {44 vars in 1111 bytes} [Thu Aug 20 14:51:02 2026] GET /v2/images/718874bf-b19b-4484-9221-b98d77d5815a => generated 1044 bytes in 17 msecs (HTTP/1.1 200) 4 headers in 158 bytes (1 switches on core 0)
Aug 20 14:51:02.833837 np0000007865 devstack@g-api.service[99760]: DEBUG glance.api.middleware.version_negotiation [None req-d814895d-183c-43d6-9639-e2ed0ef2ed7c tempest-ServerActionsV293TestJSON-380125460 tempest-ServerActionsV293TestJSON-380125460-project-member] Determining version of request: GET /v2/schemas/image Accept: */* {{(pid=99760) process_request /opt/stack/glance/glance/api/middleware/version_negotiation.py:44}}
Aug 20 14:51:02.833837 np0000007865 devstack@g-api.service[99760]: DEBUG glance.api.middleware.version_negotiation [None req-d814895d-183c-43d6-9639-e2ed0ef2ed7c tempest-ServerActionsV293TestJSON-380125460 tempest-ServerActionsV293TestJSON-380125460-project-member] Using url versioning {{(pid=99760) process_request /opt/stack/glance/glance/api/middleware/version_negotiation.py:57}}
Aug 20 14:51:02.833837 np0000007865 devstack@g-api.service[99760]: DEBUG glance.api.middleware.version_negotiation [None req-d814895d-183c-43d6-9639-e2ed0ef2ed7c tempest-ServerActionsV293TestJSON-380125460 tempest-ServerActionsV293TestJSON-380125460-project-member] Matched version: v2 {{(pid=99760) process_request /opt/stack/glance/glance/api/middleware/version_negotiation.py:69}}
Aug 20 14:51:02.834190 np0000007865 devstack@g-api.service[99760]: DEBUG glance.api.middleware.version_negotiation [None req-d814895d-183c-43d6-9639-e2ed0ef2ed7c tempest-ServerActionsV293TestJSON-380125460 tempest-ServerActionsV293TestJSON-380125460-project-member] new path /v2/schemas/image {{(pid=99760) process_request /opt/stack/glance/glance/api/middleware/version_negotiation.py:70}}
Aug 20 14:51:02.836134 np0000007865 devstack@g-api.service[99760]: [pid: 99760|app: 0|req: 12/37] 127.0.0.1 () {44 vars in 1051 bytes} [Thu Aug 20 14:51:02 2026] GET /v2/schemas/image => generated 6083 bytes in 2 msecs (HTTP/1.1 200) 4 headers in 158 bytes (1 switches on core 0)
Aug 20 14:51:02.853225 np0000007865 devstack@g-api.service[99758]: DEBUG glance.api.middleware.version_negotiation [None req-d814895d-183c-43d6-9639-e2ed0ef2ed7c service glance] Determining version of request: GET /v2/schemas/image Accept: */* {{(pid=99758) process_request /opt/stack/glance/glance/api/middleware/version_negotiation.py:44}}
Aug 20 14:51:02.853389 np0000007865 devstack@g-api.service[99758]: DEBUG glance.api.middleware.version_negotiation [None req-d814895d-183c-43d6-9639-e2ed0ef2ed7c service glance] Using url versioning {{(pid=99758) process_request /opt/stack/glance/glance/api/middleware/version_negotiation.py:57}}
Aug 20 14:51:02.853564 np0000007865 devstack@g-api.service[99758]: DEBUG glance.api.middleware.version_negotiation [None req-d814895d-183c-43d6-9639-e2ed0ef2ed7c service glance] Matched version: v2 {{(pid=99758) process_request /opt/stack/glance/glance/api/middleware/version_negotiation.py:69}}
Aug 20 14:51:02.853683 np0000007865 devstack@g-api.service[99758]: DEBUG glance.api.middleware.version_negotiation [None req-d814895d-183c-43d6-9639-e2ed0ef2ed7c service glance] new path /v2/schemas/image {{(pid=99758) process_request /opt/stack/glance/glance/api/middleware/version_negotiation.py:70}}
Aug 20 14:51:02.855859 np0000007865 devstack@g-api.service[99758]: [pid: 99758|app: 0|req: 14/38] 127.0.0.1 () {44 vars in 1051 bytes} [Thu Aug 20 14:51:02 2026] GET /v2/schemas/image => generated 6083 bytes in 4 msecs (HTTP/1.1 200) 4 headers in 158 bytes (1 switches on core 0)
Aug 20 14:51:02.894036 np0000007865 devstack@g-api.service[99759]: DEBUG glance.api.middleware.version_negotiation [None req-d814895d-183c-43d6-9639-e2ed0ef2ed7c tempest-ServerActionsV293TestJSON-380125460 tempest-ServerActionsV293TestJSON-380125460-project-member] Determining version of request: GET /v2/images/718874bf-b19b-4484-9221-b98d77d5815a Accept: */* {{(pid=99759) process_request /opt/stack/glance/glance/api/middleware/version_negotiation.py:44}}
Aug 20 14:51:02.894187 np0000007865 devstack@g-api.service[99759]: DEBUG glance.api.middleware.version_negotiation [None req-d814895d-183c-43d6-9639-e2ed0ef2ed7c tempest-ServerActionsV293TestJSON-380125460 tempest-ServerActionsV293TestJSON-380125460-project-member] Using url versioning {{(pid=99759) process_request /opt/stack/glance/glance/api/middleware/version_negotiation.py:57}}
Aug 20 14:51:02.894308 np0000007865 devstack@g-api.service[99759]: DEBUG glance.api.middleware.version_negotiation [None req-d814895d-183c-43d6-9639-e2ed0ef2ed7c tempest-ServerActionsV293TestJSON-380125460 tempest-ServerActionsV293TestJSON-380125460-project-member] Matched version: v2 {{(pid=99759) process_request /opt/stack/glance/glance/api/middleware/version_negotiation.py:69}}
Aug 20 14:51:02.894400 np0000007865 devstack@g-api.service[99759]: DEBUG glance.api.middleware.version_negotiation [None req-d814895d-183c-43d6-9639-e2ed0ef2ed7c tempest-ServerActionsV293TestJSON-380125460 tempest-ServerActionsV293TestJSON-380125460-project-member] new path /v2/images/718874bf-b19b-4484-9221-b98d77d5815a {{(pid=99759) process_request /opt/stack/glance/glance/api/middleware/version_negotiation.py:70}}
Aug 20 14:51:02.902899 np0000007865 devstack@g-api.service[99759]: [pid: 99759|app: 0|req: 13/39] 127.0.0.1 () {44 vars in 1111 bytes} [Thu Aug 20 14:51:02 2026] GET /v2/images/718874bf-b19b-4484-9221-b98d77d5815a => generated 1044 bytes in 9 msecs (HTTP/1.1 200) 4 headers in 158 bytes (1 switches on core 0)
Aug 20 14:51:02.913033 np0000007865 devstack@g-api.service[99760]: DEBUG glance.api.middleware.version_negotiation [None req-d814895d-183c-43d6-9639-e2ed0ef2ed7c tempest-ServerActionsV293TestJSON-380125460 tempest-ServerActionsV293TestJSON-380125460-project-member] Determining version of request: GET /v2/images/718874bf-b19b-4484-9221-b98d77d5815a/file Accept: */* {{(pid=99760) process_request /opt/stack/glance/glance/api/middleware/version_negotiation.py:44}}
Aug 20 14:51:02.913312 np0000007865 devstack@g-api.service[99760]: DEBUG glance.api.middleware.version_negotiation [None req-d814895d-183c-43d6-9639-e2ed0ef2ed7c tempest-ServerActionsV293TestJSON-380125460 tempest-ServerActionsV293TestJSON-380125460-project-member] Using url versioning {{(pid=99760) process_request /opt/stack/glance/glance/api/middleware/version_negotiation.py:57}}
Aug 20 14:51:02.913467 np0000007865 devstack@g-api.service[99760]: DEBUG glance.api.middleware.version_negotiation [None req-d814895d-183c-43d6-9639-e2ed0ef2ed7c tempest-ServerActionsV293TestJSON-380125460 tempest-ServerActionsV293TestJSON-380125460-project-member] Matched version: v2 {{(pid=99760) process_request /opt/stack/glance/glance/api/middleware/version_negotiation.py:69}}
Aug 20 14:51:02.913649 np0000007865 devstack@g-api.service[99760]: DEBUG glance.api.middleware.version_negotiation [None req-d814895d-183c-43d6-9639-e2ed0ef2ed7c tempest-ServerActionsV293TestJSON-380125460 tempest-ServerActionsV293TestJSON-380125460-project-member] new path /v2/images/718874bf-b19b-4484-9221-b98d77d5815a/file {{(pid=99760) process_request /opt/stack/glance/glance/api/middleware/version_negotiation.py:70}}
Aug 20 14:51:02.926498 np0000007865 devstack@g-api.service[99760]: DEBUG glance_store.backend [None req-d814895d-183c-43d6-9639-e2ed0ef2ed7c tempest-ServerActionsV293TestJSON-380125460 tempest-ServerActionsV293TestJSON-380125460-project-member] Attempting to import store swift {{(pid=99760) _load_store /opt/stack/data/venv/lib/python3.12/site-packages/glance_store/backend.py:215}}
Aug 20 14:51:02.928673 np0000007865 devstack@g-api.service[99760]: DEBUG glance_store.capabilities [None req-d814895d-183c-43d6-9639-e2ed0ef2ed7c tempest-ServerActionsV293TestJSON-380125460 tempest-ServerActionsV293TestJSON-380125460-project-member] Store glance_store._drivers.swift.store.SingleTenantStore doesn't support updating dynamic storage capabilities. Please overwrite 'update_capabilities' method of the store to implement updating logics if needed. {{(pid=99760) update_capabilities /opt/stack/data/venv/lib/python3.12/site-packages/glance_store/capabilities.py:91}}
Aug 20 14:51:02.928859 np0000007865 devstack@g-api.service[99760]: DEBUG glance_store.driver [None req-d814895d-183c-43d6-9639-e2ed0ef2ed7c tempest-ServerActionsV293TestJSON-380125460 tempest-ServerActionsV293TestJSON-380125460-project-member] Late loading location class glance_store._drivers.swift.store.StoreLocation {{(pid=99760) get_store_location_class /opt/stack/data/venv/lib/python3.12/site-packages/glance_store/driver.py:134}}
Aug 20 14:51:02.929232 np0000007865 devstack@g-api.service[99760]: DEBUG glance_store.location [None req-d814895d-183c-43d6-9639-e2ed0ef2ed7c tempest-ServerActionsV293TestJSON-380125460 tempest-ServerActionsV293TestJSON-380125460-project-member] Registering scheme swift+https with {'store': , 'location_class': , 'store_entry': 'swift'} {{(pid=99760) register_scheme_map /opt/stack/data/venv/lib/python3.12/site-packages/glance_store/location.py:146}}
Aug 20 14:51:02.929232 np0000007865 devstack@g-api.service[99760]: DEBUG glance_store.location [None req-d814895d-183c-43d6-9639-e2ed0ef2ed7c tempest-ServerActionsV293TestJSON-380125460 tempest-ServerActionsV293TestJSON-380125460-project-member] Registering scheme swift+https with {'store': , 'location_class': , 'store_entry': 'swift'} {{(pid=99760) register_scheme_map /opt/stack/data/venv/lib/python3.12/site-packages/glance_store/location.py:146}}
Aug 20 14:51:02.929232 np0000007865 devstack@g-api.service[99760]: DEBUG glance_store.location [None req-d814895d-183c-43d6-9639-e2ed0ef2ed7c tempest-ServerActionsV293TestJSON-380125460 tempest-ServerActionsV293TestJSON-380125460-project-member] Registering scheme swift with {'store': , 'location_class': , 'store_entry': 'swift'} {{(pid=99760) register_scheme_map /opt/stack/data/venv/lib/python3.12/site-packages/glance_store/location.py:146}}
Aug 20 14:51:02.929401 np0000007865 devstack@g-api.service[99760]: DEBUG glance_store.location [None req-d814895d-183c-43d6-9639-e2ed0ef2ed7c tempest-ServerActionsV293TestJSON-380125460 tempest-ServerActionsV293TestJSON-380125460-project-member] Registering scheme swift+https with {'store': , 'location_class': , 'store_entry': 'swift'} {{(pid=99760) register_scheme_map /opt/stack/data/venv/lib/python3.12/site-packages/glance_store/location.py:146}}
Aug 20 14:51:02.929707 np0000007865 devstack@g-api.service[99760]: DEBUG glance_store.location [None req-d814895d-183c-43d6-9639-e2ed0ef2ed7c tempest-ServerActionsV293TestJSON-380125460 tempest-ServerActionsV293TestJSON-380125460-project-member] Registering scheme swift with {'store': , 'location_class': , 'store_entry': 'swift'} {{(pid=99760) register_scheme_map /opt/stack/data/venv/lib/python3.12/site-packages/glance_store/location.py:146}}
Aug 20 14:51:02.929707 np0000007865 devstack@g-api.service[99760]: DEBUG glance_store.location [None req-d814895d-183c-43d6-9639-e2ed0ef2ed7c tempest-ServerActionsV293TestJSON-380125460 tempest-ServerActionsV293TestJSON-380125460-project-member] Registering scheme swift+http with {'store': , 'location_class': , 'store_entry': 'swift'} {{(pid=99760) register_scheme_map /opt/stack/data/venv/lib/python3.12/site-packages/glance_store/location.py:146}}
Aug 20 14:51:02.929983 np0000007865 devstack@g-api.service[99760]: DEBUG glance_store.location [None req-d814895d-183c-43d6-9639-e2ed0ef2ed7c tempest-ServerActionsV293TestJSON-380125460 tempest-ServerActionsV293TestJSON-380125460-project-member] Registering scheme swift+https with {'store': , 'location_class': , 'store_entry': 'swift'} {{(pid=99760) register_scheme_map /opt/stack/data/venv/lib/python3.12/site-packages/glance_store/location.py:146}}
Aug 20 14:51:02.929983 np0000007865 devstack@g-api.service[99760]: DEBUG glance_store.location [None req-d814895d-183c-43d6-9639-e2ed0ef2ed7c tempest-ServerActionsV293TestJSON-380125460 tempest-ServerActionsV293TestJSON-380125460-project-member] Registering scheme swift with {'store': , 'location_class': , 'store_entry': 'swift'} {{(pid=99760) register_scheme_map /opt/stack/data/venv/lib/python3.12/site-packages/glance_store/location.py:146}}
Aug 20 14:51:02.930185 np0000007865 devstack@g-api.service[99760]: DEBUG glance_store.location [None req-d814895d-183c-43d6-9639-e2ed0ef2ed7c tempest-ServerActionsV293TestJSON-380125460 tempest-ServerActionsV293TestJSON-380125460-project-member] Registering scheme swift+http with {'store': , 'location_class': , 'store_entry': 'swift'} {{(pid=99760) register_scheme_map /opt/stack/data/venv/lib/python3.12/site-packages/glance_store/location.py:146}}
Aug 20 14:51:02.930185 np0000007865 devstack@g-api.service[99760]: DEBUG glance_store.location [None req-d814895d-183c-43d6-9639-e2ed0ef2ed7c tempest-ServerActionsV293TestJSON-380125460 tempest-ServerActionsV293TestJSON-380125460-project-member] Registering scheme swift+config with {'store': , 'location_class': , 'store_entry': 'swift'} {{(pid=99760) register_scheme_map /opt/stack/data/venv/lib/python3.12/site-packages/glance_store/location.py:146}}
Aug 20 14:51:03.299740 np0000007865 devstack@g-api.service[99760]: DEBUG swiftclient [None req-d814895d-183c-43d6-9639-e2ed0ef2ed7c tempest-ServerActionsV293TestJSON-380125460 tempest-ServerActionsV293TestJSON-380125460-project-member] REQ: curl -i https://10.4.3.98:8080/v1/AUTH_db2dc05861a64870959a3aeaf74ec8d9/glance/718874bf-b19b-4484-9221-b98d77d5815a -X GET -H "X-Auth-Token: gAAAAABqhxRX1ast..." {{(pid=99760) http_log /opt/stack/data/venv/lib/python3.12/site-packages/swiftclient/client.py:160}}
Aug 20 14:51:03.299909 np0000007865 devstack@g-api.service[99760]: DEBUG swiftclient [None req-d814895d-183c-43d6-9639-e2ed0ef2ed7c tempest-ServerActionsV293TestJSON-380125460 tempest-ServerActionsV293TestJSON-380125460-project-member] RESP STATUS: 200 OK {{(pid=99760) http_log /opt/stack/data/venv/lib/python3.12/site-packages/swiftclient/client.py:161}}
Aug 20 14:51:03.300152 np0000007865 devstack@g-api.service[99760]: DEBUG swiftclient [None req-d814895d-183c-43d6-9639-e2ed0ef2ed7c tempest-ServerActionsV293TestJSON-380125460 tempest-ServerActionsV293TestJSON-380125460-project-member] RESP HEADERS: {'Date': 'Thu, 20 Aug 2026 14:51:03 GMT', 'Server': 'Apache/2.4.58 (Ubuntu)', 'Content-Type': 'application/octet-stream', 'Etag': '87617e24a5e30cb3b87fda8c0764838f', 'Last-Modified': 'Thu, 20 Aug 2026 14:49:11 GMT', 'X-Timestamp': '1787237350.92384', 'Accept-Ranges': 'bytes', 'Content-Length': '21692416', 'X-Trans-Id': 'tx2b9de24b623448a190ab1-006a871457', 'X-Openstack-Request-Id': 'tx2b9de24b623448a190ab1-006a871457', 'Connection': 'close'} {{(pid=99760) http_log /opt/stack/data/venv/lib/python3.12/site-packages/swiftclient/client.py:162}}
Aug 20 14:51:03.308693 np0000007865 devstack@g-api.service[99760]: DEBUG glance.image_cache [None req-d814895d-183c-43d6-9639-e2ed0ef2ed7c tempest-ServerActionsV293TestJSON-380125460 tempest-ServerActionsV293TestJSON-380125460-project-member] Tee'ing image '718874bf-b19b-4484-9221-b98d77d5815a' into cache {{(pid=99760) get_caching_iter /opt/stack/glance/glance/image_cache/__init__.py:356}}
Aug 20 14:51:03.650609 np0000007865 devstack@g-api.service[99760]: DEBUG glance.image_cache.drivers.centralized_db [None req-d814895d-183c-43d6-9639-e2ed0ef2ed7c tempest-ServerActionsV293TestJSON-380125460 tempest-ServerActionsV293TestJSON-380125460-project-member] Fetch finished, moving '/opt/stack/data/glance/cache/incomplete/718874bf-b19b-4484-9221-b98d77d5815a' to '/opt/stack/data/glance/cache/718874bf-b19b-4484-9221-b98d77d5815a' {{(pid=99760) commit /opt/stack/glance/glance/image_cache/drivers/centralized_db.py:243}}
Aug 20 14:51:03.663944 np0000007865 devstack@g-api.service[99760]: DEBUG glance.image_cache.drivers.centralized_db [None req-d814895d-183c-43d6-9639-e2ed0ef2ed7c tempest-ServerActionsV293TestJSON-380125460 tempest-ServerActionsV293TestJSON-380125460-project-member] Image cached successfully. {{(pid=99760) commit /opt/stack/glance/glance/image_cache/drivers/centralized_db.py:258}}
Aug 20 14:51:03.664186 np0000007865 devstack@g-api.service[99760]: [pid: 99760|app: 0|req: 13/40] 127.0.0.1 () {44 vars in 1121 bytes} [Thu Aug 20 14:51:02 2026] GET /v2/images/718874bf-b19b-4484-9221-b98d77d5815a/file => generated 21692416 bytes in 751 msecs (HTTP/1.1 200) 4 headers in 191 bytes (334 switches on core 0)
Aug 20 14:51:04.139404 np0000007865 devstack@g-api.service[99758]: DEBUG glance.api.middleware.version_negotiation [None req-d814895d-183c-43d6-9639-e2ed0ef2ed7c tempest-ServerActionsV293TestJSON-380125460 tempest-ServerActionsV293TestJSON-380125460-project-member] Determining version of request: GET /v2/images/718874bf-b19b-4484-9221-b98d77d5815a Accept: application/json {{(pid=99758) process_request /opt/stack/glance/glance/api/middleware/version_negotiation.py:44}}
Aug 20 14:51:04.140019 np0000007865 devstack@g-api.service[99758]: DEBUG glance.api.middleware.version_negotiation [None req-d814895d-183c-43d6-9639-e2ed0ef2ed7c tempest-ServerActionsV293TestJSON-380125460 tempest-ServerActionsV293TestJSON-380125460-project-member] Using url versioning {{(pid=99758) process_request /opt/stack/glance/glance/api/middleware/version_negotiation.py:57}}
Aug 20 14:51:04.140019 np0000007865 devstack@g-api.service[99758]: DEBUG glance.api.middleware.version_negotiation [None req-d814895d-183c-43d6-9639-e2ed0ef2ed7c tempest-ServerActionsV293TestJSON-380125460 tempest-ServerActionsV293TestJSON-380125460-project-member] Matched version: v2 {{(pid=99758) process_request /opt/stack/glance/glance/api/middleware/version_negotiation.py:69}}
Aug 20 14:51:04.140019 np0000007865 devstack@g-api.service[99758]: DEBUG glance.api.middleware.version_negotiation [None req-d814895d-183c-43d6-9639-e2ed0ef2ed7c tempest-ServerActionsV293TestJSON-380125460 tempest-ServerActionsV293TestJSON-380125460-project-member] new path /v2/images/718874bf-b19b-4484-9221-b98d77d5815a {{(pid=99758) process_request /opt/stack/glance/glance/api/middleware/version_negotiation.py:70}}
Aug 20 14:51:04.371248 np0000007865 devstack@g-api.service[99759]: DEBUG glance.api.middleware.version_negotiation [None req-d814895d-183c-43d6-9639-e2ed0ef2ed7c tempest-ServerActionsV293TestJSON-380125460 tempest-ServerActionsV293TestJSON-380125460-project-member] Determining version of request: GET /v2/images/718874bf-b19b-4484-9221-b98d77d5815a Accept: */* {{(pid=99759) process_request /opt/stack/glance/glance/api/middleware/version_negotiation.py:44}}
Aug 20 14:51:04.371649 np0000007865 devstack@g-api.service[99759]: DEBUG glance.api.middleware.version_negotiation [None req-d814895d-183c-43d6-9639-e2ed0ef2ed7c tempest-ServerActionsV293TestJSON-380125460 tempest-ServerActionsV293TestJSON-380125460-project-member] Using url versioning {{(pid=99759) process_request /opt/stack/glance/glance/api/middleware/version_negotiation.py:57}}
Aug 20 14:51:04.371649 np0000007865 devstack@g-api.service[99759]: DEBUG glance.api.middleware.version_negotiation [None req-d814895d-183c-43d6-9639-e2ed0ef2ed7c tempest-ServerActionsV293TestJSON-380125460 tempest-ServerActionsV293TestJSON-380125460-project-member] Matched version: v2 {{(pid=99759) process_request /opt/stack/glance/glance/api/middleware/version_negotiation.py:69}}
Aug 20 14:51:04.371649 np0000007865 devstack@g-api.service[99759]: DEBUG glance.api.middleware.version_negotiation [None req-d814895d-183c-43d6-9639-e2ed0ef2ed7c tempest-ServerActionsV293TestJSON-380125460 tempest-ServerActionsV293TestJSON-380125460-project-member] new path /v2/images/718874bf-b19b-4484-9221-b98d77d5815a {{(pid=99759) process_request /opt/stack/glance/glance/api/middleware/version_negotiation.py:70}}
Aug 20 14:51:04.395036 np0000007865 devstack@g-api.service[99759]: [pid: 99759|app: 0|req: 14/41] 127.0.0.1 () {44 vars in 1111 bytes} [Thu Aug 20 14:51:04 2026] GET /v2/images/718874bf-b19b-4484-9221-b98d77d5815a => generated 1044 bytes in 24 msecs (HTTP/1.1 200) 4 headers in 158 bytes (1 switches on core 0)
Aug 20 14:51:04.402313 np0000007865 devstack@g-api.service[99760]: DEBUG glance.api.middleware.version_negotiation [None req-d814895d-183c-43d6-9639-e2ed0ef2ed7c tempest-ServerActionsV293TestJSON-380125460 tempest-ServerActionsV293TestJSON-380125460-project-member] Determining version of request: GET /v2/schemas/image Accept: */* {{(pid=99760) process_request /opt/stack/glance/glance/api/middleware/version_negotiation.py:44}}
Aug 20 14:51:04.402436 np0000007865 devstack@g-api.service[99760]: DEBUG glance.api.middleware.version_negotiation [None req-d814895d-183c-43d6-9639-e2ed0ef2ed7c tempest-ServerActionsV293TestJSON-380125460 tempest-ServerActionsV293TestJSON-380125460-project-member] Using url versioning {{(pid=99760) process_request /opt/stack/glance/glance/api/middleware/version_negotiation.py:57}}
Aug 20 14:51:04.402631 np0000007865 devstack@g-api.service[99760]: DEBUG glance.api.middleware.version_negotiation [None req-d814895d-183c-43d6-9639-e2ed0ef2ed7c tempest-ServerActionsV293TestJSON-380125460 tempest-ServerActionsV293TestJSON-380125460-project-member] Matched version: v2 {{(pid=99760) process_request /opt/stack/glance/glance/api/middleware/version_negotiation.py:69}}
Aug 20 14:51:04.402691 np0000007865 devstack@g-api.service[99760]: DEBUG glance.api.middleware.version_negotiation [None req-d814895d-183c-43d6-9639-e2ed0ef2ed7c tempest-ServerActionsV293TestJSON-380125460 tempest-ServerActionsV293TestJSON-380125460-project-member] new path /v2/schemas/image {{(pid=99760) process_request /opt/stack/glance/glance/api/middleware/version_negotiation.py:70}}
Aug 20 14:51:04.404308 np0000007865 devstack@g-api.service[99758]: [pid: 99758|app: 0|req: 15/42] 127.0.0.1 () {40 vars in 834 bytes} [Thu Aug 20 14:51:04 2026] GET /v2/images/718874bf-b19b-4484-9221-b98d77d5815a => generated 1044 bytes in 265 msecs (HTTP/1.1 200) 4 headers in 158 bytes (1 switches on core 0)
Aug 20 14:51:04.405120 np0000007865 devstack@g-api.service[99760]: [pid: 99760|app: 0|req: 14/43] 127.0.0.1 () {44 vars in 1051 bytes} [Thu Aug 20 14:51:04 2026] GET /v2/schemas/image => generated 6083 bytes in 3 msecs (HTTP/1.1 200) 4 headers in 158 bytes (1 switches on core 0)
Aug 20 14:51:04.411334 np0000007865 devstack@g-api.service[99759]: DEBUG glance.api.middleware.version_negotiation [None req-d814895d-183c-43d6-9639-e2ed0ef2ed7c tempest-ServerActionsV293TestJSON-380125460 tempest-ServerActionsV293TestJSON-380125460-project-member] Determining version of request: GET /v2/images/718874bf-b19b-4484-9221-b98d77d5815a/file Accept: application/json {{(pid=99759) process_request /opt/stack/glance/glance/api/middleware/version_negotiation.py:44}}
Aug 20 14:51:04.411497 np0000007865 devstack@g-api.service[99759]: DEBUG glance.api.middleware.version_negotiation [None req-d814895d-183c-43d6-9639-e2ed0ef2ed7c tempest-ServerActionsV293TestJSON-380125460 tempest-ServerActionsV293TestJSON-380125460-project-member] Using url versioning {{(pid=99759) process_request /opt/stack/glance/glance/api/middleware/version_negotiation.py:57}}
Aug 20 14:51:04.411646 np0000007865 devstack@g-api.service[99759]: DEBUG glance.api.middleware.version_negotiation [None req-d814895d-183c-43d6-9639-e2ed0ef2ed7c tempest-ServerActionsV293TestJSON-380125460 tempest-ServerActionsV293TestJSON-380125460-project-member] Matched version: v2 {{(pid=99759) process_request /opt/stack/glance/glance/api/middleware/version_negotiation.py:69}}
Aug 20 14:51:04.411902 np0000007865 devstack@g-api.service[99759]: DEBUG glance.api.middleware.version_negotiation [None req-d814895d-183c-43d6-9639-e2ed0ef2ed7c tempest-ServerActionsV293TestJSON-380125460 tempest-ServerActionsV293TestJSON-380125460-project-member] new path /v2/images/718874bf-b19b-4484-9221-b98d77d5815a/file {{(pid=99759) process_request /opt/stack/glance/glance/api/middleware/version_negotiation.py:70}}
Aug 20 14:51:04.781563 np0000007865 devstack@g-api.service[99759]: DEBUG glance.api.middleware.cache [None req-faf36973-f700-472e-a7a1-1ac0e0aecff7 tempest-AttachSCSIVolumeTestJSON-1694335359 tempest-AttachSCSIVolumeTestJSON-1694335359-project-admin] Cache hit for image '718874bf-b19b-4484-9221-b98d77d5815a' {{(pid=99759) process_request /opt/stack/glance/glance/api/middleware/cache.py:160}}
Aug 20 14:51:04.791667 np0000007865 devstack@g-api.service[99758]: DEBUG glance.api.middleware.version_negotiation [None req-0a3aaeb5-0cfb-446b-8723-a48c5cb2cff8 tempest-AttachSCSIVolumeTestJSON-1464844536 tempest-AttachSCSIVolumeTestJSON-1464844536-project-reader] Determining version of request: POST /v2/images Accept: application/json {{(pid=99758) process_request /opt/stack/glance/glance/api/middleware/version_negotiation.py:44}}
Aug 20 14:51:04.791918 np0000007865 devstack@g-api.service[99758]: DEBUG glance.api.middleware.version_negotiation [None req-0a3aaeb5-0cfb-446b-8723-a48c5cb2cff8 tempest-AttachSCSIVolumeTestJSON-1464844536 tempest-AttachSCSIVolumeTestJSON-1464844536-project-reader] Using url versioning {{(pid=99758) process_request /opt/stack/glance/glance/api/middleware/version_negotiation.py:57}}
Aug 20 14:51:04.792052 np0000007865 devstack@g-api.service[99758]: DEBUG glance.api.middleware.version_negotiation [None req-0a3aaeb5-0cfb-446b-8723-a48c5cb2cff8 tempest-AttachSCSIVolumeTestJSON-1464844536 tempest-AttachSCSIVolumeTestJSON-1464844536-project-reader] Matched version: v2 {{(pid=99758) process_request /opt/stack/glance/glance/api/middleware/version_negotiation.py:69}}
Aug 20 14:51:04.792201 np0000007865 devstack@g-api.service[99758]: DEBUG glance.api.middleware.version_negotiation [None req-0a3aaeb5-0cfb-446b-8723-a48c5cb2cff8 tempest-AttachSCSIVolumeTestJSON-1464844536 tempest-AttachSCSIVolumeTestJSON-1464844536-project-reader] new path /v2/images {{(pid=99758) process_request /opt/stack/glance/glance/api/middleware/version_negotiation.py:70}}
Aug 20 14:51:05.184927 np0000007865 devstack@g-api.service[99760]: DEBUG glance.api.middleware.version_negotiation [None req-d814895d-183c-43d6-9639-e2ed0ef2ed7c tempest-ServerActionsV293TestJSON-380125460 tempest-ServerActionsV293TestJSON-380125460-project-member] Determining version of request: GET /v2/images/718874bf-b19b-4484-9221-b98d77d5815a Accept: */* {{(pid=99760) process_request /opt/stack/glance/glance/api/middleware/version_negotiation.py:44}}
Aug 20 14:51:05.185308 np0000007865 devstack@g-api.service[99760]: DEBUG glance.api.middleware.version_negotiation [None req-d814895d-183c-43d6-9639-e2ed0ef2ed7c tempest-ServerActionsV293TestJSON-380125460 tempest-ServerActionsV293TestJSON-380125460-project-member] Using url versioning {{(pid=99760) process_request /opt/stack/glance/glance/api/middleware/version_negotiation.py:57}}
Aug 20 14:51:05.185308 np0000007865 devstack@g-api.service[99760]: DEBUG glance.api.middleware.version_negotiation [None req-d814895d-183c-43d6-9639-e2ed0ef2ed7c tempest-ServerActionsV293TestJSON-380125460 tempest-ServerActionsV293TestJSON-380125460-project-member] Matched version: v2 {{(pid=99760) process_request /opt/stack/glance/glance/api/middleware/version_negotiation.py:69}}
Aug 20 14:51:05.185403 np0000007865 devstack@g-api.service[99760]: DEBUG glance.api.middleware.version_negotiation [None req-d814895d-183c-43d6-9639-e2ed0ef2ed7c tempest-ServerActionsV293TestJSON-380125460 tempest-ServerActionsV293TestJSON-380125460-project-member] new path /v2/images/718874bf-b19b-4484-9221-b98d77d5815a {{(pid=99760) process_request /opt/stack/glance/glance/api/middleware/version_negotiation.py:70}}
Aug 20 14:51:05.195742 np0000007865 devstack@g-api.service[99760]: [pid: 99760|app: 0|req: 15/44] 127.0.0.1 () {44 vars in 1111 bytes} [Thu Aug 20 14:51:05 2026] GET /v2/images/718874bf-b19b-4484-9221-b98d77d5815a => generated 1044 bytes in 12 msecs (HTTP/1.1 200) 4 headers in 158 bytes (1 switches on core 0)
Aug 20 14:51:05.202975 np0000007865 devstack@g-api.service[99760]: DEBUG glance.api.middleware.version_negotiation [None req-d814895d-183c-43d6-9639-e2ed0ef2ed7c tempest-ServerActionsV293TestJSON-380125460 tempest-ServerActionsV293TestJSON-380125460-project-member] Determining version of request: GET /v2/schemas/image Accept: */* {{(pid=99760) process_request /opt/stack/glance/glance/api/middleware/version_negotiation.py:44}}
Aug 20 14:51:05.203208 np0000007865 devstack@g-api.service[99760]: DEBUG glance.api.middleware.version_negotiation [None req-d814895d-183c-43d6-9639-e2ed0ef2ed7c tempest-ServerActionsV293TestJSON-380125460 tempest-ServerActionsV293TestJSON-380125460-project-member] Using url versioning {{(pid=99760) process_request /opt/stack/glance/glance/api/middleware/version_negotiation.py:57}}
Aug 20 14:51:05.203518 np0000007865 devstack@g-api.service[99760]: DEBUG glance.api.middleware.version_negotiation [None req-d814895d-183c-43d6-9639-e2ed0ef2ed7c tempest-ServerActionsV293TestJSON-380125460 tempest-ServerActionsV293TestJSON-380125460-project-member] Matched version: v2 {{(pid=99760) process_request /opt/stack/glance/glance/api/middleware/version_negotiation.py:69}}
Aug 20 14:51:05.203518 np0000007865 devstack@g-api.service[99760]: DEBUG glance.api.middleware.version_negotiation [None req-d814895d-183c-43d6-9639-e2ed0ef2ed7c tempest-ServerActionsV293TestJSON-380125460 tempest-ServerActionsV293TestJSON-380125460-project-member] new path /v2/schemas/image {{(pid=99760) process_request /opt/stack/glance/glance/api/middleware/version_negotiation.py:70}}
Aug 20 14:51:05.205979 np0000007865 devstack@g-api.service[99760]: [pid: 99760|app: 0|req: 16/45] 127.0.0.1 () {44 vars in 1051 bytes} [Thu Aug 20 14:51:05 2026] GET /v2/schemas/image => generated 6083 bytes in 3 msecs (HTTP/1.1 200) 4 headers in 158 bytes (1 switches on core 0)
Aug 20 14:51:05.514251 np0000007865 devstack@g-api.service[99758]: [pid: 99758|app: 0|req: 16/46] 127.0.0.1 () {42 vars in 782 bytes} [Thu Aug 20 14:51:04 2026] POST /v2/images => generated 690 bytes in 723 msecs (HTTP/1.1 201) 6 headers in 315 bytes (1 switches on core 0)
Aug 20 14:51:05.524144 np0000007865 devstack@g-api.service[99760]: DEBUG glance.api.middleware.version_negotiation [None req-d814895d-183c-43d6-9639-e2ed0ef2ed7c tempest-ServerActionsV293TestJSON-380125460 tempest-ServerActionsV293TestJSON-380125460-project-member] Determining version of request: PUT /v2/images/41e51963-11fe-43e8-b100-9b12a19e4b90/file Accept: {{(pid=99760) process_request /opt/stack/glance/glance/api/middleware/version_negotiation.py:44}}
Aug 20 14:51:05.528235 np0000007865 devstack@g-api.service[99760]: DEBUG glance.api.middleware.version_negotiation [None req-d814895d-183c-43d6-9639-e2ed0ef2ed7c tempest-ServerActionsV293TestJSON-380125460 tempest-ServerActionsV293TestJSON-380125460-project-member] Using url versioning {{(pid=99760) process_request /opt/stack/glance/glance/api/middleware/version_negotiation.py:57}}
Aug 20 14:51:05.528235 np0000007865 devstack@g-api.service[99760]: DEBUG glance.api.middleware.version_negotiation [None req-d814895d-183c-43d6-9639-e2ed0ef2ed7c tempest-ServerActionsV293TestJSON-380125460 tempest-ServerActionsV293TestJSON-380125460-project-member] Matched version: v2 {{(pid=99760) process_request /opt/stack/glance/glance/api/middleware/version_negotiation.py:69}}
Aug 20 14:51:05.529124 np0000007865 devstack@g-api.service[99760]: DEBUG glance.api.middleware.version_negotiation [None req-d814895d-183c-43d6-9639-e2ed0ef2ed7c tempest-ServerActionsV293TestJSON-380125460 tempest-ServerActionsV293TestJSON-380125460-project-member] new path /v2/images/41e51963-11fe-43e8-b100-9b12a19e4b90/file {{(pid=99760) process_request /opt/stack/glance/glance/api/middleware/version_negotiation.py:70}}
Aug 20 14:51:05.587647 np0000007865 devstack@g-api.service[99759]: [pid: 99759|app: 0|req: 15/47] 127.0.0.1 () {40 vars in 844 bytes} [Thu Aug 20 14:51:04 2026] GET /v2/images/718874bf-b19b-4484-9221-b98d77d5815a/file => generated 21692416 bytes in 1177 msecs (HTTP/1.1 200) 5 headers in 217 bytes (339 switches on core 0)
Aug 20 14:51:06.171358 np0000007865 devstack@g-api.service[99760]: INFO glance.api.v2.image_data [None req-47867fbe-3e65-47a8-8fe8-dbb448674282 tempest-AttachSCSIVolumeTestJSON-1694335359 tempest-AttachSCSIVolumeTestJSON-1694335359-project-admin] Unable to create trust: no such option collect_timing in group [keystone_authtoken] Use the existing user token.
Aug 20 14:51:06.330269 np0000007865 devstack@g-api.service[99758]: DEBUG glance.api.middleware.version_negotiation [None req-e15778cf-804f-497f-a7df-2133b2646d81 tempest-AttachSCSIVolumeTestJSON-1694335359 tempest-AttachSCSIVolumeTestJSON-1694335359-project-admin] Determining version of request: GET /v2/images/718874bf-b19b-4484-9221-b98d77d5815a Accept: */* {{(pid=99758) process_request /opt/stack/glance/glance/api/middleware/version_negotiation.py:44}}
Aug 20 14:51:06.330426 np0000007865 devstack@g-api.service[99758]: DEBUG glance.api.middleware.version_negotiation [None req-e15778cf-804f-497f-a7df-2133b2646d81 tempest-AttachSCSIVolumeTestJSON-1694335359 tempest-AttachSCSIVolumeTestJSON-1694335359-project-admin] Using url versioning {{(pid=99758) process_request /opt/stack/glance/glance/api/middleware/version_negotiation.py:57}}
Aug 20 14:51:06.330531 np0000007865 devstack@g-api.service[99758]: DEBUG glance.api.middleware.version_negotiation [None req-e15778cf-804f-497f-a7df-2133b2646d81 tempest-AttachSCSIVolumeTestJSON-1694335359 tempest-AttachSCSIVolumeTestJSON-1694335359-project-admin] Matched version: v2 {{(pid=99758) process_request /opt/stack/glance/glance/api/middleware/version_negotiation.py:69}}
Aug 20 14:51:06.330692 np0000007865 devstack@g-api.service[99758]: DEBUG glance.api.middleware.version_negotiation [None req-e15778cf-804f-497f-a7df-2133b2646d81 tempest-AttachSCSIVolumeTestJSON-1694335359 tempest-AttachSCSIVolumeTestJSON-1694335359-project-admin] new path /v2/images/718874bf-b19b-4484-9221-b98d77d5815a {{(pid=99758) process_request /opt/stack/glance/glance/api/middleware/version_negotiation.py:70}}
Aug 20 14:51:06.346772 np0000007865 devstack@g-api.service[99758]: [pid: 99758|app: 0|req: 17/48] 127.0.0.1 () {44 vars in 1111 bytes} [Thu Aug 20 14:51:06 2026] GET /v2/images/718874bf-b19b-4484-9221-b98d77d5815a => generated 1044 bytes in 16 msecs (HTTP/1.1 200) 4 headers in 158 bytes (1 switches on core 0)
Aug 20 14:51:06.356102 np0000007865 devstack@g-api.service[99759]: DEBUG glance.api.middleware.version_negotiation [None req-faf36973-f700-472e-a7a1-1ac0e0aecff7 tempest-AttachSCSIVolumeTestJSON-1694335359 tempest-AttachSCSIVolumeTestJSON-1694335359-project-admin] Determining version of request: GET /v2/schemas/image Accept: */* {{(pid=99759) process_request /opt/stack/glance/glance/api/middleware/version_negotiation.py:44}}
Aug 20 14:51:06.356402 np0000007865 devstack@g-api.service[99759]: DEBUG glance.api.middleware.version_negotiation [None req-faf36973-f700-472e-a7a1-1ac0e0aecff7 tempest-AttachSCSIVolumeTestJSON-1694335359 tempest-AttachSCSIVolumeTestJSON-1694335359-project-admin] Using url versioning {{(pid=99759) process_request /opt/stack/glance/glance/api/middleware/version_negotiation.py:57}}
Aug 20 14:51:06.356402 np0000007865 devstack@g-api.service[99759]: DEBUG glance.api.middleware.version_negotiation [None req-faf36973-f700-472e-a7a1-1ac0e0aecff7 tempest-AttachSCSIVolumeTestJSON-1694335359 tempest-AttachSCSIVolumeTestJSON-1694335359-project-admin] Matched version: v2 {{(pid=99759) process_request /opt/stack/glance/glance/api/middleware/version_negotiation.py:69}}
Aug 20 14:51:06.356601 np0000007865 devstack@g-api.service[99759]: DEBUG glance.api.middleware.version_negotiation [None req-faf36973-f700-472e-a7a1-1ac0e0aecff7 tempest-AttachSCSIVolumeTestJSON-1694335359 tempest-AttachSCSIVolumeTestJSON-1694335359-project-admin] new path /v2/schemas/image {{(pid=99759) process_request /opt/stack/glance/glance/api/middleware/version_negotiation.py:70}}
Aug 20 14:51:06.361073 np0000007865 devstack@g-api.service[99759]: [pid: 99759|app: 0|req: 16/49] 127.0.0.1 () {44 vars in 1051 bytes} [Thu Aug 20 14:51:06 2026] GET /v2/schemas/image => generated 6083 bytes in 5 msecs (HTTP/1.1 200) 4 headers in 158 bytes (1 switches on core 0)
Aug 20 14:51:06.891992 np0000007865 devstack@g-api.service[99758]: DEBUG glance.api.middleware.version_negotiation [None req-d814895d-183c-43d6-9639-e2ed0ef2ed7c tempest-ServerActionsV293TestJSON-380125460 tempest-ServerActionsV293TestJSON-380125460-project-member] Determining version of request: GET /v2/images/718874bf-b19b-4484-9221-b98d77d5815a Accept: */* {{(pid=99758) process_request /opt/stack/glance/glance/api/middleware/version_negotiation.py:44}}
Aug 20 14:51:06.892427 np0000007865 devstack@g-api.service[99758]: DEBUG glance.api.middleware.version_negotiation [None req-d814895d-183c-43d6-9639-e2ed0ef2ed7c tempest-ServerActionsV293TestJSON-380125460 tempest-ServerActionsV293TestJSON-380125460-project-member] Using url versioning {{(pid=99758) process_request /opt/stack/glance/glance/api/middleware/version_negotiation.py:57}}
Aug 20 14:51:06.892427 np0000007865 devstack@g-api.service[99758]: DEBUG glance.api.middleware.version_negotiation [None req-d814895d-183c-43d6-9639-e2ed0ef2ed7c tempest-ServerActionsV293TestJSON-380125460 tempest-ServerActionsV293TestJSON-380125460-project-member] Matched version: v2 {{(pid=99758) process_request /opt/stack/glance/glance/api/middleware/version_negotiation.py:69}}
Aug 20 14:51:06.892427 np0000007865 devstack@g-api.service[99758]: DEBUG glance.api.middleware.version_negotiation [None req-d814895d-183c-43d6-9639-e2ed0ef2ed7c tempest-ServerActionsV293TestJSON-380125460 tempest-ServerActionsV293TestJSON-380125460-project-member] new path /v2/images/718874bf-b19b-4484-9221-b98d77d5815a {{(pid=99758) process_request /opt/stack/glance/glance/api/middleware/version_negotiation.py:70}}
Aug 20 14:51:07.021225 np0000007865 devstack@g-api.service[99760]: DEBUG glance.location [None req-47867fbe-3e65-47a8-8fe8-dbb448674282 tempest-AttachSCSIVolumeTestJSON-1694335359 tempest-AttachSCSIVolumeTestJSON-1694335359-project-admin] Enabling in-flight format inspection for qcow2 {{(pid=99760) set_data /opt/stack/glance/glance/location.py:596}}
Aug 20 14:51:07.021750 np0000007865 devstack@g-api.service[99760]: DEBUG glance_store.backend [None req-47867fbe-3e65-47a8-8fe8-dbb448674282 tempest-AttachSCSIVolumeTestJSON-1694335359 tempest-AttachSCSIVolumeTestJSON-1694335359-project-admin] Attempting to import store swift {{(pid=99760) _load_store /opt/stack/data/venv/lib/python3.12/site-packages/glance_store/backend.py:215}}
Aug 20 14:51:07.023710 np0000007865 devstack@g-api.service[99760]: DEBUG glance_store.capabilities [None req-47867fbe-3e65-47a8-8fe8-dbb448674282 tempest-AttachSCSIVolumeTestJSON-1694335359 tempest-AttachSCSIVolumeTestJSON-1694335359-project-admin] Store glance_store._drivers.swift.store.SingleTenantStore doesn't support updating dynamic storage capabilities. Please overwrite 'update_capabilities' method of the store to implement updating logics if needed. {{(pid=99760) update_capabilities /opt/stack/data/venv/lib/python3.12/site-packages/glance_store/capabilities.py:91}}
Aug 20 14:51:07.023839 np0000007865 devstack@g-api.service[99760]: DEBUG glance_store.driver [None req-47867fbe-3e65-47a8-8fe8-dbb448674282 tempest-AttachSCSIVolumeTestJSON-1694335359 tempest-AttachSCSIVolumeTestJSON-1694335359-project-admin] Late loading location class glance_store._drivers.swift.store.StoreLocation {{(pid=99760) get_store_location_class /opt/stack/data/venv/lib/python3.12/site-packages/glance_store/driver.py:134}}
Aug 20 14:51:07.023993 np0000007865 devstack@g-api.service[99760]: DEBUG glance_store.location [None req-47867fbe-3e65-47a8-8fe8-dbb448674282 tempest-AttachSCSIVolumeTestJSON-1694335359 tempest-AttachSCSIVolumeTestJSON-1694335359-project-admin] Registering scheme swift+https with {'store': , 'location_class': , 'store_entry': 'swift'} {{(pid=99760) register_scheme_map /opt/stack/data/venv/lib/python3.12/site-packages/glance_store/location.py:146}}
Aug 20 14:51:07.024122 np0000007865 devstack@g-api.service[99760]: DEBUG glance_store.location [None req-47867fbe-3e65-47a8-8fe8-dbb448674282 tempest-AttachSCSIVolumeTestJSON-1694335359 tempest-AttachSCSIVolumeTestJSON-1694335359-project-admin] Registering scheme swift+https with {'store': , 'location_class': , 'store_entry': 'swift'} {{(pid=99760) register_scheme_map /opt/stack/data/venv/lib/python3.12/site-packages/glance_store/location.py:146}}
Aug 20 14:51:07.024249 np0000007865 devstack@g-api.service[99760]: DEBUG glance_store.location [None req-47867fbe-3e65-47a8-8fe8-dbb448674282 tempest-AttachSCSIVolumeTestJSON-1694335359 tempest-AttachSCSIVolumeTestJSON-1694335359-project-admin] Registering scheme swift with {'store': , 'location_class': , 'store_entry': 'swift'} {{(pid=99760) register_scheme_map /opt/stack/data/venv/lib/python3.12/site-packages/glance_store/location.py:146}}
Aug 20 14:51:07.024377 np0000007865 devstack@g-api.service[99760]: DEBUG glance_store.location [None req-47867fbe-3e65-47a8-8fe8-dbb448674282 tempest-AttachSCSIVolumeTestJSON-1694335359 tempest-AttachSCSIVolumeTestJSON-1694335359-project-admin] Registering scheme swift+https with {'store': , 'location_class': , 'store_entry': 'swift'} {{(pid=99760) register_scheme_map /opt/stack/data/venv/lib/python3.12/site-packages/glance_store/location.py:146}}
Aug 20 14:51:07.024799 np0000007865 devstack@g-api.service[99760]: DEBUG glance_store.location [None req-47867fbe-3e65-47a8-8fe8-dbb448674282 tempest-AttachSCSIVolumeTestJSON-1694335359 tempest-AttachSCSIVolumeTestJSON-1694335359-project-admin] Registering scheme swift with {'store': , 'location_class': , 'store_entry': 'swift'} {{(pid=99760) register_scheme_map /opt/stack/data/venv/lib/python3.12/site-packages/glance_store/location.py:146}}
