Aug 20 14:48:33.304102 np0000007865 nova-scheduler[93524]: DEBUG cotyledon.oslo_config_glue [-] oslo_messaging_rabbit.rabbit_quorum_delivery_limit = 0 {{(pid=93524) log_opt_values /opt/stack/data/venv/lib/python3.12/site-packages/oslo_config/cfg.py:3560}}
Aug 20 14:48:33.304102 np0000007865 nova-scheduler[93524]: DEBUG cotyledon.oslo_config_glue [-] oslo_messaging_rabbit.rabbit_quorum_max_memory_bytes = 0 {{(pid=93524) log_opt_values /opt/stack/data/venv/lib/python3.12/site-packages/oslo_config/cfg.py:3560}}
Aug 20 14:48:33.304102 np0000007865 nova-scheduler[93524]: DEBUG cotyledon.oslo_config_glue [-] oslo_messaging_rabbit.rabbit_quorum_max_memory_length = 0 {{(pid=93524) log_opt_values /opt/stack/data/venv/lib/python3.12/site-packages/oslo_config/cfg.py:3560}}
Aug 20 14:48:33.304296 np0000007865 nova-scheduler[93524]: DEBUG cotyledon.oslo_config_glue [-] oslo_messaging_rabbit.rabbit_quorum_queue = False {{(pid=93524) log_opt_values /opt/stack/data/venv/lib/python3.12/site-packages/oslo_config/cfg.py:3560}}
Aug 20 14:48:33.304296 np0000007865 nova-scheduler[93524]: DEBUG cotyledon.oslo_config_glue [-] oslo_messaging_rabbit.rabbit_retry_backoff = 2 {{(pid=93524) log_opt_values /opt/stack/data/venv/lib/python3.12/site-packages/oslo_config/cfg.py:3560}}
Aug 20 14:48:33.304296 np0000007865 nova-scheduler[93524]: DEBUG cotyledon.oslo_config_glue [-] oslo_messaging_rabbit.rabbit_retry_interval = 1 {{(pid=93524) log_opt_values /opt/stack/data/venv/lib/python3.12/site-packages/oslo_config/cfg.py:3560}}
Aug 20 14:48:33.304296 np0000007865 nova-scheduler[93524]: DEBUG cotyledon.oslo_config_glue [-] oslo_messaging_rabbit.rabbit_stream_fanout = False {{(pid=93524) log_opt_values /opt/stack/data/venv/lib/python3.12/site-packages/oslo_config/cfg.py:3560}}
Aug 20 14:48:33.304296 np0000007865 nova-scheduler[93524]: DEBUG cotyledon.oslo_config_glue [-] oslo_messaging_rabbit.rabbit_transient_queues_ttl = 1800 {{(pid=93524) log_opt_values /opt/stack/data/venv/lib/python3.12/site-packages/oslo_config/cfg.py:3560}}
Aug 20 14:48:33.304296 np0000007865 nova-scheduler[93524]: DEBUG cotyledon.oslo_config_glue [-] oslo_messaging_rabbit.rabbit_transient_quorum_queue = False {{(pid=93524) log_opt_values /opt/stack/data/venv/lib/python3.12/site-packages/oslo_config/cfg.py:3560}}
Aug 20 14:48:33.304296 np0000007865 nova-scheduler[93524]: DEBUG cotyledon.oslo_config_glue [-] oslo_messaging_rabbit.rpc_conn_pool_size = 30 {{(pid=93524) log_opt_values /opt/stack/data/venv/lib/python3.12/site-packages/oslo_config/cfg.py:3560}}
Aug 20 14:48:33.304296 np0000007865 nova-scheduler[93524]: DEBUG cotyledon.oslo_config_glue [-] oslo_messaging_rabbit.ssl = False {{(pid=93524) log_opt_values /opt/stack/data/venv/lib/python3.12/site-packages/oslo_config/cfg.py:3560}}
Aug 20 14:48:33.304296 np0000007865 nova-scheduler[93524]: DEBUG cotyledon.oslo_config_glue [-] oslo_messaging_rabbit.ssl_ca_file = {{(pid=93524) log_opt_values /opt/stack/data/venv/lib/python3.12/site-packages/oslo_config/cfg.py:3560}}
Aug 20 14:48:33.304477 np0000007865 nova-scheduler[93524]: DEBUG cotyledon.oslo_config_glue [-] oslo_messaging_rabbit.ssl_cert_file = {{(pid=93524) log_opt_values /opt/stack/data/venv/lib/python3.12/site-packages/oslo_config/cfg.py:3560}}
Aug 20 14:48:33.304477 np0000007865 nova-scheduler[93524]: DEBUG cotyledon.oslo_config_glue [-] oslo_messaging_rabbit.ssl_enforce_fips_mode = False {{(pid=93524) log_opt_values /opt/stack/data/venv/lib/python3.12/site-packages/oslo_config/cfg.py:3560}}
Aug 20 14:48:33.304477 np0000007865 nova-scheduler[93524]: DEBUG cotyledon.oslo_config_glue [-] oslo_messaging_rabbit.ssl_enforce_hostname_verification = True {{(pid=93524) log_opt_values /opt/stack/data/venv/lib/python3.12/site-packages/oslo_config/cfg.py:3560}}
Aug 20 14:48:33.304477 np0000007865 nova-scheduler[93524]: DEBUG cotyledon.oslo_config_glue [-] oslo_messaging_rabbit.ssl_key_file = {{(pid=93524) log_opt_values /opt/stack/data/venv/lib/python3.12/site-packages/oslo_config/cfg.py:3560}}
Aug 20 14:48:33.304477 np0000007865 nova-scheduler[93524]: DEBUG cotyledon.oslo_config_glue [-] oslo_messaging_rabbit.ssl_version = {{(pid=93524) log_opt_values /opt/stack/data/venv/lib/python3.12/site-packages/oslo_config/cfg.py:3560}}
Aug 20 14:48:33.304477 np0000007865 nova-scheduler[93524]: DEBUG cotyledon.oslo_config_glue [-] oslo_messaging_rabbit.use_queue_manager = False {{(pid=93524) log_opt_values /opt/stack/data/venv/lib/python3.12/site-packages/oslo_config/cfg.py:3560}}
Aug 20 14:48:33.304477 np0000007865 nova-scheduler[93524]: DEBUG cotyledon.oslo_config_glue [-] oslo_messaging_notifications.driver = ['messagingv2'] {{(pid=93524) log_opt_values /opt/stack/data/venv/lib/python3.12/site-packages/oslo_config/cfg.py:3560}}
Aug 20 14:48:33.304477 np0000007865 nova-scheduler[93524]: DEBUG cotyledon.oslo_config_glue [-] oslo_messaging_notifications.retry = -1 {{(pid=93524) log_opt_values /opt/stack/data/venv/lib/python3.12/site-packages/oslo_config/cfg.py:3560}}
Aug 20 14:48:33.304477 np0000007865 nova-scheduler[93524]: DEBUG cotyledon.oslo_config_glue [-] oslo_messaging_notifications.topics = ['notifications'] {{(pid=93524) log_opt_values /opt/stack/data/venv/lib/python3.12/site-packages/oslo_config/cfg.py:3560}}
Aug 20 14:48:33.304677 np0000007865 nova-scheduler[93524]: DEBUG cotyledon.oslo_config_glue [-] oslo_messaging_notifications.transport_url = **** {{(pid=93524) log_opt_values /opt/stack/data/venv/lib/python3.12/site-packages/oslo_config/cfg.py:3560}}
Aug 20 14:48:33.304677 np0000007865 nova-scheduler[93524]: DEBUG cotyledon.oslo_config_glue [-] oslo_limit.auth_section = None {{(pid=93524) log_opt_values /opt/stack/data/venv/lib/python3.12/site-packages/oslo_config/cfg.py:3560}}
Aug 20 14:48:33.304677 np0000007865 nova-scheduler[93524]: DEBUG cotyledon.oslo_config_glue [-] oslo_limit.auth_type = None {{(pid=93524) log_opt_values /opt/stack/data/venv/lib/python3.12/site-packages/oslo_config/cfg.py:3560}}
Aug 20 14:48:33.304677 np0000007865 nova-scheduler[93524]: DEBUG cotyledon.oslo_config_glue [-] oslo_limit.cafile = None {{(pid=93524) log_opt_values /opt/stack/data/venv/lib/python3.12/site-packages/oslo_config/cfg.py:3560}}
Aug 20 14:48:33.304677 np0000007865 nova-scheduler[93524]: DEBUG cotyledon.oslo_config_glue [-] oslo_limit.certfile = None {{(pid=93524) log_opt_values /opt/stack/data/venv/lib/python3.12/site-packages/oslo_config/cfg.py:3560}}
Aug 20 14:48:33.304677 np0000007865 nova-scheduler[93524]: DEBUG cotyledon.oslo_config_glue [-] oslo_limit.collect_timing = False {{(pid=93524) log_opt_values /opt/stack/data/venv/lib/python3.12/site-packages/oslo_config/cfg.py:3560}}
Aug 20 14:48:33.304677 np0000007865 nova-scheduler[93524]: DEBUG cotyledon.oslo_config_glue [-] oslo_limit.connect_retries = None {{(pid=93524) log_opt_values /opt/stack/data/venv/lib/python3.12/site-packages/oslo_config/cfg.py:3560}}
Aug 20 14:48:33.304677 np0000007865 nova-scheduler[93524]: DEBUG cotyledon.oslo_config_glue [-] oslo_limit.connect_retry_delay = None {{(pid=93524) log_opt_values /opt/stack/data/venv/lib/python3.12/site-packages/oslo_config/cfg.py:3560}}
Aug 20 14:48:33.304677 np0000007865 nova-scheduler[93524]: DEBUG cotyledon.oslo_config_glue [-] oslo_limit.endpoint_id = None {{(pid=93524) log_opt_values /opt/stack/data/venv/lib/python3.12/site-packages/oslo_config/cfg.py:3560}}
Aug 20 14:48:33.304872 np0000007865 nova-scheduler[93524]: DEBUG cotyledon.oslo_config_glue [-] oslo_limit.endpoint_interface = public {{(pid=93524) log_opt_values /opt/stack/data/venv/lib/python3.12/site-packages/oslo_config/cfg.py:3560}}
Aug 20 14:48:33.304872 np0000007865 nova-scheduler[93524]: DEBUG cotyledon.oslo_config_glue [-] oslo_limit.endpoint_override = None {{(pid=93524) log_opt_values /opt/stack/data/venv/lib/python3.12/site-packages/oslo_config/cfg.py:3560}}
Aug 20 14:48:33.304872 np0000007865 nova-scheduler[93524]: DEBUG cotyledon.oslo_config_glue [-] oslo_limit.endpoint_region_name = None {{(pid=93524) log_opt_values /opt/stack/data/venv/lib/python3.12/site-packages/oslo_config/cfg.py:3560}}
Aug 20 14:48:33.304872 np0000007865 nova-scheduler[93524]: DEBUG cotyledon.oslo_config_glue [-] oslo_limit.endpoint_service_name = None {{(pid=93524) log_opt_values /opt/stack/data/venv/lib/python3.12/site-packages/oslo_config/cfg.py:3560}}
Aug 20 14:48:33.304872 np0000007865 nova-scheduler[93524]: DEBUG cotyledon.oslo_config_glue [-] oslo_limit.endpoint_service_type = None {{(pid=93524) log_opt_values /opt/stack/data/venv/lib/python3.12/site-packages/oslo_config/cfg.py:3560}}
Aug 20 14:48:33.304872 np0000007865 nova-scheduler[93524]: DEBUG cotyledon.oslo_config_glue [-] oslo_limit.insecure = False {{(pid=93524) log_opt_values /opt/stack/data/venv/lib/python3.12/site-packages/oslo_config/cfg.py:3560}}
Aug 20 14:48:33.304872 np0000007865 nova-scheduler[93524]: DEBUG cotyledon.oslo_config_glue [-] oslo_limit.keyfile = None {{(pid=93524) log_opt_values /opt/stack/data/venv/lib/python3.12/site-packages/oslo_config/cfg.py:3560}}
Aug 20 14:48:33.304872 np0000007865 nova-scheduler[93524]: DEBUG cotyledon.oslo_config_glue [-] oslo_limit.max_version = None {{(pid=93524) log_opt_values /opt/stack/data/venv/lib/python3.12/site-packages/oslo_config/cfg.py:3560}}
Aug 20 14:48:33.304872 np0000007865 nova-scheduler[93524]: DEBUG cotyledon.oslo_config_glue [-] oslo_limit.min_version = None {{(pid=93524) log_opt_values /opt/stack/data/venv/lib/python3.12/site-packages/oslo_config/cfg.py:3560}}
Aug 20 14:48:33.305058 np0000007865 nova-scheduler[93524]: DEBUG cotyledon.oslo_config_glue [-] oslo_limit.region_name = None {{(pid=93524) log_opt_values /opt/stack/data/venv/lib/python3.12/site-packages/oslo_config/cfg.py:3560}}
Aug 20 14:48:33.305058 np0000007865 nova-scheduler[93524]: DEBUG cotyledon.oslo_config_glue [-] oslo_limit.retriable_status_codes = None {{(pid=93524) log_opt_values /opt/stack/data/venv/lib/python3.12/site-packages/oslo_config/cfg.py:3560}}
Aug 20 14:48:33.305058 np0000007865 nova-scheduler[93524]: DEBUG cotyledon.oslo_config_glue [-] oslo_limit.service_name = None {{(pid=93524) log_opt_values /opt/stack/data/venv/lib/python3.12/site-packages/oslo_config/cfg.py:3560}}
Aug 20 14:48:33.305058 np0000007865 nova-scheduler[93524]: DEBUG cotyledon.oslo_config_glue [-] oslo_limit.service_type = None {{(pid=93524) log_opt_values /opt/stack/data/venv/lib/python3.12/site-packages/oslo_config/cfg.py:3560}}
Aug 20 14:48:33.305058 np0000007865 nova-scheduler[93524]: DEBUG cotyledon.oslo_config_glue [-] oslo_limit.split_loggers = False {{(pid=93524) log_opt_values /opt/stack/data/venv/lib/python3.12/site-packages/oslo_config/cfg.py:3560}}
Aug 20 14:48:33.305058 np0000007865 nova-scheduler[93524]: DEBUG cotyledon.oslo_config_glue [-] oslo_limit.status_code_retries = None {{(pid=93524) log_opt_values /opt/stack/data/venv/lib/python3.12/site-packages/oslo_config/cfg.py:3560}}
Aug 20 14:48:33.305058 np0000007865 nova-scheduler[93524]: DEBUG cotyledon.oslo_config_glue [-] oslo_limit.status_code_retry_delay = None {{(pid=93524) log_opt_values /opt/stack/data/venv/lib/python3.12/site-packages/oslo_config/cfg.py:3560}}
Aug 20 14:48:33.305058 np0000007865 nova-scheduler[93524]: DEBUG cotyledon.oslo_config_glue [-] oslo_limit.timeout = None {{(pid=93524) log_opt_values /opt/stack/data/venv/lib/python3.12/site-packages/oslo_config/cfg.py:3560}}
Aug 20 14:48:33.305058 np0000007865 nova-scheduler[93524]: DEBUG cotyledon.oslo_config_glue [-] oslo_limit.valid_interfaces = None {{(pid=93524) log_opt_values /opt/stack/data/venv/lib/python3.12/site-packages/oslo_config/cfg.py:3560}}
Aug 20 14:48:33.305243 np0000007865 nova-scheduler[93524]: DEBUG cotyledon.oslo_config_glue [-] oslo_limit.version = None {{(pid=93524) log_opt_values /opt/stack/data/venv/lib/python3.12/site-packages/oslo_config/cfg.py:3560}}
Aug 20 14:48:33.305243 np0000007865 nova-scheduler[93524]: DEBUG cotyledon.oslo_config_glue [-] oslo_reports.file_event_handler = None {{(pid=93524) log_opt_values /opt/stack/data/venv/lib/python3.12/site-packages/oslo_config/cfg.py:3560}}
Aug 20 14:48:33.305243 np0000007865 nova-scheduler[93524]: DEBUG cotyledon.oslo_config_glue [-] oslo_reports.file_event_handler_interval = 1 {{(pid=93524) log_opt_values /opt/stack/data/venv/lib/python3.12/site-packages/oslo_config/cfg.py:3560}}
Aug 20 14:48:33.305243 np0000007865 nova-scheduler[93524]: DEBUG cotyledon.oslo_config_glue [-] oslo_reports.log_dir = None {{(pid=93524) log_opt_values /opt/stack/data/venv/lib/python3.12/site-packages/oslo_config/cfg.py:3560}}
Aug 20 14:48:33.305243 np0000007865 nova-scheduler[93524]: DEBUG cotyledon.oslo_config_glue [-] ******************************************************************************** {{(pid=93524) log_opt_values /opt/stack/data/venv/lib/python3.12/site-packages/oslo_config/cfg.py:3567}}
Aug 20 14:48:33.305243 np0000007865 nova-scheduler[93524]: DEBUG cotyledon._service_worker [-] Run service ServiceWrapper(2) [93524] {{(pid=93524) wait_forever /opt/stack/data/venv/lib/python3.12/site-packages/cotyledon/_service_worker.py:218}}
Aug 20 14:48:33.305243 np0000007865 nova-scheduler[93524]: INFO nova.service [-] Starting scheduler node (version 33.1.0)
Aug 20 14:48:33.305243 np0000007865 nova-scheduler[93524]: INFO dbcounter [None req-724b0b91-7167-40de-95c0-b05cbcdcaf6a None None] Registered counter for database nova_cell0
Aug 20 14:48:33.309956 np0000007865 nova-scheduler[93519]: DEBUG oslo_db.sqlalchemy.engines [None req-e4da9482-564f-4903-bec8-8db54f8f7148 None None] MySQL server mode set to STRICT_TRANS_TABLES,STRICT_ALL_TABLES,NO_ZERO_IN_DATE,NO_ZERO_DATE,ERROR_FOR_DIVISION_BY_ZERO,TRADITIONAL,NO_ENGINE_SUBSTITUTION {{(pid=93519) _check_effective_sql_mode /opt/stack/data/venv/lib/python3.12/site-packages/oslo_db/sqlalchemy/engines.py:325}}
Aug 20 14:48:33.322051 np0000007865 nova-scheduler[93519]: DEBUG dbcounter [-] [93519] Writer thread running {{(pid=93519) stat_writer /opt/stack/data/venv/lib/python3.12/site-packages/dbcounter.py:102}}
Aug 20 14:48:33.356504 np0000007865 nova-scheduler[93524]: DEBUG oslo_db.sqlalchemy.engines [None req-724b0b91-7167-40de-95c0-b05cbcdcaf6a None None] MySQL server mode set to STRICT_TRANS_TABLES,STRICT_ALL_TABLES,NO_ZERO_IN_DATE,NO_ZERO_DATE,ERROR_FOR_DIVISION_BY_ZERO,TRADITIONAL,NO_ENGINE_SUBSTITUTION {{(pid=93524) _check_effective_sql_mode /opt/stack/data/venv/lib/python3.12/site-packages/oslo_db/sqlalchemy/engines.py:325}}
Aug 20 14:48:33.368186 np0000007865 nova-scheduler[93524]: DEBUG dbcounter [-] [93524] Writer thread running {{(pid=93524) stat_writer /opt/stack/data/venv/lib/python3.12/site-packages/dbcounter.py:102}}
Aug 20 14:48:33.411781 np0000007865 nova-scheduler[93498]: DEBUG nova.service [None req-867b6763-ad35-4bdd-83de-65a5197e123d None None] Creating RPC server for service: nova-scheduler on topic: scheduler {{(pid=93498) start /opt/stack/nova/nova/service.py:262}}
Aug 20 14:48:33.430143 np0000007865 nova-scheduler[93524]: DEBUG nova.service [None req-724b0b91-7167-40de-95c0-b05cbcdcaf6a None None] Creating RPC server for service: nova-scheduler on topic: scheduler {{(pid=93524) start /opt/stack/nova/nova/service.py:262}}
Aug 20 14:48:33.431039 np0000007865 nova-scheduler[93519]: DEBUG nova.service [None req-e4da9482-564f-4903-bec8-8db54f8f7148 None None] Creating RPC server for service: nova-scheduler on topic: scheduler {{(pid=93519) start /opt/stack/nova/nova/service.py:262}}
Aug 20 14:48:33.432465 np0000007865 nova-scheduler[93498]: DEBUG nova.service [None req-867b6763-ad35-4bdd-83de-65a5197e123d None None] Join ServiceGroup membership for this service scheduler {{(pid=93498) start /opt/stack/nova/nova/service.py:288}}
Aug 20 14:48:33.432749 np0000007865 nova-scheduler[93498]: DEBUG nova.servicegroup.drivers.db [None req-867b6763-ad35-4bdd-83de-65a5197e123d None None] DB_Driver: join new ServiceGroup member np0000007865 to the scheduler group, service = {{(pid=93498) join /opt/stack/nova/nova/servicegroup/drivers/db.py:44}}
Aug 20 14:48:33.449340 np0000007865 nova-scheduler[93519]: DEBUG nova.service [None req-e4da9482-564f-4903-bec8-8db54f8f7148 None None] Join ServiceGroup membership for this service scheduler {{(pid=93519) start /opt/stack/nova/nova/service.py:288}}
Aug 20 14:48:33.449426 np0000007865 nova-scheduler[93524]: DEBUG nova.service [None req-724b0b91-7167-40de-95c0-b05cbcdcaf6a None None] Join ServiceGroup membership for this service scheduler {{(pid=93524) start /opt/stack/nova/nova/service.py:288}}
Aug 20 14:48:33.449501 np0000007865 nova-scheduler[93519]: DEBUG nova.servicegroup.drivers.db [None req-e4da9482-564f-4903-bec8-8db54f8f7148 None None] DB_Driver: join new ServiceGroup member np0000007865 to the scheduler group, service = {{(pid=93519) join /opt/stack/nova/nova/servicegroup/drivers/db.py:44}}
Aug 20 14:48:33.449660 np0000007865 nova-scheduler[93524]: DEBUG nova.servicegroup.drivers.db [None req-724b0b91-7167-40de-95c0-b05cbcdcaf6a None None] DB_Driver: join new ServiceGroup member np0000007865 to the scheduler group, service = {{(pid=93524) join /opt/stack/nova/nova/servicegroup/drivers/db.py:44}}
Aug 20 14:48:38.464178 np0000007865 nova-scheduler[93498]: DEBUG oslo.service.backend._threading.loopingcall [-] Fixed interval looping call 'nova.servicegroup.drivers.db.DbDriver._report_state' sleeping for 119.97 seconds {{(pid=93498) _run_loop /opt/stack/data/venv/lib/python3.12/site-packages/oslo_service/backend/_threading/loopingcall.py:125}}
Aug 20 14:48:38.464754 np0000007865 nova-scheduler[93519]: DEBUG oslo.service.backend._threading.loopingcall [-] Fixed interval looping call 'nova.servicegroup.drivers.db.DbDriver._report_state' sleeping for 119.99 seconds {{(pid=93519) _run_loop /opt/stack/data/venv/lib/python3.12/site-packages/oslo_service/backend/_threading/loopingcall.py:125}}
Aug 20 14:48:38.465373 np0000007865 nova-scheduler[93524]: DEBUG oslo.service.backend._threading.loopingcall [-] Fixed interval looping call 'nova.servicegroup.drivers.db.DbDriver._report_state' sleeping for 119.99 seconds {{(pid=93524) _run_loop /opt/stack/data/venv/lib/python3.12/site-packages/oslo_service/backend/_threading/loopingcall.py:125}}
Aug 20 14:48:41.929289 np0000007865 nova-scheduler[92214]: DEBUG dbcounter [-] [92214] Writing DB stats nova_api:SELECT=3 {{(pid=92214) stat_writer /opt/stack/data/venv/lib/python3.12/site-packages/dbcounter.py:115}}
Aug 20 14:48:42.063790 np0000007865 nova-scheduler[92214]: DEBUG dbcounter [-] [92214] Writing DB stats nova_cell1:SELECT=1 {{(pid=92214) stat_writer /opt/stack/data/venv/lib/python3.12/site-packages/dbcounter.py:115}}
Aug 20 14:48:42.071586 np0000007865 nova-scheduler[92214]: DEBUG dbcounter [-] [92214] Writing DB stats nova_cell0:SELECT=1 {{(pid=92214) stat_writer /opt/stack/data/venv/lib/python3.12/site-packages/dbcounter.py:115}}
Aug 20 14:48:48.443011 np0000007865 nova-scheduler[93498]: DEBUG dbcounter [-] [93498] Writing DB stats nova_cell0:SELECT=4,nova_cell0:INSERT=1,nova_cell0:UPDATE=1 {{(pid=93498) stat_writer /opt/stack/data/venv/lib/python3.12/site-packages/dbcounter.py:115}}
Aug 20 14:48:48.461631 np0000007865 nova-scheduler[93519]: DEBUG dbcounter [-] [93519] Writing DB stats nova_cell0:SELECT=5,nova_cell0:INSERT=1,nova_cell0:UPDATE=1 {{(pid=93519) stat_writer /opt/stack/data/venv/lib/python3.12/site-packages/dbcounter.py:115}}
Aug 20 14:48:48.462497 np0000007865 nova-scheduler[93524]: DEBUG dbcounter [-] [93524] Writing DB stats nova_cell0:SELECT=5,nova_cell0:INSERT=1,nova_cell0:UPDATE=1 {{(pid=93524) stat_writer /opt/stack/data/venv/lib/python3.12/site-packages/dbcounter.py:115}}
Aug 20 14:48:57.435766 np0000007865 nova-scheduler[93498]: DEBUG oslo.service.backend._threading.loopingcall [None req-6337198e-b65e-4165-b4b8-0de2c4233e46 None None] Dynamic interval looping call 'nova.service.Service.periodic_tasks' sleeping for 60.00 seconds {{(pid=93498) _run_loop /opt/stack/data/venv/lib/python3.12/site-packages/oslo_service/backend/_threading/loopingcall.py:125}}
Aug 20 14:49:16.451952 np0000007865 nova-scheduler[93524]: DEBUG oslo.service.backend._threading.loopingcall [None req-d400a4e7-ef1e-4dfd-ace6-cc1a468423c7 None None] Dynamic interval looping call 'nova.service.Service.periodic_tasks' sleeping for 60.00 seconds {{(pid=93524) _run_loop /opt/stack/data/venv/lib/python3.12/site-packages/oslo_service/backend/_threading/loopingcall.py:125}}
Aug 20 14:49:22.451690 np0000007865 nova-scheduler[93519]: DEBUG oslo.service.backend._threading.loopingcall [None req-d53c088d-b708-4715-98d5-59f0ce85471e None None] Dynamic interval looping call 'nova.service.Service.periodic_tasks' sleeping for 60.00 seconds {{(pid=93519) _run_loop /opt/stack/data/venv/lib/python3.12/site-packages/oslo_service/backend/_threading/loopingcall.py:125}}
Aug 20 14:49:57.436233 np0000007865 nova-scheduler[93498]: DEBUG oslo.service.backend._threading.loopingcall [None req-6337198e-b65e-4165-b4b8-0de2c4233e46 None None] Dynamic interval looping call 'nova.service.Service.periodic_tasks' sleeping for 60.00 seconds {{(pid=93498) _run_loop /opt/stack/data/venv/lib/python3.12/site-packages/oslo_service/backend/_threading/loopingcall.py:125}}
Aug 20 14:50:16.452366 np0000007865 nova-scheduler[93524]: DEBUG oslo.service.backend._threading.loopingcall [None req-d400a4e7-ef1e-4dfd-ace6-cc1a468423c7 None None] Dynamic interval looping call 'nova.service.Service.periodic_tasks' sleeping for 60.00 seconds {{(pid=93524) _run_loop /opt/stack/data/venv/lib/python3.12/site-packages/oslo_service/backend/_threading/loopingcall.py:125}}
Aug 20 14:50:22.452253 np0000007865 nova-scheduler[93519]: DEBUG oslo.service.backend._threading.loopingcall [None req-d53c088d-b708-4715-98d5-59f0ce85471e None None] Dynamic interval looping call 'nova.service.Service.periodic_tasks' sleeping for 60.00 seconds {{(pid=93519) _run_loop /opt/stack/data/venv/lib/python3.12/site-packages/oslo_service/backend/_threading/loopingcall.py:125}}
Aug 20 14:50:38.442021 np0000007865 nova-scheduler[93498]: DEBUG oslo.service.backend._threading.loopingcall [-] Fixed interval looping call 'nova.servicegroup.drivers.db.DbDriver._report_state' sleeping for 119.99 seconds {{(pid=93498) _run_loop /opt/stack/data/venv/lib/python3.12/site-packages/oslo_service/backend/_threading/loopingcall.py:125}}
Aug 20 14:50:38.458059 np0000007865 nova-scheduler[93519]: DEBUG oslo.service.backend._threading.loopingcall [-] Fixed interval looping call 'nova.servicegroup.drivers.db.DbDriver._report_state' sleeping for 120.00 seconds {{(pid=93519) _run_loop /opt/stack/data/venv/lib/python3.12/site-packages/oslo_service/backend/_threading/loopingcall.py:125}}
Aug 20 14:50:38.458716 np0000007865 nova-scheduler[93524]: DEBUG oslo.service.backend._threading.loopingcall [-] Fixed interval looping call 'nova.servicegroup.drivers.db.DbDriver._report_state' sleeping for 120.00 seconds {{(pid=93524) _run_loop /opt/stack/data/venv/lib/python3.12/site-packages/oslo_service/backend/_threading/loopingcall.py:125}}
Aug 20 14:50:48.437583 np0000007865 nova-scheduler[93498]: DEBUG dbcounter [-] [93498] Writing DB stats nova_cell0:SELECT=1,nova_cell0:UPDATE=1 {{(pid=93498) stat_writer /opt/stack/data/venv/lib/python3.12/site-packages/dbcounter.py:115}}
Aug 20 14:50:48.457689 np0000007865 nova-scheduler[93519]: DEBUG dbcounter [-] [93519] Writing DB stats nova_cell0:SELECT=1 {{(pid=93519) stat_writer /opt/stack/data/venv/lib/python3.12/site-packages/dbcounter.py:115}}
Aug 20 14:50:48.458102 np0000007865 nova-scheduler[93524]: DEBUG dbcounter [-] [93524] Writing DB stats nova_cell0:SELECT=1 {{(pid=93524) stat_writer /opt/stack/data/venv/lib/python3.12/site-packages/dbcounter.py:115}}
Aug 20 14:50:57.436692 np0000007865 nova-scheduler[93498]: DEBUG oslo.service.backend._threading.loopingcall [None req-6337198e-b65e-4165-b4b8-0de2c4233e46 None None] Dynamic interval looping call 'nova.service.Service.periodic_tasks' sleeping for 60.00 seconds {{(pid=93498) _run_loop /opt/stack/data/venv/lib/python3.12/site-packages/oslo_service/backend/_threading/loopingcall.py:125}}
Aug 20 14:51:06.434166 np0000007865 nova-scheduler[93498]: DEBUG nova.scheduler.manager [None req-d19fe0e6-a1c6-4319-aa40-8d619187126b tempest-ServersNegativeTestJSON-1628853304 tempest-ServersNegativeTestJSON-1628853304-project-member] Starting to schedule for instances: ['c8bdb7c4-a663-4a4d-8c05-87eb9d4c50b7'] {{(pid=93498) select_destinations /opt/stack/nova/nova/scheduler/manager.py:197}}
Aug 20 14:51:06.434785 np0000007865 nova-scheduler[93498]: DEBUG nova.scheduler.request_filter [None req-d19fe0e6-a1c6-4319-aa40-8d619187126b tempest-ServersNegativeTestJSON-1628853304 tempest-ServersNegativeTestJSON-1628853304-project-member] compute_status_filter request filter added forbidden trait COMPUTE_STATUS_DISABLED {{(pid=93498) compute_status_filter /opt/stack/nova/nova/scheduler/request_filter.py:253}}
Aug 20 14:51:06.434785 np0000007865 nova-scheduler[93498]: DEBUG nova.scheduler.request_filter [None req-d19fe0e6-a1c6-4319-aa40-8d619187126b tempest-ServersNegativeTestJSON-1628853304 tempest-ServersNegativeTestJSON-1628853304-project-member] Request filter 'compute_status_filter' took 0.0 seconds {{(pid=93498) wrapper /opt/stack/nova/nova/scheduler/request_filter.py:46}}
Aug 20 14:51:06.434990 np0000007865 nova-scheduler[93498]: DEBUG nova.scheduler.request_filter [None req-d19fe0e6-a1c6-4319-aa40-8d619187126b tempest-ServersNegativeTestJSON-1628853304 tempest-ServersNegativeTestJSON-1628853304-project-member] Request filter 'accelerators_filter' took 0.0 seconds {{(pid=93498) wrapper /opt/stack/nova/nova/scheduler/request_filter.py:46}}
Aug 20 14:51:06.435115 np0000007865 nova-scheduler[93498]: DEBUG nova.scheduler.request_filter [None req-d19fe0e6-a1c6-4319-aa40-8d619187126b tempest-ServersNegativeTestJSON-1628853304 tempest-ServersNegativeTestJSON-1628853304-project-member] Request filter 'packed_virtqueue_filter' took 0.0 seconds {{(pid=93498) wrapper /opt/stack/nova/nova/scheduler/request_filter.py:46}}
Aug 20 14:51:06.435369 np0000007865 nova-scheduler[93498]: DEBUG nova.scheduler.request_filter [None req-d19fe0e6-a1c6-4319-aa40-8d619187126b tempest-ServersNegativeTestJSON-1628853304 tempest-ServersNegativeTestJSON-1628853304-project-member] Request filter 'remote_managed_ports_filter' took 0.0 seconds {{(pid=93498) wrapper /opt/stack/nova/nova/scheduler/request_filter.py:46}}
Aug 20 14:51:06.435528 np0000007865 nova-scheduler[93498]: DEBUG nova.scheduler.request_filter [None req-d19fe0e6-a1c6-4319-aa40-8d619187126b tempest-ServersNegativeTestJSON-1628853304 tempest-ServersNegativeTestJSON-1628853304-project-member] ephemeral_encryption_filter skipped {{(pid=93498) ephemeral_encryption_filter /opt/stack/nova/nova/scheduler/request_filter.py:426}}
Aug 20 14:51:06.436141 np0000007865 nova-scheduler[93498]: DEBUG nova.scheduler.request_filter [None req-d19fe0e6-a1c6-4319-aa40-8d619187126b tempest-ServersNegativeTestJSON-1628853304 tempest-ServersNegativeTestJSON-1628853304-project-member] virtio_sound_filter skipped {{(pid=93498) virtio_sound_filter /opt/stack/nova/nova/scheduler/request_filter.py:460}}
Aug 20 14:51:06.436299 np0000007865 nova-scheduler[93498]: DEBUG nova.scheduler.request_filter [None req-d19fe0e6-a1c6-4319-aa40-8d619187126b tempest-ServersNegativeTestJSON-1628853304 tempest-ServersNegativeTestJSON-1628853304-project-member] tpm_secret_security_filter skipped {{(pid=93498) tpm_secret_security_filter /opt/stack/nova/nova/scheduler/request_filter.py:477}}
Aug 20 14:51:07.201134 np0000007865 nova-scheduler[93498]: INFO nova.utils [None req-d19fe0e6-a1c6-4319-aa40-8d619187126b tempest-ServersNegativeTestJSON-1628853304 tempest-ServersNegativeTestJSON-1628853304-project-member] The cell worker thread pool ForkProcess-1.cell_worker is initialized
Aug 20 14:51:07.201585 np0000007865 nova-scheduler[93498]: DEBUG oslo_concurrency.lockutils [None req-d19fe0e6-a1c6-4319-aa40-8d619187126b tempest-ServersNegativeTestJSON-1628853304 tempest-ServersNegativeTestJSON-1628853304-project-member] Acquiring lock "d2280f5b-9afe-4666-9f1d-b50e1a72d6e7" by "nova.context.set_target_cell..get_or_set_cached_cell_and_set_connections" {{(pid=93498) inner /opt/stack/data/venv/lib/python3.12/site-packages/oslo_concurrency/lockutils.py:512}}
Aug 20 14:51:07.201824 np0000007865 nova-scheduler[93498]: DEBUG oslo_concurrency.lockutils [None req-d19fe0e6-a1c6-4319-aa40-8d619187126b tempest-ServersNegativeTestJSON-1628853304 tempest-ServersNegativeTestJSON-1628853304-project-member] Lock "d2280f5b-9afe-4666-9f1d-b50e1a72d6e7" acquired by "nova.context.set_target_cell..get_or_set_cached_cell_and_set_connections" :: waited 0.000s {{(pid=93498) inner /opt/stack/data/venv/lib/python3.12/site-packages/oslo_concurrency/lockutils.py:525}}
Aug 20 14:51:07.203390 np0000007865 nova-scheduler[93498]: DEBUG oslo_concurrency.lockutils [None req-d19fe0e6-a1c6-4319-aa40-8d619187126b tempest-ServersNegativeTestJSON-1628853304 tempest-ServersNegativeTestJSON-1628853304-project-member] Lock "d2280f5b-9afe-4666-9f1d-b50e1a72d6e7" "released" by "nova.context.set_target_cell..get_or_set_cached_cell_and_set_connections" :: held 0.001s {{(pid=93498) inner /opt/stack/data/venv/lib/python3.12/site-packages/oslo_concurrency/lockutils.py:544}}
Aug 20 14:51:07.205534 np0000007865 nova-scheduler[93498]: INFO dbcounter [None req-d19fe0e6-a1c6-4319-aa40-8d619187126b tempest-ServersNegativeTestJSON-1628853304 tempest-ServersNegativeTestJSON-1628853304-project-member] Registered counter for database nova_cell1
Aug 20 14:51:07.257807 np0000007865 nova-scheduler[93498]: DEBUG oslo_db.sqlalchemy.engines [None req-d19fe0e6-a1c6-4319-aa40-8d619187126b tempest-ServersNegativeTestJSON-1628853304 tempest-ServersNegativeTestJSON-1628853304-project-member] MySQL server mode set to STRICT_TRANS_TABLES,STRICT_ALL_TABLES,NO_ZERO_IN_DATE,NO_ZERO_DATE,ERROR_FOR_DIVISION_BY_ZERO,TRADITIONAL,NO_ENGINE_SUBSTITUTION {{(pid=93498) _check_effective_sql_mode /opt/stack/data/venv/lib/python3.12/site-packages/oslo_db/sqlalchemy/engines.py:325}}
Aug 20 14:51:07.265677 np0000007865 nova-scheduler[93498]: DEBUG dbcounter [-] [93498] Writer thread running {{(pid=93498) stat_writer /opt/stack/data/venv/lib/python3.12/site-packages/dbcounter.py:102}}
Aug 20 14:51:07.279152 np0000007865 nova-scheduler[93498]: DEBUG oslo_db.sqlalchemy.engines [None req-d19fe0e6-a1c6-4319-aa40-8d619187126b tempest-ServersNegativeTestJSON-1628853304 tempest-ServersNegativeTestJSON-1628853304-project-member] Parent process 92214 forked (93498) with an open database connection, which is being discarded and recreated. {{(pid=93498) checkout /opt/stack/data/venv/lib/python3.12/site-packages/oslo_db/sqlalchemy/engines.py:402}}
Aug 20 14:51:07.328353 np0000007865 nova-scheduler[93498]: DEBUG dbcounter [-] [93498] Writer thread running {{(pid=93498) stat_writer /opt/stack/data/venv/lib/python3.12/site-packages/dbcounter.py:102}}
Aug 20 14:51:07.333361 np0000007865 nova-scheduler[93498]: DEBUG oslo_concurrency.lockutils [None req-d19fe0e6-a1c6-4319-aa40-8d619187126b tempest-ServersNegativeTestJSON-1628853304 tempest-ServersNegativeTestJSON-1628853304-project-member] Acquiring lock "d2280f5b-9afe-4666-9f1d-b50e1a72d6e7" by "nova.context.set_target_cell..get_or_set_cached_cell_and_set_connections" {{(pid=93498) inner /opt/stack/data/venv/lib/python3.12/site-packages/oslo_concurrency/lockutils.py:512}}
Aug 20 14:51:07.333361 np0000007865 nova-scheduler[93498]: DEBUG oslo_concurrency.lockutils [None req-d19fe0e6-a1c6-4319-aa40-8d619187126b tempest-ServersNegativeTestJSON-1628853304 tempest-ServersNegativeTestJSON-1628853304-project-member] Lock "d2280f5b-9afe-4666-9f1d-b50e1a72d6e7" acquired by "nova.context.set_target_cell..get_or_set_cached_cell_and_set_connections" :: waited 0.001s {{(pid=93498) inner /opt/stack/data/venv/lib/python3.12/site-packages/oslo_concurrency/lockutils.py:525}}
Aug 20 14:51:07.333664 np0000007865 nova-scheduler[93498]: DEBUG oslo_concurrency.lockutils [None req-d19fe0e6-a1c6-4319-aa40-8d619187126b tempest-ServersNegativeTestJSON-1628853304 tempest-ServersNegativeTestJSON-1628853304-project-member] Lock "d2280f5b-9afe-4666-9f1d-b50e1a72d6e7" "released" by "nova.context.set_target_cell..get_or_set_cached_cell_and_set_connections" :: held 0.000s {{(pid=93498) inner /opt/stack/data/venv/lib/python3.12/site-packages/oslo_concurrency/lockutils.py:544}}
Aug 20 14:51:07.338333 np0000007865 nova-scheduler[93498]: DEBUG oslo_concurrency.lockutils [None req-d19fe0e6-a1c6-4319-aa40-8d619187126b tempest-ServersNegativeTestJSON-1628853304 tempest-ServersNegativeTestJSON-1628853304-project-member] Acquiring lock "np0000007865-np0000007865" by "nova.scheduler.host_manager.HostState.update.._locked_update" {{(pid=93498) inner /opt/stack/data/venv/lib/python3.12/site-packages/oslo_concurrency/lockutils.py:512}}
Aug 20 14:51:07.338699 np0000007865 nova-scheduler[93498]: DEBUG oslo_concurrency.lockutils [None req-d19fe0e6-a1c6-4319-aa40-8d619187126b tempest-ServersNegativeTestJSON-1628853304 tempest-ServersNegativeTestJSON-1628853304-project-member] Lock "np0000007865-np0000007865" acquired by "nova.scheduler.host_manager.HostState.update.._locked_update" :: waited 0.000s {{(pid=93498) inner /opt/stack/data/venv/lib/python3.12/site-packages/oslo_concurrency/lockutils.py:525}}
Aug 20 14:51:07.339822 np0000007865 nova-scheduler[93498]: DEBUG nova.scheduler.host_manager [None req-d19fe0e6-a1c6-4319-aa40-8d619187126b tempest-ServersNegativeTestJSON-1628853304 tempest-ServersNegativeTestJSON-1628853304-project-member] Update host state from compute node: ComputeNode(cpu_allocation_ratio=4.0,cpu_info='{"arch": "x86_64", "model": "EPYC-Milan", "vendor": "AMD", "topology": {"cells": 1, "sockets": 16, "cores": 1, "threads": 1}, "maxphysaddr": {"mode": "emulate", "bits": 40}, "features": ["nx", "vpclmulqdq", "arch-capabilities", "clflush", "clwb", "vaes", "pdpe1gb", "v-vmsave-vmload", "amd-stibp", "rdctl-no", "sha-ni", "arat", "umip", "movbe", "pat", "avx2", "lahf_lm", "bmi1", "msr", "lfence-always-serializing", "svm", "xgetbv1", "ssbd", "erms", "hypervisor", "vmcb-clean", "xsavec", "cx16", "amd-psfd", "rdseed", "sse4.2", "smap", "svme-addr-chk", "invpcid", "fxsr_opt", "spec-ctrl", "fsrm", "xsaveopt", "mmxext", "rdrand", "stibp-always-on", "pclmuldq", "xsaveerptr", "stibp", "ibpb", "pcid", "fma", "bmi2", "wbnoinvd", "xsaves", "mtrr", "pae", "xsave", "syscall", "rdpid", "avx", "ssse3", "apic", "clflushopt", "cmov", "adx", "mmx", "popcnt", "fxsr", "cx8", "lm", "cmp_legacy", "abm", "lbrv", "ibrs", "misalignsse", "tsc_adjust", "sse", "null-sel-clr-base", "pse", "f16c", "sse4a", "3dnowprefetch", "pause-filter", "no-nested-data-bp", "pni", "x2apic", "pfthreshold", "pge", "perfctr_core", "pse36", "gds-no", "mds-no", "pschange-mc-no", "sse2", "rdtscp", "vme", "cr8legacy", "flushbyasid", "fsgsbase", "virt-ssbd", "topoext", "fpu", "clzero", "smep", "sse4.1", "nrip-save", "skip-l1dfl-vmentry", "de", "amd-ssbd", "pku", "aes", "osvw", "mca", "mce", "tsc-scale", "npt", "vgif", "tsc", "tsc-deadline", "sep"]}',created_at=2026-08-20T14:48:55Z,current_workload=0,deleted=False,deleted_at=None,disk_allocation_ratio=1.0,disk_available_least=73,free_disk_gb=95,free_ram_mb=62765,host='np0000007865',host_ip=10.4.3.98,hypervisor_hostname='np0000007865',hypervisor_type='QEMU',hypervisor_version=8002002,id=1,local_gb=95,local_gb_used=0,mapped=1,memory_mb=63277,memory_mb_used=512,metrics='[]',numa_topology='{"nova_object.name": "NUMATopology", "nova_object.namespace": "nova", "nova_object.version": "1.2", "nova_object.data": {"cells": [{"nova_object.name": "NUMACell", "nova_object.namespace": "nova", "nova_object.version": "1.5", "nova_object.data": {"id": 0, "cpuset": [0, 1, 2, 3, 4, 5, 6, 7, 8, 9, 10, 11, 12, 13, 14, 15], "pcpuset": [0, 1, 2, 3, 4, 5, 6, 7, 8, 9, 10, 11, 12, 13, 14, 15], "memory": 63277, "cpu_usage": 0, "memory_usage": 0, "pinned_cpus": [], "siblings": [[6], [12], [2], [15], [5], [11], [8], [14], [4], [1], [7], [10], [0], [13], [3], [9]], "mempages": [{"nova_object.name": "NUMAPagesTopology", "nova_object.namespace": "nova", "nova_object.version": "1.1", "nova_object.data": {"size_kb": 4, "total": 16177928, "used": 0, "reserved": 0}, "nova_object.changes": ["size_kb", "used", "reserved", "total"]}, {"nova_object.name": "NUMAPagesTopology", "nova_object.namespace": "nova", "nova_object.version": "1.1", "nova_object.data": {"size_kb": 2048, "total": 41, "used": 0, "reserved": 0}, "nova_object.changes": ["size_kb", "used", "reserved", "total"]}, {"nova_object.name": "NUMAPagesTopology", "nova_object.namespace": "nova", "nova_object.version": "1.1", "nova_object.data": {"size_kb": 1048576, "total": 0, "used": 0, "reserved": 0}, "nova_object.changes": ["size_kb", "used", "reserved", "total"]}], "network_metadata": {"nova_object.name": "NetworkMetadata", "nova_object.namespace": "nova", "nova_object.version": "1.0", "nova_object.data": {"physnets": [], "tunneled": false}, "nova_object.changes": ["physnets", "tunneled"]}, "socket": null}, "nova_object.changes": ["socket", "mempages", "cpuset", "cpu_usage", "memory", "siblings", "pcpuset", "network_metadata", "pinned_cpus", "memory_usage", "id"]}]}, "nova_object.changes": ["cells"]}',pci_device_pools=PciDevicePoolList,ram_allocation_ratio=1.0,running_vms=0,service_id=3,stats={failed_builds='0',uptime=' 14:50:42 up 14 min, 2 users, load average: 1.43, 1.40, 0.77
Aug 20 14:51:07.339822 np0000007865 nova-scheduler[93498]: '},supported_hv_specs=[HVSpec,HVSpec,HVSpec,HVSpec,HVSpec,HVSpec,HVSpec,HVSpec,HVSpec,HVSpec,HVSpec,HVSpec,HVSpec,HVSpec,HVSpec,HVSpec,HVSpec,HVSpec,HVSpec,HVSpec,HVSpec,HVSpec,HVSpec,HVSpec,HVSpec],updated_at=2026-08-20T14:50:42Z,uuid=ab798581-0077-4ac2-ab9b-8510e923d974,vcpus=16,vcpus_used=0) {{(pid=93498) _locked_update /opt/stack/nova/nova/scheduler/host_manager.py:168}}
Aug 20 14:51:07.340894 np0000007865 nova-scheduler[93498]: DEBUG nova.scheduler.host_manager [None req-d19fe0e6-a1c6-4319-aa40-8d619187126b tempest-ServersNegativeTestJSON-1628853304 tempest-ServersNegativeTestJSON-1628853304-project-member] Update host state with aggregates: [] {{(pid=93498) _locked_update /opt/stack/nova/nova/scheduler/host_manager.py:171}}
Aug 20 14:51:07.341059 np0000007865 nova-scheduler[93498]: DEBUG nova.scheduler.host_manager [None req-d19fe0e6-a1c6-4319-aa40-8d619187126b tempest-ServersNegativeTestJSON-1628853304 tempest-ServersNegativeTestJSON-1628853304-project-member] Update host state with service dict: {'id': 3, 'uuid': 'fd07d1c1-4808-47f6-88f1-51be271b3854', 'host': 'np0000007865', 'binary': 'nova-compute', 'topic': 'compute', 'report_count': 2, 'disabled': False, 'disabled_reason': None, 'last_seen_up': datetime.datetime(2026, 8, 20, 14, 51, 1, tzinfo=datetime.timezone.utc), 'forced_down': False, 'version': 72, 'created_at': datetime.datetime(2026, 8, 20, 14, 48, 55, tzinfo=datetime.timezone.utc), 'updated_at': datetime.datetime(2026, 8, 20, 14, 51, 1, tzinfo=datetime.timezone.utc), 'deleted_at': None, 'deleted': False} {{(pid=93498) _locked_update /opt/stack/nova/nova/scheduler/host_manager.py:174}}
Aug 20 14:51:07.341258 np0000007865 nova-scheduler[93498]: DEBUG nova.scheduler.host_manager [None req-d19fe0e6-a1c6-4319-aa40-8d619187126b tempest-ServersNegativeTestJSON-1628853304 tempest-ServersNegativeTestJSON-1628853304-project-member] Update host state with instances: [] {{(pid=93498) _locked_update /opt/stack/nova/nova/scheduler/host_manager.py:177}}
Aug 20 14:51:07.341414 np0000007865 nova-scheduler[93498]: DEBUG oslo_concurrency.lockutils [None req-d19fe0e6-a1c6-4319-aa40-8d619187126b tempest-ServersNegativeTestJSON-1628853304 tempest-ServersNegativeTestJSON-1628853304-project-member] Lock "np0000007865-np0000007865" "released" by "nova.scheduler.host_manager.HostState.update.._locked_update" :: held 0.003s {{(pid=93498) inner /opt/stack/data/venv/lib/python3.12/site-packages/oslo_concurrency/lockutils.py:544}}
Aug 20 14:51:07.342092 np0000007865 nova-scheduler[93498]: DEBUG nova.filters [None req-d19fe0e6-a1c6-4319-aa40-8d619187126b tempest-ServersNegativeTestJSON-1628853304 tempest-ServersNegativeTestJSON-1628853304-project-member] Starting with 1 host(s) {{(pid=93498) get_filtered_objects /opt/stack/nova/nova/filters.py:70}}
Aug 20 14:51:07.342391 np0000007865 nova-scheduler[93498]: DEBUG nova.filters [None req-d19fe0e6-a1c6-4319-aa40-8d619187126b tempest-ServersNegativeTestJSON-1628853304 tempest-ServersNegativeTestJSON-1628853304-project-member] Filter ComputeFilter returned 1 host(s) {{(pid=93498) get_filtered_objects /opt/stack/nova/nova/filters.py:102}}
Aug 20 14:51:07.343138 np0000007865 nova-scheduler[93498]: DEBUG nova.filters [None req-d19fe0e6-a1c6-4319-aa40-8d619187126b tempest-ServersNegativeTestJSON-1628853304 tempest-ServersNegativeTestJSON-1628853304-project-member] Filter ComputeCapabilitiesFilter returned 1 host(s) {{(pid=93498) get_filtered_objects /opt/stack/nova/nova/filters.py:102}}
Aug 20 14:51:07.343138 np0000007865 nova-scheduler[93498]: DEBUG nova.filters [None req-d19fe0e6-a1c6-4319-aa40-8d619187126b tempest-ServersNegativeTestJSON-1628853304 tempest-ServersNegativeTestJSON-1628853304-project-member] Filter ImagePropertiesFilter returned 1 host(s) {{(pid=93498) get_filtered_objects /opt/stack/nova/nova/filters.py:102}}
Aug 20 14:51:07.343138 np0000007865 nova-scheduler[93498]: DEBUG nova.filters [None req-d19fe0e6-a1c6-4319-aa40-8d619187126b tempest-ServersNegativeTestJSON-1628853304 tempest-ServersNegativeTestJSON-1628853304-project-member] Filter ServerGroupAntiAffinityFilter returned 1 host(s) {{(pid=93498) get_filtered_objects /opt/stack/nova/nova/filters.py:102}}
Aug 20 14:51:07.344032 np0000007865 nova-scheduler[93498]: DEBUG nova.filters [None req-d19fe0e6-a1c6-4319-aa40-8d619187126b tempest-ServersNegativeTestJSON-1628853304 tempest-ServersNegativeTestJSON-1628853304-project-member] Filter ServerGroupAffinityFilter returned 1 host(s) {{(pid=93498) get_filtered_objects /opt/stack/nova/nova/filters.py:102}}
Aug 20 14:51:07.344032 np0000007865 nova-scheduler[93498]: DEBUG nova.filters [None req-d19fe0e6-a1c6-4319-aa40-8d619187126b tempest-ServersNegativeTestJSON-1628853304 tempest-ServersNegativeTestJSON-1628853304-project-member] Filter SameHostFilter returned 1 host(s) {{(pid=93498) get_filtered_objects /opt/stack/nova/nova/filters.py:102}}
Aug 20 14:51:07.344032 np0000007865 nova-scheduler[93498]: DEBUG nova.filters [None req-d19fe0e6-a1c6-4319-aa40-8d619187126b tempest-ServersNegativeTestJSON-1628853304 tempest-ServersNegativeTestJSON-1628853304-project-member] Filter DifferentHostFilter returned 1 host(s) {{(pid=93498) get_filtered_objects /opt/stack/nova/nova/filters.py:102}}
Aug 20 14:51:07.344032 np0000007865 nova-scheduler[93498]: DEBUG nova.scheduler.manager [None req-d19fe0e6-a1c6-4319-aa40-8d619187126b tempest-ServersNegativeTestJSON-1628853304 tempest-ServersNegativeTestJSON-1628853304-project-member] Filtered [(np0000007865, np0000007865) ram: 62765MB disk: 74752MB io_ops: 0 instances: 0, allocation_candidates: 1] {{(pid=93498) _get_sorted_hosts /opt/stack/nova/nova/scheduler/manager.py:730}}
Aug 20 14:51:07.344032 np0000007865 nova-scheduler[93498]: DEBUG nova.scheduler.manager [None req-d19fe0e6-a1c6-4319-aa40-8d619187126b tempest-ServersNegativeTestJSON-1628853304 tempest-ServersNegativeTestJSON-1628853304-project-member] Weighed [WeighedHost [host: (np0000007865, np0000007865) ram: 62765MB disk: 74752MB io_ops: 0 instances: 0, allocation_candidates: 1, weight: 0.0]] {{(pid=93498) _get_sorted_hosts /opt/stack/nova/nova/scheduler/manager.py:752}}
Aug 20 14:51:07.344226 np0000007865 nova-scheduler[93498]: DEBUG nova.scheduler.utils [None req-d19fe0e6-a1c6-4319-aa40-8d619187126b tempest-ServersNegativeTestJSON-1628853304 tempest-ServersNegativeTestJSON-1628853304-project-member] Attempting to claim resources in the placement API for instance c8bdb7c4-a663-4a4d-8c05-87eb9d4c50b7 {{(pid=93498) claim_resources /opt/stack/nova/nova/scheduler/utils.py:1345}}
Aug 20 14:51:07.471462 np0000007865 nova-scheduler[93519]: DEBUG nova.scheduler.manager [None req-067a2217-6741-4b14-b398-4d1fe7d0c9a0 tempest-ServerActionsTestOtherB-1370394611 tempest-ServerActionsTestOtherB-1370394611-project-member] Starting to schedule for instances: ['94ad370c-69ac-4db5-a03f-7e77ef42173c'] {{(pid=93519) select_destinations /opt/stack/nova/nova/scheduler/manager.py:197}}
Aug 20 14:51:07.472487 np0000007865 nova-scheduler[93519]: DEBUG nova.scheduler.request_filter [None req-067a2217-6741-4b14-b398-4d1fe7d0c9a0 tempest-ServerActionsTestOtherB-1370394611 tempest-ServerActionsTestOtherB-1370394611-project-member] compute_status_filter request filter added forbidden trait COMPUTE_STATUS_DISABLED {{(pid=93519) compute_status_filter /opt/stack/nova/nova/scheduler/request_filter.py:253}}
Aug 20 14:51:07.472714 np0000007865 nova-scheduler[93519]: DEBUG nova.scheduler.request_filter [None req-067a2217-6741-4b14-b398-4d1fe7d0c9a0 tempest-ServerActionsTestOtherB-1370394611 tempest-ServerActionsTestOtherB-1370394611-project-member] Request filter 'compute_status_filter' took 0.0 seconds {{(pid=93519) wrapper /opt/stack/nova/nova/scheduler/request_filter.py:46}}
Aug 20 14:51:07.473357 np0000007865 nova-scheduler[93519]: DEBUG nova.scheduler.request_filter [None req-067a2217-6741-4b14-b398-4d1fe7d0c9a0 tempest-ServerActionsTestOtherB-1370394611 tempest-ServerActionsTestOtherB-1370394611-project-member] Request filter 'accelerators_filter' took 0.0 seconds {{(pid=93519) wrapper /opt/stack/nova/nova/scheduler/request_filter.py:46}}
Aug 20 14:51:07.474194 np0000007865 nova-scheduler[93519]: DEBUG nova.scheduler.request_filter [None req-067a2217-6741-4b14-b398-4d1fe7d0c9a0 tempest-ServerActionsTestOtherB-1370394611 tempest-ServerActionsTestOtherB-1370394611-project-member] Request filter 'packed_virtqueue_filter' took 0.0 seconds {{(pid=93519) wrapper /opt/stack/nova/nova/scheduler/request_filter.py:46}}
Aug 20 14:51:07.474742 np0000007865 nova-scheduler[93519]: DEBUG nova.scheduler.request_filter [None req-067a2217-6741-4b14-b398-4d1fe7d0c9a0 tempest-ServerActionsTestOtherB-1370394611 tempest-ServerActionsTestOtherB-1370394611-project-member] Request filter 'remote_managed_ports_filter' took 0.0 seconds {{(pid=93519) wrapper /opt/stack/nova/nova/scheduler/request_filter.py:46}}
Aug 20 14:51:07.475486 np0000007865 nova-scheduler[93519]: DEBUG nova.scheduler.request_filter [None req-067a2217-6741-4b14-b398-4d1fe7d0c9a0 tempest-ServerActionsTestOtherB-1370394611 tempest-ServerActionsTestOtherB-1370394611-project-member] ephemeral_encryption_filter skipped {{(pid=93519) ephemeral_encryption_filter /opt/stack/nova/nova/scheduler/request_filter.py:426}}
Aug 20 14:51:07.475742 np0000007865 nova-scheduler[93519]: DEBUG nova.scheduler.request_filter [None req-067a2217-6741-4b14-b398-4d1fe7d0c9a0 tempest-ServerActionsTestOtherB-1370394611 tempest-ServerActionsTestOtherB-1370394611-project-member] virtio_sound_filter skipped {{(pid=93519) virtio_sound_filter /opt/stack/nova/nova/scheduler/request_filter.py:460}}
Aug 20 14:51:07.475855 np0000007865 nova-scheduler[93519]: DEBUG nova.scheduler.request_filter [None req-067a2217-6741-4b14-b398-4d1fe7d0c9a0 tempest-ServerActionsTestOtherB-1370394611 tempest-ServerActionsTestOtherB-1370394611-project-member] tpm_secret_security_filter skipped {{(pid=93519) tpm_secret_security_filter /opt/stack/nova/nova/scheduler/request_filter.py:477}}
Aug 20 14:51:07.561197 np0000007865 nova-scheduler[93498]: DEBUG nova.scheduler.manager [None req-d19fe0e6-a1c6-4319-aa40-8d619187126b tempest-ServersNegativeTestJSON-1628853304 tempest-ServersNegativeTestJSON-1628853304-project-member] [instance: c8bdb7c4-a663-4a4d-8c05-87eb9d4c50b7] Selected host: (np0000007865, np0000007865) ram: 62765MB disk: 74752MB io_ops: 0 instances: 0, allocation_candidates: 1 {{(pid=93498) _consume_selected_host /opt/stack/nova/nova/scheduler/manager.py:612}}
Aug 20 14:51:07.561679 np0000007865 nova-scheduler[93498]: DEBUG oslo_concurrency.lockutils [None req-d19fe0e6-a1c6-4319-aa40-8d619187126b tempest-ServersNegativeTestJSON-1628853304 tempest-ServersNegativeTestJSON-1628853304-project-member] Acquiring lock "np0000007865-np0000007865" by "nova.scheduler.host_manager.HostState.consume_from_request.._locked" {{(pid=93498) inner /opt/stack/data/venv/lib/python3.12/site-packages/oslo_concurrency/lockutils.py:512}}
Aug 20 14:51:07.561820 np0000007865 nova-scheduler[93498]: DEBUG oslo_concurrency.lockutils [None req-d19fe0e6-a1c6-4319-aa40-8d619187126b tempest-ServersNegativeTestJSON-1628853304 tempest-ServersNegativeTestJSON-1628853304-project-member] Lock "np0000007865-np0000007865" acquired by "nova.scheduler.host_manager.HostState.consume_from_request.._locked" :: waited 0.000s {{(pid=93498) inner /opt/stack/data/venv/lib/python3.12/site-packages/oslo_concurrency/lockutils.py:525}}
Aug 20 14:51:07.562064 np0000007865 nova-scheduler[93498]: DEBUG oslo_concurrency.lockutils [None req-d19fe0e6-a1c6-4319-aa40-8d619187126b tempest-ServersNegativeTestJSON-1628853304 tempest-ServersNegativeTestJSON-1628853304-project-member] Lock "np0000007865-np0000007865" "released" by "nova.scheduler.host_manager.HostState.consume_from_request.._locked" :: held 0.000s {{(pid=93498) inner /opt/stack/data/venv/lib/python3.12/site-packages/oslo_concurrency/lockutils.py:544}}
Aug 20 14:51:07.607317 np0000007865 nova-scheduler[93519]: INFO nova.utils [None req-067a2217-6741-4b14-b398-4d1fe7d0c9a0 tempest-ServerActionsTestOtherB-1370394611 tempest-ServerActionsTestOtherB-1370394611-project-member] The cell worker thread pool ForkProcess-2.cell_worker is initialized
